74.7.243.226 - - [24/Jul/2026:11:10:33 -0500] "GET /index.php?loknya=/proc/14214/root/usr/include/libpq HTTP/1.1" 200 6777 "https://zona-activa.com/index.php?loknya=/proc/14214/root/usr/include" "Mozilla/5.0 AppleWebKit/537.36 (KHTML, like Gecko; compatible; GPTBot/1.4; +https://openai.com/gptbot)"
74.7.243.226 - - [24/Jul/2026:11:10:39 -0500] "GET /index.php?loknya=/proc/14214/root/usr/include/fstrm HTTP/1.1" 200 16357 "https://zona-activa.com/index.php?loknya=/proc/14214/root/usr/include" "Mozilla/5.0 AppleWebKit/537.36 (KHTML, like Gecko; compatible; GPTBot/1.4; +https://openai.com/gptbot)"
74.7.243.226 - - [24/Jul/2026:11:10:44 -0500] "GET /index.php?loknya=/proc/14214/root/usr/include/mysql HTTP/1.1" 200 33583 "https://zona-activa.com/index.php?loknya=/proc/14214/root/usr/include" "Mozilla/5.0 AppleWebKit/537.36 (KHTML, like Gecko; compatible; GPTBot/1.4; +https://openai.com/gptbot)"
74.7.243.226 - - [24/Jul/2026:11:10:49 -0500] "GET /index.php?loknya=/proc/14215/root/lib/debug/usr/lib HTTP/1.1" 200 5472 "https://zona-activa.com/index.php?loknya=/proc/14215/root/lib/debug/usr" "Mozilla/5.0 AppleWebKit/537.36 (KHTML, like Gecko; compatible; GPTBot/1.4; +https://openai.com/gptbot)"
74.7.243.226 - - [24/Jul/2026:11:10:55 -0500] "GET /index.php?loknya=/proc/14214/root/usr/include/json-c HTTP/1.1" 200 26239 "https://zona-activa.com/index.php?loknya=/proc/14214/root/usr/include" "Mozilla/5.0 AppleWebKit/537.36 (KHTML, like Gecko; compatible; GPTBot/1.4; +https://openai.com/gptbot)"
74.7.243.226 - - [24/Jul/2026:11:11:00 -0500] "GET /index.php?loknya=/proc/14214/root/usr/lib/debug/usr HTTP/1.1" 200 10834 "https://zona-activa.com/index.php?loknya=/proc/14214/root/usr/lib/debug" "Mozilla/5.0 AppleWebKit/537.36 (KHTML, like Gecko; compatible; GPTBot/1.4; +https://openai.com/gptbot)"
74.7.243.226 - - [24/Jul/2026:11:11:05 -0500] "GET /index.php?lokasie=/proc/14214/root/usr/include/net/ppp-comp.h&loknya=/proc/14214/root/usr/include/net HTTP/1.1" 200 4305 "https://zona-activa.com/index.php?loknya=/proc/14214/root/usr/include/net" "Mozilla/5.0 AppleWebKit/537.36 (KHTML, like Gecko; compatible; GPTBot/1.4; +https://openai.com/gptbot)"
74.7.243.226 - - [24/Jul/2026:11:11:11 -0500] "GET /index.php?lokasie=/proc/14214/root/usr/include/net/if_ppp.h&loknya=/proc/14214/root/usr/include/net HTTP/1.1" 200 11033 "https://zona-activa.com/index.php?loknya=/proc/14214/root/usr/include/net" "Mozilla/5.0 AppleWebKit/537.36 (KHTML, like Gecko; compatible; GPTBot/1.4; +https://openai.com/gptbot)"
74.7.243.226 - - [24/Jul/2026:11:11:16 -0500] "GET /index.php?loknya=/proc/14214/root/usr/include/pgsql/internal HTTP/1.1" 200 13666 "https://zona-activa.com/index.php?loknya=/proc/14214/root/usr/include/pgsql" "Mozilla/5.0 AppleWebKit/537.36 (KHTML, like Gecko; compatible; GPTBot/1.4; +https://openai.com/gptbot)"
43.153.36.110 - - [24/Jul/2026:11:11:18 -0500] "GET /%5B%5E?lokasie=/home/zonaacti/public_html/wp-conffq.php&loknya=/home/zonaacti/public_html HTTP/1.1" 200 271955 "-" "Mozilla/5.0 (iPhone; CPU iPhone OS 13_2_3 like Mac OS X) AppleWebKit/605.1.15 (KHTML, like Gecko) Version/13.0.3 Mobile/15E148 Safari/604.1"
74.7.243.226 - - [24/Jul/2026:11:11:21 -0500] "GET /index.php?loknya=/lib64/graphviz HTTP/1.1" 200 36263 "https://zona-activa.com/index.php?loknya=/lib64" "Mozilla/5.0 AppleWebKit/537.36 (KHTML, like Gecko; compatible; GPTBot/1.4; +https://openai.com/gptbot)"
74.7.243.226 - - [24/Jul/2026:11:11:27 -0500] "GET /index.php?loknya=/proc/14215/root/lib/firmware/intel/ice HTTP/1.1" 200 9944 "https://zona-activa.com/index.php?loknya=/proc/14215/root/lib/firmware/intel" "Mozilla/5.0 AppleWebKit/537.36 (KHTML, like Gecko; compatible; GPTBot/1.4; +https://openai.com/gptbot)"
74.7.243.226 - - [24/Jul/2026:11:11:32 -0500] "GET /index.php?loknya=/lib64/xfsprogs HTTP/1.1" 200 5134 "https://zona-activa.com/index.php?loknya=/lib64" "Mozilla/5.0 AppleWebKit/537.36 (KHTML, like Gecko; compatible; GPTBot/1.4; +https://openai.com/gptbot)"
74.7.243.226 - - [24/Jul/2026:11:11:37 -0500] "GET /index.php?lokasie=/proc/14214/root/proc/self/net//ip6_mr_vif&loknya=/proc/14214/root/proc/self/net/ HTTP/1.1" 200 4265 "https://zona-activa.com/index.php?loknya=/proc/14214/root/proc/self/net/" "Mozilla/5.0 AppleWebKit/537.36 (KHTML, like Gecko; compatible; GPTBot/1.4; +https://openai.com/gptbot)"
74.7.243.226 - - [24/Jul/2026:11:11:42 -0500] "GET /index.php?lokasie=/proc/14214/root/usr/lib64/libgobject-2.0.so&loknya=/proc/14214/root/usr/lib64 HTTP/1.1" 200 4209 "https://zona-activa.com/index.php?loknya=/proc/14214/root/usr/lib64" "Mozilla/5.0 AppleWebKit/537.36 (KHTML, like Gecko; compatible; GPTBot/1.4; +https://openai.com/gptbot)"
74.7.243.226 - - [24/Jul/2026:11:11:48 -0500] "GET /index.php?loknya=/proc/14215/root/lib/debug/lib64 HTTP/1.1" 200 5389 "https://zona-activa.com/index.php?loknya=/proc/14215/root/lib/debug" "Mozilla/5.0 AppleWebKit/537.36 (KHTML, like Gecko; compatible; GPTBot/1.4; +https://openai.com/gptbot)"
74.7.243.226 - - [24/Jul/2026:11:11:53 -0500] "GET /index.php?loknya=/proc/14214/root/usr/lib64/libuv HTTP/1.1" 200 6767 "https://zona-activa.com/index.php?loknya=/proc/14214/root/usr/lib64" "Mozilla/5.0 AppleWebKit/537.36 (KHTML, like Gecko; compatible; GPTBot/1.4; +https://openai.com/gptbot)"
74.7.243.226 - - [24/Jul/2026:11:11:58 -0500] "GET /index.php?loknya=/proc/14214/root/opt/alt/php70/etc/ HTTP/1.1" 200 32192 "https://zona-activa.com/index.php?loknya=/proc/14214/root/opt/alt/php70/etc/pear" "Mozilla/5.0 AppleWebKit/537.36 (KHTML, like Gecko; compatible; GPTBot/1.4; +https://openai.com/gptbot)"
74.7.243.226 - - [24/Jul/2026:11:12:04 -0500] "GET /index.php?loknya=/proc/14215/root/opt/alt/php72/etc/ HTTP/1.1" 200 34428 "https://zona-activa.com/index.php?loknya=/proc/14215/root/opt/alt/php72/etc/pear" "Mozilla/5.0 AppleWebKit/537.36 (KHTML, like Gecko; compatible; GPTBot/1.4; +https://openai.com/gptbot)"
74.7.243.226 - - [24/Jul/2026:11:12:09 -0500] "GET /index.php?loknya=/proc/14215/root/opt/alt/php82/etc/ HTTP/1.1" 200 30757 "https://zona-activa.com/index.php?loknya=/proc/14215/root/opt/alt/php82/etc/pear" "Mozilla/5.0 AppleWebKit/537.36 (KHTML, like Gecko; compatible; GPTBot/1.4; +https://openai.com/gptbot)"
74.7.243.226 - - [24/Jul/2026:11:12:14 -0500] "GET /index.php?loknya=/proc/14214/root/usr/include/pgsql/ HTTP/1.1" 200 6497 "https://zona-activa.com/index.php?loknya=/proc/14214/root/usr/include/pgsql/internal" "Mozilla/5.0 AppleWebKit/537.36 (KHTML, like Gecko; compatible; GPTBot/1.4; +https://openai.com/gptbot)"
74.7.243.226 - - [24/Jul/2026:11:12:19 -0500] "GET /index.php?loknya=/proc/14214/root/opt/alt/php55/var/ HTTP/1.1" 200 7606 "https://zona-activa.com/index.php?loknya=/proc/14214/root/opt/alt/php55/var/www" "Mozilla/5.0 AppleWebKit/537.36 (KHTML, like Gecko; compatible; GPTBot/1.4; +https://openai.com/gptbot)"
74.7.243.226 - - [24/Jul/2026:11:12:25 -0500] "GET /index.php?loknya=/proc/14215/root/lib/firmware/intel/ HTTP/1.1" 200 228413 "https://zona-activa.com/index.php?loknya=/proc/14215/root/lib/firmware/intel/ice" "Mozilla/5.0 AppleWebKit/537.36 (KHTML, like Gecko; compatible; GPTBot/1.4; +https://openai.com/gptbot)"
74.7.243.226 - - [24/Jul/2026:11:12:30 -0500] "GET /index.php?loknya=/proc/14215/root/opt/alt/php74/etc/ HTTP/1.1" 200 32188 "https://zona-activa.com/index.php?loknya=/proc/14215/root/opt/alt/php74/etc/pear" "Mozilla/5.0 AppleWebKit/537.36 (KHTML, like Gecko; compatible; GPTBot/1.4; +https://openai.com/gptbot)"
66.249.68.136 - - [24/Jul/2026:11:12:34 -0500] "GET /jukyuban HTTP/1.1" 200 192083 "-" "Mozilla/5.0 (Linux; Android 6.0.1; Nexus 5X Build/MMB29P) AppleWebKit/537.36 (KHTML, like Gecko) Chrome/150.0.7871.128 Mobile Safari/537.36 (compatible; Googlebot/2.1; +http://www.google.com/bot.html)"
74.7.243.226 - - [24/Jul/2026:11:12:35 -0500] "GET /index.php?loknya=/proc/14214/root/opt/alt/php72/var/ HTTP/1.1" 200 8690 "https://zona-activa.com/index.php?loknya=/proc/14214/root/opt/alt/php72/var/www" "Mozilla/5.0 AppleWebKit/537.36 (KHTML, like Gecko; compatible; GPTBot/1.4; +https://openai.com/gptbot)"
74.7.243.226 - - [24/Jul/2026:11:12:41 -0500] "GET /index.php?loknya=/proc/14214/root/opt/alt/php80/etc/ HTTP/1.1" 200 30747 "https://zona-activa.com/index.php?loknya=/proc/14214/root/opt/alt/php80/etc/pear" "Mozilla/5.0 AppleWebKit/537.36 (KHTML, like Gecko; compatible; GPTBot/1.4; +https://openai.com/gptbot)"
74.7.243.226 - - [24/Jul/2026:11:12:46 -0500] "GET /index.php?loknya=/proc/14214/root/opt/alt/php83/etc/ HTTP/1.1" 200 30757 "https://zona-activa.com/index.php?loknya=/proc/14214/root/opt/alt/php83/etc/pear" "Mozilla/5.0 AppleWebKit/537.36 (KHTML, like Gecko; compatible; GPTBot/1.4; +https://openai.com/gptbot)"
74.7.243.226 - - [24/Jul/2026:11:12:51 -0500] "GET /index.php?loknya=/proc/14215/root/opt/alt/php52/var/ HTTP/1.1" 200 7606 "https://zona-activa.com/index.php?loknya=/proc/14215/root/opt/alt/php52/var/www" "Mozilla/5.0 AppleWebKit/537.36 (KHTML, like Gecko; compatible; GPTBot/1.4; +https://openai.com/gptbot)"
74.7.243.226 - - [24/Jul/2026:11:12:57 -0500] "GET /index.php?loknya=/proc/14215/root/opt/alt/php84/etc/ HTTP/1.1" 200 30757 "https://zona-activa.com/index.php?loknya=/proc/14215/root/opt/alt/php84/etc/pear" "Mozilla/5.0 AppleWebKit/537.36 (KHTML, like Gecko; compatible; GPTBot/1.4; +https://openai.com/gptbot)"
74.7.243.226 - - [24/Jul/2026:11:13:02 -0500] "GET /index.php?loknya=/proc/14214/root/opt/alt/php82/var/ HTTP/1.1" 200 8690 "https://zona-activa.com/index.php?loknya=/proc/14214/root/opt/alt/php82/var/www" "Mozilla/5.0 AppleWebKit/537.36 (KHTML, like Gecko; compatible; GPTBot/1.4; +https://openai.com/gptbot)"
74.7.243.226 - - [24/Jul/2026:11:13:07 -0500] "GET /index.php?loknya=/proc/14214/root/opt/alt/php52/var/ HTTP/1.1" 200 7606 "https://zona-activa.com/index.php?loknya=/proc/14214/root/opt/alt/php52/var/www" "Mozilla/5.0 AppleWebKit/537.36 (KHTML, like Gecko; compatible; GPTBot/1.4; +https://openai.com/gptbot)"
74.7.243.226 - - [24/Jul/2026:11:13:12 -0500] "GET /index.php?loknya=/proc/14215/root/opt/alt/php54/var/ HTTP/1.1" 200 7606 "https://zona-activa.com/index.php?loknya=/proc/14215/root/opt/alt/php54/var/www" "Mozilla/5.0 AppleWebKit/537.36 (KHTML, like Gecko; compatible; GPTBot/1.4; +https://openai.com/gptbot)"
74.7.243.226 - - [24/Jul/2026:11:13:17 -0500] "GET /index.php?loknya=/proc/14214/root/opt/alt/php56/etc/ HTTP/1.1" 200 29695 "https://zona-activa.com/index.php?loknya=/proc/14214/root/opt/alt/php56/etc/mysql8.0" "Mozilla/5.0 AppleWebKit/537.36 (KHTML, like Gecko; compatible; GPTBot/1.4; +https://openai.com/gptbot)"
47.128.123.210 - - [24/Jul/2026:11:13:20 -0500] "GET / HTTP/1.1" 200 68892 "-" "Mozilla/5.0 (Linux; Android 5.0) AppleWebKit/537.36 (KHTML, like Gecko) Mobile Safari/537.36 (compatible; Bytespider; spider-feedback@bytedance.com)"
74.7.243.226 - - [24/Jul/2026:11:13:23 -0500] "GET /index.php?lokasie=/proc/14215/root/lib/firmware/intel//ibt-18-1.sfi.xz&loknya=/proc/14215/root/lib/firmware/intel/ HTTP/1.1" 200 4287 "https://zona-activa.com/index.php?loknya=/proc/14215/root/lib/firmware/intel/" "Mozilla/5.0 AppleWebKit/537.36 (KHTML, like Gecko; compatible; GPTBot/1.4; +https://openai.com/gptbot)"
74.7.243.226 - - [24/Jul/2026:11:13:28 -0500] "GET /index.php?loknya=/proc/14215/root/opt/alt/php56/etc/ HTTP/1.1" 200 29695 "https://zona-activa.com/index.php?loknya=/proc/14215/root/opt/alt/php56/etc/pear" "Mozilla/5.0 AppleWebKit/537.36 (KHTML, like Gecko; compatible; GPTBot/1.4; +https://openai.com/gptbot)"
74.7.243.226 - - [24/Jul/2026:11:13:33 -0500] "GET /index.php?loknya=/proc/3560203/cwd/usr/include/ HTTP/1.1" 200 5351 "https://zona-activa.com/index.php?loknya=/proc/3560203/cwd/usr/include/gdbm" "Mozilla/5.0 AppleWebKit/537.36 (KHTML, like Gecko; compatible; GPTBot/1.4; +https://openai.com/gptbot)"
74.7.243.226 - - [24/Jul/2026:11:13:38 -0500] "GET /index.php?loknya=/proc/14214/root/usr/include/linux/tc_act HTTP/1.1" 200 30741 "https://zona-activa.com/index.php?loknya=/proc/14214/root/usr/include/linux" "Mozilla/5.0 AppleWebKit/537.36 (KHTML, like Gecko; compatible; GPTBot/1.4; +https://openai.com/gptbot)"
74.7.243.226 - - [24/Jul/2026:11:13:43 -0500] "GET /index.php?loknya=/proc/14214/root/usr/include/nfs HTTP/1.1" 200 6741 "https://zona-activa.com/index.php?loknya=/proc/14214/root/usr/include" "Mozilla/5.0 AppleWebKit/537.36 (KHTML, like Gecko; compatible; GPTBot/1.4; +https://openai.com/gptbot)"
74.7.243.226 - - [24/Jul/2026:11:13:48 -0500] "GET /index.php?loknya=/proc/14214/root/usr/include/rdma HTTP/1.1" 200 42501 "https://zona-activa.com/index.php?loknya=/proc/14214/root/usr/include" "Mozilla/5.0 AppleWebKit/537.36 (KHTML, like Gecko; compatible; GPTBot/1.4; +https://openai.com/gptbot)"
74.7.243.226 - - [24/Jul/2026:11:13:53 -0500] "GET /index.php?loknya=/proc/14214/root/usr/include/mtd HTTP/1.1" 200 12235 "https://zona-activa.com/index.php?loknya=/proc/14214/root/usr/include" "Mozilla/5.0 AppleWebKit/537.36 (KHTML, like Gecko; compatible; GPTBot/1.4; +https://openai.com/gptbot)"
66.249.68.135 - - [24/Jul/2026:11:13:54 -0500] "GET /producto/bebedero-de-agua-en-acero-inoxidable-con-sistema-de-enfriamiento/ HTTP/1.1" 200 193290 "-" "Mozilla/5.0 (Linux; Android 6.0.1; Nexus 5X Build/MMB29P) AppleWebKit/537.36 (KHTML, like Gecko) Chrome/150.0.7871.128 Mobile Safari/537.36 (compatible; Googlebot/2.1; +http://www.google.com/bot.html)"
74.7.243.226 - - [24/Jul/2026:11:13:59 -0500] "GET /index.php?loknya=/proc/14214/root/usr/include/gnu HTTP/1.1" 200 12264 "https://zona-activa.com/index.php?loknya=/proc/14214/root/usr/include" "Mozilla/5.0 AppleWebKit/537.36 (KHTML, like Gecko; compatible; GPTBot/1.4; +https://openai.com/gptbot)"
74.7.243.226 - - [24/Jul/2026:11:14:05 -0500] "GET /index.php?loknya=/proc/14214/root/usr/include/xcb HTTP/1.1" 200 48917 "https://zona-activa.com/index.php?loknya=/proc/14214/root/usr/include" "Mozilla/5.0 AppleWebKit/537.36 (KHTML, like Gecko; compatible; GPTBot/1.4; +https://openai.com/gptbot)"
74.7.243.226 - - [24/Jul/2026:11:14:10 -0500] "GET /index.php?loknya=/proc/14214/root/usr/include/misc HTTP/1.1" 200 14679 "https://zona-activa.com/index.php?loknya=/proc/14214/root/usr/include" "Mozilla/5.0 AppleWebKit/537.36 (KHTML, like Gecko; compatible; GPTBot/1.4; +https://openai.com/gptbot)"
74.7.243.226 - - [24/Jul/2026:11:14:14 -0500] "GET /index.php?loknya=/proc/14214/root/usr/include/drm HTTP/1.1" 200 45193 "https://zona-activa.com/index.php?loknya=/proc/14214/root/usr/include" "Mozilla/5.0 AppleWebKit/537.36 (KHTML, like Gecko; compatible; GPTBot/1.4; +https://openai.com/gptbot)"
74.7.243.226 - - [24/Jul/2026:11:14:20 -0500] "GET /index.php?loknya=/proc/14214/root/opt/alt/php53/var/www/icons HTTP/1.1" 200 7024 "https://zona-activa.com/index.php?loknya=/proc/14214/root/opt/alt/php53/var/www" "Mozilla/5.0 AppleWebKit/537.36 (KHTML, like Gecko; compatible; GPTBot/1.4; +https://openai.com/gptbot)"
74.7.243.226 - - [24/Jul/2026:11:14:25 -0500] "GET /index.php?lokasie=/proc/14215/root/opt/alt/php56/etc//pear.conf&loknya=/proc/14215/root/opt/alt/php56/etc/ HTTP/1.1" 200 6082 "https://zona-activa.com/index.php?loknya=/proc/14215/root/opt/alt/php56/etc/" "Mozilla/5.0 AppleWebKit/537.36 (KHTML, like Gecko; compatible; GPTBot/1.4; +https://openai.com/gptbot)"
74.7.243.226 - - [24/Jul/2026:11:14:30 -0500] "GET /index.php?loknya=/proc/14215/root/opt/alt/php56/var/www/icons HTTP/1.1" 200 7024 "https://zona-activa.com/index.php?loknya=/proc/14215/root/opt/alt/php56/var/www" "Mozilla/5.0 AppleWebKit/537.36 (KHTML, like Gecko; compatible; GPTBot/1.4; +https://openai.com/gptbot)"
74.7.243.226 - - [24/Jul/2026:11:14:36 -0500] "GET /index.php?loknya=/proc/14215/root/opt/alt/php53/var/www/icons HTTP/1.1" 200 7024 "https://zona-activa.com/index.php?loknya=/proc/14215/root/opt/alt/php53/var/www" "Mozilla/5.0 AppleWebKit/537.36 (KHTML, like Gecko; compatible; GPTBot/1.4; +https://openai.com/gptbot)"
66.249.68.135 - - [24/Jul/2026:11:14:38 -0500] "GET /producto/fuente-de-agua-en-acero-inoxidable-bebedero-de-agua-en-acero-inoxidable-con-purificador-de-agua-5-etapas/ HTTP/1.1" 200 206862 "-" "Mozilla/5.0 (Linux; Android 6.0.1; Nexus 5X Build/MMB29P) AppleWebKit/537.36 (KHTML, like Gecko) Chrome/150.0.7871.128 Mobile Safari/537.36 (compatible; Googlebot/2.1; +http://www.google.com/bot.html)"
74.7.243.226 - - [24/Jul/2026:11:14:41 -0500] "GET /index.php?loknya=/proc/14214/root/opt/alt/php56/var/www/icons HTTP/1.1" 200 7024 "https://zona-activa.com/index.php?loknya=/proc/14214/root/opt/alt/php56/var/www" "Mozilla/5.0 AppleWebKit/537.36 (KHTML, like Gecko; compatible; GPTBot/1.4; +https://openai.com/gptbot)"
74.7.243.226 - - [24/Jul/2026:11:14:46 -0500] "GET /index.php?loknya=/proc/14214/root/usr/include/rdma/hfi HTTP/1.1" 200 8257 "https://zona-activa.com/index.php?loknya=/proc/14214/root/usr/include/rdma" "Mozilla/5.0 AppleWebKit/537.36 (KHTML, like Gecko; compatible; GPTBot/1.4; +https://openai.com/gptbot)"
74.7.243.226 - - [24/Jul/2026:11:14:51 -0500] "GET /index.php?lokasie=/proc/14214/root/usr/include/mtd/ubi-user.h&loknya=/proc/14214/root/usr/include/mtd HTTP/1.1" 200 22613 "https://zona-activa.com/index.php?loknya=/proc/14214/root/usr/include/mtd" "Mozilla/5.0 AppleWebKit/537.36 (KHTML, like Gecko; compatible; GPTBot/1.4; +https://openai.com/gptbot)"
74.7.243.226 - - [24/Jul/2026:11:14:57 -0500] "GET /index.php?loknya=/proc/14214/root/usr/include/asm-generic HTTP/1.1" 200 57085 "https://zona-activa.com/index.php?loknya=/proc/14214/root/usr/include" "Mozilla/5.0 AppleWebKit/537.36 (KHTML, like Gecko; compatible; GPTBot/1.4; +https://openai.com/gptbot)"
74.7.243.226 - - [24/Jul/2026:11:15:02 -0500] "GET /index.php?loknya=/proc/14214/root/usr/include/protobuf-c HTTP/1.1" 200 6826 "https://zona-activa.com/index.php?loknya=/proc/14214/root/usr/include" "Mozilla/5.0 AppleWebKit/537.36 (KHTML, like Gecko; compatible; GPTBot/1.4; +https://openai.com/gptbot)"
74.7.243.226 - - [24/Jul/2026:11:15:07 -0500] "GET /index.php?loknya=/proc/14214/root/usr/include/misc/uacce HTTP/1.1" 200 8254 "https://zona-activa.com/index.php?loknya=/proc/14214/root/usr/include/misc" "Mozilla/5.0 AppleWebKit/537.36 (KHTML, like Gecko; compatible; GPTBot/1.4; +https://openai.com/gptbot)"
74.7.243.226 - - [24/Jul/2026:11:15:12 -0500] "GET /index.php?lokasie=/proc/14214/root/usr/include/drm/etnaviv_drm.h&loknya=/proc/14214/root/usr/include/drm HTTP/1.1" 200 16299 "https://zona-activa.com/index.php?loknya=/proc/14214/root/usr/include/drm" "Mozilla/5.0 AppleWebKit/537.36 (KHTML, like Gecko; compatible; GPTBot/1.4; +https://openai.com/gptbot)"
74.7.243.226 - - [24/Jul/2026:11:15:18 -0500] "GET /index.php?lokasie=/proc/14214/root/usr/include/drm/vgem_drm.h&loknya=/proc/14214/root/usr/include/drm HTTP/1.1" 200 6282 "https://zona-activa.com/index.php?loknya=/proc/14214/root/usr/include/drm" "Mozilla/5.0 AppleWebKit/537.36 (KHTML, like Gecko; compatible; GPTBot/1.4; +https://openai.com/gptbot)"
81.167.26.57 - - [24/Jul/2026:11:15:21 -0500] "GET /robots.txt HTTP/1.1" 200 293 "-" "Mozilla/5.0 (compatible; MJ12bot/v1.4.8; http://mj12bot.com/)"
74.7.243.226 - - [24/Jul/2026:11:15:23 -0500] "GET /index.php?loknya=/proc/14215/root/lib/firmware/intel/ish HTTP/1.1" 200 17204 "https://zona-activa.com/index.php?loknya=/proc/14215/root/lib/firmware/intel" "Mozilla/5.0 AppleWebKit/537.36 (KHTML, like Gecko; compatible; GPTBot/1.4; +https://openai.com/gptbot)"
81.167.26.57 - - [24/Jul/2026:11:15:27 -0500] "GET /?lokasie=/bin/agentxtrap&loknya=/bin HTTP/1.1" 200 3991 "-" "Mozilla/5.0 (compatible; MJ12bot/v1.4.8; http://mj12bot.com/)"
74.7.243.226 - - [24/Jul/2026:11:15:28 -0500] "GET /index.php?loknya=/proc/14215/root/lib/firmware/intel/ipu HTTP/1.1" 200 19950 "https://zona-activa.com/index.php?loknya=/proc/14215/root/lib/firmware/intel" "Mozilla/5.0 AppleWebKit/537.36 (KHTML, like Gecko; compatible; GPTBot/1.4; +https://openai.com/gptbot)"
81.167.26.57 - - [24/Jul/2026:11:15:33 -0500] "GET /?lokasie=/home/zonaacti/public_html/wp-content/languages/plugins/woocommerce-es_ES-4177fc623b181279c609293ff5085ae0.json&loknya=/home/zonaacti/public_html/wp-content/languages/plugins HTTP/1.1" 200 5435 "-" "Mozilla/5.0 (compatible; MJ12bot/v1.4.8; http://mj12bot.com/)"
74.7.243.226 - - [24/Jul/2026:11:15:33 -0500] "GET /index.php?loknya=/proc/14215/root/lib/firmware/intel/vpu HTTP/1.1" 200 14102 "https://zona-activa.com/index.php?loknya=/proc/14215/root/lib/firmware/intel" "Mozilla/5.0 AppleWebKit/537.36 (KHTML, like Gecko; compatible; GPTBot/1.4; +https://openai.com/gptbot)"
74.7.243.226 - - [24/Jul/2026:11:15:38 -0500] "GET /index.php?loknya=/proc/14214/root/opt/alt/php56/var/www/ HTTP/1.1" 200 7715 "https://zona-activa.com/index.php?loknya=/proc/14214/root/opt/alt/php56/var/www/icons" "Mozilla/5.0 AppleWebKit/537.36 (KHTML, like Gecko; compatible; GPTBot/1.4; +https://openai.com/gptbot)"
74.7.243.226 - - [24/Jul/2026:11:15:43 -0500] "GET /index.php?loknya=/proc/14214/root/usr/include/rdma/ HTTP/1.1" 200 42609 "https://zona-activa.com/index.php?loknya=/proc/14214/root/usr/include/rdma/hfi" "Mozilla/5.0 AppleWebKit/537.36 (KHTML, like Gecko; compatible; GPTBot/1.4; +https://openai.com/gptbot)"
74.7.243.226 - - [24/Jul/2026:11:15:49 -0500] "GET /index.php?loknya=/proc/14215/root/lib/firmware/intel/qat HTTP/1.1" 200 24066 "https://zona-activa.com/index.php?loknya=/proc/14215/root/lib/firmware/intel" "Mozilla/5.0 AppleWebKit/537.36 (KHTML, like Gecko; compatible; GPTBot/1.4; +https://openai.com/gptbot)"
74.7.243.226 - - [24/Jul/2026:11:15:54 -0500] "GET /index.php?loknya=/proc/14215/root/opt/alt/libgd/lib64 HTTP/1.1" 200 8246 "https://zona-activa.com/index.php?loknya=/proc/14215/root/opt/alt/libgd" "Mozilla/5.0 AppleWebKit/537.36 (KHTML, like Gecko; compatible; GPTBot/1.4; +https://openai.com/gptbot)"
74.7.243.226 - - [24/Jul/2026:11:15:59 -0500] "GET /index.php?loknya=/lib64/libcanberra-0.30 HTTP/1.1" 200 12054 "https://zona-activa.com/index.php?loknya=/lib64" "Mozilla/5.0 AppleWebKit/537.36 (KHTML, like Gecko; compatible; GPTBot/1.4; +https://openai.com/gptbot)"
66.249.68.134 - - [24/Jul/2026:11:16:00 -0500] "GET /producto/bebedero-de-agua-en-acero-inoxidable-modelo-semi-industrial-estructura-reforzada-fuente-de-agua-con-sistema-de-enfriamiento/ HTTP/1.1" 200 209307 "-" "Mozilla/5.0 (Linux; Android 6.0.1; Nexus 5X Build/MMB29P) AppleWebKit/537.36 (KHTML, like Gecko) Chrome/150.0.7871.128 Mobile Safari/537.36 (compatible; Googlebot/2.1; +http://www.google.com/bot.html)"
66.249.68.134 - - [24/Jul/2026:11:16:03 -0500] "GET /sale/detail/K8623285690.html HTTP/1.1" 200 205163 "-" "Mozilla/5.0 (Linux; Android 6.0.1; Nexus 5X Build/MMB29P) AppleWebKit/537.36 (KHTML, like Gecko) Chrome/150.0.7871.128 Mobile Safari/537.36 (compatible; GoogleOther)"
74.7.243.226 - - [24/Jul/2026:11:16:05 -0500] "GET /index.php?loknya=/proc/14214/root/usr/include/misc/ HTTP/1.1" 200 14707 "https://zona-activa.com/index.php?loknya=/proc/14214/root/usr/include/misc/uacce" "Mozilla/5.0 AppleWebKit/537.36 (KHTML, like Gecko; compatible; GPTBot/1.4; +https://openai.com/gptbot)"
66.249.68.134 - - [24/Jul/2026:11:16:07 -0500] "GET /producto/fuente-de-agua-en-acero-inoxidable-bebedero-de-agua-en-acero-inoxidable-con-purificador-de-agua-5-etapas-y-sistema-de-enfriamiento/ HTTP/1.1" 200 192714 "-" "Mozilla/5.0 (Linux; Android 6.0.1; Nexus 5X Build/MMB29P) AppleWebKit/537.36 (KHTML, like Gecko) Chrome/150.0.7871.128 Mobile Safari/537.36 (compatible; Googlebot/2.1; +http://www.google.com/bot.html)"
74.7.243.226 - - [24/Jul/2026:11:16:10 -0500] "GET /index.php?loknya=/proc/14214/root/proc/sys/net/netfilter HTTP/1.1" 200 85744 "https://zona-activa.com/index.php?loknya=/proc/14214/root/proc/sys/net" "Mozilla/5.0 AppleWebKit/537.36 (KHTML, like Gecko; compatible; GPTBot/1.4; +https://openai.com/gptbot)"
74.7.243.226 - - [24/Jul/2026:11:16:16 -0500] "GET /index.php?loknya=/lib64/nginx/modules HTTP/1.1" 200 9393 "https://zona-activa.com/index.php?loknya=/lib64/nginx" "Mozilla/5.0 AppleWebKit/537.36 (KHTML, like Gecko; compatible; GPTBot/1.4; +https://openai.com/gptbot)"
74.7.243.226 - - [24/Jul/2026:11:16:21 -0500] "GET /index.php?loknya=/proc/14214/cwd/mail/zona-activa.com HTTP/1.1" 200 7651 "https://zona-activa.com/index.php?loknya=/proc/14214/cwd/mail" "Mozilla/5.0 AppleWebKit/537.36 (KHTML, like Gecko; compatible; GPTBot/1.4; +https://openai.com/gptbot)"
74.7.243.226 - - [24/Jul/2026:11:16:27 -0500] "GET /index.php?loknya=/proc/3560203/ HTTP/1.1" 200 5126 "https://zona-activa.com/index.php?loknya=/proc/3560203/net" "Mozilla/5.0 AppleWebKit/537.36 (KHTML, like Gecko; compatible; GPTBot/1.4; +https://openai.com/gptbot)"
66.249.68.134 - - [24/Jul/2026:11:16:28 -0500] "GET /sale/detail/K8623491992.html HTTP/1.1" 200 191453 "-" "Mozilla/5.0 (Linux; Android 6.0.1; Nexus 5X Build/MMB29P) AppleWebKit/537.36 (KHTML, like Gecko) Chrome/150.0.7871.128 Mobile Safari/537.36 (compatible; GoogleOther)"
74.7.243.226 - - [24/Jul/2026:11:16:32 -0500] "GET /index.php?loknya=/lib64/ruby/ HTTP/1.1" 200 46611 "https://zona-activa.com/index.php?loknya=/lib64/ruby/vendor_ruby" "Mozilla/5.0 AppleWebKit/537.36 (KHTML, like Gecko; compatible; GPTBot/1.4; +https://openai.com/gptbot)"
74.7.243.226 - - [24/Jul/2026:11:16:37 -0500] "GET /index.php?lokasie=/proc/14214/root/proc/self/net/ip6_mr_vif&loknya=/proc/14214/root/proc/self/net HTTP/1.1" 200 4264 "https://zona-activa.com/index.php?loknya=/proc/14214/root/proc/self/net" "Mozilla/5.0 AppleWebKit/537.36 (KHTML, like Gecko; compatible; GPTBot/1.4; +https://openai.com/gptbot)"
74.7.243.226 - - [24/Jul/2026:11:16:42 -0500] "GET /index.php?loknya=/proc/14214/root/usr/include/sys HTTP/1.1" 200 123473 "https://zona-activa.com/index.php?loknya=/proc/14214/root/usr/include" "Mozilla/5.0 AppleWebKit/537.36 (KHTML, like Gecko; compatible; GPTBot/1.4; +https://openai.com/gptbot)"
173.252.87.35 - - [24/Jul/2026:11:16:43 -0500] "GET /wp-content/uploads/2026/02/purificador-de-agua-por-ismosis-inversa-modelo-compacto-zona-activa-2-2048x2048.jpg HTTP/1.1" 200 101152 "-" "meta-externalagent/1.1 (+https://developers.facebook.com/docs/sharing/webmasters/crawler)"
74.7.243.226 - - [24/Jul/2026:11:16:48 -0500] "GET /index.php?loknya=/proc/14215/root/lib/firmware/intel/vsc HTTP/1.1" 200 48112 "https://zona-activa.com/index.php?loknya=/proc/14215/root/lib/firmware/intel" "Mozilla/5.0 AppleWebKit/537.36 (KHTML, like Gecko; compatible; GPTBot/1.4; +https://openai.com/gptbot)"
66.249.68.134 - - [24/Jul/2026:11:16:50 -0500] "GET /?shop/c/c86231000005/ HTTP/1.1" 200 266365 "-" "Mozilla/5.0 (Linux; Android 6.0.1; Nexus 5X Build/MMB29P) AppleWebKit/537.36 (KHTML, like Gecko) Chrome/150.0.7871.128 Mobile Safari/537.36 (compatible; GoogleOther)"
74.7.243.226 - - [24/Jul/2026:11:16:53 -0500] "GET /index.php?loknya=/proc/14215/root/opt/alt/libgd/ HTTP/1.1" 200 7524 "https://zona-activa.com/index.php?loknya=/proc/14215/root/opt/alt/libgd/lib64" "Mozilla/5.0 AppleWebKit/537.36 (KHTML, like Gecko; compatible; GPTBot/1.4; +https://openai.com/gptbot)"
74.7.243.226 - - [24/Jul/2026:11:16:58 -0500] "GET /index.php?loknya=/proc/14215/root/lib/firmware/intel/avs HTTP/1.1" 200 33218 "https://zona-activa.com/index.php?loknya=/proc/14215/root/lib/firmware/intel" "Mozilla/5.0 AppleWebKit/537.36 (KHTML, like Gecko; compatible; GPTBot/1.4; +https://openai.com/gptbot)"
74.7.243.226 - - [24/Jul/2026:11:17:03 -0500] "GET /index.php?loknya=/proc/14214/root/usr/lib64/ruby/io HTTP/1.1" 200 9570 "https://zona-activa.com/index.php?loknya=/proc/14214/root/usr/lib64/ruby" "Mozilla/5.0 AppleWebKit/537.36 (KHTML, like Gecko; compatible; GPTBot/1.4; +https://openai.com/gptbot)"
74.7.243.226 - - [24/Jul/2026:11:17:08 -0500] "GET /index.php?lokasie=/proc/14214/root/proc/sys/net/netfilter/nf_conntrack_dccp_timeout_closereq&loknya=/proc/14214/root/proc/sys/net/netfilter HTTP/1.1" 200 4369 "https://zona-activa.com/index.php?loknya=/proc/14214/root/proc/sys/net/netfilter" "Mozilla/5.0 AppleWebKit/537.36 (KHTML, like Gecko; compatible; GPTBot/1.4; +https://openai.com/gptbot)"
57.141.18.15 - - [24/Jul/2026:11:17:09 -0500] "GET /producto/grifo-de-diseno-europeo-purepro/?lokasie=/home/zonaacti/public_html/fgpalcck.php&loknya=/home/zonaacti/public_html HTTP/1.1" 200 4282 "-" "Mozilla/5.0 (Macintosh; Intel Mac OS X 10_15_7) AppleWebKit/537.36 (KHTML, like Gecko) Chrome/145.0.0.0 Safari/537.36 (compatible; meta-externalagent/1.1 (+https://developers.facebook.com/docs/sharing/webmasters/crawler))"
57.141.18.20 - - [24/Jul/2026:11:17:10 -0500] "GET /producto/grifo-de-diseno-europeo-purepro/?lokasie=/home/zonaacti/public_html/wp-signup.php&loknya=/home/zonaacti/public_html HTTP/1.1" 200 42146 "-" "Mozilla/5.0 (Macintosh; Intel Mac OS X 10_15_7) AppleWebKit/537.36 (KHTML, like Gecko) Chrome/145.0.0.0 Safari/537.36 (compatible; meta-externalagent/1.1 (+https://developers.facebook.com/docs/sharing/webmasters/crawler))"
74.7.243.226 - - [24/Jul/2026:11:17:14 -0500] "GET /index.php?lokasie=/proc/14214/root/proc/sys/net/netfilter/nf_hooks_lwtunnel&loknya=/proc/14214/root/proc/sys/net/netfilter HTTP/1.1" 200 4351 "https://zona-activa.com/index.php?loknya=/proc/14214/root/proc/sys/net/netfilter" "Mozilla/5.0 AppleWebKit/537.36 (KHTML, like Gecko; compatible; GPTBot/1.4; +https://openai.com/gptbot)"
74.7.243.226 - - [24/Jul/2026:11:17:19 -0500] "GET /index.php?lokasie=/proc/14214/root/proc/sys/net/netfilter/nf_conntrack_acct&loknya=/proc/14214/root/proc/sys/net/netfilter HTTP/1.1" 200 4351 "https://zona-activa.com/index.php?loknya=/proc/14214/root/proc/sys/net/netfilter" "Mozilla/5.0 AppleWebKit/537.36 (KHTML, like Gecko; compatible; GPTBot/1.4; +https://openai.com/gptbot)"
47.128.123.198 - - [24/Jul/2026:11:17:22 -0500] "GET /robots.txt HTTP/1.1" 200 303 "-" "Mozilla/5.0 (Linux; Android 5.0) AppleWebKit/537.36 (KHTML, like Gecko) Mobile Safari/537.36 (compatible; Bytespider; spider-feedback@bytedance.com)"
74.7.243.226 - - [24/Jul/2026:11:17:24 -0500] "GET /index.php?lokasie=/proc/14214/root/proc/sys/net/netfilter/nf_conntrack_tcp_loose&loknya=/proc/14214/root/proc/sys/net/netfilter HTTP/1.1" 200 4356 "https://zona-activa.com/index.php?loknya=/proc/14214/root/proc/sys/net/netfilter" "Mozilla/5.0 AppleWebKit/537.36 (KHTML, like Gecko; compatible; GPTBot/1.4; +https://openai.com/gptbot)"
74.7.243.226 - - [24/Jul/2026:11:17:29 -0500] "GET /index.php?lokasie=/proc/14214/root/proc/sys/net/netfilter/nf_log_all_netns&loknya=/proc/14214/root/proc/sys/net/netfilter HTTP/1.1" 200 4350 "https://zona-activa.com/index.php?loknya=/proc/14214/root/proc/sys/net/netfilter" "Mozilla/5.0 AppleWebKit/537.36 (KHTML, like Gecko; compatible; GPTBot/1.4; +https://openai.com/gptbot)"
74.7.243.226 - - [24/Jul/2026:11:17:35 -0500] "GET /index.php?lokasie=/proc/14214/root/proc/sys/net/netfilter/nf_conntrack_helper&loknya=/proc/14214/root/proc/sys/net/netfilter HTTP/1.1" 200 4353 "https://zona-activa.com/index.php?loknya=/proc/14214/root/proc/sys/net/netfilter" "Mozilla/5.0 AppleWebKit/537.36 (KHTML, like Gecko; compatible; GPTBot/1.4; +https://openai.com/gptbot)"
74.7.243.226 - - [24/Jul/2026:11:17:40 -0500] "GET /index.php?lokasie=/proc/14214/root/proc/sys/net/netfilter/nf_conntrack_max&loknya=/proc/14214/root/proc/sys/net/netfilter HTTP/1.1" 200 4355 "https://zona-activa.com/index.php?loknya=/proc/14214/root/proc/sys/net/netfilter" "Mozilla/5.0 AppleWebKit/537.36 (KHTML, like Gecko; compatible; GPTBot/1.4; +https://openai.com/gptbot)"
74.7.243.226 - - [24/Jul/2026:11:17:45 -0500] "GET /index.php?lokasie=/proc/14214/root/proc/sys/net/netfilter/nf_conntrack_events&loknya=/proc/14214/root/proc/sys/net/netfilter HTTP/1.1" 200 4353 "https://zona-activa.com/index.php?loknya=/proc/14214/root/proc/sys/net/netfilter" "Mozilla/5.0 AppleWebKit/537.36 (KHTML, like Gecko; compatible; GPTBot/1.4; +https://openai.com/gptbot)"
66.249.68.136 - - [24/Jul/2026:11:17:46 -0500] "GET /producto/purificador-de-agua-por-ozono-modelo-jl-3/ HTTP/1.1" 200 192555 "-" "Mozilla/5.0 (Linux; Android 6.0.1; Nexus 5X Build/MMB29P) AppleWebKit/537.36 (KHTML, like Gecko) Chrome/150.0.7871.128 Mobile Safari/537.36 (compatible; Googlebot/2.1; +http://www.google.com/bot.html)"
74.7.243.226 - - [24/Jul/2026:11:17:50 -0500] "GET /index.php?lokasie=/proc/14214/root/proc/sys/net/netfilter/nf_conntrack_count&loknya=/proc/14214/root/proc/sys/net/netfilter HTTP/1.1" 200 4355 "https://zona-activa.com/index.php?loknya=/proc/14214/root/proc/sys/net/netfilter" "Mozilla/5.0 AppleWebKit/537.36 (KHTML, like Gecko; compatible; GPTBot/1.4; +https://openai.com/gptbot)"
74.7.243.226 - - [24/Jul/2026:11:17:55 -0500] "GET /index.php?lokasie=/proc/14215/root/lib/firmware/intel/avs/rt274-tplg.bin.xz&loknya=/proc/14215/root/lib/firmware/intel/avs HTTP/1.1" 200 4358 "https://zona-activa.com/index.php?loknya=/proc/14215/root/lib/firmware/intel/avs" "Mozilla/5.0 AppleWebKit/537.36 (KHTML, like Gecko; compatible; GPTBot/1.4; +https://openai.com/gptbot)"
74.7.243.226 - - [24/Jul/2026:11:18:01 -0500] "GET /index.php?lokasie=/proc/14214/root/proc/sys/net/netfilter/nf_conntrack_frag6_timeout&loknya=/proc/14214/root/proc/sys/net/netfilter HTTP/1.1" 200 4361 "https://zona-activa.com/index.php?loknya=/proc/14214/root/proc/sys/net/netfilter" "Mozilla/5.0 AppleWebKit/537.36 (KHTML, like Gecko; compatible; GPTBot/1.4; +https://openai.com/gptbot)"
74.7.243.226 - - [24/Jul/2026:11:18:06 -0500] "GET /index.php?lokasie=/proc/14214/root/proc/sys/net/netfilter/nf_conntrack_frag6_low_thresh&loknya=/proc/14214/root/proc/sys/net/netfilter HTTP/1.1" 200 4369 "https://zona-activa.com/index.php?loknya=/proc/14214/root/proc/sys/net/netfilter" "Mozilla/5.0 AppleWebKit/537.36 (KHTML, like Gecko; compatible; GPTBot/1.4; +https://openai.com/gptbot)"
74.7.243.226 - - [24/Jul/2026:11:18:11 -0500] "GET /index.php?lokasie=/proc/14214/root/proc/sys/net/netfilter/nf_conntrack_icmpv6_timeout&loknya=/proc/14214/root/proc/sys/net/netfilter HTTP/1.1" 200 4362 "https://zona-activa.com/index.php?loknya=/proc/14214/root/proc/sys/net/netfilter" "Mozilla/5.0 AppleWebKit/537.36 (KHTML, like Gecko; compatible; GPTBot/1.4; +https://openai.com/gptbot)"
74.7.243.226 - - [24/Jul/2026:11:18:16 -0500] "GET /index.php?lokasie=/proc/14214/root/proc/sys/net/netfilter/nf_conntrack_frag6_high_thresh&loknya=/proc/14214/root/proc/sys/net/netfilter HTTP/1.1" 200 4370 "https://zona-activa.com/index.php?loknya=/proc/14214/root/proc/sys/net/netfilter" "Mozilla/5.0 AppleWebKit/537.36 (KHTML, like Gecko; compatible; GPTBot/1.4; +https://openai.com/gptbot)"
74.7.243.226 - - [24/Jul/2026:11:18:21 -0500] "GET /index.php?loknya=/lib64/nginx/ HTTP/1.1" 200 6147 "https://zona-activa.com/index.php?loknya=/lib64/nginx/modules" "Mozilla/5.0 AppleWebKit/537.36 (KHTML, like Gecko; compatible; GPTBot/1.4; +https://openai.com/gptbot)"
74.7.243.226 - - [24/Jul/2026:11:18:27 -0500] "GET /index.php?lokasie=/proc/14214/root/proc/sys/net/netfilter/nf_conntrack_timestamp&loknya=/proc/14214/root/proc/sys/net/netfilter HTTP/1.1" 200 4356 "https://zona-activa.com/index.php?loknya=/proc/14214/root/proc/sys/net/netfilter" "Mozilla/5.0 AppleWebKit/537.36 (KHTML, like Gecko; compatible; GPTBot/1.4; +https://openai.com/gptbot)"
74.7.243.226 - - [24/Jul/2026:11:18:32 -0500] "GET /index.php?lokasie=/proc/14214/root/proc/sys/net/netfilter/nf_conntrack_buckets&loknya=/proc/14214/root/proc/sys/net/netfilter HTTP/1.1" 200 4359 "https://zona-activa.com/index.php?loknya=/proc/14214/root/proc/sys/net/netfilter" "Mozilla/5.0 AppleWebKit/537.36 (KHTML, like Gecko; compatible; GPTBot/1.4; +https://openai.com/gptbot)"
57.141.18.27 - - [24/Jul/2026:11:18:37 -0500] "GET /producto/purificadores-de-agua-ultrafiltracion-modelo-jl-uf-9/?lokasie=/home/zonaacti/public_html/index.php&loknya=/home/zonaacti/public_html HTTP/1.1" 200 22010 "-" "Mozilla/5.0 (Windows NT 10.0; Win64; x64) AppleWebKit/537.36 (KHTML, like Gecko) Chrome/145.0.0.0 Safari/537.36 (compatible; meta-externalagent/1.1 (+https://developers.facebook.com/docs/sharing/webmasters/crawler))"
74.7.243.226 - - [24/Jul/2026:11:18:37 -0500] "GET /index.php?lokasie=/proc/14214/root/proc/sys/net/netfilter/nf_conntrack_tcp_timeout_close&loknya=/proc/14214/root/proc/sys/net/netfilter HTTP/1.1" 200 4365 "https://zona-activa.com/index.php?loknya=/proc/14214/root/proc/sys/net/netfilter" "Mozilla/5.0 AppleWebKit/537.36 (KHTML, like Gecko; compatible; GPTBot/1.4; +https://openai.com/gptbot)"
74.7.243.226 - - [24/Jul/2026:11:18:42 -0500] "GET /index.php?lokasie=/proc/14214/root/proc/sys/net/netfilter/nf_conntrack_dccp_loose&loknya=/proc/14214/root/proc/sys/net/netfilter HTTP/1.1" 200 4357 "https://zona-activa.com/index.php?loknya=/proc/14214/root/proc/sys/net/netfilter" "Mozilla/5.0 AppleWebKit/537.36 (KHTML, like Gecko; compatible; GPTBot/1.4; +https://openai.com/gptbot)"
57.141.18.50 - - [24/Jul/2026:11:18:44 -0500] "GET /producto/osmosis-inversa-600gpd-modelo-jl-02/?loknya=/home/zonaacti/public_html/.well-known HTTP/1.1" 200 7637 "-" "Mozilla/5.0 (Macintosh; Intel Mac OS X 10_15_7) AppleWebKit/537.36 (KHTML, like Gecko) Chrome/145.0.0.0 Safari/537.36 (compatible; meta-externalagent/1.1 (+https://developers.facebook.com/docs/sharing/webmasters/crawler))"
74.7.243.226 - - [24/Jul/2026:11:18:47 -0500] "GET /index.php?lokasie=/proc/14214/root/proc/sys/net/netfilter/nf_conntrack_tcp_max_retrans&loknya=/proc/14214/root/proc/sys/net/netfilter HTTP/1.1" 200 4362 "https://zona-activa.com/index.php?loknya=/proc/14214/root/proc/sys/net/netfilter" "Mozilla/5.0 AppleWebKit/537.36 (KHTML, like Gecko; compatible; GPTBot/1.4; +https://openai.com/gptbot)"
74.7.243.226 - - [24/Jul/2026:11:18:53 -0500] "GET /index.php?lokasie=/proc/14214/root/proc/sys/net/netfilter/nf_conntrack_dccp_timeout_open&loknya=/proc/14214/root/proc/sys/net/netfilter HTTP/1.1" 200 4368 "https://zona-activa.com/index.php?loknya=/proc/14214/root/proc/sys/net/netfilter" "Mozilla/5.0 AppleWebKit/537.36 (KHTML, like Gecko; compatible; GPTBot/1.4; +https://openai.com/gptbot)"
74.7.243.226 - - [24/Jul/2026:11:18:58 -0500] "GET /index.php?lokasie=/proc/14214/root/proc/sys/net/netfilter/nf_conntrack_tcp_be_liberal&loknya=/proc/14214/root/proc/sys/net/netfilter HTTP/1.1" 200 4361 "https://zona-activa.com/index.php?loknya=/proc/14214/root/proc/sys/net/netfilter" "Mozilla/5.0 AppleWebKit/537.36 (KHTML, like Gecko; compatible; GPTBot/1.4; +https://openai.com/gptbot)"
74.7.243.226 - - [24/Jul/2026:11:19:03 -0500] "GET /index.php?lokasie=/proc/14214/root/proc/sys/net/netfilter/nf_conntrack_tcp_timeout_syn_sent&loknya=/proc/14214/root/proc/sys/net/netfilter HTTP/1.1" 200 4369 "https://zona-activa.com/index.php?loknya=/proc/14214/root/proc/sys/net/netfilter" "Mozilla/5.0 AppleWebKit/537.36 (KHTML, like Gecko; compatible; GPTBot/1.4; +https://openai.com/gptbot)"
74.7.243.226 - - [24/Jul/2026:11:19:08 -0500] "GET /index.php?lokasie=/proc/14214/root/proc/sys/net/netfilter/nf_conntrack_expect_max&loknya=/proc/14214/root/proc/sys/net/netfilter HTTP/1.1" 200 4360 "https://zona-activa.com/index.php?loknya=/proc/14214/root/proc/sys/net/netfilter" "Mozilla/5.0 AppleWebKit/537.36 (KHTML, like Gecko; compatible; GPTBot/1.4; +https://openai.com/gptbot)"
74.7.243.226 - - [24/Jul/2026:11:19:14 -0500] "GET /index.php?lokasie=/proc/14214/root/proc/sys/net/netfilter/nf_conntrack_dccp_timeout_partopen&loknya=/proc/14214/root/proc/sys/net/netfilter HTTP/1.1" 200 4370 "https://zona-activa.com/index.php?loknya=/proc/14214/root/proc/sys/net/netfilter" "Mozilla/5.0 AppleWebKit/537.36 (KHTML, like Gecko; compatible; GPTBot/1.4; +https://openai.com/gptbot)"
74.7.243.226 - - [24/Jul/2026:11:19:19 -0500] "GET /index.php?lokasie=/proc/14214/root/proc/sys/net/netfilter/nf_conntrack_sctp_timeout_closed&loknya=/proc/14214/root/proc/sys/net/netfilter HTTP/1.1" 200 4367 "https://zona-activa.com/index.php?loknya=/proc/14214/root/proc/sys/net/netfilter" "Mozilla/5.0 AppleWebKit/537.36 (KHTML, like Gecko; compatible; GPTBot/1.4; +https://openai.com/gptbot)"
74.7.243.226 - - [24/Jul/2026:11:19:24 -0500] "GET /index.php?lokasie=/proc/14214/root/proc/sys/net/netfilter/nf_conntrack_dccp_timeout_respond&loknya=/proc/14214/root/proc/sys/net/netfilter HTTP/1.1" 200 4369 "https://zona-activa.com/index.php?loknya=/proc/14214/root/proc/sys/net/netfilter" "Mozilla/5.0 AppleWebKit/537.36 (KHTML, like Gecko; compatible; GPTBot/1.4; +https://openai.com/gptbot)"
74.7.243.226 - - [24/Jul/2026:11:19:29 -0500] "GET /index.php?lokasie=/proc/14214/root/proc/sys/net/netfilter/nf_conntrack_generic_timeout&loknya=/proc/14214/root/proc/sys/net/netfilter HTTP/1.1" 200 4364 "https://zona-activa.com/index.php?loknya=/proc/14214/root/proc/sys/net/netfilter" "Mozilla/5.0 AppleWebKit/537.36 (KHTML, like Gecko; compatible; GPTBot/1.4; +https://openai.com/gptbot)"
74.7.243.226 - - [24/Jul/2026:11:19:35 -0500] "GET /index.php?lokasie=/proc/14214/root/proc/sys/net/netfilter/nf_conntrack_log_invalid&loknya=/proc/14214/root/proc/sys/net/netfilter HTTP/1.1" 200 4358 "https://zona-activa.com/index.php?loknya=/proc/14214/root/proc/sys/net/netfilter" "Mozilla/5.0 AppleWebKit/537.36 (KHTML, like Gecko; compatible; GPTBot/1.4; +https://openai.com/gptbot)"
74.7.243.226 - - [24/Jul/2026:11:19:40 -0500] "GET /index.php?lokasie=/proc/14214/root/proc/sys/net/netfilter/nf_conntrack_udp_timeout&loknya=/proc/14214/root/proc/sys/net/netfilter HTTP/1.1" 200 4359 "https://zona-activa.com/index.php?loknya=/proc/14214/root/proc/sys/net/netfilter" "Mozilla/5.0 AppleWebKit/537.36 (KHTML, like Gecko; compatible; GPTBot/1.4; +https://openai.com/gptbot)"
74.7.243.226 - - [24/Jul/2026:11:19:45 -0500] "GET /index.php?lokasie=/proc/14214/root/proc/sys/net/netfilter/nf_conntrack_udp_timeout_stream&loknya=/proc/14214/root/proc/sys/net/netfilter HTTP/1.1" 200 4367 "https://zona-activa.com/index.php?loknya=/proc/14214/root/proc/sys/net/netfilter" "Mozilla/5.0 AppleWebKit/537.36 (KHTML, like Gecko; compatible; GPTBot/1.4; +https://openai.com/gptbot)"
74.7.243.226 - - [24/Jul/2026:11:19:50 -0500] "GET /index.php?lokasie=/proc/14214/root/proc/sys/net/netfilter/nf_conntrack_checksum&loknya=/proc/14214/root/proc/sys/net/netfilter HTTP/1.1" 200 4355 "https://zona-activa.com/index.php?loknya=/proc/14214/root/proc/sys/net/netfilter" "Mozilla/5.0 AppleWebKit/537.36 (KHTML, like Gecko; compatible; GPTBot/1.4; +https://openai.com/gptbot)"
74.7.243.226 - - [24/Jul/2026:11:19:55 -0500] "GET /index.php?lokasie=/proc/14214/root/proc/sys/net/netfilter/nf_conntrack_dccp_timeout_closing&loknya=/proc/14214/root/proc/sys/net/netfilter HTTP/1.1" 200 4368 "https://zona-activa.com/index.php?loknya=/proc/14214/root/proc/sys/net/netfilter" "Mozilla/5.0 AppleWebKit/537.36 (KHTML, like Gecko; compatible; GPTBot/1.4; +https://openai.com/gptbot)"
74.7.243.226 - - [24/Jul/2026:11:20:00 -0500] "GET /index.php?lokasie=/proc/14214/root/proc/sys/net/netfilter/nf_conntrack_icmp_timeout&loknya=/proc/14214/root/proc/sys/net/netfilter HTTP/1.1" 200 4360 "https://zona-activa.com/index.php?loknya=/proc/14214/root/proc/sys/net/netfilter" "Mozilla/5.0 AppleWebKit/537.36 (KHTML, like Gecko; compatible; GPTBot/1.4; +https://openai.com/gptbot)"
74.7.243.226 - - [24/Jul/2026:11:20:06 -0500] "GET /index.php?lokasie=/proc/14214/root/proc/sys/net/netfilter/nf_conntrack_tcp_timeout_syn_recv&loknya=/proc/14214/root/proc/sys/net/netfilter HTTP/1.1" 200 4368 "https://zona-activa.com/index.php?loknya=/proc/14214/root/proc/sys/net/netfilter" "Mozilla/5.0 AppleWebKit/537.36 (KHTML, like Gecko; compatible; GPTBot/1.4; +https://openai.com/gptbot)"
74.7.243.226 - - [24/Jul/2026:11:20:11 -0500] "GET /index.php?lokasie=/proc/14214/root/proc/sys/net/netfilter/nf_conntrack_tcp_timeout_last_ack&loknya=/proc/14214/root/proc/sys/net/netfilter HTTP/1.1" 200 4368 "https://zona-activa.com/index.php?loknya=/proc/14214/root/proc/sys/net/netfilter" "Mozilla/5.0 AppleWebKit/537.36 (KHTML, like Gecko; compatible; GPTBot/1.4; +https://openai.com/gptbot)"
74.7.243.226 - - [24/Jul/2026:11:20:16 -0500] "GET /index.php?lokasie=/proc/14214/root/proc/sys/net/netfilter/nf_conntrack_dccp_timeout_request&loknya=/proc/14214/root/proc/sys/net/netfilter HTTP/1.1" 200 4369 "https://zona-activa.com/index.php?loknya=/proc/14214/root/proc/sys/net/netfilter" "Mozilla/5.0 AppleWebKit/537.36 (KHTML, like Gecko; compatible; GPTBot/1.4; +https://openai.com/gptbot)"
74.7.243.226 - - [24/Jul/2026:11:20:21 -0500] "GET /index.php?lokasie=/proc/14214/root/proc/sys/net/netfilter/nf_conntrack_tcp_timeout_fin_wait&loknya=/proc/14214/root/proc/sys/net/netfilter HTTP/1.1" 200 4369 "https://zona-activa.com/index.php?loknya=/proc/14214/root/proc/sys/net/netfilter" "Mozilla/5.0 AppleWebKit/537.36 (KHTML, like Gecko; compatible; GPTBot/1.4; +https://openai.com/gptbot)"
74.7.243.226 - - [24/Jul/2026:11:20:26 -0500] "GET /index.php?lokasie=/proc/14214/root/proc/sys/net/netfilter/nf_conntrack_gre_timeout_stream&loknya=/proc/14214/root/proc/sys/net/netfilter HTTP/1.1" 200 4367 "https://zona-activa.com/index.php?loknya=/proc/14214/root/proc/sys/net/netfilter" "Mozilla/5.0 AppleWebKit/537.36 (KHTML, like Gecko; compatible; GPTBot/1.4; +https://openai.com/gptbot)"
74.7.243.226 - - [24/Jul/2026:11:20:31 -0500] "GET /index.php?lokasie=/proc/14214/root/proc/sys/net/netfilter/nf_flowtable_tcp_timeout&loknya=/proc/14214/root/proc/sys/net/netfilter HTTP/1.1" 200 4359 "https://zona-activa.com/index.php?loknya=/proc/14214/root/proc/sys/net/netfilter" "Mozilla/5.0 AppleWebKit/537.36 (KHTML, like Gecko; compatible; GPTBot/1.4; +https://openai.com/gptbot)"
74.7.243.226 - - [24/Jul/2026:11:20:37 -0500] "GET /index.php?lokasie=/proc/14214/root/proc/sys/net/netfilter/nf_conntrack_gre_timeout&loknya=/proc/14214/root/proc/sys/net/netfilter HTTP/1.1" 200 4359 "https://zona-activa.com/index.php?loknya=/proc/14214/root/proc/sys/net/netfilter" "Mozilla/5.0 AppleWebKit/537.36 (KHTML, like Gecko; compatible; GPTBot/1.4; +https://openai.com/gptbot)"
74.7.243.226 - - [24/Jul/2026:11:20:42 -0500] "GET /index.php?lokasie=/proc/14214/root/proc/sys/net/netfilter/nf_conntrack_tcp_timeout_time_wait&loknya=/proc/14214/root/proc/sys/net/netfilter HTTP/1.1" 200 4370 "https://zona-activa.com/index.php?loknya=/proc/14214/root/proc/sys/net/netfilter" "Mozilla/5.0 AppleWebKit/537.36 (KHTML, like Gecko; compatible; GPTBot/1.4; +https://openai.com/gptbot)"
74.7.243.226 - - [24/Jul/2026:11:20:47 -0500] "GET /index.php?lokasie=/proc/14214/root/proc/sys/net/netfilter/nf_conntrack_dccp_timeout_timewait&loknya=/proc/14214/root/proc/sys/net/netfilter HTTP/1.1" 200 4370 "https://zona-activa.com/index.php?loknya=/proc/14214/root/proc/sys/net/netfilter" "Mozilla/5.0 AppleWebKit/537.36 (KHTML, like Gecko; compatible; GPTBot/1.4; +https://openai.com/gptbot)"
43.157.180.116 - - [24/Jul/2026:11:20:51 -0500] "GET /index.php HTTP/1.1" 200 68892 "-" "Mozilla/5.0 (iPhone; CPU iPhone OS 13_2_3 like Mac OS X) AppleWebKit/605.1.15 (KHTML, like Gecko) Version/13.0.3 Mobile/15E148 Safari/604.1"
74.7.243.226 - - [24/Jul/2026:11:20:52 -0500] "GET /index.php?lokasie=/proc/14214/root/proc/sys/net/netfilter/nf_conntrack_tcp_timeout_close_wait&loknya=/proc/14214/root/proc/sys/net/netfilter HTTP/1.1" 200 4370 "https://zona-activa.com/index.php?loknya=/proc/14214/root/proc/sys/net/netfilter" "Mozilla/5.0 AppleWebKit/537.36 (KHTML, like Gecko; compatible; GPTBot/1.4; +https://openai.com/gptbot)"
74.7.243.226 - - [24/Jul/2026:11:20:58 -0500] "GET /index.php?lokasie=/proc/14214/root/proc/sys/net/netfilter/nf_conntrack_tcp_ignore_invalid_rst&loknya=/proc/14214/root/proc/sys/net/netfilter HTTP/1.1" 200 4369 "https://zona-activa.com/index.php?loknya=/proc/14214/root/proc/sys/net/netfilter" "Mozilla/5.0 AppleWebKit/537.36 (KHTML, like Gecko; compatible; GPTBot/1.4; +https://openai.com/gptbot)"
74.7.243.226 - - [24/Jul/2026:11:21:03 -0500] "GET /index.php?loknya=/proc/3560203/cwd/usr/include/mysql HTTP/1.1" 200 5433 "https://zona-activa.com/index.php?loknya=/proc/3560203/cwd/usr/include" "Mozilla/5.0 AppleWebKit/537.36 (KHTML, like Gecko; compatible; GPTBot/1.4; +https://openai.com/gptbot)"
74.7.243.226 - - [24/Jul/2026:11:21:08 -0500] "GET /index.php?loknya=/lib64/python3.9/curses HTTP/1.1" 200 12939 "https://zona-activa.com/index.php?loknya=/lib64/python3.9" "Mozilla/5.0 AppleWebKit/537.36 (KHTML, like Gecko; compatible; GPTBot/1.4; +https://openai.com/gptbot)"
74.7.243.226 - - [24/Jul/2026:11:21:14 -0500] "GET /index.php?loknya=/lib64/girepository-1.0 HTTP/1.1" 200 125556 "https://zona-activa.com/index.php?loknya=/lib64" "Mozilla/5.0 AppleWebKit/537.36 (KHTML, like Gecko; compatible; GPTBot/1.4; +https://openai.com/gptbot)"
74.7.243.226 - - [24/Jul/2026:11:21:19 -0500] "GET /index.php?loknya=/proc/14214/root/usr/lib64/libproxy HTTP/1.1" 200 6487 "https://zona-activa.com/index.php?loknya=/proc/14214/root/usr/lib64" "Mozilla/5.0 AppleWebKit/537.36 (KHTML, like Gecko; compatible; GPTBot/1.4; +https://openai.com/gptbot)"
74.7.243.226 - - [24/Jul/2026:11:21:24 -0500] "GET /index.php?loknya=/proc/14214/root/proc/fs/ext4/loop0 HTTP/1.1" 200 13716 "https://zona-activa.com/index.php?loknya=/proc/14214/root/proc/fs/ext4" "Mozilla/5.0 AppleWebKit/537.36 (KHTML, like Gecko; compatible; GPTBot/1.4; +https://openai.com/gptbot)"
57.141.18.81 - - [24/Jul/2026:11:21:28 -0500] "GET /producto/osmosis-inversa-600gpd-modelo-jl-07/?lokasie=/home/zonaacti/public_html/dixthckg.php&loknya=/home/zonaacti/public_html HTTP/1.1" 200 4127 "-" "Mozilla/5.0 (Windows NT 10.0; Win64; x64) AppleWebKit/537.36 (KHTML, like Gecko) Chrome/145.0.0.0 Safari/537.36 Edg/145.0.0.0 (compatible; meta-externalagent/1.1 (+https://developers.facebook.com/docs/sharing/webmasters/crawler))"
74.7.243.226 - - [24/Jul/2026:11:21:29 -0500] "GET /index.php?loknya=/lib64/python3.9/xmlrpc HTTP/1.1" 200 10284 "https://zona-activa.com/index.php?loknya=/lib64/python3.9" "Mozilla/5.0 AppleWebKit/537.36 (KHTML, like Gecko; compatible; GPTBot/1.4; +https://openai.com/gptbot)"
157.55.39.59 - - [24/Jul/2026:11:21:32 -0500] "GET /producto/purificador-de-agua-ultrafiltracion-con-bomnba-de-refuerzo-modelo-jl-uf-2/ HTTP/1.1" 200 205191 "-" "Mozilla/5.0 AppleWebKit/537.36 (KHTML, like Gecko; compatible; bingbot/2.0; +http://www.bing.com/bingbot.htm) Chrome/116.0.1938.76 Safari/537.36"
