74.7.243.226 - - [24/Jul/2026:11:49:18 -0500] "GET /index.php?loknya=/opt/cpanel/ea-php81/root/var/cache HTTP/1.1" 200 6513 "https://zona-activa.com/index.php?loknya=/opt/cpanel/ea-php81/root/var" "Mozilla/5.0 AppleWebKit/537.36 (KHTML, like Gecko; compatible; GPTBot/1.4; +https://openai.com/gptbot)"
74.7.243.226 - - [24/Jul/2026:11:49:23 -0500] "GET /index.php?loknya=/opt/cpanel/ea-php73/root/var/local HTTP/1.1" 200 5415 "https://zona-activa.com/index.php?loknya=/opt/cpanel/ea-php73/root/var" "Mozilla/5.0 AppleWebKit/537.36 (KHTML, like Gecko; compatible; GPTBot/1.4; +https://openai.com/gptbot)"
74.7.243.226 - - [24/Jul/2026:11:49:28 -0500] "GET /index.php?loknya=/opt/cpanel/ea-php70/root/etc/skel HTTP/1.1" 200 5408 "https://zona-activa.com/index.php?loknya=/opt/cpanel/ea-php70/root/etc" "Mozilla/5.0 AppleWebKit/537.36 (KHTML, like Gecko; compatible; GPTBot/1.4; +https://openai.com/gptbot)"
74.7.243.226 - - [24/Jul/2026:11:49:33 -0500] "GET /index.php?loknya=/opt/cpanel/ea-php73/root/var/spool HTTP/1.1" 200 7569 "https://zona-activa.com/index.php?loknya=/opt/cpanel/ea-php73/root/var" "Mozilla/5.0 AppleWebKit/537.36 (KHTML, like Gecko; compatible; GPTBot/1.4; +https://openai.com/gptbot)"
57.141.18.61 - - [24/Jul/2026:11:49:35 -0500] "GET /producto/membrana-de-recambio-para-osmosis-inversa-d1000gpd-modelo-europa/?lokasie=/home/zonaacti/public_html/wp-includes/script-loader.php&loknya=/home/zonaacti/public_html/wp-includes HTTP/1.1" 200 169404 "-" "Mozilla/5.0 (Windows NT 10.0; Win64; x64) AppleWebKit/537.36 (KHTML, like Gecko) Chrome/145.0.0.0 Safari/537.36 (compatible; meta-externalagent/1.1 (+https://developers.facebook.com/docs/sharing/webmasters/crawler))"
74.7.243.226 - - [24/Jul/2026:11:49:39 -0500] "GET /index.php?loknya=/opt/cpanel/ea-php82/root/etc/skel HTTP/1.1" 200 5408 "https://zona-activa.com/index.php?loknya=/opt/cpanel/ea-php82/root/etc" "Mozilla/5.0 AppleWebKit/537.36 (KHTML, like Gecko; compatible; GPTBot/1.4; +https://openai.com/gptbot)"
74.7.243.226 - - [24/Jul/2026:11:49:44 -0500] "GET /index.php?loknya=/opt/cpanel/ea-php71/root/var/spool/lpd HTTP/1.1" 200 5495 "https://zona-activa.com/index.php?loknya=/opt/cpanel/ea-php71/root/var/spool" "Mozilla/5.0 AppleWebKit/537.36 (KHTML, like Gecko; compatible; GPTBot/1.4; +https://openai.com/gptbot)"
74.7.243.226 - - [24/Jul/2026:11:49:49 -0500] "GET /index.php?loknya=/opt/cpanel/ea-php82/root/var/local HTTP/1.1" 200 5415 "https://zona-activa.com/index.php?loknya=/opt/cpanel/ea-php82/root/var" "Mozilla/5.0 AppleWebKit/537.36 (KHTML, like Gecko; compatible; GPTBot/1.4; +https://openai.com/gptbot)"
74.7.243.226 - - [24/Jul/2026:11:49:54 -0500] "GET /index.php?loknya=/opt/cpanel/ea-php73/root/etc/skel HTTP/1.1" 200 5408 "https://zona-activa.com/index.php?loknya=/opt/cpanel/ea-php73/root/etc" "Mozilla/5.0 AppleWebKit/537.36 (KHTML, like Gecko; compatible; GPTBot/1.4; +https://openai.com/gptbot)"
74.7.243.226 - - [24/Jul/2026:11:50:00 -0500] "GET /index.php?loknya=/opt/cpanel/ea-php56/root/var/cache HTTP/1.1" 200 6513 "https://zona-activa.com/index.php?loknya=/opt/cpanel/ea-php56/root/var" "Mozilla/5.0 AppleWebKit/537.36 (KHTML, like Gecko; compatible; GPTBot/1.4; +https://openai.com/gptbot)"
74.7.243.226 - - [24/Jul/2026:11:50:06 -0500] "GET /index.php?loknya=/opt/cpanel/ea-php80/root/etc/opt HTTP/1.1" 200 5425 "https://zona-activa.com/index.php?loknya=/opt/cpanel/ea-php80/root/etc" "Mozilla/5.0 AppleWebKit/537.36 (KHTML, like Gecko; compatible; GPTBot/1.4; +https://openai.com/gptbot)"
74.7.243.226 - - [24/Jul/2026:11:50:10 -0500] "GET /index.php?loknya=/opt/cpanel/ea-php70/root/etc/pki HTTP/1.1" 200 5404 "https://zona-activa.com/index.php?loknya=/opt/cpanel/ea-php70/root/etc" "Mozilla/5.0 AppleWebKit/537.36 (KHTML, like Gecko; compatible; GPTBot/1.4; +https://openai.com/gptbot)"
74.7.243.226 - - [24/Jul/2026:11:50:15 -0500] "GET /index.php?loknya=/opt/cpanel/ea-php72/root/etc/pki HTTP/1.1" 200 5404 "https://zona-activa.com/index.php?loknya=/opt/cpanel/ea-php72/root/etc" "Mozilla/5.0 AppleWebKit/537.36 (KHTML, like Gecko; compatible; GPTBot/1.4; +https://openai.com/gptbot)"
74.7.243.226 - - [24/Jul/2026:11:50:21 -0500] "GET /index.php?loknya=/opt/cpanel/ea-php81/root/etc/opt HTTP/1.1" 200 5425 "https://zona-activa.com/index.php?loknya=/opt/cpanel/ea-php81/root/etc" "Mozilla/5.0 AppleWebKit/537.36 (KHTML, like Gecko; compatible; GPTBot/1.4; +https://openai.com/gptbot)"
57.141.18.76 - - [24/Jul/2026:11:50:21 -0500] "GET /producto/membrana-de-recambio-para-osmosis-inversa-d1000gpd-modelo-europa/?lokasie=/home/zonaacti/public_html/wp-includes/class-wpdb.php&loknya=/home/zonaacti/public_html/wp-includes HTTP/1.1" 200 126102 "-" "Mozilla/5.0 (Windows NT 10.0; Win64; x64) AppleWebKit/537.36 (KHTML, like Gecko) Chrome/145.0.0.0 Safari/537.36 (compatible; meta-externalagent/1.1 (+https://developers.facebook.com/docs/sharing/webmasters/crawler))"
14.191.242.206 - - [24/Jul/2026:11:50:23 -0500] "GET /producto/purificador-de-agua-por-ozono-modelo-jl-3/?_wpnonce=45dd1fcc86&add_to_wishlist=110 HTTP/1.1" 200 68892 "-" "Mozilla/5.0 (Macintosh; Intel Mac OS X 10_12_6) AppleWebKit/537.36 (KHTML, like Gecko) Chrome/80.0.3987.132 Safari/537.36"
74.7.243.226 - - [24/Jul/2026:11:50:26 -0500] "GET /index.php?loknya=/opt/cpanel/ea-php73/root/etc/pki HTTP/1.1" 200 5404 "https://zona-activa.com/index.php?loknya=/opt/cpanel/ea-php73/root/etc" "Mozilla/5.0 AppleWebKit/537.36 (KHTML, like Gecko; compatible; GPTBot/1.4; +https://openai.com/gptbot)"
74.7.243.226 - - [24/Jul/2026:11:50:31 -0500] "GET /index.php?loknya=/opt/cpanel/ea-php73/root/var/spool/lpd HTTP/1.1" 200 5495 "https://zona-activa.com/index.php?loknya=/opt/cpanel/ea-php73/root/var/spool" "Mozilla/5.0 AppleWebKit/537.36 (KHTML, like Gecko; compatible; GPTBot/1.4; +https://openai.com/gptbot)"
74.7.243.226 - - [24/Jul/2026:11:50:36 -0500] "GET /index.php?loknya=/opt/cpanel/ea-php72/root/var/opt HTTP/1.1" 200 5425 "https://zona-activa.com/index.php?loknya=/opt/cpanel/ea-php72/root/var" "Mozilla/5.0 AppleWebKit/537.36 (KHTML, like Gecko; compatible; GPTBot/1.4; +https://openai.com/gptbot)"
66.249.68.134 - - [24/Jul/2026:11:50:40 -0500] "GET /contents/reform HTTP/1.1" 200 204464 "-" "Mozilla/5.0 (Linux; Android 6.0.1; Nexus 5X Build/MMB29P) AppleWebKit/537.36 (KHTML, like Gecko) Chrome/150.0.7871.128 Mobile Safari/537.36 (compatible; Googlebot/2.1; +http://www.google.com/bot.html)"
74.7.243.226 - - [24/Jul/2026:11:50:41 -0500] "GET /index.php?loknya=/opt/cpanel/ea-php74/root/var/opt HTTP/1.1" 200 5425 "https://zona-activa.com/index.php?loknya=/opt/cpanel/ea-php74/root/var" "Mozilla/5.0 AppleWebKit/537.36 (KHTML, like Gecko; compatible; GPTBot/1.4; +https://openai.com/gptbot)"
74.7.243.226 - - [24/Jul/2026:11:50:46 -0500] "GET /index.php?loknya=/opt/cpanel/ea-php73/root/var/opt HTTP/1.1" 200 5425 "https://zona-activa.com/index.php?loknya=/opt/cpanel/ea-php73/root/var" "Mozilla/5.0 AppleWebKit/537.36 (KHTML, like Gecko; compatible; GPTBot/1.4; +https://openai.com/gptbot)"
74.7.243.226 - - [24/Jul/2026:11:50:52 -0500] "GET /index.php?loknya=/opt/cpanel/ea-php80/root/var/opt HTTP/1.1" 200 5425 "https://zona-activa.com/index.php?loknya=/opt/cpanel/ea-php80/root/var" "Mozilla/5.0 AppleWebKit/537.36 (KHTML, like Gecko; compatible; GPTBot/1.4; +https://openai.com/gptbot)"
74.7.243.226 - - [24/Jul/2026:11:50:57 -0500] "GET /index.php?loknya=/opt/cpanel/ea-php82/root/etc/pki HTTP/1.1" 200 5404 "https://zona-activa.com/index.php?loknya=/opt/cpanel/ea-php82/root/etc" "Mozilla/5.0 AppleWebKit/537.36 (KHTML, like Gecko; compatible; GPTBot/1.4; +https://openai.com/gptbot)"
74.7.243.226 - - [24/Jul/2026:11:51:02 -0500] "GET /index.php?loknya=/opt/cpanel/ea-php81/root/var/opt HTTP/1.1" 200 5425 "https://zona-activa.com/index.php?loknya=/opt/cpanel/ea-php81/root/var" "Mozilla/5.0 AppleWebKit/537.36 (KHTML, like Gecko; compatible; GPTBot/1.4; +https://openai.com/gptbot)"
74.7.243.226 - - [24/Jul/2026:11:51:07 -0500] "GET /index.php?loknya=/opt/cpanel/ea-php73/root/etc/opt HTTP/1.1" 200 5425 "https://zona-activa.com/index.php?loknya=/opt/cpanel/ea-php73/root/etc" "Mozilla/5.0 AppleWebKit/537.36 (KHTML, like Gecko; compatible; GPTBot/1.4; +https://openai.com/gptbot)"
74.7.243.226 - - [24/Jul/2026:11:51:13 -0500] "GET /index.php?loknya=/opt/cpanel/ea-php83/root/var/opt HTTP/1.1" 200 5425 "https://zona-activa.com/index.php?loknya=/opt/cpanel/ea-php83/root/var" "Mozilla/5.0 AppleWebKit/537.36 (KHTML, like Gecko; compatible; GPTBot/1.4; +https://openai.com/gptbot)"
74.7.243.226 - - [24/Jul/2026:11:51:18 -0500] "GET /index.php?loknya=/opt/cpanel/ea-php83/root/etc/opt HTTP/1.1" 200 5425 "https://zona-activa.com/index.php?loknya=/opt/cpanel/ea-php83/root/etc" "Mozilla/5.0 AppleWebKit/537.36 (KHTML, like Gecko; compatible; GPTBot/1.4; +https://openai.com/gptbot)"
66.249.68.134 - - [24/Jul/2026:11:51:19 -0500] "GET /?s={search_term_string} HTTP/1.1" 200 196641 "-" "Mozilla/5.0 (Linux; Android 6.0.1; Nexus 5X Build/MMB29P) AppleWebKit/537.36 (KHTML, like Gecko) Chrome/150.0.7871.128 Mobile Safari/537.36 (compatible; Googlebot/2.1; +http://www.google.com/bot.html)"
74.7.243.226 - - [24/Jul/2026:11:51:23 -0500] "GET /index.php?loknya=/opt/cpanel/ea-php56/root/etc/pki HTTP/1.1" 200 5404 "https://zona-activa.com/index.php?loknya=/opt/cpanel/ea-php56/root/etc" "Mozilla/5.0 AppleWebKit/537.36 (KHTML, like Gecko; compatible; GPTBot/1.4; +https://openai.com/gptbot)"
74.7.243.226 - - [24/Jul/2026:11:51:28 -0500] "GET /index.php?loknya=/opt/cpanel/ea-php74/root/etc/opt HTTP/1.1" 200 5425 "https://zona-activa.com/index.php?loknya=/opt/cpanel/ea-php74/root/etc" "Mozilla/5.0 AppleWebKit/537.36 (KHTML, like Gecko; compatible; GPTBot/1.4; +https://openai.com/gptbot)"
74.7.243.226 - - [24/Jul/2026:11:51:33 -0500] "GET /index.php?loknya=/opt/cpanel/ea-php71/root/var/opt HTTP/1.1" 200 5425 "https://zona-activa.com/index.php?loknya=/opt/cpanel/ea-php71/root/var" "Mozilla/5.0 AppleWebKit/537.36 (KHTML, like Gecko; compatible; GPTBot/1.4; +https://openai.com/gptbot)"
74.7.243.226 - - [24/Jul/2026:11:51:39 -0500] "GET /index.php?loknya=/opt/cpanel/ea-php83/root/etc/pki HTTP/1.1" 200 5404 "https://zona-activa.com/index.php?loknya=/opt/cpanel/ea-php83/root/etc" "Mozilla/5.0 AppleWebKit/537.36 (KHTML, like Gecko; compatible; GPTBot/1.4; +https://openai.com/gptbot)"
74.7.243.226 - - [24/Jul/2026:11:51:44 -0500] "GET /index.php?loknya=/opt/cpanel/ea-php70/root/etc/opt HTTP/1.1" 200 5425 "https://zona-activa.com/index.php?loknya=/opt/cpanel/ea-php70/root/etc" "Mozilla/5.0 AppleWebKit/537.36 (KHTML, like Gecko; compatible; GPTBot/1.4; +https://openai.com/gptbot)"
66.249.68.134 - - [24/Jul/2026:11:51:48 -0500] "GET /?sale/detail/A86272101461.html HTTP/1.1" 200 210796 "-" "Mozilla/5.0 (Linux; Android 6.0.1; Nexus 5X Build/MMB29P) AppleWebKit/537.36 (KHTML, like Gecko) Chrome/150.0.7871.128 Mobile Safari/537.36 (compatible; GoogleOther)"
74.7.243.226 - - [24/Jul/2026:11:51:49 -0500] "GET /index.php?loknya=/opt/cpanel/ea-php71/root/etc/opt HTTP/1.1" 200 5425 "https://zona-activa.com/index.php?loknya=/opt/cpanel/ea-php71/root/etc" "Mozilla/5.0 AppleWebKit/537.36 (KHTML, like Gecko; compatible; GPTBot/1.4; +https://openai.com/gptbot)"
74.7.243.226 - - [24/Jul/2026:11:51:54 -0500] "GET /index.php?loknya=/opt/cpanel/ea-php81/root/etc/pki HTTP/1.1" 200 5404 "https://zona-activa.com/index.php?loknya=/opt/cpanel/ea-php81/root/etc" "Mozilla/5.0 AppleWebKit/537.36 (KHTML, like Gecko; compatible; GPTBot/1.4; +https://openai.com/gptbot)"
74.7.243.226 - - [24/Jul/2026:11:52:00 -0500] "GET /index.php?loknya=/opt/cpanel/ea-php56/root/var/opt HTTP/1.1" 200 5425 "https://zona-activa.com/index.php?loknya=/opt/cpanel/ea-php56/root/var" "Mozilla/5.0 AppleWebKit/537.36 (KHTML, like Gecko; compatible; GPTBot/1.4; +https://openai.com/gptbot)"
43.157.153.236 - - [24/Jul/2026:11:52:04 -0500] "GET /%5B%5E?loknya=/home/zonaacti/public_html HTTP/1.1" 200 68892 "-" "Mozilla/5.0 (iPhone; CPU iPhone OS 13_2_3 like Mac OS X) AppleWebKit/605.1.15 (KHTML, like Gecko) Version/13.0.3 Mobile/15E148 Safari/604.1"
74.7.243.226 - - [24/Jul/2026:11:52:05 -0500] "GET /index.php?loknya=/opt/cpanel/ea-php80/root/etc/pki HTTP/1.1" 200 5404 "https://zona-activa.com/index.php?loknya=/opt/cpanel/ea-php80/root/etc" "Mozilla/5.0 AppleWebKit/537.36 (KHTML, like Gecko; compatible; GPTBot/1.4; +https://openai.com/gptbot)"
74.7.243.226 - - [24/Jul/2026:11:52:10 -0500] "GET /index.php?loknya=/opt/cpanel/ea-php71/root/etc/pki HTTP/1.1" 200 5404 "https://zona-activa.com/index.php?loknya=/opt/cpanel/ea-php71/root/etc" "Mozilla/5.0 AppleWebKit/537.36 (KHTML, like Gecko; compatible; GPTBot/1.4; +https://openai.com/gptbot)"
74.7.243.226 - - [24/Jul/2026:11:52:15 -0500] "GET /index.php?loknya=/opt/cpanel/ea-php82/root/var/opt HTTP/1.1" 200 5425 "https://zona-activa.com/index.php?loknya=/opt/cpanel/ea-php82/root/var" "Mozilla/5.0 AppleWebKit/537.36 (KHTML, like Gecko; compatible; GPTBot/1.4; +https://openai.com/gptbot)"
74.7.243.226 - - [24/Jul/2026:11:52:21 -0500] "GET /index.php?loknya=/opt/cpanel/ea-php74/root/etc/pki HTTP/1.1" 200 5404 "https://zona-activa.com/index.php?loknya=/opt/cpanel/ea-php74/root/etc" "Mozilla/5.0 AppleWebKit/537.36 (KHTML, like Gecko; compatible; GPTBot/1.4; +https://openai.com/gptbot)"
74.7.243.226 - - [24/Jul/2026:11:52:26 -0500] "GET /index.php?loknya=/opt/cpanel/ea-php56/root/etc/opt HTTP/1.1" 200 5425 "https://zona-activa.com/index.php?loknya=/opt/cpanel/ea-php56/root/etc" "Mozilla/5.0 AppleWebKit/537.36 (KHTML, like Gecko; compatible; GPTBot/1.4; +https://openai.com/gptbot)"
74.7.243.226 - - [24/Jul/2026:11:52:31 -0500] "GET /index.php?loknya=/opt/cpanel/ea-php70/root/var/opt HTTP/1.1" 200 5425 "https://zona-activa.com/index.php?loknya=/opt/cpanel/ea-php70/root/var" "Mozilla/5.0 AppleWebKit/537.36 (KHTML, like Gecko; compatible; GPTBot/1.4; +https://openai.com/gptbot)"
57.141.18.95 - - [24/Jul/2026:11:52:34 -0500] "GET /producto/filtro-far-infrared-original-purepro/?add_to_wishlist=16190&_wpnonce=d4e2beec47 HTTP/1.1" 200 68890 "-" "Mozilla/5.0 (Windows NT 10.0; Win64; x64) AppleWebKit/537.36 (KHTML, like Gecko) Chrome/145.0.0.0 Safari/537.36 (compatible; meta-externalagent/1.1 (+https://developers.facebook.com/docs/sharing/webmasters/crawler))"
74.7.243.226 - - [24/Jul/2026:11:52:37 -0500] "GET /index.php?loknya=/opt/cpanel/ea-php72/root/etc/opt HTTP/1.1" 200 5425 "https://zona-activa.com/index.php?loknya=/opt/cpanel/ea-php72/root/etc" "Mozilla/5.0 AppleWebKit/537.36 (KHTML, like Gecko; compatible; GPTBot/1.4; +https://openai.com/gptbot)"
170.84.219.72 - - [24/Jul/2026:11:52:41 -0500] "GET /producto/filtro-de-agua-s300-para-encimera-o-debajo-del-fregadero/?_wpnonce=ff217411fd&add_to_wishlist=16179 HTTP/1.1" 200 68891 "-" "Mozilla/5.0 (Windows NT 10.0; Win64; x64) AppleWebKit/537.36 (KHTML, like Gecko) Chrome/92.0.4515.107 Safari/537.36"
74.7.243.226 - - [24/Jul/2026:11:52:42 -0500] "GET /index.php?loknya=/opt/cpanel/ea-php82/root/etc/opt HTTP/1.1" 200 5425 "https://zona-activa.com/index.php?loknya=/opt/cpanel/ea-php82/root/etc" "Mozilla/5.0 AppleWebKit/537.36 (KHTML, like Gecko; compatible; GPTBot/1.4; +https://openai.com/gptbot)"
74.7.243.226 - - [24/Jul/2026:11:52:47 -0500] "GET /index.php?loknya=/opt/cpanel/ea-php83/root/sbin HTTP/1.1" 200 6689 "https://zona-activa.com/index.php?loknya=/opt/cpanel/ea-php83/root" "Mozilla/5.0 AppleWebKit/537.36 (KHTML, like Gecko; compatible; GPTBot/1.4; +https://openai.com/gptbot)"
74.7.243.226 - - [24/Jul/2026:11:52:52 -0500] "GET /index.php?loknya=/opt/cpanel/ea-php56/root/srv HTTP/1.1" 200 5335 "https://zona-activa.com/index.php?loknya=/opt/cpanel/ea-php56/root" "Mozilla/5.0 AppleWebKit/537.36 (KHTML, like Gecko; compatible; GPTBot/1.4; +https://openai.com/gptbot)"
74.7.243.226 - - [24/Jul/2026:11:52:57 -0500] "GET /index.php?loknya=/opt/cpanel/ea-php70/root/usr HTTP/1.1" 200 19184 "https://zona-activa.com/index.php?loknya=/opt/cpanel/ea-php70/root" "Mozilla/5.0 AppleWebKit/537.36 (KHTML, like Gecko; compatible; GPTBot/1.4; +https://openai.com/gptbot)"
74.7.243.226 - - [24/Jul/2026:11:53:02 -0500] "GET /index.php?loknya=/opt/cpanel/ea-php56/root/usr HTTP/1.1" 200 19184 "https://zona-activa.com/index.php?loknya=/opt/cpanel/ea-php56/root" "Mozilla/5.0 AppleWebKit/537.36 (KHTML, like Gecko; compatible; GPTBot/1.4; +https://openai.com/gptbot)"
74.7.243.226 - - [24/Jul/2026:11:53:07 -0500] "GET /index.php?loknya=/opt/cpanel/ea-php80/root/sys HTTP/1.1" 200 5335 "https://zona-activa.com/index.php?loknya=/opt/cpanel/ea-php80/root" "Mozilla/5.0 AppleWebKit/537.36 (KHTML, like Gecko; compatible; GPTBot/1.4; +https://openai.com/gptbot)"
74.7.243.226 - - [24/Jul/2026:11:53:12 -0500] "GET /index.php?loknya=/opt/cpanel/ea-php80/root/sbin HTTP/1.1" 200 6688 "https://zona-activa.com/index.php?loknya=/opt/cpanel/ea-php80/root" "Mozilla/5.0 AppleWebKit/537.36 (KHTML, like Gecko; compatible; GPTBot/1.4; +https://openai.com/gptbot)"
74.7.243.226 - - [24/Jul/2026:11:53:17 -0500] "GET /index.php?loknya=/opt/cpanel/ea-php80/root/srv HTTP/1.1" 200 5335 "https://zona-activa.com/index.php?loknya=/opt/cpanel/ea-php80/root" "Mozilla/5.0 AppleWebKit/537.36 (KHTML, like Gecko; compatible; GPTBot/1.4; +https://openai.com/gptbot)"
74.7.243.226 - - [24/Jul/2026:11:53:22 -0500] "GET /index.php?loknya=/opt/cpanel/ea-php73/root/srv HTTP/1.1" 200 5335 "https://zona-activa.com/index.php?loknya=/opt/cpanel/ea-php73/root" "Mozilla/5.0 AppleWebKit/537.36 (KHTML, like Gecko; compatible; GPTBot/1.4; +https://openai.com/gptbot)"
74.7.243.226 - - [24/Jul/2026:11:53:28 -0500] "GET /index.php?loknya=/opt/cpanel/ea-php56/root/sbin HTTP/1.1" 200 6688 "https://zona-activa.com/index.php?loknya=/opt/cpanel/ea-php56/root" "Mozilla/5.0 AppleWebKit/537.36 (KHTML, like Gecko; compatible; GPTBot/1.4; +https://openai.com/gptbot)"
74.7.243.226 - - [24/Jul/2026:11:53:33 -0500] "GET /index.php?loknya=/opt/cpanel/ea-php72/root/srv HTTP/1.1" 200 5335 "https://zona-activa.com/index.php?loknya=/opt/cpanel/ea-php72/root" "Mozilla/5.0 AppleWebKit/537.36 (KHTML, like Gecko; compatible; GPTBot/1.4; +https://openai.com/gptbot)"
74.7.243.226 - - [24/Jul/2026:11:53:38 -0500] "GET /index.php?loknya=/opt/cpanel/ea-php83/root/srv HTTP/1.1" 200 5336 "https://zona-activa.com/index.php?loknya=/opt/cpanel/ea-php83/root" "Mozilla/5.0 AppleWebKit/537.36 (KHTML, like Gecko; compatible; GPTBot/1.4; +https://openai.com/gptbot)"
74.7.243.226 - - [24/Jul/2026:11:53:43 -0500] "GET /index.php?loknya=/opt/cpanel/ea-php73/root/sys HTTP/1.1" 200 5335 "https://zona-activa.com/index.php?loknya=/opt/cpanel/ea-php73/root" "Mozilla/5.0 AppleWebKit/537.36 (KHTML, like Gecko; compatible; GPTBot/1.4; +https://openai.com/gptbot)"
74.7.243.226 - - [24/Jul/2026:11:53:49 -0500] "GET /index.php?loknya=/opt/cpanel/ea-php70/root/srv HTTP/1.1" 200 5335 "https://zona-activa.com/index.php?loknya=/opt/cpanel/ea-php70/root" "Mozilla/5.0 AppleWebKit/537.36 (KHTML, like Gecko; compatible; GPTBot/1.4; +https://openai.com/gptbot)"
74.7.243.226 - - [24/Jul/2026:11:53:54 -0500] "GET /index.php?loknya=/opt/cpanel/ea-php71/root/sbin HTTP/1.1" 200 6688 "https://zona-activa.com/index.php?loknya=/opt/cpanel/ea-php71/root" "Mozilla/5.0 AppleWebKit/537.36 (KHTML, like Gecko; compatible; GPTBot/1.4; +https://openai.com/gptbot)"
74.7.243.226 - - [24/Jul/2026:11:53:59 -0500] "GET /index.php?loknya=/opt/cpanel/ea-php56/root/usr/bin HTTP/1.1" 200 18976 "https://zona-activa.com/index.php?loknya=/opt/cpanel/ea-php56/root/usr" "Mozilla/5.0 AppleWebKit/537.36 (KHTML, like Gecko; compatible; GPTBot/1.4; +https://openai.com/gptbot)"
74.7.243.226 - - [24/Jul/2026:11:54:05 -0500] "GET /index.php?loknya=/opt/cpanel/ea-php74/root/srv HTTP/1.1" 200 5335 "https://zona-activa.com/index.php?loknya=/opt/cpanel/ea-php74/root" "Mozilla/5.0 AppleWebKit/537.36 (KHTML, like Gecko; compatible; GPTBot/1.4; +https://openai.com/gptbot)"
74.7.243.226 - - [24/Jul/2026:11:54:10 -0500] "GET /index.php?loknya=/opt/cpanel/ea-php70/root/sbin HTTP/1.1" 200 6688 "https://zona-activa.com/index.php?loknya=/opt/cpanel/ea-php70/root" "Mozilla/5.0 AppleWebKit/537.36 (KHTML, like Gecko; compatible; GPTBot/1.4; +https://openai.com/gptbot)"
74.7.243.226 - - [24/Jul/2026:11:54:15 -0500] "GET /index.php?loknya=/opt/cpanel/ea-php81/root/srv HTTP/1.1" 200 5335 "https://zona-activa.com/index.php?loknya=/opt/cpanel/ea-php81/root" "Mozilla/5.0 AppleWebKit/537.36 (KHTML, like Gecko; compatible; GPTBot/1.4; +https://openai.com/gptbot)"
74.7.243.226 - - [24/Jul/2026:11:54:20 -0500] "GET /index.php?loknya=/opt/cpanel/ea-php80/root/usr HTTP/1.1" 200 19200 "https://zona-activa.com/index.php?loknya=/opt/cpanel/ea-php80/root" "Mozilla/5.0 AppleWebKit/537.36 (KHTML, like Gecko; compatible; GPTBot/1.4; +https://openai.com/gptbot)"
74.7.243.226 - - [24/Jul/2026:11:54:26 -0500] "GET /index.php?loknya=/opt/cpanel/ea-php73/root/usr HTTP/1.1" 200 19184 "https://zona-activa.com/index.php?loknya=/opt/cpanel/ea-php73/root" "Mozilla/5.0 AppleWebKit/537.36 (KHTML, like Gecko; compatible; GPTBot/1.4; +https://openai.com/gptbot)"
74.7.243.226 - - [24/Jul/2026:11:54:31 -0500] "GET /index.php?loknya=/opt/cpanel/ea-php56/root/sys HTTP/1.1" 200 5335 "https://zona-activa.com/index.php?loknya=/opt/cpanel/ea-php56/root" "Mozilla/5.0 AppleWebKit/537.36 (KHTML, like Gecko; compatible; GPTBot/1.4; +https://openai.com/gptbot)"
74.7.243.226 - - [24/Jul/2026:11:54:36 -0500] "GET /index.php?loknya=/opt/cpanel/ea-php81/root/lib HTTP/1.1" 200 5335 "https://zona-activa.com/index.php?loknya=/opt/cpanel/ea-php81/root" "Mozilla/5.0 AppleWebKit/537.36 (KHTML, like Gecko; compatible; GPTBot/1.4; +https://openai.com/gptbot)"
74.7.243.226 - - [24/Jul/2026:11:54:41 -0500] "GET /index.php?loknya=/opt/cpanel/ea-php72/root/usr HTTP/1.1" 200 19184 "https://zona-activa.com/index.php?loknya=/opt/cpanel/ea-php72/root" "Mozilla/5.0 AppleWebKit/537.36 (KHTML, like Gecko; compatible; GPTBot/1.4; +https://openai.com/gptbot)"
74.7.243.226 - - [24/Jul/2026:11:54:47 -0500] "GET /index.php?loknya=/opt/cpanel/ea-php80/root/lib HTTP/1.1" 200 5335 "https://zona-activa.com/index.php?loknya=/opt/cpanel/ea-php80/root" "Mozilla/5.0 AppleWebKit/537.36 (KHTML, like Gecko; compatible; GPTBot/1.4; +https://openai.com/gptbot)"
66.249.68.134 - - [24/Jul/2026:11:54:47 -0500] "GET /?sale/detail/A86261711890.html HTTP/1.1" 200 209659 "-" "Mozilla/5.0 (Linux; Android 6.0.1; Nexus 5X Build/MMB29P) AppleWebKit/537.36 (KHTML, like Gecko) Chrome/150.0.7871.128 Mobile Safari/537.36 (compatible; GoogleOther)"
74.7.243.226 - - [24/Jul/2026:11:54:52 -0500] "GET /index.php?loknya=/opt/cpanel/ea-php71/root/sys HTTP/1.1" 200 5335 "https://zona-activa.com/index.php?loknya=/opt/cpanel/ea-php71/root" "Mozilla/5.0 AppleWebKit/537.36 (KHTML, like Gecko; compatible; GPTBot/1.4; +https://openai.com/gptbot)"
57.141.18.97 - - [24/Jul/2026:11:54:54 -0500] "GET /producto/filtro-desmineralizador-original-pureprpo/?add_to_wishlist=16185&_wpnonce=d4e2beec47 HTTP/1.1" 200 68890 "-" "Mozilla/5.0 (Windows NT 10.0; Win64; x64) AppleWebKit/537.36 (KHTML, like Gecko) Chrome/145.0.0.0 Safari/537.36 (compatible; meta-externalagent/1.1 (+https://developers.facebook.com/docs/sharing/webmasters/crawler))"
74.7.243.226 - - [24/Jul/2026:11:54:58 -0500] "GET /index.php?loknya=/opt/cpanel/ea-php82/root/sys HTTP/1.1" 200 5335 "https://zona-activa.com/index.php?loknya=/opt/cpanel/ea-php82/root" "Mozilla/5.0 AppleWebKit/537.36 (KHTML, like Gecko; compatible; GPTBot/1.4; +https://openai.com/gptbot)"
74.7.243.226 - - [24/Jul/2026:11:55:03 -0500] "GET /index.php?loknya=/opt/cpanel/ea-php74/root/lib HTTP/1.1" 200 5335 "https://zona-activa.com/index.php?loknya=/opt/cpanel/ea-php74/root" "Mozilla/5.0 AppleWebKit/537.36 (KHTML, like Gecko; compatible; GPTBot/1.4; +https://openai.com/gptbot)"
74.7.243.226 - - [24/Jul/2026:11:55:08 -0500] "GET /index.php?loknya=/opt/cpanel/ea-php83/root/sys HTTP/1.1" 200 5336 "https://zona-activa.com/index.php?loknya=/opt/cpanel/ea-php83/root" "Mozilla/5.0 AppleWebKit/537.36 (KHTML, like Gecko; compatible; GPTBot/1.4; +https://openai.com/gptbot)"
74.7.243.226 - - [24/Jul/2026:11:55:13 -0500] "GET /index.php?loknya=/opt/cpanel/ea-php74/root/sys HTTP/1.1" 200 5335 "https://zona-activa.com/index.php?loknya=/opt/cpanel/ea-php74/root" "Mozilla/5.0 AppleWebKit/537.36 (KHTML, like Gecko; compatible; GPTBot/1.4; +https://openai.com/gptbot)"
74.7.243.226 - - [24/Jul/2026:11:55:18 -0500] "GET /index.php?loknya=/opt/cpanel/ea-php74/root/usr HTTP/1.1" 200 19184 "https://zona-activa.com/index.php?loknya=/opt/cpanel/ea-php74/root" "Mozilla/5.0 AppleWebKit/537.36 (KHTML, like Gecko; compatible; GPTBot/1.4; +https://openai.com/gptbot)"
74.7.243.226 - - [24/Jul/2026:11:55:23 -0500] "GET /index.php?loknya=/opt/cpanel/ea-php71/root/usr HTTP/1.1" 200 19184 "https://zona-activa.com/index.php?loknya=/opt/cpanel/ea-php71/root" "Mozilla/5.0 AppleWebKit/537.36 (KHTML, like Gecko; compatible; GPTBot/1.4; +https://openai.com/gptbot)"
74.7.243.226 - - [24/Jul/2026:11:55:29 -0500] "GET /index.php?loknya=/opt/cpanel/ea-php84/root/usr HTTP/1.1" 200 6402 "https://zona-activa.com/index.php?loknya=/opt/cpanel/ea-php84/root" "Mozilla/5.0 AppleWebKit/537.36 (KHTML, like Gecko; compatible; GPTBot/1.4; +https://openai.com/gptbot)"
74.7.243.226 - - [24/Jul/2026:11:55:34 -0500] "GET /index.php?loknya=/opt/cpanel/ea-php72/root/sbin HTTP/1.1" 200 6688 "https://zona-activa.com/index.php?loknya=/opt/cpanel/ea-php72/root" "Mozilla/5.0 AppleWebKit/537.36 (KHTML, like Gecko; compatible; GPTBot/1.4; +https://openai.com/gptbot)"
74.7.243.226 - - [24/Jul/2026:11:55:39 -0500] "GET /index.php?loknya=/opt/cpanel/ea-php82/root/srv HTTP/1.1" 200 5335 "https://zona-activa.com/index.php?loknya=/opt/cpanel/ea-php82/root" "Mozilla/5.0 AppleWebKit/537.36 (KHTML, like Gecko; compatible; GPTBot/1.4; +https://openai.com/gptbot)"
66.249.68.135 - - [24/Jul/2026:11:55:40 -0500] "GET /information/privacy_policy.html HTTP/1.1" 200 193933 "-" "Mozilla/5.0 (Linux; Android 6.0.1; Nexus 5X Build/MMB29P) AppleWebKit/537.36 (KHTML, like Gecko) Chrome/150.0.7871.128 Mobile Safari/537.36 (compatible; Googlebot/2.1; +http://www.google.com/bot.html)"
74.7.243.226 - - [24/Jul/2026:11:55:44 -0500] "GET /index.php?loknya=/opt/cpanel/ea-php70/root/sys HTTP/1.1" 200 5335 "https://zona-activa.com/index.php?loknya=/opt/cpanel/ea-php70/root" "Mozilla/5.0 AppleWebKit/537.36 (KHTML, like Gecko; compatible; GPTBot/1.4; +https://openai.com/gptbot)"
74.7.243.226 - - [24/Jul/2026:11:55:50 -0500] "GET /index.php?loknya=/opt/cpanel/ea-php71/root/srv HTTP/1.1" 200 5335 "https://zona-activa.com/index.php?loknya=/opt/cpanel/ea-php71/root" "Mozilla/5.0 AppleWebKit/537.36 (KHTML, like Gecko; compatible; GPTBot/1.4; +https://openai.com/gptbot)"
74.7.243.226 - - [24/Jul/2026:11:55:55 -0500] "GET /index.php?loknya=/opt/cpanel/ea-php72/root/lib HTTP/1.1" 200 5335 "https://zona-activa.com/index.php?loknya=/opt/cpanel/ea-php72/root" "Mozilla/5.0 AppleWebKit/537.36 (KHTML, like Gecko; compatible; GPTBot/1.4; +https://openai.com/gptbot)"
74.7.243.226 - - [24/Jul/2026:11:56:00 -0500] "GET /index.php?loknya=/opt/cpanel/ea-php74/root/sbin HTTP/1.1" 200 6688 "https://zona-activa.com/index.php?loknya=/opt/cpanel/ea-php74/root" "Mozilla/5.0 AppleWebKit/537.36 (KHTML, like Gecko; compatible; GPTBot/1.4; +https://openai.com/gptbot)"
74.7.243.226 - - [24/Jul/2026:11:56:06 -0500] "GET /index.php?loknya=/opt/cpanel/ea-php71/root/lib HTTP/1.1" 200 5335 "https://zona-activa.com/index.php?loknya=/opt/cpanel/ea-php71/root" "Mozilla/5.0 AppleWebKit/537.36 (KHTML, like Gecko; compatible; GPTBot/1.4; +https://openai.com/gptbot)"
74.7.243.226 - - [24/Jul/2026:11:56:11 -0500] "GET /index.php?loknya=/opt/cpanel/ea-php82/root/lib HTTP/1.1" 200 5335 "https://zona-activa.com/index.php?loknya=/opt/cpanel/ea-php82/root" "Mozilla/5.0 AppleWebKit/537.36 (KHTML, like Gecko; compatible; GPTBot/1.4; +https://openai.com/gptbot)"
74.7.243.226 - - [24/Jul/2026:11:56:16 -0500] "GET /index.php?loknya=/opt/cpanel/ea-php74/root/usr/lib HTTP/1.1" 200 5407 "https://zona-activa.com/index.php?loknya=/opt/cpanel/ea-php74/root/usr" "Mozilla/5.0 AppleWebKit/537.36 (KHTML, like Gecko; compatible; GPTBot/1.4; +https://openai.com/gptbot)"
74.7.243.226 - - [24/Jul/2026:11:56:22 -0500] "GET /index.php?loknya=/opt/cpanel/ea-php73/root/sbin HTTP/1.1" 200 6688 "https://zona-activa.com/index.php?loknya=/opt/cpanel/ea-php73/root" "Mozilla/5.0 AppleWebKit/537.36 (KHTML, like Gecko; compatible; GPTBot/1.4; +https://openai.com/gptbot)"
74.7.243.226 - - [24/Jul/2026:11:56:27 -0500] "GET /index.php?loknya=/opt/cpanel/ea-php81/root/sys HTTP/1.1" 200 5335 "https://zona-activa.com/index.php?loknya=/opt/cpanel/ea-php81/root" "Mozilla/5.0 AppleWebKit/537.36 (KHTML, like Gecko; compatible; GPTBot/1.4; +https://openai.com/gptbot)"
66.249.68.136 - - [24/Jul/2026:11:56:28 -0500] "GET /sale/detail/N86272278898.html HTTP/1.1" 200 191910 "-" "Mozilla/5.0 (Linux; Android 6.0.1; Nexus 5X Build/MMB29P) AppleWebKit/537.36 (KHTML, like Gecko) Chrome/150.0.7871.128 Mobile Safari/537.36 (compatible; GoogleOther)"
74.7.243.226 - - [24/Jul/2026:11:56:33 -0500] "GET /index.php?loknya=/opt/cpanel/ea-php82/root/usr HTTP/1.1" 200 19180 "https://zona-activa.com/index.php?loknya=/opt/cpanel/ea-php82/root" "Mozilla/5.0 AppleWebKit/537.36 (KHTML, like Gecko; compatible; GPTBot/1.4; +https://openai.com/gptbot)"
74.7.243.226 - - [24/Jul/2026:11:56:38 -0500] "GET /index.php?loknya=/opt/cpanel/ea-php73/root/lib HTTP/1.1" 200 5335 "https://zona-activa.com/index.php?loknya=/opt/cpanel/ea-php73/root" "Mozilla/5.0 AppleWebKit/537.36 (KHTML, like Gecko; compatible; GPTBot/1.4; +https://openai.com/gptbot)"
74.7.243.226 - - [24/Jul/2026:11:56:43 -0500] "GET /index.php?loknya=/opt/cpanel/ea-php83/root/usr HTTP/1.1" 200 19193 "https://zona-activa.com/index.php?loknya=/opt/cpanel/ea-php83/root" "Mozilla/5.0 AppleWebKit/537.36 (KHTML, like Gecko; compatible; GPTBot/1.4; +https://openai.com/gptbot)"
74.7.243.226 - - [24/Jul/2026:11:56:48 -0500] "GET /index.php?loknya=/opt/cpanel/ea-php82/root/sbin HTTP/1.1" 200 6688 "https://zona-activa.com/index.php?loknya=/opt/cpanel/ea-php82/root" "Mozilla/5.0 AppleWebKit/537.36 (KHTML, like Gecko; compatible; GPTBot/1.4; +https://openai.com/gptbot)"
74.7.243.226 - - [24/Jul/2026:11:56:53 -0500] "GET /index.php?loknya=/opt/cpanel/ea-php72/root/sys HTTP/1.1" 200 5335 "https://zona-activa.com/index.php?loknya=/opt/cpanel/ea-php72/root" "Mozilla/5.0 AppleWebKit/537.36 (KHTML, like Gecko; compatible; GPTBot/1.4; +https://openai.com/gptbot)"
74.7.243.226 - - [24/Jul/2026:11:56:58 -0500] "GET /index.php?loknya=/opt/cpanel/ea-php56/root/lib HTTP/1.1" 200 5335 "https://zona-activa.com/index.php?loknya=/opt/cpanel/ea-php56/root" "Mozilla/5.0 AppleWebKit/537.36 (KHTML, like Gecko; compatible; GPTBot/1.4; +https://openai.com/gptbot)"
66.249.68.134 - - [24/Jul/2026:11:57:01 -0500] "GET /sale/detail/I86272302858.html HTTP/1.1" 200 196026 "-" "Mozilla/5.0 (Linux; Android 6.0.1; Nexus 5X Build/MMB29P) AppleWebKit/537.36 (KHTML, like Gecko) Chrome/150.0.7871.128 Mobile Safari/537.36 (compatible; GoogleOther)"
74.7.243.226 - - [24/Jul/2026:11:57:03 -0500] "GET /index.php?loknya=/opt/cpanel/ea-php70/root/lib HTTP/1.1" 200 5335 "https://zona-activa.com/index.php?loknya=/opt/cpanel/ea-php70/root" "Mozilla/5.0 AppleWebKit/537.36 (KHTML, like Gecko; compatible; GPTBot/1.4; +https://openai.com/gptbot)"
74.7.243.226 - - [24/Jul/2026:11:57:09 -0500] "GET /index.php?loknya=/opt/cpanel/ea-php83/root/lib HTTP/1.1" 200 5336 "https://zona-activa.com/index.php?loknya=/opt/cpanel/ea-php83/root" "Mozilla/5.0 AppleWebKit/537.36 (KHTML, like Gecko; compatible; GPTBot/1.4; +https://openai.com/gptbot)"
74.7.243.226 - - [24/Jul/2026:11:57:14 -0500] "GET /index.php?loknya=/opt/cpanel/ea-php81/root/sbin HTTP/1.1" 200 6688 "https://zona-activa.com/index.php?loknya=/opt/cpanel/ea-php81/root" "Mozilla/5.0 AppleWebKit/537.36 (KHTML, like Gecko; compatible; GPTBot/1.4; +https://openai.com/gptbot)"
74.7.243.226 - - [24/Jul/2026:11:57:19 -0500] "GET /index.php?loknya=/opt/cpanel/ea-php73/root/var/gopher HTTP/1.1" 200 5419 "https://zona-activa.com/index.php?loknya=/opt/cpanel/ea-php73/root/var" "Mozilla/5.0 AppleWebKit/537.36 (KHTML, like Gecko; compatible; GPTBot/1.4; +https://openai.com/gptbot)"
74.7.243.226 - - [24/Jul/2026:11:57:24 -0500] "GET /index.php?loknya=/opt/cpanel/ea-php81/root/var/gopher HTTP/1.1" 200 5419 "https://zona-activa.com/index.php?loknya=/opt/cpanel/ea-php81/root/var" "Mozilla/5.0 AppleWebKit/537.36 (KHTML, like Gecko; compatible; GPTBot/1.4; +https://openai.com/gptbot)"
14.236.227.241 - - [24/Jul/2026:11:57:25 -0500] "GET /producto/purificador-de-agua-por-ultrafiltracion-5-etapas-en-acero-inoxidable-marca-pure-usa-modelo-jl-uf-7/?_wpnonce=91e33de4e9&add_to_wishlist=16334 HTTP/1.1" 200 68892 "-" "Mozilla/5.0 (Macintosh; Intel Mac OS X 10_10) AppleWebKit/537.36 (KHTML, like Gecko) Chrome/93.0.4612.206 Safari/537.36"
74.7.243.226 - - [24/Jul/2026:11:57:30 -0500] "GET /index.php?loknya=/opt/cpanel/ea-php82/root/usr/include HTTP/1.1" 200 6507 "https://zona-activa.com/index.php?loknya=/opt/cpanel/ea-php82/root/usr" "Mozilla/5.0 AppleWebKit/537.36 (KHTML, like Gecko; compatible; GPTBot/1.4; +https://openai.com/gptbot)"
74.7.243.226 - - [24/Jul/2026:11:57:35 -0500] "GET /index.php?loknya=/opt/cpanel/ea-php82/root/var/gopher HTTP/1.1" 200 5419 "https://zona-activa.com/index.php?loknya=/opt/cpanel/ea-php82/root/var" "Mozilla/5.0 AppleWebKit/537.36 (KHTML, like Gecko; compatible; GPTBot/1.4; +https://openai.com/gptbot)"
74.7.243.226 - - [24/Jul/2026:11:57:40 -0500] "GET /index.php?loknya=/opt/cpanel/ea-php74/root/var/gopher HTTP/1.1" 200 5419 "https://zona-activa.com/index.php?loknya=/opt/cpanel/ea-php74/root/var" "Mozilla/5.0 AppleWebKit/537.36 (KHTML, like Gecko; compatible; GPTBot/1.4; +https://openai.com/gptbot)"
66.249.68.134 - - [24/Jul/2026:11:57:43 -0500] "GET /?sale/detail/A86272028684.html HTTP/1.1" 200 192478 "-" "Mozilla/5.0 (Linux; Android 6.0.1; Nexus 5X Build/MMB29P) AppleWebKit/537.36 (KHTML, like Gecko) Chrome/150.0.7871.128 Mobile Safari/537.36 (compatible; GoogleOther)"
74.7.243.226 - - [24/Jul/2026:11:57:45 -0500] "GET /index.php?loknya=/opt/cpanel/ea-php83/root/var/gopher HTTP/1.1" 200 5420 "https://zona-activa.com/index.php?loknya=/opt/cpanel/ea-php83/root/var" "Mozilla/5.0 AppleWebKit/537.36 (KHTML, like Gecko; compatible; GPTBot/1.4; +https://openai.com/gptbot)"
74.7.243.226 - - [24/Jul/2026:11:57:51 -0500] "GET /index.php?loknya=/opt/cpanel/ea-php72/root/var/gopher HTTP/1.1" 200 5419 "https://zona-activa.com/index.php?loknya=/opt/cpanel/ea-php72/root/var" "Mozilla/5.0 AppleWebKit/537.36 (KHTML, like Gecko; compatible; GPTBot/1.4; +https://openai.com/gptbot)"
74.7.243.226 - - [24/Jul/2026:11:57:56 -0500] "GET /index.php?loknya=/opt/cpanel/ea-php56/root/var/gopher HTTP/1.1" 200 5419 "https://zona-activa.com/index.php?loknya=/opt/cpanel/ea-php56/root/var" "Mozilla/5.0 AppleWebKit/537.36 (KHTML, like Gecko; compatible; GPTBot/1.4; +https://openai.com/gptbot)"
74.7.243.226 - - [24/Jul/2026:11:58:02 -0500] "GET /index.php?loknya=/opt/cpanel/ea-php80/root/var/gopher HTTP/1.1" 200 5419 "https://zona-activa.com/index.php?loknya=/opt/cpanel/ea-php80/root/var" "Mozilla/5.0 AppleWebKit/537.36 (KHTML, like Gecko; compatible; GPTBot/1.4; +https://openai.com/gptbot)"
74.7.243.226 - - [24/Jul/2026:11:58:07 -0500] "GET /index.php?loknya=/opt/cpanel/ea-php70/root/var/gopher HTTP/1.1" 200 5419 "https://zona-activa.com/index.php?loknya=/opt/cpanel/ea-php70/root/var" "Mozilla/5.0 AppleWebKit/537.36 (KHTML, like Gecko; compatible; GPTBot/1.4; +https://openai.com/gptbot)"
74.7.243.226 - - [24/Jul/2026:11:58:12 -0500] "GET /index.php?loknya=/opt/cpanel/ea-php71/root/var/gopher HTTP/1.1" 200 5419 "https://zona-activa.com/index.php?loknya=/opt/cpanel/ea-php71/root/var" "Mozilla/5.0 AppleWebKit/537.36 (KHTML, like Gecko; compatible; GPTBot/1.4; +https://openai.com/gptbot)"
74.7.243.226 - - [24/Jul/2026:11:58:17 -0500] "GET /index.php?loknya=/opt/cpanel/ea-php71/root/run/lock HTTP/1.1" 200 5411 "https://zona-activa.com/index.php?loknya=/opt/cpanel/ea-php71/root/run" "Mozilla/5.0 AppleWebKit/537.36 (KHTML, like Gecko; compatible; GPTBot/1.4; +https://openai.com/gptbot)"
74.7.243.226 - - [24/Jul/2026:11:58:22 -0500] "GET /index.php?loknya=/opt/cpanel/ea-php81/root/run/lock HTTP/1.1" 200 5411 "https://zona-activa.com/index.php?loknya=/opt/cpanel/ea-php81/root/run" "Mozilla/5.0 AppleWebKit/537.36 (KHTML, like Gecko; compatible; GPTBot/1.4; +https://openai.com/gptbot)"
74.7.243.226 - - [24/Jul/2026:11:58:27 -0500] "GET /index.php?loknya=/opt/cpanel/ea-php56/root/run/lock HTTP/1.1" 200 5411 "https://zona-activa.com/index.php?loknya=/opt/cpanel/ea-php56/root/run" "Mozilla/5.0 AppleWebKit/537.36 (KHTML, like Gecko; compatible; GPTBot/1.4; +https://openai.com/gptbot)"
74.7.243.226 - - [24/Jul/2026:11:58:32 -0500] "GET /index.php?loknya=/opt/cpanel/ea-php74/root/run/lock HTTP/1.1" 200 5411 "https://zona-activa.com/index.php?loknya=/opt/cpanel/ea-php74/root/run" "Mozilla/5.0 AppleWebKit/537.36 (KHTML, like Gecko; compatible; GPTBot/1.4; +https://openai.com/gptbot)"
100.29.34.97 - - [24/Jul/2026:11:58:36 -0500] "GET /wp-content/plugins/ubermenu/readme.txt HTTP/1.1" 200 848 "-" "Mozilla/5.0 AppleWebKit/537.36 (KHTML, like Gecko; compatible; Amazonbot/0.1; +https://developer.amazon.com/support/amazonbot) Chrome/119.0.6045.214 Safari/537.36"
74.7.243.226 - - [24/Jul/2026:11:58:38 -0500] "GET /index.php?loknya=/opt/cpanel/ea-php82/root/run/lock HTTP/1.1" 200 5411 "https://zona-activa.com/index.php?loknya=/opt/cpanel/ea-php82/root/run" "Mozilla/5.0 AppleWebKit/537.36 (KHTML, like Gecko; compatible; GPTBot/1.4; +https://openai.com/gptbot)"
74.7.243.226 - - [24/Jul/2026:11:58:43 -0500] "GET /index.php?loknya=/opt/cpanel/ea-php73/root/run/lock HTTP/1.1" 200 5411 "https://zona-activa.com/index.php?loknya=/opt/cpanel/ea-php73/root/run" "Mozilla/5.0 AppleWebKit/537.36 (KHTML, like Gecko; compatible; GPTBot/1.4; +https://openai.com/gptbot)"
74.7.243.226 - - [24/Jul/2026:11:58:48 -0500] "GET /index.php?loknya=/opt/cpanel/ea-php72/root/run/lock HTTP/1.1" 200 5411 "https://zona-activa.com/index.php?loknya=/opt/cpanel/ea-php72/root/run" "Mozilla/5.0 AppleWebKit/537.36 (KHTML, like Gecko; compatible; GPTBot/1.4; +https://openai.com/gptbot)"
57.141.18.85 - - [24/Jul/2026:11:58:52 -0500] "GET /producto/purificador-de-agua-modelo-jl-04-osmosis-inversa-100gpd-domestico-modelo-compacto/ HTTP/1.1" 200 68890 "-" "Mozilla/5.0 (X11; Linux x86_64) AppleWebKit/537.36 (KHTML, like Gecko) Chrome/145.0.0.0 Safari/537.36 (compatible; meta-externalagent/1.1 (+https://developers.facebook.com/docs/sharing/webmasters/crawler))"
74.7.243.226 - - [24/Jul/2026:11:58:54 -0500] "GET /index.php?loknya=/opt/cpanel/ea-php80/root/run/lock HTTP/1.1" 200 5411 "https://zona-activa.com/index.php?loknya=/opt/cpanel/ea-php80/root/run" "Mozilla/5.0 AppleWebKit/537.36 (KHTML, like Gecko; compatible; GPTBot/1.4; +https://openai.com/gptbot)"
66.249.68.134 - - [24/Jul/2026:11:58:55 -0500] "GET /sale/detail/I86261693292.html HTTP/1.1" 200 197178 "-" "Mozilla/5.0 (Linux; Android 6.0.1; Nexus 5X Build/MMB29P) AppleWebKit/537.36 (KHTML, like Gecko) Chrome/150.0.7871.128 Mobile Safari/537.36 (compatible; GoogleOther)"
74.7.243.226 - - [24/Jul/2026:11:58:59 -0500] "GET /index.php?loknya=/opt/cpanel/ea-php70/root/run/lock HTTP/1.1" 200 5411 "https://zona-activa.com/index.php?loknya=/opt/cpanel/ea-php70/root/run" "Mozilla/5.0 AppleWebKit/537.36 (KHTML, like Gecko; compatible; GPTBot/1.4; +https://openai.com/gptbot)"
74.7.243.226 - - [24/Jul/2026:11:59:04 -0500] "GET /index.php?loknya=/opt/cpanel/ea-php83/root/run/lock HTTP/1.1" 200 5411 "https://zona-activa.com/index.php?loknya=/opt/cpanel/ea-php83/root/run" "Mozilla/5.0 AppleWebKit/537.36 (KHTML, like Gecko; compatible; GPTBot/1.4; +https://openai.com/gptbot)"
74.7.243.226 - - [24/Jul/2026:11:59:09 -0500] "GET /index.php?loknya=/cpanel/ea-php72/root/etc/ HTTP/1.1" 200 5300 "https://zona-activa.com/index.php?loknya=/opt/cpanel/ea-php72/root/etc/opt" "Mozilla/5.0 AppleWebKit/537.36 (KHTML, like Gecko; compatible; GPTBot/1.4; +https://openai.com/gptbot)"
74.7.243.226 - - [24/Jul/2026:11:59:15 -0500] "GET /index.php?loknya=/opt/cpanel/ea-php83/root/ HTTP/1.1" 200 25282 "https://zona-activa.com/index.php?loknya=/opt/cpanel/ea-php83/root/tmp" "Mozilla/5.0 AppleWebKit/537.36 (KHTML, like Gecko; compatible; GPTBot/1.4; +https://openai.com/gptbot)"
74.7.243.226 - - [24/Jul/2026:11:59:20 -0500] "GET /index.php?loknya=/opt/cpanel/ea-php73/root/ HTTP/1.1" 200 25255 "https://zona-activa.com/index.php?loknya=/opt/cpanel/ea-php73/root/boot" "Mozilla/5.0 AppleWebKit/537.36 (KHTML, like Gecko; compatible; GPTBot/1.4; +https://openai.com/gptbot)"
74.7.243.226 - - [24/Jul/2026:11:59:25 -0500] "GET /index.php?loknya=/opt/cpanel/ea-php72/root/ HTTP/1.1" 200 25255 "https://zona-activa.com/index.php?loknya=/opt/cpanel/ea-php72/root/etc" "Mozilla/5.0 AppleWebKit/537.36 (KHTML, like Gecko; compatible; GPTBot/1.4; +https://openai.com/gptbot)"
74.7.243.226 - - [24/Jul/2026:11:59:30 -0500] "GET /index.php?loknya=/cpanel/ea-php81/root/etc/ HTTP/1.1" 200 5300 "https://zona-activa.com/index.php?loknya=/opt/cpanel/ea-php81/root/etc/opt" "Mozilla/5.0 AppleWebKit/537.36 (KHTML, like Gecko; compatible; GPTBot/1.4; +https://openai.com/gptbot)"
74.7.243.226 - - [24/Jul/2026:11:59:35 -0500] "GET /index.php?loknya=/opt/cpanel/ea-php82/root/ HTTP/1.1" 200 25243 "https://zona-activa.com/index.php?loknya=/opt/cpanel/ea-php82/root/boot" "Mozilla/5.0 AppleWebKit/537.36 (KHTML, like Gecko; compatible; GPTBot/1.4; +https://openai.com/gptbot)"
74.7.243.226 - - [24/Jul/2026:11:59:41 -0500] "GET /index.php?loknya=/opt/cpanel/ea-php71/root/ HTTP/1.1" 200 25255 "https://zona-activa.com/index.php?loknya=/opt/cpanel/ea-php71/root/boot" "Mozilla/5.0 AppleWebKit/537.36 (KHTML, like Gecko; compatible; GPTBot/1.4; +https://openai.com/gptbot)"
74.7.243.226 - - [24/Jul/2026:11:59:46 -0500] "GET /index.php?loknya=/opt/cpanel/ea-php74/root/ HTTP/1.1" 200 25255 "https://zona-activa.com/index.php?loknya=/opt/cpanel/ea-php74/root/mnt" "Mozilla/5.0 AppleWebKit/537.36 (KHTML, like Gecko; compatible; GPTBot/1.4; +https://openai.com/gptbot)"
74.7.243.226 - - [24/Jul/2026:11:59:51 -0500] "GET /index.php?loknya=/cpanel/ea-php71/root/etc/ HTTP/1.1" 200 5300 "https://zona-activa.com/index.php?loknya=/opt/cpanel/ea-php71/root/etc/opt" "Mozilla/5.0 AppleWebKit/537.36 (KHTML, like Gecko; compatible; GPTBot/1.4; +https://openai.com/gptbot)"
74.7.243.226 - - [24/Jul/2026:11:59:56 -0500] "GET /index.php?loknya=/cpanel/ea-php83/root/etc/ HTTP/1.1" 200 5300 "https://zona-activa.com/index.php?loknya=/opt/cpanel/ea-php83/root/etc/opt" "Mozilla/5.0 AppleWebKit/537.36 (KHTML, like Gecko; compatible; GPTBot/1.4; +https://openai.com/gptbot)"
74.7.243.226 - - [24/Jul/2026:12:00:03 -0500] "GET /index.php?loknya=/opt/cpanel/ea-php80/root/ HTTP/1.1" 200 25303 "https://zona-activa.com/index.php?loknya=/opt/cpanel/ea-php80/root/boot" "Mozilla/5.0 AppleWebKit/537.36 (KHTML, like Gecko; compatible; GPTBot/1.4; +https://openai.com/gptbot)"
74.7.243.226 - - [24/Jul/2026:12:00:09 -0500] "GET /index.php?loknya=/cpanel/ea-php72/root/etc HTTP/1.1" 200 5298 "https://zona-activa.com/index.php?loknya=/cpanel/ea-php72/root/etc/" "Mozilla/5.0 AppleWebKit/537.36 (KHTML, like Gecko; compatible; GPTBot/1.4; +https://openai.com/gptbot)"
74.7.243.226 - - [24/Jul/2026:12:00:13 -0500] "GET /index.php?loknya=/cpanel/ea-php80/root/etc/ HTTP/1.1" 200 5300 "https://zona-activa.com/index.php?loknya=/opt/cpanel/ea-php80/root/etc/opt" "Mozilla/5.0 AppleWebKit/537.36 (KHTML, like Gecko; compatible; GPTBot/1.4; +https://openai.com/gptbot)"
74.7.243.226 - - [24/Jul/2026:12:00:18 -0500] "GET /index.php?loknya=/opt/cpanel/ea-php84/root/ HTTP/1.1" 200 6317 "https://zona-activa.com/index.php?loknya=/opt/cpanel/ea-php84/root/usr" "Mozilla/5.0 AppleWebKit/537.36 (KHTML, like Gecko; compatible; GPTBot/1.4; +https://openai.com/gptbot)"
74.7.243.226 - - [24/Jul/2026:12:00:22 -0500] "GET /index.php?loknya=/cpanel/ea-php73/root/etc/ HTTP/1.1" 200 5300 "https://zona-activa.com/index.php?loknya=/opt/cpanel/ea-php73/root/etc/opt" "Mozilla/5.0 AppleWebKit/537.36 (KHTML, like Gecko; compatible; GPTBot/1.4; +https://openai.com/gptbot)"
74.7.243.226 - - [24/Jul/2026:12:00:28 -0500] "GET /index.php?loknya=/cpanel/ea-php81/root/etc HTTP/1.1" 200 5298 "https://zona-activa.com/index.php?loknya=/cpanel/ea-php81/root/etc/" "Mozilla/5.0 AppleWebKit/537.36 (KHTML, like Gecko; compatible; GPTBot/1.4; +https://openai.com/gptbot)"
74.7.243.226 - - [24/Jul/2026:12:00:34 -0500] "GET /index.php?loknya=/cpanel/ea-php82/root/etc/ HTTP/1.1" 200 5300 "https://zona-activa.com/index.php?loknya=/opt/cpanel/ea-php82/root/etc/opt" "Mozilla/5.0 AppleWebKit/537.36 (KHTML, like Gecko; compatible; GPTBot/1.4; +https://openai.com/gptbot)"
74.7.243.226 - - [24/Jul/2026:12:00:38 -0500] "GET /index.php?loknya=/opt/cpanel/ea-php56/root/ HTTP/1.1" 200 25255 "https://zona-activa.com/index.php?loknya=/opt/cpanel/ea-php56/root/proc" "Mozilla/5.0 AppleWebKit/537.36 (KHTML, like Gecko; compatible; GPTBot/1.4; +https://openai.com/gptbot)"
66.249.68.134 - - [24/Jul/2026:12:00:40 -0500] "GET /shop/cart/cart HTTP/1.1" 200 191665 "-" "Mozilla/5.0 (Linux; Android 6.0.1; Nexus 5X Build/MMB29P) AppleWebKit/537.36 (KHTML, like Gecko) Chrome/150.0.7871.128 Mobile Safari/537.36 (compatible; Googlebot/2.1; +http://www.google.com/bot.html)"
66.249.68.136 - - [24/Jul/2026:12:00:42 -0500] "GET /?sale/detail/W86251384893.html HTTP/1.1" 200 208263 "-" "Mozilla/5.0 (Linux; Android 6.0.1; Nexus 5X Build/MMB29P) AppleWebKit/537.36 (KHTML, like Gecko) Chrome/150.0.7871.128 Mobile Safari/537.36 (compatible; GoogleOther)"
74.7.243.226 - - [24/Jul/2026:12:00:44 -0500] "GET /index.php?loknya=/opt/cpanel/ea-php81/root/ HTTP/1.1" 200 25243 "https://zona-activa.com/index.php?loknya=/opt/cpanel/ea-php81/root/usr" "Mozilla/5.0 AppleWebKit/537.36 (KHTML, like Gecko; compatible; GPTBot/1.4; +https://openai.com/gptbot)"
57.141.18.94 - - [24/Jul/2026:12:00:49 -0500] "GET /producto/membrana-de-recambio-para-osmosis-inversa-d1000gpd-modelo-europa/?lokasie=/home/zonaacti/public_html/wp-includes/class-oembed.php&loknya=/home/zonaacti/public_html/wp-includes HTTP/1.1" 200 4620 "-" "Mozilla/5.0 (Macintosh; Intel Mac OS X 10_15_7) AppleWebKit/537.36 (KHTML, like Gecko) Chrome/145.0.0.0 Safari/537.36 (compatible; meta-externalagent/1.1 (+https://developers.facebook.com/docs/sharing/webmasters/crawler))"
74.7.243.226 - - [24/Jul/2026:12:00:49 -0500] "GET /index.php?loknya=/cpanel/ea-php71/root/etc HTTP/1.1" 200 5298 "https://zona-activa.com/index.php?loknya=/cpanel/ea-php71/root/etc/" "Mozilla/5.0 AppleWebKit/537.36 (KHTML, like Gecko; compatible; GPTBot/1.4; +https://openai.com/gptbot)"
74.7.243.226 - - [24/Jul/2026:12:00:54 -0500] "GET /index.php?loknya=/cpanel/ea-php83/root/etc HTTP/1.1" 200 5298 "https://zona-activa.com/index.php?loknya=/cpanel/ea-php83/root/etc/" "Mozilla/5.0 AppleWebKit/537.36 (KHTML, like Gecko; compatible; GPTBot/1.4; +https://openai.com/gptbot)"
74.7.243.226 - - [24/Jul/2026:12:00:59 -0500] "GET /index.php?loknya=/opt/cpanel/ea-php70/root/ HTTP/1.1" 200 25255 "https://zona-activa.com/index.php?loknya=/opt/cpanel/ea-php70/root/boot" "Mozilla/5.0 AppleWebKit/537.36 (KHTML, like Gecko; compatible; GPTBot/1.4; +https://openai.com/gptbot)"
74.7.243.226 - - [24/Jul/2026:12:01:05 -0500] "GET /index.php?loknya=/cpanel/ea-php70/root/etc/ HTTP/1.1" 200 5300 "https://zona-activa.com/index.php?loknya=/opt/cpanel/ea-php70/root/etc/opt" "Mozilla/5.0 AppleWebKit/537.36 (KHTML, like Gecko; compatible; GPTBot/1.4; +https://openai.com/gptbot)"
216.244.66.232 - - [24/Jul/2026:12:01:09 -0500] "GET /tienda/page/5/ HTTP/1.1" 200 68892 "-" "Mozilla/5.0 (compatible; DotBot/1.2; +https://opensiteexplorer.org/dotbot; help@moz.com)"
74.7.243.226 - - [24/Jul/2026:12:01:10 -0500] "GET /index.php?loknya=/cpanel/ea-php80/root/etc HTTP/1.1" 200 5298 "https://zona-activa.com/index.php?loknya=/cpanel/ea-php80/root/etc/" "Mozilla/5.0 AppleWebKit/537.36 (KHTML, like Gecko; compatible; GPTBot/1.4; +https://openai.com/gptbot)"
74.7.243.226 - - [24/Jul/2026:12:01:15 -0500] "GET /index.php?loknya=/cpanel/ea-php74/root/etc/ HTTP/1.1" 200 5300 "https://zona-activa.com/index.php?loknya=/opt/cpanel/ea-php74/root/etc/opt" "Mozilla/5.0 AppleWebKit/537.36 (KHTML, like Gecko; compatible; GPTBot/1.4; +https://openai.com/gptbot)"
74.7.243.226 - - [24/Jul/2026:12:01:21 -0500] "GET /index.php?loknya=/cpanel/ea-php73/root/etc HTTP/1.1" 200 5298 "https://zona-activa.com/index.php?loknya=/cpanel/ea-php73/root/etc/" "Mozilla/5.0 AppleWebKit/537.36 (KHTML, like Gecko; compatible; GPTBot/1.4; +https://openai.com/gptbot)"
74.7.243.226 - - [24/Jul/2026:12:01:26 -0500] "GET /index.php?loknya=/cpanel/ea-php56/root/etc/ HTTP/1.1" 200 5300 "https://zona-activa.com/index.php?loknya=/opt/cpanel/ea-php56/root/etc/opt" "Mozilla/5.0 AppleWebKit/537.36 (KHTML, like Gecko; compatible; GPTBot/1.4; +https://openai.com/gptbot)"
74.7.243.226 - - [24/Jul/2026:12:01:32 -0500] "GET /index.php?loknya=/cpanel/ea-php82/root/etc HTTP/1.1" 200 5298 "https://zona-activa.com/index.php?loknya=/cpanel/ea-php82/root/etc/" "Mozilla/5.0 AppleWebKit/537.36 (KHTML, like Gecko; compatible; GPTBot/1.4; +https://openai.com/gptbot)"
74.7.243.226 - - [24/Jul/2026:12:01:37 -0500] "GET /index.php?loknya=/opt/cpanel/ea-php56/root/usr/include HTTP/1.1" 200 6507 "https://zona-activa.com/index.php?loknya=/opt/cpanel/ea-php56/root/usr" "Mozilla/5.0 AppleWebKit/537.36 (KHTML, like Gecko; compatible; GPTBot/1.4; +https://openai.com/gptbot)"
74.7.243.226 - - [24/Jul/2026:12:01:42 -0500] "GET /index.php?loknya=/opt/cpanel/ea-php81/root/usr/include HTTP/1.1" 200 6507 "https://zona-activa.com/index.php?loknya=/opt/cpanel/ea-php81/root/usr" "Mozilla/5.0 AppleWebKit/537.36 (KHTML, like Gecko; compatible; GPTBot/1.4; +https://openai.com/gptbot)"
