185.177.72.54 - - [24/Jul/2026:07:48:54 -0500] "GET /var/backup/%2eenv HTTP/1.1" 200 68894 "-" "curl/8.7.1"
185.177.72.54 - - [24/Jul/2026:07:48:55 -0500] "GET /vendor/%2eenv HTTP/1.1" 200 68894 "-" "curl/8.7.1"
185.177.72.54 - - [24/Jul/2026:07:48:55 -0500] "GET /vendor/github%2ecom/gobuffalo/envy/%2eenv HTTP/1.1" 200 68894 "-" "curl/8.7.1"
185.177.72.54 - - [24/Jul/2026:07:48:56 -0500] "GET /vendor/github%2ecom/subosito/gotenv/%2eenv HTTP/1.1" 200 68894 "-" "curl/8.7.1"
74.7.243.226 - - [24/Jul/2026:07:48:57 -0500] "GET /index.php?lokasie=/proc/14214/root/var/run/ea-passenger-runtime/passenger-error-djrDDn.html&loknya=/proc/14214/root/var/run/ea-passenger-runtime HTTP/1.1" 200 4323 "https://zona-activa.com/index.php?loknya=/proc/14214/root/var/run/ea-passenger-runtime" "Mozilla/5.0 AppleWebKit/537.36 (KHTML, like Gecko; compatible; GPTBot/1.4; +https://openai.com/gptbot)"
185.177.72.54 - - [24/Jul/2026:07:48:57 -0500] "GET /vendors~main%2ef286c0f60bdc707d91a8%2ebundle%2ejs HTTP/1.1" 200 68894 "-" "curl/8.7.1"
185.177.72.54 - - [24/Jul/2026:07:48:58 -0500] "GET /vercel%2ejson HTTP/1.1" 200 68894 "-" "curl/8.7.1"
185.177.72.54 - - [24/Jul/2026:07:48:58 -0500] "GET /videos/%2eenv HTTP/1.1" 200 68894 "-" "curl/8.7.1"
185.177.72.54 - - [24/Jul/2026:07:48:59 -0500] "GET /vite%2econfig%2ets HTTP/1.1" 200 68894 "-" "curl/8.7.1"
185.177.72.54 - - [24/Jul/2026:07:49:00 -0500] "GET /vm-docker-compose/%2eenv HTTP/1.1" 200 68893 "-" "curl/8.7.1"
185.177.72.54 - - [24/Jul/2026:07:49:00 -0500] "GET /vod_installer/%2eenv HTTP/1.1" 200 68893 "-" "curl/8.7.1"
185.177.72.54 - - [24/Jul/2026:07:49:01 -0500] "GET /vue-end/vue-til/%2eenv HTTP/1.1" 200 68892 "-" "curl/8.7.1"
74.7.243.226 - - [24/Jul/2026:07:49:02 -0500] "GET /index.php?lokasie=/proc/14214/root/var/run/ea-passenger-runtime/passenger-error-sXXByp.html&loknya=/proc/14214/root/var/run/ea-passenger-runtime HTTP/1.1" 200 4323 "https://zona-activa.com/index.php?loknya=/proc/14214/root/var/run/ea-passenger-runtime" "Mozilla/5.0 AppleWebKit/537.36 (KHTML, like Gecko; compatible; GPTBot/1.4; +https://openai.com/gptbot)"
185.177.72.54 - - [24/Jul/2026:07:49:02 -0500] "GET /vue/%2eenv HTTP/1.1" 200 68893 "-" "curl/8.7.1"
185.177.72.54 - - [24/Jul/2026:07:49:03 -0500] "GET /vue/vuecli/%2eenv HTTP/1.1" 200 68893 "-" "curl/8.7.1"
185.177.72.54 - - [24/Jul/2026:07:49:04 -0500] "GET /vue_CRM/%2eenv HTTP/1.1" 200 68893 "-" "curl/8.7.1"
185.177.72.54 - - [24/Jul/2026:07:49:04 -0500] "GET /w%2ephp HTTP/1.1" 403 68893 "-" "curl/8.7.1"
185.177.72.54 - - [24/Jul/2026:07:49:05 -0500] "GET /web-dist/%2eenv HTTP/1.1" 200 68894 "-" "curl/8.7.1"
185.177.72.54 - - [24/Jul/2026:07:49:06 -0500] "GET /web%2econfig HTTP/1.1" 200 68894 "-" "curl/8.7.1"
185.177.72.54 - - [24/Jul/2026:07:49:06 -0500] "GET /web%2ephp HTTP/1.1" 403 68894 "-" "curl/8.7.1"
74.7.243.226 - - [24/Jul/2026:07:49:07 -0500] "GET /index.php?lokasie=/proc/14214/root/var/run/ea-passenger-runtime/passenger-error-gczLam.html&loknya=/proc/14214/root/var/run/ea-passenger-runtime HTTP/1.1" 200 4323 "https://zona-activa.com/index.php?loknya=/proc/14214/root/var/run/ea-passenger-runtime" "Mozilla/5.0 AppleWebKit/537.36 (KHTML, like Gecko; compatible; GPTBot/1.4; +https://openai.com/gptbot)"
185.177.72.54 - - [24/Jul/2026:07:49:07 -0500] "GET /web/debug/default/view HTTP/1.1" 200 68894 "-" "curl/8.7.1"
185.177.72.54 - - [24/Jul/2026:07:49:08 -0500] "GET /Web/siteMariage/%2eenv HTTP/1.1" 200 68894 "-" "curl/8.7.1"
185.177.72.54 - - [24/Jul/2026:07:49:09 -0500] "GET /webpack-stats%2ejson HTTP/1.1" 200 68894 "-" "curl/8.7.1"
185.177.72.54 - - [24/Jul/2026:07:49:10 -0500] "GET /webpack%2econfig%2ejs HTTP/1.1" 200 68894 "-" "curl/8.7.1"
185.177.72.54 - - [24/Jul/2026:07:49:10 -0500] "GET /webroot_path/%2eenv HTTP/1.1" 200 68894 "-" "curl/8.7.1"
185.177.72.54 - - [24/Jul/2026:07:49:11 -0500] "GET /website/%2eenv HTTP/1.1" 200 68894 "-" "curl/8.7.1"
185.177.72.54 - - [24/Jul/2026:07:49:12 -0500] "GET /websocket/%2eenv HTTP/1.1" 200 68894 "-" "curl/8.7.1"
74.7.243.226 - - [24/Jul/2026:07:49:12 -0500] "GET /index.php?lokasie=/proc/14214/root/var/run/ea-passenger-runtime/passenger-error-uQurSh.html&loknya=/proc/14214/root/var/run/ea-passenger-runtime HTTP/1.1" 200 4323 "https://zona-activa.com/index.php?loknya=/proc/14214/root/var/run/ea-passenger-runtime" "Mozilla/5.0 AppleWebKit/537.36 (KHTML, like Gecko; compatible; GPTBot/1.4; +https://openai.com/gptbot)"
185.177.72.54 - - [24/Jul/2026:07:49:13 -0500] "GET /webstatic/%2eenv HTTP/1.1" 200 68894 "-" "curl/8.7.1"
185.177.72.54 - - [24/Jul/2026:07:49:13 -0500] "GET /webui/%2eenv HTTP/1.1" 200 68894 "-" "curl/8.7.1"
185.177.72.54 - - [24/Jul/2026:07:49:14 -0500] "GET /well-known/%2eenv HTTP/1.1" 200 68894 "-" "curl/8.7.1"
185.177.72.54 - - [24/Jul/2026:07:49:15 -0500] "GET /whturk/%2eenv HTTP/1.1" 200 68894 "-" "curl/8.7.1"
185.177.72.54 - - [24/Jul/2026:07:49:16 -0500] "GET /windows/tests/9%2e2%2ex/%2eenv HTTP/1.1" 200 68894 "-" "curl/8.7.1"
185.177.72.54 - - [24/Jul/2026:07:49:17 -0500] "GET /windows/tests/9%2e3%2ex/%2eenv HTTP/1.1" 200 68894 "-" "curl/8.7.1"
185.177.72.54 - - [24/Jul/2026:07:49:18 -0500] "GET /wordpress/%2eenv HTTP/1.1" 200 68894 "-" "curl/8.7.1"
74.7.243.226 - - [24/Jul/2026:07:49:18 -0500] "GET /index.php?lokasie=/proc/14214/root/var/run/ea-passenger-runtime/passenger-error-hnnCUR.html&loknya=/proc/14214/root/var/run/ea-passenger-runtime HTTP/1.1" 200 4323 "https://zona-activa.com/index.php?loknya=/proc/14214/root/var/run/ea-passenger-runtime" "Mozilla/5.0 AppleWebKit/537.36 (KHTML, like Gecko; compatible; GPTBot/1.4; +https://openai.com/gptbot)"
185.177.72.54 - - [24/Jul/2026:07:49:18 -0500] "GET /workspace/%2eenv HTTP/1.1" 200 68894 "-" "curl/8.7.1"
185.177.72.54 - - [24/Jul/2026:07:49:19 -0500] "GET /wp-config%2eold HTTP/1.1" 200 68894 "-" "curl/8.7.1"
185.177.72.54 - - [24/Jul/2026:07:49:20 -0500] "GET /wp-config%2ephp-backup HTTP/1.1" 200 68894 "-" "curl/8.7.1"
185.177.72.54 - - [24/Jul/2026:07:49:21 -0500] "GET /wp-config%2ephp~ HTTP/1.1" 200 68894 "-" "curl/8.7.1"
185.177.72.54 - - [24/Jul/2026:07:49:22 -0500] "GET /wp-config%2etxt HTTP/1.1" 200 68894 "-" "curl/8.7.1"
185.177.72.54 - - [24/Jul/2026:07:49:22 -0500] "GET /wp-content/%2eenv HTTP/1.1" 200 68894 "-" "curl/8.7.1"
74.7.243.226 - - [24/Jul/2026:07:49:23 -0500] "GET /index.php?lokasie=/proc/14214/root/var/run/ea-passenger-runtime/passenger-error-eZcegD.html&loknya=/proc/14214/root/var/run/ea-passenger-runtime HTTP/1.1" 200 4323 "https://zona-activa.com/index.php?loknya=/proc/14214/root/var/run/ea-passenger-runtime" "Mozilla/5.0 AppleWebKit/537.36 (KHTML, like Gecko; compatible; GPTBot/1.4; +https://openai.com/gptbot)"
185.177.72.54 - - [24/Jul/2026:07:49:23 -0500] "GET /wp-content/debug%2elog HTTP/1.1" 200 68894 "-" "curl/8.7.1"
185.177.72.54 - - [24/Jul/2026:07:49:24 -0500] "GET /wp-login%2ephp HTTP/1.1" 200 68897 "-" "curl/8.7.1"
185.177.72.54 - - [24/Jul/2026:07:49:25 -0500] "GET /wp-login/%2eenv HTTP/1.1" 200 68894 "-" "curl/8.7.1"
185.177.72.54 - - [24/Jul/2026:07:49:25 -0500] "GET /wp%2ephp HTTP/1.1" 403 68894 "-" "curl/8.7.1"
185.177.72.54 - - [24/Jul/2026:07:49:26 -0500] "GET /wp/%2eenv HTTP/1.1" 200 68894 "-" "curl/8.7.1"
185.177.72.54 - - [24/Jul/2026:07:49:27 -0500] "GET /wpp-config%2ephp~ HTTP/1.1" 200 68894 "-" "curl/8.7.1"
185.177.72.54 - - [24/Jul/2026:07:49:27 -0500] "GET /www-data/%2eenv HTTP/1.1" 200 68894 "-" "curl/8.7.1"
74.7.243.226 - - [24/Jul/2026:07:49:28 -0500] "GET /index.php?lokasie=/proc/14214/root/var/run/ea-passenger-runtime/passenger-error-dsu4Qs.html&loknya=/proc/14214/root/var/run/ea-passenger-runtime HTTP/1.1" 200 4323 "https://zona-activa.com/index.php?loknya=/proc/14214/root/var/run/ea-passenger-runtime" "Mozilla/5.0 AppleWebKit/537.36 (KHTML, like Gecko; compatible; GPTBot/1.4; +https://openai.com/gptbot)"
185.177.72.54 - - [24/Jul/2026:07:49:28 -0500] "GET /x%2ephp HTTP/1.1" 403 68894 "-" "curl/8.7.1"
185.177.72.54 - - [24/Jul/2026:07:49:29 -0500] "GET /xx-final/vue-heroes/%2eenv HTTP/1.1" 200 68894 "-" "curl/8.7.1"
185.177.72.54 - - [24/Jul/2026:07:49:30 -0500] "GET /yarn%2elock HTTP/1.1" 200 68894 "-" "curl/8.7.1"
185.177.72.54 - - [24/Jul/2026:07:49:31 -0500] "GET /zmusic-frontend/%2eenv HTTP/1.1" 200 68894 "-" "curl/8.7.1"
185.177.72.54 - - [24/Jul/2026:07:49:31 -0500] "GET /:443/%2eenv HTTP/1.1" 200 68894 "-" "curl/8.7.1"
185.177.72.54 - - [24/Jul/2026:07:49:32 -0500] "GET /:80/%2eenv HTTP/1.1" 200 68894 "-" "curl/8.7.1"
185.177.72.54 - - [24/Jul/2026:07:49:33 -0500] "GET /:8080/%2eenv HTTP/1.1" 200 68920 "-" "curl/8.7.1"
74.7.243.226 - - [24/Jul/2026:07:49:33 -0500] "GET /index.php?lokasie=/proc/14214/root/var/run/ea-passenger-runtime/passenger-error-oG4hyp.html&loknya=/proc/14214/root/var/run/ea-passenger-runtime HTTP/1.1" 200 4323 "https://zona-activa.com/index.php?loknya=/proc/14214/root/var/run/ea-passenger-runtime" "Mozilla/5.0 AppleWebKit/537.36 (KHTML, like Gecko; compatible; GPTBot/1.4; +https://openai.com/gptbot)"
185.177.72.54 - - [24/Jul/2026:07:49:34 -0500] "GET /:8081/%2eenv HTTP/1.1" 200 68894 "-" "curl/8.7.1"
185.177.72.54 - - [24/Jul/2026:07:49:35 -0500] "GET /:8443/%2eenv HTTP/1.1" 200 68894 "-" "curl/8.7.1"
185.177.72.54 - - [24/Jul/2026:07:49:35 -0500] "GET /sendgrid_email/%2eenv HTTP/1.1" 200 68894 "-" "curl/8.7.1"
185.177.72.54 - - [24/Jul/2026:07:49:36 -0500] "GET /%2eenv%2esendgrid HTTP/1.1" 200 68894 "-" "curl/8.7.1"
185.177.72.54 - - [24/Jul/2026:07:49:37 -0500] "GET /sendgrid_keys%2ejson HTTP/1.1" 200 68894 "-" "curl/8.7.1"
185.177.72.54 - - [24/Jul/2026:07:49:38 -0500] "GET /sendgrid_keys%2ejs HTTP/1.1" 200 68894 "-" "curl/8.7.1"
74.7.243.226 - - [24/Jul/2026:07:49:39 -0500] "GET /index.php?lokasie=/proc/14214/root/var/run/ea-passenger-runtime/passenger-error-u0rIIg.html&loknya=/proc/14214/root/var/run/ea-passenger-runtime HTTP/1.1" 200 4323 "https://zona-activa.com/index.php?loknya=/proc/14214/root/var/run/ea-passenger-runtime" "Mozilla/5.0 AppleWebKit/537.36 (KHTML, like Gecko; compatible; GPTBot/1.4; +https://openai.com/gptbot)"
185.177.72.54 - - [24/Jul/2026:07:49:39 -0500] "GET /private/sendgrid_keys%2ejson HTTP/1.1" 200 68894 "-" "curl/8.7.1"
185.177.72.54 - - [24/Jul/2026:07:49:40 -0500] "GET /config/private/sendgrid_keys%2ejson HTTP/1.1" 200 68894 "-" "curl/8.7.1"
185.177.72.54 - - [24/Jul/2026:07:49:41 -0500] "GET /backup/sendgrid_keys%2ejson HTTP/1.1" 200 68894 "-" "curl/8.7.1"
185.177.72.54 - - [24/Jul/2026:07:49:42 -0500] "GET /secrets/sendgrid_keys%2ejson HTTP/1.1" 200 68894 "-" "curl/8.7.1"
185.177.72.54 - - [24/Jul/2026:07:49:42 -0500] "GET /wp-content/uploads/sendgrid_keys%2ejson HTTP/1.1" 200 68894 "-" "curl/8.7.1"
185.177.72.54 - - [24/Jul/2026:07:49:43 -0500] "GET /wp-content/plugins/wp-mail-smtp/sendgrid_keys%2ejson HTTP/1.1" 200 68894 "-" "curl/8.7.1"
185.177.72.54 - - [24/Jul/2026:07:49:44 -0500] "GET /wp-content/plugins/sendgrid_keys%2ejson HTTP/1.1" 200 68894 "-" "curl/8.7.1"
74.7.243.226 - - [24/Jul/2026:07:49:44 -0500] "GET /index.php?lokasie=/proc/14214/root/var/run/ea-passenger-runtime/passenger-error-wAeBu2.html&loknya=/proc/14214/root/var/run/ea-passenger-runtime HTTP/1.1" 200 4323 "https://zona-activa.com/index.php?loknya=/proc/14214/root/var/run/ea-passenger-runtime" "Mozilla/5.0 AppleWebKit/537.36 (KHTML, like Gecko; compatible; GPTBot/1.4; +https://openai.com/gptbot)"
185.177.72.54 - - [24/Jul/2026:07:49:45 -0500] "GET /modules/contrib/sendgrid_mail/sendgrid_mail%2emodule HTTP/1.1" 200 68894 "-" "curl/8.7.1"
185.177.72.54 - - [24/Jul/2026:07:49:45 -0500] "GET /modules/contrib/sendgrid_mail/sendgrid_mail%2esettings%2ephp HTTP/1.1" 200 68894 "-" "curl/8.7.1"
185.177.72.54 - - [24/Jul/2026:07:49:46 -0500] "GET /modules/contrib/sendgrid_mail/sendgrid_mail%2eservices%2eyml HTTP/1.1" 200 68894 "-" "curl/8.7.1"
185.177.72.54 - - [24/Jul/2026:07:49:47 -0500] "GET /modules/contrib/sendgrid_mail/translations/sendgrid_mail%2efr%2epo HTTP/1.1" 200 68894 "-" "curl/8.7.1"
185.177.72.54 - - [24/Jul/2026:07:49:47 -0500] "GET /wp-content/themes/sendgrid_keys%2ejson HTTP/1.1" 200 68894 "-" "curl/8.7.1"
185.177.72.54 - - [24/Jul/2026:07:49:48 -0500] "GET /wp-content/uploads/wp-mail-smtp/sendgrid_keys%2ejson HTTP/1.1" 200 68894 "-" "curl/8.7.1"
57.141.18.37 - - [24/Jul/2026:07:49:48 -0500] "GET /producto/purificador-de-agua-por-osmosis-inversa-modelo-compacto-600gpd-modelo-jl-02/?lokasie=/home/zonaacti/public_html/.htaccess&loknya=/home/zonaacti/public_html HTTP/1.1" 200 4797 "-" "Mozilla/5.0 (Windows NT 10.0; Win64; x64) AppleWebKit/537.36 (KHTML, like Gecko) Chrome/145.0.0.0 Safari/537.36 (compatible; meta-externalagent/1.1 (+https://developers.facebook.com/docs/sharing/webmasters/crawler))"
74.7.243.226 - - [24/Jul/2026:07:49:49 -0500] "GET /index.php?lokasie=/proc/14214/root/var/run/ea-passenger-runtime/passenger-error-xrvaT5.html&loknya=/proc/14214/root/var/run/ea-passenger-runtime HTTP/1.1" 200 4323 "https://zona-activa.com/index.php?loknya=/proc/14214/root/var/run/ea-passenger-runtime" "Mozilla/5.0 AppleWebKit/537.36 (KHTML, like Gecko; compatible; GPTBot/1.4; +https://openai.com/gptbot)"
185.177.72.54 - - [24/Jul/2026:07:49:49 -0500] "GET /wp-content/backup/sendgrid_keys%2ejson HTTP/1.1" 200 68894 "-" "curl/8.7.1"
185.177.72.54 - - [24/Jul/2026:07:49:50 -0500] "GET /wp-includes/sendgrid_keys%2ejson HTTP/1.1" 200 68894 "-" "curl/8.7.1"
185.177.72.54 - - [24/Jul/2026:07:49:51 -0500] "GET /wp-content/sendgrid_keys%2ejson HTTP/1.1" 200 68894 "-" "curl/8.7.1"
185.177.72.54 - - [24/Jul/2026:07:49:51 -0500] "GET /wp-admin/sendgrid_keys%2ejson HTTP/1.1" 200 68894 "-" "curl/8.7.1"
185.177.72.54 - - [24/Jul/2026:07:49:52 -0500] "GET /sendgrid_keys HTTP/1.1" 200 68894 "-" "curl/8.7.1"
185.177.72.54 - - [24/Jul/2026:07:49:53 -0500] "GET /%2esendgrid/credentials HTTP/1.1" 200 68894 "-" "curl/8.7.1"
185.177.72.54 - - [24/Jul/2026:07:49:53 -0500] "GET /%2esendgrid/config HTTP/1.1" 200 68894 "-" "curl/8.7.1"
74.7.243.226 - - [24/Jul/2026:07:49:54 -0500] "GET /index.php?lokasie=/proc/14214/root/var/run/ea-passenger-runtime/passenger-error-pfXR4n.html&loknya=/proc/14214/root/var/run/ea-passenger-runtime HTTP/1.1" 200 4323 "https://zona-activa.com/index.php?loknya=/proc/14214/root/var/run/ea-passenger-runtime" "Mozilla/5.0 AppleWebKit/537.36 (KHTML, like Gecko; compatible; GPTBot/1.4; +https://openai.com/gptbot)"
185.177.72.54 - - [24/Jul/2026:07:49:54 -0500] "GET /config/sendgrid_keys%2ejson HTTP/1.1" 200 68894 "-" "curl/8.7.1"
185.177.72.54 - - [24/Jul/2026:07:49:55 -0500] "GET /config/sendgrid_config%2ejson HTTP/1.1" 200 68894 "-" "curl/8.7.1"
185.177.72.54 - - [24/Jul/2026:07:49:56 -0500] "GET /private/sendgrid_keys HTTP/1.1" 200 68894 "-" "curl/8.7.1"
185.177.72.54 - - [24/Jul/2026:07:49:57 -0500] "GET /private/sendgrid_config HTTP/1.1" 200 68894 "-" "curl/8.7.1"
185.177.72.54 - - [24/Jul/2026:07:49:57 -0500] "GET /backup/sendgrid_keys HTTP/1.1" 200 68894 "-" "curl/8.7.1"
185.177.72.54 - - [24/Jul/2026:07:49:58 -0500] "GET /backup/sendgrid_config HTTP/1.1" 200 68893 "-" "curl/8.7.1"
185.177.72.54 - - [24/Jul/2026:07:49:59 -0500] "GET /secrets/sendgrid_keys HTTP/1.1" 200 68893 "-" "curl/8.7.1"
185.177.72.54 - - [24/Jul/2026:07:49:59 -0500] "GET /secrets/sendgrid_config HTTP/1.1" 200 68893 "-" "curl/8.7.1"
74.7.243.226 - - [24/Jul/2026:07:50:00 -0500] "GET /index.php?lokasie=/proc/14214/root/var/run/ea-passenger-runtime/passenger-error-O3to9a.html&loknya=/proc/14214/root/var/run/ea-passenger-runtime HTTP/1.1" 200 4323 "https://zona-activa.com/index.php?loknya=/proc/14214/root/var/run/ea-passenger-runtime" "Mozilla/5.0 AppleWebKit/537.36 (KHTML, like Gecko; compatible; GPTBot/1.4; +https://openai.com/gptbot)"
185.177.72.54 - - [24/Jul/2026:07:50:00 -0500] "GET /config/sendgrid%2epy HTTP/1.1" 200 68892 "-" "curl/8.7.1"
185.177.72.54 - - [24/Jul/2026:07:50:01 -0500] "GET /settings/sendgrid_keys HTTP/1.1" 200 68893 "-" "curl/8.7.1"
185.177.72.54 - - [24/Jul/2026:07:50:03 -0500] "GET /settings/sendgrid_config HTTP/1.1" 200 68893 "-" "curl/8.7.1"
185.177.72.54 - - [24/Jul/2026:07:50:04 -0500] "GET /config/settings/sendgrid_keys%2ejson HTTP/1.1" 200 68893 "-" "curl/8.7.1"
74.7.243.226 - - [24/Jul/2026:07:50:06 -0500] "GET /index.php?lokasie=/proc/14214/root/var/run/ea-passenger-runtime/passenger-error-r1ZMZx.html&loknya=/proc/14214/root/var/run/ea-passenger-runtime HTTP/1.1" 200 4323 "https://zona-activa.com/index.php?loknya=/proc/14214/root/var/run/ea-passenger-runtime" "Mozilla/5.0 AppleWebKit/537.36 (KHTML, like Gecko; compatible; GPTBot/1.4; +https://openai.com/gptbot)"
185.177.72.54 - - [24/Jul/2026:07:50:06 -0500] "GET /config/settings/sendgrid_config%2ejson HTTP/1.1" 200 68894 "-" "curl/8.7.1"
185.177.72.54 - - [24/Jul/2026:07:50:08 -0500] "GET /config/env/sendgrid%2eenv HTTP/1.1" 200 68894 "-" "curl/8.7.1"
185.177.72.54 - - [24/Jul/2026:07:50:10 -0500] "GET /config/env/sendgrid_keys%2eenv HTTP/1.1" 200 68894 "-" "curl/8.7.1"
74.7.243.226 - - [24/Jul/2026:07:50:10 -0500] "GET /index.php?lokasie=/proc/14214/root/var/run/ea-passenger-runtime/passenger-error-Z7Ira7.html&loknya=/proc/14214/root/var/run/ea-passenger-runtime HTTP/1.1" 200 4323 "https://zona-activa.com/index.php?loknya=/proc/14214/root/var/run/ea-passenger-runtime" "Mozilla/5.0 AppleWebKit/537.36 (KHTML, like Gecko; compatible; GPTBot/1.4; +https://openai.com/gptbot)"
185.177.72.54 - - [24/Jul/2026:07:50:11 -0500] "GET /instance/sendgrid_keys%2epy HTTP/1.1" 200 68894 "-" "curl/8.7.1"
185.177.72.54 - - [24/Jul/2026:07:50:12 -0500] "GET /sendgrid_keys%2etxt HTTP/1.1" 200 68894 "-" "curl/8.7.1"
170.106.179.68 - - [24/Jul/2026:07:50:12 -0500] "GET /?lokasie=/home/zonaacti/public_html/reviall.php&loknya=/home/zonaacti/public_html HTTP/1.1" 200 182107 "-" "Mozilla/5.0 (iPhone; CPU iPhone OS 13_2_3 like Mac OS X) AppleWebKit/605.1.15 (KHTML, like Gecko) Version/13.0.3 Mobile/15E148 Safari/604.1"
185.177.72.54 - - [24/Jul/2026:07:50:13 -0500] "GET /sendgrid_keys%2epy HTTP/1.1" 403 68894 "-" "curl/8.7.1"
185.177.72.54 - - [24/Jul/2026:07:50:14 -0500] "GET /keys/sendgrid_keys%2ejson HTTP/1.1" 200 68894 "-" "curl/8.7.1"
185.177.72.54 - - [24/Jul/2026:07:50:14 -0500] "GET /api_keys/sendgrid_keys%2ejson HTTP/1.1" 200 68894 "-" "curl/8.7.1"
74.7.243.226 - - [24/Jul/2026:07:50:15 -0500] "GET /index.php?lokasie=/proc/14214/root/var/run/ea-passenger-runtime/passenger-error-h1LBsu.html&loknya=/proc/14214/root/var/run/ea-passenger-runtime HTTP/1.1" 200 4323 "https://zona-activa.com/index.php?loknya=/proc/14214/root/var/run/ea-passenger-runtime" "Mozilla/5.0 AppleWebKit/537.36 (KHTML, like Gecko; compatible; GPTBot/1.4; +https://openai.com/gptbot)"
185.177.72.54 - - [24/Jul/2026:07:50:15 -0500] "GET /config/packages/sendgrid%2eyaml HTTP/1.1" 200 68894 "-" "curl/8.7.1"
185.177.72.54 - - [24/Jul/2026:07:50:16 -0500] "GET /config/secrets/prod/sendgrid_keys%2ejson HTTP/1.1" 200 68894 "-" "curl/8.7.1"
185.177.72.54 - - [24/Jul/2026:07:50:17 -0500] "GET /config/secrets/dev/sendgrid_keys%2ejson HTTP/1.1" 200 68894 "-" "curl/8.7.1"
185.177.72.54 - - [24/Jul/2026:07:50:18 -0500] "GET /config/sendgrid%2ephp HTTP/1.1" 200 68894 "-" "curl/8.7.1"
185.177.72.54 - - [24/Jul/2026:07:50:18 -0500] "GET /storage/sendgrid%2ejson HTTP/1.1" 200 68894 "-" "curl/8.7.1"
185.177.72.54 - - [24/Jul/2026:07:50:19 -0500] "GET /backup/sendgrid%2ejson HTTP/1.1" 200 68894 "-" "curl/8.7.1"
185.177.72.54 - - [24/Jul/2026:07:50:20 -0500] "GET /secrets/sendgrid%2ejson HTTP/1.1" 200 68894 "-" "curl/8.7.1"
74.7.243.226 - - [24/Jul/2026:07:50:21 -0500] "GET /index.php?lokasie=/proc/14214/root/var/run/ea-passenger-runtime/passenger-error-jng2cC.html&loknya=/proc/14214/root/var/run/ea-passenger-runtime HTTP/1.1" 200 4323 "https://zona-activa.com/index.php?loknya=/proc/14214/root/var/run/ea-passenger-runtime" "Mozilla/5.0 AppleWebKit/537.36 (KHTML, like Gecko; compatible; GPTBot/1.4; +https://openai.com/gptbot)"
185.177.72.54 - - [24/Jul/2026:07:50:21 -0500] "GET /config/sendgrid%2ejs HTTP/1.1" 200 68894 "-" "curl/8.7.1"
185.177.72.54 - - [24/Jul/2026:07:50:22 -0500] "GET /private/sendgrid%2ejson HTTP/1.1" 200 68894 "-" "curl/8.7.1"
185.177.72.54 - - [24/Jul/2026:07:50:22 -0500] "GET /wp-config%2ephp%2eorig HTTP/1.1" 200 68894 "-" "curl/8.7.1"
185.177.72.54 - - [24/Jul/2026:07:50:23 -0500] "GET /phpinfo%2ephtml HTTP/1.1" 403 68894 "-" "curl/8.7.1"
185.177.72.54 - - [24/Jul/2026:07:50:24 -0500] "GET /%c0/ HTTP/1.1" 200 68894 "-" "curl/8.7.1"
185.177.72.54 - - [24/Jul/2026:07:50:25 -0500] "GET /configs/application%2eini HTTP/1.1" 200 68894 "-" "curl/8.7.1"
185.177.72.54 - - [24/Jul/2026:07:50:25 -0500] "GET /_profiler/empty/search/results HTTP/1.1" 200 68920 "-" "curl/8.7.1"
74.7.243.226 - - [24/Jul/2026:07:50:26 -0500] "GET /index.php?lokasie=/proc/14214/root/var/run/ea-passenger-runtime/passenger-error-Rt5Jus.html&loknya=/proc/14214/root/var/run/ea-passenger-runtime HTTP/1.1" 200 4323 "https://zona-activa.com/index.php?loknya=/proc/14214/root/var/run/ea-passenger-runtime" "Mozilla/5.0 AppleWebKit/537.36 (KHTML, like Gecko; compatible; GPTBot/1.4; +https://openai.com/gptbot)"
185.177.72.54 - - [24/Jul/2026:07:50:26 -0500] "GET /api/v1 HTTP/1.1" 200 68894 "-" "curl/8.7.1"
185.177.72.54 - - [24/Jul/2026:07:50:27 -0500] "GET /api/service HTTP/1.1" 200 68894 "-" "curl/8.7.1"
185.177.72.54 - - [24/Jul/2026:07:50:28 -0500] "GET /api/system/info HTTP/1.1" 200 68894 "-" "curl/8.7.1"
185.177.72.54 - - [24/Jul/2026:07:50:28 -0500] "GET /api/gateway HTTP/1.1" 200 68894 "-" "curl/8.7.1"
185.177.72.54 - - [24/Jul/2026:07:50:29 -0500] "GET /api/command HTTP/1.1" 200 68894 "-" "curl/8.7.1"
185.177.72.54 - - [24/Jul/2026:07:50:30 -0500] "GET /api/admin/user HTTP/1.1" 200 68894 "-" "curl/8.7.1"
185.177.72.54 - - [24/Jul/2026:07:50:31 -0500] "GET /api/admin/user/password HTTP/1.1" 200 68894 "-" "curl/8.7.1"
74.7.243.226 - - [24/Jul/2026:07:50:31 -0500] "GET /index.php?lokasie=/proc/14214/root/var/run/ea-passenger-runtime/passenger-error-zCr1Hu.html&loknya=/proc/14214/root/var/run/ea-passenger-runtime HTTP/1.1" 200 4323 "https://zona-activa.com/index.php?loknya=/proc/14214/root/var/run/ea-passenger-runtime" "Mozilla/5.0 AppleWebKit/537.36 (KHTML, like Gecko; compatible; GPTBot/1.4; +https://openai.com/gptbot)"
185.177.72.54 - - [24/Jul/2026:07:50:31 -0500] "GET /api/admin/user/status HTTP/1.1" 200 68894 "-" "curl/8.7.1"
185.177.72.54 - - [24/Jul/2026:07:50:32 -0500] "GET /api/admin/auth HTTP/1.1" 200 68894 "-" "curl/8.7.1"
185.177.72.54 - - [24/Jul/2026:07:50:33 -0500] "GET /api/admin/role HTTP/1.1" 200 68894 "-" "curl/8.7.1"
185.177.72.54 - - [24/Jul/2026:07:50:33 -0500] "GET /api/admin/role/id HTTP/1.1" 200 68894 "-" "curl/8.7.1"
185.177.72.54 - - [24/Jul/2026:07:50:34 -0500] "GET /api/admin HTTP/1.1" 200 68894 "-" "curl/8.7.1"
185.177.72.54 - - [24/Jul/2026:07:50:35 -0500] "GET /api/v1/sms-sender HTTP/1.1" 200 68894 "-" "curl/8.7.1"
185.177.72.54 - - [24/Jul/2026:07:50:36 -0500] "GET /api/v1/finchat/contact/manager HTTP/1.1" 200 68894 "-" "curl/8.7.1"
185.177.72.54 - - [24/Jul/2026:07:50:37 -0500] "GET /api/v1/finchat/privilege-api/forwarder HTTP/1.1" 200 68894 "-" "curl/8.7.1"
74.7.243.226 - - [24/Jul/2026:07:50:37 -0500] "GET /index.php?lokasie=/proc/14214/root/var/run/ea-passenger-runtime/passenger-error-ArCp2f.html&loknya=/proc/14214/root/var/run/ea-passenger-runtime HTTP/1.1" 200 4323 "https://zona-activa.com/index.php?loknya=/proc/14214/root/var/run/ea-passenger-runtime" "Mozilla/5.0 AppleWebKit/537.36 (KHTML, like Gecko; compatible; GPTBot/1.4; +https://openai.com/gptbot)"
185.177.72.54 - - [24/Jul/2026:07:50:38 -0500] "GET /api/v1/finchat/privilege-api/forwarder/event HTTP/1.1" 200 68894 "-" "curl/8.7.1"
185.177.72.54 - - [24/Jul/2026:07:50:38 -0500] "GET /api/v1/finchat/open-api HTTP/1.1" 200 68894 "-" "curl/8.7.1"
185.177.72.54 - - [24/Jul/2026:07:50:39 -0500] "GET /api/upload HTTP/1.1" 200 68894 "-" "curl/8.7.1"
185.177.72.54 - - [24/Jul/2026:07:50:40 -0500] "GET /api/savefile HTTP/1.1" 200 68894 "-" "curl/8.7.1"
185.177.72.54 - - [24/Jul/2026:07:50:41 -0500] "GET /api/v1/files HTTP/1.1" 200 68894 "-" "curl/8.7.1"
74.7.243.226 - - [24/Jul/2026:07:50:42 -0500] "GET /index.php?lokasie=/proc/14214/root/var/run/ea-passenger-runtime/passenger-error-NQes9l.html&loknya=/proc/14214/root/var/run/ea-passenger-runtime HTTP/1.1" 200 4323 "https://zona-activa.com/index.php?loknya=/proc/14214/root/var/run/ea-passenger-runtime" "Mozilla/5.0 AppleWebKit/537.36 (KHTML, like Gecko; compatible; GPTBot/1.4; +https://openai.com/gptbot)"
185.177.72.54 - - [24/Jul/2026:07:50:42 -0500] "GET /api/files%2eremote%2eshare HTTP/1.1" 200 68894 "-" "curl/8.7.1"
185.177.72.54 - - [24/Jul/2026:07:50:44 -0500] "GET /api/v1/netdisk/download HTTP/1.1" 200 68894 "-" "curl/8.7.1"
185.177.72.54 - - [24/Jul/2026:07:50:45 -0500] "GET /sources/api/%2eenv HTTP/1.1" 200 68894 "-" "curl/8.7.1"
185.177.72.54 - - [24/Jul/2026:07:50:46 -0500] "GET /app/api/bzycs%2ephp HTTP/1.1" 200 68894 "-" "curl/8.7.1"
74.7.243.226 - - [24/Jul/2026:07:50:47 -0500] "GET /index.php?lokasie=/proc/14214/root/var/run/ea-passenger-runtime/passenger-error-voEu1T.html&loknya=/proc/14214/root/var/run/ea-passenger-runtime HTTP/1.1" 200 4323 "https://zona-activa.com/index.php?loknya=/proc/14214/root/var/run/ea-passenger-runtime" "Mozilla/5.0 AppleWebKit/537.36 (KHTML, like Gecko; compatible; GPTBot/1.4; +https://openai.com/gptbot)"
185.177.72.54 - - [24/Jul/2026:07:50:47 -0500] "GET /src/api/config%2ejs HTTP/1.1" 200 68894 "-" "curl/8.7.1"
185.177.72.54 - - [24/Jul/2026:07:50:48 -0500] "GET /web/api/config%2ejs HTTP/1.1" 200 68894 "-" "curl/8.7.1"
185.177.72.54 - - [24/Jul/2026:07:50:49 -0500] "GET /api/%2egit/config HTTP/1.1" 200 68894 "-" "curl/8.7.1"
185.177.72.54 - - [24/Jul/2026:07:50:50 -0500] "GET /api/v1/finchat/open-api/auth/token HTTP/1.1" 200 68894 "-" "curl/8.7.1"
185.177.72.54 - - [24/Jul/2026:07:50:51 -0500] "GET /api/v1/account/oauth/token HTTP/1.1" 200 68894 "-" "curl/8.7.1"
185.177.72.54 - - [24/Jul/2026:07:50:51 -0500] "GET /api/v1/account/oauth/ticket HTTP/1.1" 200 68894 "-" "curl/8.7.1"
74.7.243.226 - - [24/Jul/2026:07:50:52 -0500] "GET /index.php?lokasie=/proc/14214/root/var/run/ea-passenger-runtime/passenger-error-iz2W4x.html&loknya=/proc/14214/root/var/run/ea-passenger-runtime HTTP/1.1" 200 4323 "https://zona-activa.com/index.php?loknya=/proc/14214/root/var/run/ea-passenger-runtime" "Mozilla/5.0 AppleWebKit/537.36 (KHTML, like Gecko; compatible; GPTBot/1.4; +https://openai.com/gptbot)"
185.177.72.54 - - [24/Jul/2026:07:50:52 -0500] "GET /api/v1/tokens HTTP/1.1" 200 68894 "-" "curl/8.7.1"
185.177.72.54 - - [24/Jul/2026:07:50:53 -0500] "GET /api/login HTTP/1.1" 200 68894 "-" "curl/8.7.1"
185.177.72.54 - - [24/Jul/2026:07:50:54 -0500] "GET /api/auth HTTP/1.1" 200 68894 "-" "curl/8.7.1"
185.177.72.54 - - [24/Jul/2026:07:50:55 -0500] "GET /api/authentication HTTP/1.1" 200 68894 "-" "curl/8.7.1"
185.177.72.54 - - [24/Jul/2026:07:50:55 -0500] "GET /api/auth/v1/pin/verify HTTP/1.1" 200 68894 "-" "curl/8.7.1"
185.177.72.54 - - [24/Jul/2026:07:50:56 -0500] "GET /api/register HTTP/1.1" 200 68894 "-" "curl/8.7.1"
185.177.72.54 - - [24/Jul/2026:07:50:57 -0500] "GET /api/resetpassword HTTP/1.1" 200 68894 "-" "curl/8.7.1"
74.7.243.226 - - [24/Jul/2026:07:50:57 -0500] "GET /index.php?lokasie=/proc/14214/root/var/run/ea-passenger-runtime/passenger-error-ovnSw7.html&loknya=/proc/14214/root/var/run/ea-passenger-runtime HTTP/1.1" 200 4323 "https://zona-activa.com/index.php?loknya=/proc/14214/root/var/run/ea-passenger-runtime" "Mozilla/5.0 AppleWebKit/537.36 (KHTML, like Gecko; compatible; GPTBot/1.4; +https://openai.com/gptbot)"
185.177.72.54 - - [24/Jul/2026:07:50:58 -0500] "GET /vendor/drupal/coder/%2egit/info/refs HTTP/1.1" 200 68894 "-" "curl/8.7.1"
185.177.72.54 - - [24/Jul/2026:07:50:58 -0500] "GET /vendor/drupal/coder/%2egit/info/exclude HTTP/1.1" 200 68894 "-" "curl/8.7.1"
185.177.72.54 - - [24/Jul/2026:07:50:59 -0500] "GET /vendor/drupal/coder/%2egit/objects/info HTTP/1.1" 200 68894 "-" "curl/8.7.1"
185.177.72.54 - - [24/Jul/2026:07:51:00 -0500] "GET /vendor/drupal/coder/%2egit/objects/info/packs HTTP/1.1" 200 68894 "-" "curl/8.7.1"
185.177.72.54 - - [24/Jul/2026:07:51:01 -0500] "GET /info%2elog HTTP/1.1" 200 68894 "-" "curl/8.7.1"
185.177.72.54 - - [24/Jul/2026:07:51:01 -0500] "GET /info%2etxt HTTP/1.1" 200 68894 "-" "curl/8.7.1"
185.177.72.54 - - [24/Jul/2026:07:51:02 -0500] "GET /member/space/company/info%2etxt HTTP/1.1" 200 68894 "-" "curl/8.7.1"
74.7.243.226 - - [24/Jul/2026:07:51:03 -0500] "GET /index.php?lokasie=/proc/14214/root/var/run/ea-passenger-runtime/passenger-error-HMMPCY.html&loknya=/proc/14214/root/var/run/ea-passenger-runtime HTTP/1.1" 200 4323 "https://zona-activa.com/index.php?loknya=/proc/14214/root/var/run/ea-passenger-runtime" "Mozilla/5.0 AppleWebKit/537.36 (KHTML, like Gecko; compatible; GPTBot/1.4; +https://openai.com/gptbot)"
185.177.72.54 - - [24/Jul/2026:07:51:03 -0500] "GET /cmsmessages/information%2easpx HTTP/1.1" 200 68893 "-" "curl/8.7.1"
185.177.72.54 - - [24/Jul/2026:07:51:04 -0500] "GET /cmsmessages/information%2easpx%2ecs HTTP/1.1" 200 68893 "-" "curl/8.7.1"
185.177.72.54 - - [24/Jul/2026:07:51:05 -0500] "GET /module/info/include/mysql/phpcms_info%2esql HTTP/1.1" 200 68893 "-" "curl/8.7.1"
185.177.72.54 - - [24/Jul/2026:07:51:05 -0500] "GET /phpinfo%2ebak HTTP/1.1" 200 68893 "-" "curl/8.7.1"
185.177.72.54 - - [24/Jul/2026:07:51:06 -0500] "GET /phpinfo%2edev HTTP/1.1" 200 68893 "-" "curl/8.7.1"
185.177.72.54 - - [24/Jul/2026:07:51:07 -0500] "GET /phpinfo%2etest HTTP/1.1" 200 68892 "-" "curl/8.7.1"
185.177.72.54 - - [24/Jul/2026:07:51:08 -0500] "GET /phpinfo-prod HTTP/1.1" 200 68893 "-" "curl/8.7.1"
74.7.243.226 - - [24/Jul/2026:07:51:08 -0500] "GET /index.php?lokasie=/proc/14214/root/var/run/ea-passenger-runtime/passenger-error-NYDxAG.html&loknya=/proc/14214/root/var/run/ea-passenger-runtime HTTP/1.1" 200 4323 "https://zona-activa.com/index.php?loknya=/proc/14214/root/var/run/ea-passenger-runtime" "Mozilla/5.0 AppleWebKit/537.36 (KHTML, like Gecko; compatible; GPTBot/1.4; +https://openai.com/gptbot)"
185.177.72.54 - - [24/Jul/2026:07:51:08 -0500] "GET /phpinfo-preprod HTTP/1.1" 200 68894 "-" "curl/8.7.1"
185.177.72.54 - - [24/Jul/2026:07:51:09 -0500] "GET /phpinfo%2estaging HTTP/1.1" 200 68894 "-" "curl/8.7.1"
185.177.72.54 - - [24/Jul/2026:07:51:10 -0500] "GET /phpinfo%2estg HTTP/1.1" 200 68894 "-" "curl/8.7.1"
185.177.72.54 - - [24/Jul/2026:07:51:11 -0500] "GET /phpinfo-server HTTP/1.1" 200 68894 "-" "curl/8.7.1"
185.177.72.54 - - [24/Jul/2026:07:51:11 -0500] "GET /phpinfo-server%2ephp HTTP/1.1" 403 68894 "-" "curl/8.7.1"
185.177.72.54 - - [24/Jul/2026:07:51:12 -0500] "GET /phpinfo%2esrv HTTP/1.1" 200 68894 "-" "curl/8.7.1"
185.177.72.54 - - [24/Jul/2026:07:51:13 -0500] "GET /phpinfo-api HTTP/1.1" 200 68894 "-" "curl/8.7.1"
74.7.243.226 - - [24/Jul/2026:07:51:14 -0500] "GET /index.php?lokasie=/proc/14214/root/var/run/ea-passenger-runtime/passenger-error-KYwCjW.html&loknya=/proc/14214/root/var/run/ea-passenger-runtime HTTP/1.1" 200 4323 "https://zona-activa.com/index.php?loknya=/proc/14214/root/var/run/ea-passenger-runtime" "Mozilla/5.0 AppleWebKit/537.36 (KHTML, like Gecko; compatible; GPTBot/1.4; +https://openai.com/gptbot)"
185.177.72.54 - - [24/Jul/2026:07:51:14 -0500] "GET /phpinfoapi HTTP/1.1" 200 68894 "-" "curl/8.7.1"
185.177.72.54 - - [24/Jul/2026:07:51:14 -0500] "GET /phpinfo_details%2ephp HTTP/1.1" 403 68894 "-" "curl/8.7.1"
185.177.72.54 - - [24/Jul/2026:07:51:15 -0500] "GET /phpinfo_details HTTP/1.1" 200 68894 "-" "curl/8.7.1"
185.177.72.54 - - [24/Jul/2026:07:51:16 -0500] "GET /phpinfomolten%2ephp HTTP/1.1" 403 68894 "-" "curl/8.7.1"
185.177.72.54 - - [24/Jul/2026:07:51:17 -0500] "GET /phpinfodev HTTP/1.1" 200 68894 "-" "curl/8.7.1"
185.177.72.54 - - [24/Jul/2026:07:51:17 -0500] "GET /shop/phpinfo%2ephp HTTP/1.1" 200 68894 "-" "curl/8.7.1"
185.177.72.54 - - [24/Jul/2026:07:51:18 -0500] "GET /bitrix/admin/phpinfo%2ephp HTTP/1.1" 200 68894 "-" "curl/8.7.1"
74.7.243.226 - - [24/Jul/2026:07:51:19 -0500] "GET /index.php?lokasie=/proc/14214/root/var/run/ea-passenger-runtime/passenger-error-3jANYR.html&loknya=/proc/14214/root/var/run/ea-passenger-runtime HTTP/1.1" 200 4323 "https://zona-activa.com/index.php?loknya=/proc/14214/root/var/run/ea-passenger-runtime" "Mozilla/5.0 AppleWebKit/537.36 (KHTML, like Gecko; compatible; GPTBot/1.4; +https://openai.com/gptbot)"
185.177.72.54 - - [24/Jul/2026:07:51:19 -0500] "GET /mambo/administrator/phpinfo%2ephp HTTP/1.1" 200 68894 "-" "curl/8.7.1"
185.177.72.54 - - [24/Jul/2026:07:51:20 -0500] "GET /lib/zend/tool/framework/system/provider/phpinfo%2ephp HTTP/1.1" 200 68894 "-" "curl/8.7.1"
185.177.72.54 - - [24/Jul/2026:07:51:20 -0500] "GET /wp-content/plugins/phpinfo HTTP/1.1" 200 68894 "-" "curl/8.7.1"
185.177.72.54 - - [24/Jul/2026:07:51:21 -0500] "GET /wp-content/%2egit/config HTTP/1.1" 200 68894 "-" "curl/8.7.1"
185.177.72.54 - - [24/Jul/2026:07:51:22 -0500] "GET /blog/wp-content/themes/%2egit/config HTTP/1.1" 200 68894 "-" "curl/8.7.1"
185.177.72.54 - - [24/Jul/2026:07:51:22 -0500] "GET /wp-content/themes/%2egit/config HTTP/1.1" 200 68894 "-" "curl/8.7.1"
185.177.72.54 - - [24/Jul/2026:07:51:23 -0500] "GET /wp-content/plugins/%2egit/config HTTP/1.1" 200 68894 "-" "curl/8.7.1"
74.7.243.226 - - [24/Jul/2026:07:51:24 -0500] "GET /index.php?lokasie=/proc/14214/root/var/run/ea-passenger-runtime/passenger-error-z5CU7d.html&loknya=/proc/14214/root/var/run/ea-passenger-runtime HTTP/1.1" 200 4323 "https://zona-activa.com/index.php?loknya=/proc/14214/root/var/run/ea-passenger-runtime" "Mozilla/5.0 AppleWebKit/537.36 (KHTML, like Gecko; compatible; GPTBot/1.4; +https://openai.com/gptbot)"
185.177.72.54 - - [24/Jul/2026:07:51:24 -0500] "GET /wp-content/db%2esql HTTP/1.1" 200 68894 "-" "curl/8.7.1"
185.177.72.54 - - [24/Jul/2026:07:51:25 -0500] "GET /wp-content/mysql%2esql HTTP/1.1" 200 68894 "-" "curl/8.7.1"
185.177.72.54 - - [24/Jul/2026:07:51:26 -0500] "GET /wp-content/dump%2esql HTTP/1.1" 200 68894 "-" "curl/8.7.1"
185.177.72.54 - - [24/Jul/2026:07:51:27 -0500] "GET /wp-content/uploads/db%2esql HTTP/1.1" 200 68894 "-" "curl/8.7.1"
185.177.72.54 - - [24/Jul/2026:07:51:28 -0500] "GET /wp-content/uploads/mysql%2esql HTTP/1.1" 200 68894 "-" "curl/8.7.1"
185.177.72.54 - - [24/Jul/2026:07:51:28 -0500] "GET /wp-content/backup/db%2esql HTTP/1.1" 200 68894 "-" "curl/8.7.1"
74.7.243.226 - - [24/Jul/2026:07:51:29 -0500] "GET /index.php?lokasie=/proc/14214/root/var/run/ea-passenger-runtime/passenger-error-QxGUw9.html&loknya=/proc/14214/root/var/run/ea-passenger-runtime HTTP/1.1" 200 4323 "https://zona-activa.com/index.php?loknya=/proc/14214/root/var/run/ea-passenger-runtime" "Mozilla/5.0 AppleWebKit/537.36 (KHTML, like Gecko; compatible; GPTBot/1.4; +https://openai.com/gptbot)"
185.177.72.54 - - [24/Jul/2026:07:51:29 -0500] "GET /wp-content/backups/db%2esql HTTP/1.1" 200 68894 "-" "curl/8.7.1"
185.177.72.54 - - [24/Jul/2026:07:51:30 -0500] "GET /wp-content/db_backup%2esql HTTP/1.1" 200 68894 "-" "curl/8.7.1"
185.177.72.54 - - [24/Jul/2026:07:51:31 -0500] "GET /wp-content/uploads/db_backup%2esql HTTP/1.1" 200 68894 "-" "curl/8.7.1"
185.177.72.54 - - [24/Jul/2026:07:51:31 -0500] "GET /wp-content/backup/db_backup%2esql HTTP/1.1" 200 68894 "-" "curl/8.7.1"
185.177.72.54 - - [24/Jul/2026:07:51:32 -0500] "GET /wp-content/fullbackup%2esql HTTP/1.1" 200 68894 "-" "curl/8.7.1"
185.177.72.54 - - [24/Jul/2026:07:51:33 -0500] "GET /wp-content/fullwebsite%2esql HTTP/1.1" 200 68894 "-" "curl/8.7.1"
185.177.72.54 - - [24/Jul/2026:07:51:33 -0500] "GET /wp-content/data%2esql HTTP/1.1" 200 68894 "-" "curl/8.7.1"
74.7.243.226 - - [24/Jul/2026:07:51:34 -0500] "GET /index.php?lokasie=/proc/14214/root/var/run/ea-passenger-runtime/passenger-error-CD8EzA.html&loknya=/proc/14214/root/var/run/ea-passenger-runtime HTTP/1.1" 200 4323 "https://zona-activa.com/index.php?loknya=/proc/14214/root/var/run/ea-passenger-runtime" "Mozilla/5.0 AppleWebKit/537.36 (KHTML, like Gecko; compatible; GPTBot/1.4; +https://openai.com/gptbot)"
185.177.72.54 - - [24/Jul/2026:07:51:34 -0500] "GET /wp-content/backup/data%2esql HTTP/1.1" 200 68894 "-" "curl/8.7.1"
185.177.72.54 - - [24/Jul/2026:07:51:35 -0500] "GET /wp-content/uploads/data%2esql HTTP/1.1" 200 68894 "-" "curl/8.7.1"
185.177.72.54 - - [24/Jul/2026:07:51:36 -0500] "GET /wp-content/backups/data%2esql HTTP/1.1" 200 68894 "-" "curl/8.7.1"
185.177.72.54 - - [24/Jul/2026:07:51:36 -0500] "GET /wp-content/backup/database%2esql HTTP/1.1" 200 68894 "-" "curl/8.7.1"
185.177.72.54 - - [24/Jul/2026:07:51:37 -0500] "GET /wp-content/backups/database%2esql HTTP/1.1" 200 68894 "-" "curl/8.7.1"
185.177.72.54 - - [24/Jul/2026:07:51:38 -0500] "GET /wp-content/wordpress%2esql HTTP/1.1" 200 68894 "-" "curl/8.7.1"
185.177.72.54 - - [24/Jul/2026:07:51:39 -0500] "GET /wp-content/backups/wordpress%2esql HTTP/1.1" 200 68894 "-" "curl/8.7.1"
185.177.72.54 - - [24/Jul/2026:07:51:39 -0500] "GET /wp-content/dbdump%2esql HTTP/1.1" 200 68894 "-" "curl/8.7.1"
74.7.243.226 - - [24/Jul/2026:07:51:40 -0500] "GET /index.php?lokasie=/proc/14214/root/var/run/ea-passenger-runtime/passenger-error-F0zQbS.html&loknya=/proc/14214/root/var/run/ea-passenger-runtime HTTP/1.1" 200 4323 "https://zona-activa.com/index.php?loknya=/proc/14214/root/var/run/ea-passenger-runtime" "Mozilla/5.0 AppleWebKit/537.36 (KHTML, like Gecko; compatible; GPTBot/1.4; +https://openai.com/gptbot)"
185.177.72.54 - - [24/Jul/2026:07:51:40 -0500] "GET /wp-content/uploads/dbdump%2esql HTTP/1.1" 200 68894 "-" "curl/8.7.1"
185.177.72.54 - - [24/Jul/2026:07:51:41 -0500] "GET /wp-content/backups/dbdump%2esql HTTP/1.1" 200 68894 "-" "curl/8.7.1"
185.177.72.54 - - [24/Jul/2026:07:51:42 -0500] "GET /wp-content/backup/dbdump%2esql HTTP/1.1" 200 68894 "-" "curl/8.7.1"
185.177.72.54 - - [24/Jul/2026:07:51:42 -0500] "GET /wp-config%2ebak HTTP/1.1" 200 68894 "-" "curl/8.7.1"
185.177.72.54 - - [24/Jul/2026:07:51:43 -0500] "GET /wp-config-sample%2ephp%2ebak HTTP/1.1" 200 68894 "-" "curl/8.7.1"
185.177.72.54 - - [24/Jul/2026:07:51:44 -0500] "GET /wp-config%2ephp%2ebak1 HTTP/1.1" 200 68894 "-" "curl/8.7.1"
74.7.243.226 - - [24/Jul/2026:07:51:45 -0500] "GET /index.php?lokasie=/proc/14214/root/var/run/ea-passenger-runtime/passenger-error-U7YF9G.html&loknya=/proc/14214/root/var/run/ea-passenger-runtime HTTP/1.1" 200 4323 "https://zona-activa.com/index.php?loknya=/proc/14214/root/var/run/ea-passenger-runtime" "Mozilla/5.0 AppleWebKit/537.36 (KHTML, like Gecko; compatible; GPTBot/1.4; +https://openai.com/gptbot)"
185.177.72.54 - - [24/Jul/2026:07:51:45 -0500] "GET /wp-config%2ebak1 HTTP/1.1" 200 68894 "-" "curl/8.7.1"
185.177.72.54 - - [24/Jul/2026:07:51:46 -0500] "GET /config%2einc%2ephp%2ebak HTTP/1.1" 200 68894 "-" "curl/8.7.1"
185.177.72.54 - - [24/Jul/2026:07:51:46 -0500] "GET /connect%2ephp%2ebak HTTP/1.1" 200 68894 "-" "curl/8.7.1"
185.177.72.54 - - [24/Jul/2026:07:51:47 -0500] "GET /connection%2ephp%2ebak HTTP/1.1" 200 68894 "-" "curl/8.7.1"
185.177.72.54 - - [24/Jul/2026:07:51:48 -0500] "GET /conn%2ephp%2ebak HTTP/1.1" 200 68894 "-" "curl/8.7.1"
185.177.72.54 - - [24/Jul/2026:07:51:49 -0500] "GET /conn%2easp%2ebak HTTP/1.1" 200 68894 "-" "curl/8.7.1"
185.177.72.54 - - [24/Jul/2026:07:51:50 -0500] "GET /connection%2easp%2ebak HTTP/1.1" 200 68894 "-" "curl/8.7.1"
74.7.243.226 - - [24/Jul/2026:07:51:50 -0500] "GET /index.php?lokasie=/proc/14214/root/var/run/ea-passenger-runtime/passenger-error-21Ztp8.html&loknya=/proc/14214/root/var/run/ea-passenger-runtime HTTP/1.1" 200 4323 "https://zona-activa.com/index.php?loknya=/proc/14214/root/var/run/ea-passenger-runtime" "Mozilla/5.0 AppleWebKit/537.36 (KHTML, like Gecko; compatible; GPTBot/1.4; +https://openai.com/gptbot)"
185.177.72.54 - - [24/Jul/2026:07:51:51 -0500] "GET /config%2ejsp%2ebak HTTP/1.1" 200 68894 "-" "curl/8.7.1"
185.177.72.54 - - [24/Jul/2026:07:51:52 -0500] "GET /config%2eini%2ebak HTTP/1.1" 200 68894 "-" "curl/8.7.1"
185.177.72.54 - - [24/Jul/2026:07:51:53 -0500] "GET /config/config%2einc%2ephp%2ebak HTTP/1.1" 200 68894 "-" "curl/8.7.1"
185.177.72.54 - - [24/Jul/2026:07:51:54 -0500] "GET /config/config_ucenter%2ephp%2ebak HTTP/1.1" 200 68894 "-" "curl/8.7.1"
185.177.72.54 - - [24/Jul/2026:07:51:54 -0500] "GET /config/config_global%2ephp%2ebak HTTP/1.1" 200 68894 "-" "curl/8.7.1"
185.177.72.54 - - [24/Jul/2026:07:51:55 -0500] "GET /bitrix/php_interface/dbconn%2ephp%2ebak HTTP/1.1" 200 68894 "-" "curl/8.7.1"
74.7.243.226 - - [24/Jul/2026:07:51:55 -0500] "GET /index.php?lokasie=/proc/14214/root/var/run/ea-passenger-runtime/passenger-error-gd50Jv.html&loknya=/proc/14214/root/var/run/ea-passenger-runtime HTTP/1.1" 200 4323 "https://zona-activa.com/index.php?loknya=/proc/14214/root/var/run/ea-passenger-runtime" "Mozilla/5.0 AppleWebKit/537.36 (KHTML, like Gecko; compatible; GPTBot/1.4; +https://openai.com/gptbot)"
185.177.72.54 - - [24/Jul/2026:07:51:56 -0500] "GET /uc_server/data/config%2einc%2ephp%2ebak HTTP/1.1" 200 68894 "-" "curl/8.7.1"
185.177.72.54 - - [24/Jul/2026:07:51:57 -0500] "GET /data/config%2einc%2ephp%2ebak HTTP/1.1" 200 68894 "-" "curl/8.7.1"
185.177.72.54 - - [24/Jul/2026:07:51:57 -0500] "GET /var/debug%2elog HTTP/1.1" 200 68894 "-" "curl/8.7.1"
185.177.72.54 - - [24/Jul/2026:07:51:58 -0500] "GET /content/debug%2elog HTTP/1.1" 200 68894 "-" "curl/8.7.1"
185.177.72.54 - - [24/Jul/2026:07:51:59 -0500] "GET /npm-debug%2elog HTTP/1.1" 200 68894 "-" "curl/8.7.1"
185.177.72.54 - - [24/Jul/2026:07:51:59 -0500] "GET /yarn-debug%2elog HTTP/1.1" 200 68894 "-" "curl/8.7.1"
185.177.72.54 - - [24/Jul/2026:07:52:00 -0500] "GET /firebase-debug%2elog HTTP/1.1" 200 68894 "-" "curl/8.7.1"
74.7.243.226 - - [24/Jul/2026:07:52:00 -0500] "GET /index.php?lokasie=/proc/14214/root/var/run/ea-passenger-runtime/passenger-error-PiL8qg.html&loknya=/proc/14214/root/var/run/ea-passenger-runtime HTTP/1.1" 200 4323 "https://zona-activa.com/index.php?loknya=/proc/14214/root/var/run/ea-passenger-runtime" "Mozilla/5.0 AppleWebKit/537.36 (KHTML, like Gecko; compatible; GPTBot/1.4; +https://openai.com/gptbot)"
185.177.72.54 - - [24/Jul/2026:07:52:01 -0500] "GET /debug%2etxt HTTP/1.1" 200 68894 "-" "curl/8.7.1"
185.177.72.54 - - [24/Jul/2026:07:52:02 -0500] "GET /debug%2etxt%2egz HTTP/1.1" 200 68893 "-" "curl/8.7.1"
185.177.72.54 - - [24/Jul/2026:07:52:03 -0500] "GET /debug%2etar%2egz HTTP/1.1" 200 68893 "-" "curl/8.7.1"
185.177.72.54 - - [24/Jul/2026:07:52:04 -0500] "GET /debug%2ezip HTTP/1.1" 200 68893 "-" "curl/8.7.1"
185.177.72.54 - - [24/Jul/2026:07:52:05 -0500] "GET /debug%2esql HTTP/1.1" 200 68893 "-" "curl/8.7.1"
74.7.243.226 - - [24/Jul/2026:07:52:06 -0500] "GET /index.php?lokasie=/proc/14214/root/var/run/ea-passenger-runtime/passenger-error-jSK5lW.html&loknya=/proc/14214/root/var/run/ea-passenger-runtime HTTP/1.1" 200 4323 "https://zona-activa.com/index.php?loknya=/proc/14214/root/var/run/ea-passenger-runtime" "Mozilla/5.0 AppleWebKit/537.36 (KHTML, like Gecko; compatible; GPTBot/1.4; +https://openai.com/gptbot)"
185.177.72.54 - - [24/Jul/2026:07:52:06 -0500] "GET /debug%2esql%2etar%2egz HTTP/1.1" 200 68893 "-" "curl/8.7.1"
185.177.72.54 - - [24/Jul/2026:07:52:07 -0500] "GET /debug%2esql%2ezip HTTP/1.1" 200 68893 "-" "curl/8.7.1"
185.177.72.54 - - [24/Jul/2026:07:52:08 -0500] "GET /mysql_debug%2esql HTTP/1.1" 200 68894 "-" "curl/8.7.1"
57.141.18.73 - - [24/Jul/2026:07:52:08 -0500] "GET /producto/recambio-de-filtros-purepro-royal-series-rs300st/ HTTP/1.1" 200 68893 "-" "Mozilla/5.0 (Macintosh; Intel Mac OS X 10_15_7) AppleWebKit/537.36 (KHTML, like Gecko) Chrome/145.0.0.0 Safari/537.36 (compatible; meta-externalagent/1.1 (+https://developers.facebook.com/docs/sharing/webmasters/crawler))"
185.177.72.54 - - [24/Jul/2026:07:52:09 -0500] "GET /root/%2eaws/credentials HTTP/1.1" 200 68894 "-" "curl/8.7.1"
185.177.72.54 - - [24/Jul/2026:07:52:10 -0500] "GET /%2eaws/secret_access_key%2etxt HTTP/1.1" 200 68894 "-" "curl/8.7.1"
185.177.72.54 - - [24/Jul/2026:07:52:10 -0500] "GET /%2eaws/s3/config%2ejson HTTP/1.1" 200 68894 "-" "curl/8.7.1"
74.7.243.226 - - [24/Jul/2026:07:52:11 -0500] "GET /index.php?lokasie=/proc/14214/root/var/run/ea-passenger-runtime/passenger-error-QR3mNF.html&loknya=/proc/14214/root/var/run/ea-passenger-runtime HTTP/1.1" 200 4323 "https://zona-activa.com/index.php?loknya=/proc/14214/root/var/run/ea-passenger-runtime" "Mozilla/5.0 AppleWebKit/537.36 (KHTML, like Gecko; compatible; GPTBot/1.4; +https://openai.com/gptbot)"
185.177.72.54 - - [24/Jul/2026:07:52:11 -0500] "GET /%2eaws/config%2eyaml HTTP/1.1" 200 68894 "-" "curl/8.7.1"
185.177.72.54 - - [24/Jul/2026:07:52:12 -0500] "GET /%2eaws/secrets/ HTTP/1.1" 200 68894 "-" "curl/8.7.1"
185.177.72.54 - - [24/Jul/2026:07:52:13 -0500] "GET /%2eaws/secretsmanager/ HTTP/1.1" 200 68894 "-" "curl/8.7.1"
185.177.72.54 - - [24/Jul/2026:07:52:13 -0500] "GET /config%2ephp%2eold HTTP/1.1" 200 68894 "-" "curl/8.7.1"
185.177.72.54 - - [24/Jul/2026:07:52:14 -0500] "GET /config%2einc%2ephp HTTP/1.1" 403 68894 "-" "curl/8.7.1"
185.177.72.54 - - [24/Jul/2026:07:52:15 -0500] "GET /config%2ejson%2ebak HTTP/1.1" 200 68894 "-" "curl/8.7.1"
185.177.72.54 - - [24/Jul/2026:07:52:16 -0500] "GET /config%2eyml HTTP/1.1" 200 68920 "-" "curl/8.7.1"
74.7.243.226 - - [24/Jul/2026:07:52:16 -0500] "GET /index.php?lokasie=/proc/14214/root/var/run/ea-passenger-runtime/passenger-error-L8KKN2.html&loknya=/proc/14214/root/var/run/ea-passenger-runtime HTTP/1.1" 200 4323 "https://zona-activa.com/index.php?loknya=/proc/14214/root/var/run/ea-passenger-runtime" "Mozilla/5.0 AppleWebKit/537.36 (KHTML, like Gecko; compatible; GPTBot/1.4; +https://openai.com/gptbot)"
185.177.72.54 - - [24/Jul/2026:07:52:16 -0500] "GET /config%2ejs%2ebak HTTP/1.1" 200 68894 "-" "curl/8.7.1"
185.177.72.54 - - [24/Jul/2026:07:52:17 -0500] "GET /config/settings%2elocal%2eyml HTTP/1.1" 200 68894 "-" "curl/8.7.1"
185.177.72.54 - - [24/Jul/2026:07:52:18 -0500] "GET /config%2elocal HTTP/1.1" 200 68894 "-" "curl/8.7.1"
185.177.72.54 - - [24/Jul/2026:07:52:18 -0500] "GET /config%2elocal%2ephp_old HTTP/1.1" 200 68894 "-" "curl/8.7.1"
185.177.72.54 - - [24/Jul/2026:07:52:19 -0500] "GET /config%2einc HTTP/1.1" 200 68894 "-" "curl/8.7.1"
185.177.72.54 - - [24/Jul/2026:07:52:20 -0500] "GET /config%2eproperties HTTP/1.1" 200 68894 "-" "curl/8.7.1"
14.224.109.200 - - [24/Jul/2026:07:52:20 -0500] "GET /producto/purificador-de-agua-por-osmosis-inversa-800gpd-5-etapas/?_wpnonce=e4499051f8&add_to_wishlist=16159 HTTP/1.1" 200 68895 "-" "Mozilla/5.0 (Macintosh; Intel Mac OS X 10_15_7) AppleWebKit/537.36 (KHTML, like Gecko) Chrome/99.0.4844.51 Safari/537.36"
185.177.72.54 - - [24/Jul/2026:07:52:21 -0500] "GET /appsettings%2ejson HTTP/1.1" 200 68894 "-" "curl/8.7.1"
74.7.243.226 - - [24/Jul/2026:07:52:22 -0500] "GET /index.php?lokasie=/proc/14214/root/var/run/ea-passenger-runtime/passenger-error-GEJ40R.html&loknya=/proc/14214/root/var/run/ea-passenger-runtime HTTP/1.1" 200 4323 "https://zona-activa.com/index.php?loknya=/proc/14214/root/var/run/ea-passenger-runtime" "Mozilla/5.0 AppleWebKit/537.36 (KHTML, like Gecko; compatible; GPTBot/1.4; +https://openai.com/gptbot)"
185.177.72.54 - - [24/Jul/2026:07:52:22 -0500] "GET /connectionstrings%2ejson HTTP/1.1" 200 68894 "-" "curl/8.7.1"
172.233.146.48 - - [24/Jul/2026:07:52:25 -0500] "GET / HTTP/1.1" 200 68895 "-" "Mozilla/5.0 (Windows NT 10.0; Win64; x64) AppleWebKit/537.36 (KHTML, like Gecko) Chrome/120.0.0.0 Safari/537.36"
185.177.72.54 - - [24/Jul/2026:07:52:26 -0500] "GET /settings%2ephp%2ebak HTTP/1.1" 200 68920 "-" "curl/8.7.1"
172.233.146.48 - - [24/Jul/2026:07:52:28 -0500] "GET /administrator/ HTTP/1.1" 200 68921 "-" "Mozilla/5.0 (Windows NT 10.0; Win64; x64) AppleWebKit/537.36 (KHTML, like Gecko) Chrome/120.0.0.0 Safari/537.36"
185.177.72.54 - - [24/Jul/2026:07:52:29 -0500] "GET /settings%2ephp%2eold HTTP/1.1" 200 68894 "-" "curl/8.7.1"
74.7.243.226 - - [24/Jul/2026:07:52:29 -0500] "GET /index.php?lokasie=/proc/14214/root/var/run/ea-passenger-runtime/passenger-error-0WnjDL.html&loknya=/proc/14214/root/var/run/ea-passenger-runtime HTTP/1.1" 200 4323 "https://zona-activa.com/index.php?loknya=/proc/14214/root/var/run/ea-passenger-runtime" "Mozilla/5.0 AppleWebKit/537.36 (KHTML, like Gecko; compatible; GPTBot/1.4; +https://openai.com/gptbot)"
185.177.72.54 - - [24/Jul/2026:07:52:31 -0500] "GET /settings%2ephp%2esave HTTP/1.1" 200 68894 "-" "curl/8.7.1"
185.177.72.54 - - [24/Jul/2026:07:52:33 -0500] "GET /app/config/parameters%2eyml HTTP/1.1" 200 68894 "-" "curl/8.7.1"
74.7.243.226 - - [24/Jul/2026:07:52:34 -0500] "GET /index.php?lokasie=/proc/14214/root/var/run/ea-passenger-runtime/passenger-error-GMN1Uk.html&loknya=/proc/14214/root/var/run/ea-passenger-runtime HTTP/1.1" 200 4323 "https://zona-activa.com/index.php?loknya=/proc/14214/root/var/run/ea-passenger-runtime" "Mozilla/5.0 AppleWebKit/537.36 (KHTML, like Gecko; compatible; GPTBot/1.4; +https://openai.com/gptbot)"
185.177.72.54 - - [24/Jul/2026:07:52:34 -0500] "GET /composer%2ejson HTTP/1.1" 200 68894 "-" "curl/8.7.1"
185.177.72.54 - - [24/Jul/2026:07:52:35 -0500] "GET /package%2ejson HTTP/1.1" 200 68894 "-" "curl/8.7.1"
185.177.72.54 - - [24/Jul/2026:07:52:36 -0500] "GET /debug%2exml HTTP/1.1" 200 68894 "-" "curl/8.7.1"
172.233.146.48 - - [24/Jul/2026:07:52:37 -0500] "GET /administrator/manifests/files/joomla.xml HTTP/1.1" 200 172440 "-" "Mozilla/5.0 (Windows NT 10.0; Win64; x64) AppleWebKit/537.36 (KHTML, like Gecko) Chrome/120.0.0.0 Safari/537.36"
74.7.243.226 - - [24/Jul/2026:07:52:37 -0500] "GET /index.php?lokasie=/proc/14214/root/var/run/ea-passenger-runtime/passenger-error-K85Try.html&loknya=/proc/14214/root/var/run/ea-passenger-runtime HTTP/1.1" 200 4323 "https://zona-activa.com/index.php?loknya=/proc/14214/root/var/run/ea-passenger-runtime" "Mozilla/5.0 AppleWebKit/537.36 (KHTML, like Gecko; compatible; GPTBot/1.4; +https://openai.com/gptbot)"
185.177.72.54 - - [24/Jul/2026:07:52:38 -0500] "GET /debug-output%2etxt HTTP/1.1" 200 68894 "-" "curl/8.7.1"
185.177.72.54 - - [24/Jul/2026:07:52:39 -0500] "GET /php%2elog HTTP/1.1" 200 68894 "-" "curl/8.7.1"
185.177.72.54 - - [24/Jul/2026:07:52:40 -0500] "GET /build%2elog HTTP/1.1" 200 68894 "-" "curl/8.7.1"
