57.141.18.46 - - [24/Jul/2026:09:54:38 -0500] "GET /producto/membrana-de-recambio-para-osmosis-inversa-d1000gpd-modelo-europa/?lokasie=/home/zonaacti/public_html/wp-pattern.php&loknya=/home/zonaacti/public_html HTTP/1.1" 200 782106 "-" "Mozilla/5.0 (Windows NT 10.0; Win64; x64) AppleWebKit/537.36 (KHTML, like Gecko) Chrome/145.0.0.0 Safari/537.36 (compatible; meta-externalagent/1.1 (+https://developers.facebook.com/docs/sharing/webmasters/crawler))"
57.141.18.53 - - [24/Jul/2026:09:54:38 -0500] "GET /producto/membrana-de-recambio-para-osmosis-inversa-d1000gpd-modelo-europa/?lokasie=/home/zonaacti/public_html/wp-settings.php&loknya=/home/zonaacti/public_html HTTP/1.1" 200 35259 "-" "Mozilla/5.0 (Macintosh; Intel Mac OS X 10_15_7) AppleWebKit/537.36 (KHTML, like Gecko) Chrome/145.0.0.0 Safari/537.36 (compatible; meta-externalagent/1.1 (+https://developers.facebook.com/docs/sharing/webmasters/crawler))"
57.141.18.99 - - [24/Jul/2026:09:54:39 -0500] "GET /producto/membrana-de-recambio-para-osmosis-inversa-d1000gpd-modelo-europa/?lokasie=/home/zonaacti/public_html/wp-signup.php&loknya=/home/zonaacti/public_html HTTP/1.1" 200 42146 "-" "Mozilla/5.0 (Windows NT 10.0; Win64; x64) AppleWebKit/537.36 (KHTML, like Gecko) Chrome/145.0.0.0 Safari/537.36 (compatible; meta-externalagent/1.1 (+https://developers.facebook.com/docs/sharing/webmasters/crawler))"
57.141.18.52 - - [24/Jul/2026:09:54:41 -0500] "GET /producto/membrana-de-recambio-para-osmosis-inversa-d1000gpd-modelo-europa/?lokasie=/home/zonaacti/public_html/wp-trackback.php&loknya=/home/zonaacti/public_html HTTP/1.1" 200 9636 "-" "Mozilla/5.0 (Windows NT 10.0; Win64; x64) AppleWebKit/537.36 (KHTML, like Gecko) Chrome/145.0.0.0 Safari/537.36 (compatible; meta-externalagent/1.1 (+https://developers.facebook.com/docs/sharing/webmasters/crawler))"
74.7.243.226 - - [24/Jul/2026:09:54:42 -0500] "GET /index.php?loknya=/proc/14215/root/lib/.build-id/79 HTTP/1.1" 200 20280 "https://zona-activa.com/index.php?loknya=/proc/14215/root/lib/.build-id" "Mozilla/5.0 AppleWebKit/537.36 (KHTML, like Gecko; compatible; GPTBot/1.4; +https://openai.com/gptbot)"
57.141.18.97 - - [24/Jul/2026:09:54:43 -0500] "GET /producto/membrana-de-recambio-para-osmosis-inversa-d1000gpd-modelo-europa/?lokasie=/home/zonaacti/public_html/wpozntjx.php&loknya=/home/zonaacti/public_html HTTP/1.1" 200 24105 "-" "Mozilla/5.0 (Windows NT 10.0; Win64; x64) AppleWebKit/537.36 (KHTML, like Gecko) Chrome/145.0.0.0 Safari/537.36 (compatible; meta-externalagent/1.1 (+https://developers.facebook.com/docs/sharing/webmasters/crawler))"
57.141.18.84 - - [24/Jul/2026:09:54:44 -0500] "GET /producto/membrana-de-recambio-para-osmosis-inversa-d1000gpd-modelo-europa/?lokasie=/home/zonaacti/public_html/xkysvucc.php&loknya=/home/zonaacti/public_html HTTP/1.1" 200 4127 "-" "Mozilla/5.0 (Windows NT 10.0; Win64; x64) AppleWebKit/537.36 (KHTML, like Gecko) Chrome/145.0.0.0 Safari/537.36 (compatible; meta-externalagent/1.1 (+https://developers.facebook.com/docs/sharing/webmasters/crawler))"
57.141.18.79 - - [24/Jul/2026:09:54:45 -0500] "GET /producto/membrana-de-recambio-para-osmosis-inversa-d1000gpd-modelo-europa/?lokasie=/home/zonaacti/public_html/xmlrpc.php&loknya=/home/zonaacti/public_html HTTP/1.1" 200 7683 "-" "Mozilla/5.0 (Windows NT 10.0; Win64; x64) AppleWebKit/537.36 (KHTML, like Gecko) Chrome/145.0.0.0 Safari/537.36 (compatible; meta-externalagent/1.1 (+https://developers.facebook.com/docs/sharing/webmasters/crawler))"
57.141.18.33 - - [24/Jul/2026:09:54:47 -0500] "GET /producto/membrana-de-recambio-para-osmosis-inversa-d1000gpd-modelo-europa/?lokasie=/home/zonaacti/public_html/yfgdduzy.php&loknya=/home/zonaacti/public_html HTTP/1.1" 200 4127 "-" "Mozilla/5.0 (Windows NT 10.0; Win64; x64) AppleWebKit/537.36 (KHTML, like Gecko) Chrome/145.0.0.0 Safari/537.36 (compatible; meta-externalagent/1.1 (+https://developers.facebook.com/docs/sharing/webmasters/crawler))"
57.141.18.75 - - [24/Jul/2026:09:54:47 -0500] "GET /producto/membrana-de-recambio-para-osmosis-inversa-d1000gpd-modelo-europa/?loknya=/home/zonaacti/ HTTP/1.1" 200 53733 "-" "Mozilla/5.0 (Windows NT 10.0; Win64; x64) AppleWebKit/537.36 (KHTML, like Gecko) Chrome/145.0.0.0 Safari/537.36 (compatible; meta-externalagent/1.1 (+https://developers.facebook.com/docs/sharing/webmasters/crawler))"
74.7.243.226 - - [24/Jul/2026:09:54:47 -0500] "GET /index.php?lokasie=/proc/14215/root/lib/.build-id/09/ca6ad39255de02d5e90c11071f880fd7f25f42&loknya=/proc/14215/root/lib/.build-id/09 HTTP/1.1" 200 4304 "https://zona-activa.com/index.php?loknya=/proc/14215/root/lib/.build-id/09" "Mozilla/5.0 AppleWebKit/537.36 (KHTML, like Gecko; compatible; GPTBot/1.4; +https://openai.com/gptbot)"
57.141.18.25 - - [24/Jul/2026:09:54:48 -0500] "GET /producto/membrana-de-recambio-para-osmosis-inversa-d1000gpd-modelo-europa/?loknya=/home/zonaacti/public_html/.well-known HTTP/1.1" 200 7637 "-" "Mozilla/5.0 (X11; Linux x86_64) AppleWebKit/537.36 (KHTML, like Gecko) Chrome/145.0.0.0 Safari/537.36 (compatible; meta-externalagent/1.1 (+https://developers.facebook.com/docs/sharing/webmasters/crawler))"
57.141.18.114 - - [24/Jul/2026:09:54:49 -0500] "GET /producto/membrana-de-recambio-para-osmosis-inversa-d1000gpd-modelo-europa/?loknya=/ HTTP/1.1" 200 20669 "-" "Mozilla/5.0 (Windows NT 10.0; Win64; x64) AppleWebKit/537.36 (KHTML, like Gecko) Chrome/145.0.0.0 Safari/537.36 (compatible; meta-externalagent/1.1 (+https://developers.facebook.com/docs/sharing/webmasters/crawler))"
57.141.18.47 - - [24/Jul/2026:09:54:51 -0500] "GET /producto/membrana-de-recambio-para-osmosis-inversa-d1000gpd-modelo-europa/?loknya=/home/zonaacti HTTP/1.1" 200 53621 "-" "Mozilla/5.0 (Macintosh; Intel Mac OS X 10_15_7) AppleWebKit/537.36 (KHTML, like Gecko) Chrome/145.0.0.0 Safari/537.36 (compatible; meta-externalagent/1.1 (+https://developers.facebook.com/docs/sharing/webmasters/crawler))"
57.141.18.102 - - [24/Jul/2026:09:54:51 -0500] "GET /producto/membrana-de-recambio-para-osmosis-inversa-d1000gpd-modelo-europa/?lokasie=/home/zonaacti/public_html/wp-includes/feed-rdf.php&loknya=/home/zonaacti/public_html/wp-includes HTTP/1.1" 200 7426 "-" "Mozilla/5.0 (Macintosh; Intel Mac OS X 10_15_7) AppleWebKit/537.36 (KHTML, like Gecko) Chrome/145.0.0.0 Safari/537.36 (compatible; meta-externalagent/1.1 (+https://developers.facebook.com/docs/sharing/webmasters/crawler))"
74.7.243.226 - - [24/Jul/2026:09:54:52 -0500] "GET /index.php?loknya=/proc/142/root/lib/.build-id/ HTTP/1.1" 200 5334 "https://zona-activa.com/index.php?loknya=/proc/14215/root/lib/.build-id/15" "Mozilla/5.0 AppleWebKit/537.36 (KHTML, like Gecko; compatible; GPTBot/1.4; +https://openai.com/gptbot)"
57.141.18.5 - - [24/Jul/2026:09:54:52 -0500] "GET /producto/membrana-de-recambio-para-osmosis-inversa-d1000gpd-modelo-europa/?loknya=/home/zonaacti/public_html/wp-includes/certificates HTTP/1.1" 200 6985 "-" "Mozilla/5.0 (Macintosh; Intel Mac OS X 10_15_7) AppleWebKit/537.36 (KHTML, like Gecko) Chrome/145.0.0.0 Safari/537.36 (compatible; meta-externalagent/1.1 (+https://developers.facebook.com/docs/sharing/webmasters/crawler))"
57.141.18.122 - - [24/Jul/2026:09:54:53 -0500] "GET /producto/membrana-de-recambio-para-osmosis-inversa-d1000gpd-modelo-europa/?lokasie=/home/zonaacti/public_html/wp-includes/class-wp-text-diff-renderer-table.php&loknya=/home/zonaacti/public_html/wp-includes HTTP/1.1" 200 23862 "-" "Mozilla/5.0 (Windows NT 10.0; Win64; x64) AppleWebKit/537.36 (KHTML, like Gecko) Chrome/145.0.0.0 Safari/537.36 (compatible; meta-externalagent/1.1 (+https://developers.facebook.com/docs/sharing/webmasters/crawler))"
57.141.18.24 - - [24/Jul/2026:09:54:55 -0500] "GET /producto/membrana-de-recambio-para-osmosis-inversa-d1000gpd-modelo-europa/?lokasie=/home/zonaacti/public_html/wp-includes/l10n.php&loknya=/home/zonaacti/public_html/wp-includes HTTP/1.1" 200 74003 "-" "Mozilla/5.0 (Windows NT 10.0; Win64; x64) AppleWebKit/537.36 (KHTML, like Gecko) Chrome/145.0.0.0 Safari/537.36 (compatible; meta-externalagent/1.1 (+https://developers.facebook.com/docs/sharing/webmasters/crawler))"
57.141.18.114 - - [24/Jul/2026:09:54:55 -0500] "GET /producto/membrana-de-recambio-para-osmosis-inversa-d1000gpd-modelo-europa/?lokasie=/home/zonaacti/public_html/wp-includes/vars.php&loknya=/home/zonaacti/public_html/wp-includes HTTP/1.1" 200 10831 "-" "Mozilla/5.0 (Windows NT 10.0; Win64; x64) AppleWebKit/537.36 (KHTML, like Gecko) Chrome/145.0.0.0 Safari/537.36 (compatible; meta-externalagent/1.1 (+https://developers.facebook.com/docs/sharing/webmasters/crawler))"
57.141.18.89 - - [24/Jul/2026:09:54:56 -0500] "GET /producto/membrana-de-recambio-para-osmosis-inversa-d1000gpd-modelo-europa/?lokasie=/home/zonaacti/public_html/wp-includes/feed-atom.php&loknya=/home/zonaacti/public_html/wp-includes HTTP/1.1" 200 8094 "-" "Mozilla/5.0 (Windows NT 10.0; Win64; x64) AppleWebKit/537.36 (KHTML, like Gecko) Chrome/145.0.0.0 Safari/537.36 (compatible; meta-externalagent/1.1 (+https://developers.facebook.com/docs/sharing/webmasters/crawler))"
74.7.243.226 - - [24/Jul/2026:09:54:57 -0500] "GET /index.php?lokasie=/proc/14215/root/lib/.build-id/09/9fff883158ed6375396065b348b422973cd6f7&loknya=/proc/14215/root/lib/.build-id/09 HTTP/1.1" 200 4304 "https://zona-activa.com/index.php?loknya=/proc/14215/root/lib/.build-id/09" "Mozilla/5.0 AppleWebKit/537.36 (KHTML, like Gecko; compatible; GPTBot/1.4; +https://openai.com/gptbot)"
57.141.18.92 - - [24/Jul/2026:09:54:58 -0500] "GET /producto/membrana-de-recambio-para-osmosis-inversa-d1000gpd-modelo-europa/?lokasie=/home/zonaacti/public_html/wp-includes/gyxlag.php&loknya=/home/zonaacti/public_html/wp-includes HTTP/1.1" 200 4210 "-" "Mozilla/5.0 (Windows NT 10.0; Win64; x64) AppleWebKit/537.36 (KHTML, like Gecko) Chrome/145.0.0.0 Safari/537.36 (compatible; meta-externalagent/1.1 (+https://developers.facebook.com/docs/sharing/webmasters/crawler))"
57.141.18.56 - - [24/Jul/2026:09:54:58 -0500] "GET /producto/membrana-de-recambio-para-osmosis-inversa-d1000gpd-modelo-europa/?lokasie=/home/zonaacti/public_html/wp-includes/class-wp-user-request.php&loknya=/home/zonaacti/public_html/wp-includes HTTP/1.1" 200 6599 "-" "Mozilla/5.0 (Windows NT 10.0; Win64; x64) AppleWebKit/537.36 (KHTML, like Gecko) Chrome/145.0.0.0 Safari/537.36 (compatible; meta-externalagent/1.1 (+https://developers.facebook.com/docs/sharing/webmasters/crawler))"
74.7.243.226 - - [24/Jul/2026:09:55:03 -0500] "GET /index.php?lokasie=/proc/14215/root/lib/.build-id/92/5bce63b7a48b6aac423dbe555ddcfd1796f34e&loknya=/proc/14215/root/lib/.build-id/92 HTTP/1.1" 200 4304 "https://zona-activa.com/index.php?loknya=/proc/14215/root/lib/.build-id/92" "Mozilla/5.0 AppleWebKit/537.36 (KHTML, like Gecko; compatible; GPTBot/1.4; +https://openai.com/gptbot)"
74.7.243.226 - - [24/Jul/2026:09:55:07 -0500] "GET /index.php?loknya=/proc/14215/root/lib/.build-id/71 HTTP/1.1" 200 12836 "https://zona-activa.com/index.php?loknya=/proc/14215/root/lib/.build-id" "Mozilla/5.0 AppleWebKit/537.36 (KHTML, like Gecko; compatible; GPTBot/1.4; +https://openai.com/gptbot)"
74.7.243.226 - - [24/Jul/2026:09:55:13 -0500] "GET /index.php?loknya=/proc/14215/root/lib/.build-id/55 HTTP/1.1" 200 23229 "https://zona-activa.com/index.php?loknya=/proc/14215/root/lib/.build-id" "Mozilla/5.0 AppleWebKit/537.36 (KHTML, like Gecko; compatible; GPTBot/1.4; +https://openai.com/gptbot)"
74.7.243.226 - - [24/Jul/2026:09:55:18 -0500] "GET /index.php?loknya=/proc/14215/root/lib/.build-id/18 HTTP/1.1" 200 20268 "https://zona-activa.com/index.php?loknya=/proc/14215/root/lib/.build-id" "Mozilla/5.0 AppleWebKit/537.36 (KHTML, like Gecko; compatible; GPTBot/1.4; +https://openai.com/gptbot)"
74.7.243.226 - - [24/Jul/2026:09:55:23 -0500] "GET /index.php?loknya=/proc/14215/root/lib/.build-id/80 HTTP/1.1" 200 30660 "https://zona-activa.com/index.php?loknya=/proc/14215/root/lib/.build-id" "Mozilla/5.0 AppleWebKit/537.36 (KHTML, like Gecko; compatible; GPTBot/1.4; +https://openai.com/gptbot)"
74.7.243.226 - - [24/Jul/2026:09:55:29 -0500] "GET /index.php?loknya=/proc/14215/root/lib/.build-id/50 HTTP/1.1" 200 21749 "https://zona-activa.com/index.php?loknya=/proc/14215/root/lib/.build-id" "Mozilla/5.0 AppleWebKit/537.36 (KHTML, like Gecko; compatible; GPTBot/1.4; +https://openai.com/gptbot)"
74.7.243.226 - - [24/Jul/2026:09:55:33 -0500] "GET /index.php?loknya=/proc/14215/root/lib/.build-id/63 HTTP/1.1" 200 23236 "https://zona-activa.com/index.php?loknya=/proc/14215/root/lib/.build-id" "Mozilla/5.0 AppleWebKit/537.36 (KHTML, like Gecko; compatible; GPTBot/1.4; +https://openai.com/gptbot)"
74.7.243.226 - - [24/Jul/2026:09:55:39 -0500] "GET /index.php?loknya=/proc/14215/root/lib/.build-id/86 HTTP/1.1" 200 27690 "https://zona-activa.com/index.php?loknya=/proc/14215/root/lib/.build-id" "Mozilla/5.0 AppleWebKit/537.36 (KHTML, like Gecko; compatible; GPTBot/1.4; +https://openai.com/gptbot)"
74.7.243.226 - - [24/Jul/2026:09:55:44 -0500] "GET /index.php?loknya=/proc/14215/root/lib/.build-id/56 HTTP/1.1" 200 32157 "https://zona-activa.com/index.php?loknya=/proc/14215/root/lib/.build-id" "Mozilla/5.0 AppleWebKit/537.36 (KHTML, like Gecko; compatible; GPTBot/1.4; +https://openai.com/gptbot)"
74.7.243.226 - - [24/Jul/2026:09:55:49 -0500] "GET /index.php?loknya=/proc/142/root/lib/.build-id HTTP/1.1" 200 5332 "https://zona-activa.com/index.php?loknya=/proc/142/root/lib/.build-id/" "Mozilla/5.0 AppleWebKit/537.36 (KHTML, like Gecko; compatible; GPTBot/1.4; +https://openai.com/gptbot)"
74.7.243.226 - - [24/Jul/2026:09:55:54 -0500] "GET /index.php?loknya=/proc/142 HTTP/1.1" 200 5108 "https://zona-activa.com/index.php?loknya=/proc/142/root/lib/.build-id/" "Mozilla/5.0 AppleWebKit/537.36 (KHTML, like Gecko; compatible; GPTBot/1.4; +https://openai.com/gptbot)"
74.7.243.226 - - [24/Jul/2026:09:55:59 -0500] "GET /index.php?loknya=/proc/142/root HTTP/1.1" 200 5189 "https://zona-activa.com/index.php?loknya=/proc/142/root/lib/.build-id/" "Mozilla/5.0 AppleWebKit/537.36 (KHTML, like Gecko; compatible; GPTBot/1.4; +https://openai.com/gptbot)"
74.7.243.226 - - [24/Jul/2026:09:56:05 -0500] "GET /index.php?loknya=/proc/142/root/lib HTTP/1.1" 200 5247 "https://zona-activa.com/index.php?loknya=/proc/142/root/lib/.build-id/" "Mozilla/5.0 AppleWebKit/537.36 (KHTML, like Gecko; compatible; GPTBot/1.4; +https://openai.com/gptbot)"
74.7.243.226 - - [24/Jul/2026:09:56:11 -0500] "GET /index.php?loknya=/proc/14215/root/lib/.build-id/77 HTTP/1.1" 200 20255 "https://zona-activa.com/index.php?loknya=/proc/14215/root/lib/.build-id" "Mozilla/5.0 AppleWebKit/537.36 (KHTML, like Gecko; compatible; GPTBot/1.4; +https://openai.com/gptbot)"
74.7.243.226 - - [24/Jul/2026:09:56:15 -0500] "GET /index.php?loknya=/proc/14215/root/lib/.build-id/29 HTTP/1.1" 200 29169 "https://zona-activa.com/index.php?loknya=/proc/14215/root/lib/.build-id" "Mozilla/5.0 AppleWebKit/537.36 (KHTML, like Gecko; compatible; GPTBot/1.4; +https://openai.com/gptbot)"
74.7.243.226 - - [24/Jul/2026:09:56:21 -0500] "GET /index.php?loknya=/proc/14215/root/lib/.build-id/37 HTTP/1.1" 200 18783 "https://zona-activa.com/index.php?loknya=/proc/14215/root/lib/.build-id" "Mozilla/5.0 AppleWebKit/537.36 (KHTML, like Gecko; compatible; GPTBot/1.4; +https://openai.com/gptbot)"
74.7.243.226 - - [24/Jul/2026:09:56:26 -0500] "GET /index.php?loknya=/proc/14215/root/lib/.build-id/23 HTTP/1.1" 200 20259 "https://zona-activa.com/index.php?loknya=/proc/14215/root/lib/.build-id" "Mozilla/5.0 AppleWebKit/537.36 (KHTML, like Gecko; compatible; GPTBot/1.4; +https://openai.com/gptbot)"
74.7.243.226 - - [24/Jul/2026:09:56:31 -0500] "GET /index.php?loknya=/proc/14215/root/lib/.build-id/28 HTTP/1.1" 200 23235 "https://zona-activa.com/index.php?loknya=/proc/14215/root/lib/.build-id" "Mozilla/5.0 AppleWebKit/537.36 (KHTML, like Gecko; compatible; GPTBot/1.4; +https://openai.com/gptbot)"
74.7.243.226 - - [24/Jul/2026:09:56:36 -0500] "GET /index.php?loknya=/proc/14215/root/lib/.build-id/75 HTTP/1.1" 200 29171 "https://zona-activa.com/index.php?loknya=/proc/14215/root/lib/.build-id" "Mozilla/5.0 AppleWebKit/537.36 (KHTML, like Gecko; compatible; GPTBot/1.4; +https://openai.com/gptbot)"
74.7.243.226 - - [24/Jul/2026:09:56:42 -0500] "GET /index.php?loknya=/proc/14215/root/lib/.build-id/00 HTTP/1.1" 200 33647 "https://zona-activa.com/index.php?loknya=/proc/14215/root/lib/.build-id" "Mozilla/5.0 AppleWebKit/537.36 (KHTML, like Gecko; compatible; GPTBot/1.4; +https://openai.com/gptbot)"
74.7.243.226 - - [24/Jul/2026:09:56:47 -0500] "GET /index.php?loknya=/proc/14215/root/lib/.build-id/14 HTTP/1.1" 200 23244 "https://zona-activa.com/index.php?loknya=/proc/14215/root/lib/.build-id" "Mozilla/5.0 AppleWebKit/537.36 (KHTML, like Gecko; compatible; GPTBot/1.4; +https://openai.com/gptbot)"
74.7.243.226 - - [24/Jul/2026:09:56:52 -0500] "GET /index.php?loknya=/proc/14214/root/usr/include/protocols HTTP/1.1" 200 10946 "https://zona-activa.com/index.php?loknya=/proc/14214/root/usr/include" "Mozilla/5.0 AppleWebKit/537.36 (KHTML, like Gecko; compatible; GPTBot/1.4; +https://openai.com/gptbot)"
74.7.243.226 - - [24/Jul/2026:09:56:58 -0500] "GET /index.php?loknya=/proc/142/ HTTP/1.1" 200 5110 "https://zona-activa.com/index.php?loknya=/proc/142/root" "Mozilla/5.0 AppleWebKit/537.36 (KHTML, like Gecko; compatible; GPTBot/1.4; +https://openai.com/gptbot)"
74.7.243.226 - - [24/Jul/2026:09:57:03 -0500] "GET /index.php?loknya=/proc/14214/root/usr/include/neteconet HTTP/1.1" 200 6785 "https://zona-activa.com/index.php?loknya=/proc/14214/root/usr/include" "Mozilla/5.0 AppleWebKit/537.36 (KHTML, like Gecko; compatible; GPTBot/1.4; +https://openai.com/gptbot)"
74.7.243.226 - - [24/Jul/2026:09:57:08 -0500] "GET /index.php?lokasie=/proc/14215/root/lib/.build-id/77/ca68b04152f7f1bd07ea1e7281185214c08b02&loknya=/proc/14215/root/lib/.build-id/77 HTTP/1.1" 200 4304 "https://zona-activa.com/index.php?loknya=/proc/14215/root/lib/.build-id/77" "Mozilla/5.0 AppleWebKit/537.36 (KHTML, like Gecko; compatible; GPTBot/1.4; +https://openai.com/gptbot)"
74.7.243.226 - - [24/Jul/2026:09:57:13 -0500] "GET /index.php?loknya=/proc/14215/root/var/www/html HTTP/1.1" 200 18740 "https://zona-activa.com/index.php?loknya=/proc/14215/root/var/www" "Mozilla/5.0 AppleWebKit/537.36 (KHTML, like Gecko; compatible; GPTBot/1.4; +https://openai.com/gptbot)"
74.7.243.226 - - [24/Jul/2026:09:57:18 -0500] "GET /index.php?loknya=/proc/14215/root/var/php/apm HTTP/1.1" 200 6458 "https://zona-activa.com/index.php?loknya=/proc/14215/root/var/php" "Mozilla/5.0 AppleWebKit/537.36 (KHTML, like Gecko; compatible; GPTBot/1.4; +https://openai.com/gptbot)"
74.7.243.226 - - [24/Jul/2026:09:57:23 -0500] "GET /index.php?loknya=/proc/14214/root/usr/local/apache HTTP/1.1" 200 7583 "https://zona-activa.com/index.php?loknya=/proc/14214/root/usr/local" "Mozilla/5.0 AppleWebKit/537.36 (KHTML, like Gecko; compatible; GPTBot/1.4; +https://openai.com/gptbot)"
66.249.68.136 - - [24/Jul/2026:09:57:25 -0500] "GET /sale/detail/K8623265398.html HTTP/1.1" 200 197983 "-" "Mozilla/5.0 (Linux; Android 6.0.1; Nexus 5X Build/MMB29P) AppleWebKit/537.36 (KHTML, like Gecko) Chrome/150.0.7871.128 Mobile Safari/537.36 (compatible; GoogleOther)"
74.7.243.226 - - [24/Jul/2026:09:57:29 -0500] "GET /index.php?loknya=/proc/14214/root/usr/include/ HTTP/1.1" 200 400981 "https://zona-activa.com/index.php?loknya=/proc/14214/root/usr/include/net" "Mozilla/5.0 AppleWebKit/537.36 (KHTML, like Gecko; compatible; GPTBot/1.4; +https://openai.com/gptbot)"
74.7.243.226 - - [24/Jul/2026:09:57:34 -0500] "GET /index.php?loknya=/proc/14215/root/var/spool/cron HTTP/1.1" 200 6776 "https://zona-activa.com/index.php?loknya=/proc/14215/root/var/spool" "Mozilla/5.0 AppleWebKit/537.36 (KHTML, like Gecko; compatible; GPTBot/1.4; +https://openai.com/gptbot)"
74.7.243.226 - - [24/Jul/2026:09:57:39 -0500] "GET /index.php?loknya=/proc/14214/root/usr/local/cpanel HTTP/1.1" 200 5390 "https://zona-activa.com/index.php?loknya=/proc/14214/root/usr/local" "Mozilla/5.0 AppleWebKit/537.36 (KHTML, like Gecko; compatible; GPTBot/1.4; +https://openai.com/gptbot)"
74.7.243.226 - - [24/Jul/2026:09:57:44 -0500] "GET /index.php?loknya=/proc/215/root/lib/.build-id/ HTTP/1.1" 200 5334 "https://zona-activa.com/index.php?loknya=/proc/14215/root/lib/.build-id/14" "Mozilla/5.0 AppleWebKit/537.36 (KHTML, like Gecko; compatible; GPTBot/1.4; +https://openai.com/gptbot)"
74.7.243.226 - - [24/Jul/2026:09:57:49 -0500] "GET /index.php?loknya=/proc/14215/root/var/www/ HTTP/1.1" 200 7413 "https://zona-activa.com/index.php?loknya=/proc/14215/root/var/www/cgi-bin" "Mozilla/5.0 AppleWebKit/537.36 (KHTML, like Gecko; compatible; GPTBot/1.4; +https://openai.com/gptbot)"
74.7.243.226 - - [24/Jul/2026:09:57:55 -0500] "GET /index.php?loknya=/proc/14215/root/var/cpanel HTTP/1.1" 200 8490 "https://zona-activa.com/index.php?loknya=/proc/14215/root/var" "Mozilla/5.0 AppleWebKit/537.36 (KHTML, like Gecko; compatible; GPTBot/1.4; +https://openai.com/gptbot)"
74.7.243.226 - - [24/Jul/2026:09:58:00 -0500] "GET /index.php?loknya=/proc/14215/root/var/run HTTP/1.1" 200 20772 "https://zona-activa.com/index.php?loknya=/proc/14215/root/var" "Mozilla/5.0 AppleWebKit/537.36 (KHTML, like Gecko; compatible; GPTBot/1.4; +https://openai.com/gptbot)"
74.7.243.226 - - [24/Jul/2026:09:58:06 -0500] "GET /index.php?loknya=/proc/14215/root/var/cache HTTP/1.1" 200 7815 "https://zona-activa.com/index.php?loknya=/proc/14215/root/var" "Mozilla/5.0 AppleWebKit/537.36 (KHTML, like Gecko; compatible; GPTBot/1.4; +https://openai.com/gptbot)"
186.173.168.170 - - [24/Jul/2026:09:58:11 -0500] "GET /producto/esterilizador-metalico-de-15-litros-esterilizador-para-gabinete/?_wpnonce=e4ef1af092&add_to_wishlist=16377 HTTP/1.1" 200 68918 "-" "Mozilla/5.0 (Windows NT 10.0; WOW64) AppleWebKit/537.36 (KHTML, like Gecko) Chrome/97.0.4692.71 Safari/537.36"
74.7.243.226 - - [24/Jul/2026:09:58:12 -0500] "GET /index.php?loknya=/proc/14215/root/var/lve HTTP/1.1" 200 8806 "https://zona-activa.com/index.php?loknya=/proc/14215/root/var" "Mozilla/5.0 AppleWebKit/537.36 (KHTML, like Gecko; compatible; GPTBot/1.4; +https://openai.com/gptbot)"
74.7.243.226 - - [24/Jul/2026:09:58:16 -0500] "GET /index.php?loknya=/proc/14215/root/var/php/apm/db HTTP/1.1" 200 5438 "https://zona-activa.com/index.php?loknya=/proc/14215/root/var/php/apm" "Mozilla/5.0 AppleWebKit/537.36 (KHTML, like Gecko; compatible; GPTBot/1.4; +https://openai.com/gptbot)"
74.7.243.226 - - [24/Jul/2026:09:58:22 -0500] "GET /index.php?loknya=/proc/14214/root/usr/local/apache/htdocs HTTP/1.1" 200 19280 "https://zona-activa.com/index.php?loknya=/proc/14214/root/usr/local/apache" "Mozilla/5.0 AppleWebKit/537.36 (KHTML, like Gecko; compatible; GPTBot/1.4; +https://openai.com/gptbot)"
74.7.243.226 - - [24/Jul/2026:09:58:27 -0500] "GET /index.php?lokasie=/proc/14214/root/usr/include//etip.h&loknya=/proc/14214/root/usr/include/ HTTP/1.1" 200 14463 "https://zona-activa.com/index.php?loknya=/proc/14214/root/usr/include/" "Mozilla/5.0 AppleWebKit/537.36 (KHTML, like Gecko; compatible; GPTBot/1.4; +https://openai.com/gptbot)"
74.7.243.226 - - [24/Jul/2026:09:58:32 -0500] "GET /index.php?loknya=/proc/14214/root/usr/local/ HTTP/1.1" 200 12779 "https://zona-activa.com/index.php?loknya=/proc/14214/root/usr/local/apache" "Mozilla/5.0 AppleWebKit/537.36 (KHTML, like Gecko; compatible; GPTBot/1.4; +https://openai.com/gptbot)"
74.7.243.226 - - [24/Jul/2026:09:58:37 -0500] "GET /index.php?loknya=/proc/14215/root/var/tmp HTTP/1.1" 200 7782 "https://zona-activa.com/index.php?loknya=/proc/14215/root/var" "Mozilla/5.0 AppleWebKit/537.36 (KHTML, like Gecko; compatible; GPTBot/1.4; +https://openai.com/gptbot)"
74.7.243.226 - - [24/Jul/2026:09:58:42 -0500] "GET /index.php?loknya=/proc/215/root/lib/.build-id HTTP/1.1" 200 5332 "https://zona-activa.com/index.php?loknya=/proc/215/root/lib/.build-id/" "Mozilla/5.0 AppleWebKit/537.36 (KHTML, like Gecko; compatible; GPTBot/1.4; +https://openai.com/gptbot)"
74.7.243.226 - - [24/Jul/2026:09:58:48 -0500] "GET /index.php?loknya=/proc/215 HTTP/1.1" 200 5108 "https://zona-activa.com/index.php?loknya=/proc/215/root/lib/.build-id/" "Mozilla/5.0 AppleWebKit/537.36 (KHTML, like Gecko; compatible; GPTBot/1.4; +https://openai.com/gptbot)"
74.7.243.226 - - [24/Jul/2026:09:58:53 -0500] "GET /index.php?loknya=/proc/215/root HTTP/1.1" 200 5189 "https://zona-activa.com/index.php?loknya=/proc/215/root/lib/.build-id/" "Mozilla/5.0 AppleWebKit/537.36 (KHTML, like Gecko; compatible; GPTBot/1.4; +https://openai.com/gptbot)"
74.7.243.226 - - [24/Jul/2026:09:58:58 -0500] "GET /index.php?loknya=/proc/215/root/lib HTTP/1.1" 200 5247 "https://zona-activa.com/index.php?loknya=/proc/215/root/lib/.build-id/" "Mozilla/5.0 AppleWebKit/537.36 (KHTML, like Gecko; compatible; GPTBot/1.4; +https://openai.com/gptbot)"
43.157.175.122 - - [24/Jul/2026:09:59:05 -0500] "GET /?lokasie=/home/zonaacti/public_html//error_log&loknya=/home/zonaacti/public_html/ HTTP/1.1" 200 1165751 "-" "Mozilla/5.0 (iPhone; CPU iPhone OS 13_2_3 like Mac OS X) AppleWebKit/605.1.15 (KHTML, like Gecko) Version/13.0.3 Mobile/15E148 Safari/604.1"
74.7.243.226 - - [24/Jul/2026:09:59:06 -0500] "GET /index.php?loknya=/proc/14215/root/var/run/ea-passenger-runtime HTTP/1.1" 200 19627778 "https://zona-activa.com/index.php?loknya=/proc/14215/root/var/run" "Mozilla/5.0 AppleWebKit/537.36 (KHTML, like Gecko; compatible; GPTBot/1.4; +https://openai.com/gptbot)"
74.7.243.226 - - [24/Jul/2026:09:59:09 -0500] "GET /index.php?loknya=/proc/14215/root/var/lve/lveinfo.ver.cagefs HTTP/1.1" 200 6843 "https://zona-activa.com/index.php?loknya=/proc/14215/root/var/lve" "Mozilla/5.0 AppleWebKit/537.36 (KHTML, like Gecko; compatible; GPTBot/1.4; +https://openai.com/gptbot)"
74.7.243.226 - - [24/Jul/2026:09:59:14 -0500] "GET /index.php?loknya=/proc/14215/root/var/cpanel/ea4 HTTP/1.1" 200 6762 "https://zona-activa.com/index.php?loknya=/proc/14215/root/var/cpanel" "Mozilla/5.0 AppleWebKit/537.36 (KHTML, like Gecko; compatible; GPTBot/1.4; +https://openai.com/gptbot)"
74.7.243.226 - - [24/Jul/2026:09:59:19 -0500] "GET /index.php?loknya=/proc/14214/root/usr/local/apache/ HTTP/1.1" 200 7589 "https://zona-activa.com/index.php?loknya=/proc/14214/root/usr/local/apache/htdocs" "Mozilla/5.0 AppleWebKit/537.36 (KHTML, like Gecko; compatible; GPTBot/1.4; +https://openai.com/gptbot)"
74.7.243.226 - - [24/Jul/2026:09:59:24 -0500] "GET /index.php?loknya=/proc/14215/root/lib/kbd HTTP/1.1" 200 9579 "https://zona-activa.com/index.php?loknya=/proc/14215/root/lib" "Mozilla/5.0 AppleWebKit/537.36 (KHTML, like Gecko; compatible; GPTBot/1.4; +https://openai.com/gptbot)"
57.141.18.37 - - [24/Jul/2026:09:59:49 -0500] "GET /producto/membrana-de-recambio-para-osmosis-inversa-d1000gpd-modelo-europa/?lokasie=/home/zonaacti/public_html/wp-includes/class-nav-handler-nav.php&loknya=/home/zonaacti/public_html/wp-includes HTTP/1.1" 200 4225 "-" "Mozilla/5.0 (Macintosh; Intel Mac OS X 10_15_7) AppleWebKit/537.36 (KHTML, like Gecko) Chrome/145.0.0.0 Safari/537.36 (compatible; meta-externalagent/1.1 (+https://developers.facebook.com/docs/sharing/webmasters/crawler))"
74.7.243.226 - - [24/Jul/2026:09:59:54 -0500] "GET /index.php?loknya=/proc/14215/root/lib/rpm HTTP/1.1" 200 38968 "https://zona-activa.com/index.php?loknya=/proc/14215/root/lib" "Mozilla/5.0 AppleWebKit/537.36 (KHTML, like Gecko; compatible; GPTBot/1.4; +https://openai.com/gptbot)"
74.7.243.226 - - [24/Jul/2026:10:00:03 -0500] "GET /index.php?loknya=/proc/14215/root/lib/locale HTTP/1.1" 200 43927 "https://zona-activa.com/index.php?loknya=/proc/14215/root/lib" "Mozilla/5.0 AppleWebKit/537.36 (KHTML, like Gecko; compatible; GPTBot/1.4; +https://openai.com/gptbot)"
74.7.243.226 - - [24/Jul/2026:10:00:12 -0500] "GET /index.php?loknya=/proc/14214/cwd/mail/new HTTP/1.1" 200 15639680 "https://zona-activa.com/index.php?loknya=/proc/14214/cwd/mail" "Mozilla/5.0 AppleWebKit/537.36 (KHTML, like Gecko; compatible; GPTBot/1.4; +https://openai.com/gptbot)"
74.7.243.226 - - [24/Jul/2026:10:00:13 -0500] "GET /index.php?loknya=/proc/14215/root/lib/kernel HTTP/1.1" 200 7745 "https://zona-activa.com/index.php?loknya=/proc/14215/root/lib" "Mozilla/5.0 AppleWebKit/537.36 (KHTML, like Gecko; compatible; GPTBot/1.4; +https://openai.com/gptbot)"
74.7.243.226 - - [24/Jul/2026:10:00:19 -0500] "GET /index.php?loknya=/proc/215/ HTTP/1.1" 200 5110 "https://zona-activa.com/index.php?loknya=/proc/215/root" "Mozilla/5.0 AppleWebKit/537.36 (KHTML, like Gecko; compatible; GPTBot/1.4; +https://openai.com/gptbot)"
74.7.243.226 - - [24/Jul/2026:10:00:24 -0500] "GET /index.php?loknya=/proc/14214/root/usr/local/lib HTTP/1.1" 200 5378 "https://zona-activa.com/index.php?loknya=/proc/14214/root/usr/local" "Mozilla/5.0 AppleWebKit/537.36 (KHTML, like Gecko; compatible; GPTBot/1.4; +https://openai.com/gptbot)"
74.7.243.226 - - [24/Jul/2026:10:00:29 -0500] "GET /index.php?loknya=/proc/14215/root/var/log HTTP/1.1" 200 22379 "https://zona-activa.com/index.php?loknya=/proc/14215/root/var" "Mozilla/5.0 AppleWebKit/537.36 (KHTML, like Gecko; compatible; GPTBot/1.4; +https://openai.com/gptbot)"
74.7.243.226 - - [24/Jul/2026:10:00:34 -0500] "GET /index.php?lokasie=/proc/14215/root/var/run/ea-passenger-runtime/passenger-error-58jmhk.html&loknya=/proc/14215/root/var/run/ea-passenger-runtime HTTP/1.1" 200 4323 "https://zona-activa.com/index.php?loknya=/proc/14215/root/var/run/ea-passenger-runtime" "Mozilla/5.0 AppleWebKit/537.36 (KHTML, like Gecko; compatible; GPTBot/1.4; +https://openai.com/gptbot)"
74.7.243.226 - - [24/Jul/2026:10:00:39 -0500] "GET /index.php?lokasie=/proc/14215/root/var/run/ea-passenger-runtime/passenger-error-xb6m3x.html&loknya=/proc/14215/root/var/run/ea-passenger-runtime HTTP/1.1" 200 4323 "https://zona-activa.com/index.php?loknya=/proc/14215/root/var/run/ea-passenger-runtime" "Mozilla/5.0 AppleWebKit/537.36 (KHTML, like Gecko; compatible; GPTBot/1.4; +https://openai.com/gptbot)"
74.7.243.226 - - [24/Jul/2026:10:00:45 -0500] "GET /index.php?lokasie=/proc/14215/root/var/run/ea-passenger-runtime/passenger-error-xw77pk.html&loknya=/proc/14215/root/var/run/ea-passenger-runtime HTTP/1.1" 200 4323 "https://zona-activa.com/index.php?loknya=/proc/14215/root/var/run/ea-passenger-runtime" "Mozilla/5.0 AppleWebKit/537.36 (KHTML, like Gecko; compatible; GPTBot/1.4; +https://openai.com/gptbot)"
74.7.243.226 - - [24/Jul/2026:10:00:50 -0500] "GET /index.php?lokasie=/proc/14215/root/var/run/ea-passenger-runtime/passenger-error-y2jonf.html&loknya=/proc/14215/root/var/run/ea-passenger-runtime HTTP/1.1" 200 4323 "https://zona-activa.com/index.php?loknya=/proc/14215/root/var/run/ea-passenger-runtime" "Mozilla/5.0 AppleWebKit/537.36 (KHTML, like Gecko; compatible; GPTBot/1.4; +https://openai.com/gptbot)"
74.7.243.226 - - [24/Jul/2026:10:00:55 -0500] "GET /index.php?lokasie=/proc/14215/root/var/run/ea-passenger-runtime/passenger-error-z61pqd.html&loknya=/proc/14215/root/var/run/ea-passenger-runtime HTTP/1.1" 200 4323 "https://zona-activa.com/index.php?loknya=/proc/14215/root/var/run/ea-passenger-runtime" "Mozilla/5.0 AppleWebKit/537.36 (KHTML, like Gecko; compatible; GPTBot/1.4; +https://openai.com/gptbot)"
74.7.243.226 - - [24/Jul/2026:10:01:00 -0500] "GET /index.php?lokasie=/proc/14215/root/var/run/ea-passenger-runtime/passenger-error-qagnoS.html&loknya=/proc/14215/root/var/run/ea-passenger-runtime HTTP/1.1" 200 4323 "https://zona-activa.com/index.php?loknya=/proc/14215/root/var/run/ea-passenger-runtime" "Mozilla/5.0 AppleWebKit/537.36 (KHTML, like Gecko; compatible; GPTBot/1.4; +https://openai.com/gptbot)"
74.7.243.226 - - [24/Jul/2026:10:01:05 -0500] "GET /index.php?lokasie=/proc/14215/root/var/run/ea-passenger-runtime/passenger-error-Xk0rnh.html&loknya=/proc/14215/root/var/run/ea-passenger-runtime HTTP/1.1" 200 4323 "https://zona-activa.com/index.php?loknya=/proc/14215/root/var/run/ea-passenger-runtime" "Mozilla/5.0 AppleWebKit/537.36 (KHTML, like Gecko; compatible; GPTBot/1.4; +https://openai.com/gptbot)"
74.7.243.226 - - [24/Jul/2026:10:01:10 -0500] "GET /index.php?lokasie=/proc/14214/cwd/mail/new/1685859816.M738169P3818696.autum.cmaginet.com,S=4568,W=4666&loknya=/proc/14214/cwd/mail/new HTTP/1.1" 200 8924 "https://zona-activa.com/index.php?loknya=/proc/14214/cwd/mail/new" "Mozilla/5.0 AppleWebKit/537.36 (KHTML, like Gecko; compatible; GPTBot/1.4; +https://openai.com/gptbot)"
74.7.243.226 - - [24/Jul/2026:10:01:16 -0500] "GET /index.php?lokasie=/proc/14214/cwd/mail/new/1680512047.M351074P1731115.autum.cmaginet.com,S=4307,W=4401&loknya=/proc/14214/cwd/mail/new HTTP/1.1" 200 8663 "https://zona-activa.com/index.php?loknya=/proc/14214/cwd/mail/new" "Mozilla/5.0 AppleWebKit/537.36 (KHTML, like Gecko; compatible; GPTBot/1.4; +https://openai.com/gptbot)"
74.7.243.226 - - [24/Jul/2026:10:01:21 -0500] "GET /index.php?lokasie=/proc/14214/cwd/mail/new/1665551801.M428064P1414287.autum.cmaginet.com,S=4365,W=4461&loknya=/proc/14214/cwd/mail/new HTTP/1.1" 200 8721 "https://zona-activa.com/index.php?loknya=/proc/14214/cwd/mail/new" "Mozilla/5.0 AppleWebKit/537.36 (KHTML, like Gecko; compatible; GPTBot/1.4; +https://openai.com/gptbot)"
74.7.243.226 - - [24/Jul/2026:10:01:40 -0500] "GET /index.php?lokasie=/proc/14214/cwd/mail/new/1682381924.M658463P1918420.autum.cmaginet.com,S=4449,W=4546&loknya=/proc/14214/cwd/mail/new HTTP/1.1" 200 8805 "https://zona-activa.com/index.php?loknya=/proc/14214/cwd/mail/new" "Mozilla/5.0 AppleWebKit/537.36 (KHTML, like Gecko; compatible; GPTBot/1.4; +https://openai.com/gptbot)"
74.7.243.226 - - [24/Jul/2026:10:01:53 -0500] "GET /index.php?lokasie=/proc/14214/cwd/mail/new/1690825821.M488514P1718193.autum.cmaginet.com,S=13391,W=13619&loknya=/proc/14214/cwd/mail/new HTTP/1.1" 200 17749 "https://zona-activa.com/index.php?loknya=/proc/14214/cwd/mail/new" "Mozilla/5.0 AppleWebKit/537.36 (KHTML, like Gecko; compatible; GPTBot/1.4; +https://openai.com/gptbot)"
74.7.243.226 - - [24/Jul/2026:10:01:55 -0500] "GET /index.php?lokasie=/proc/14214/cwd/mail/new/1750592616.M520083P3966966.isis.cmaginet.com,S=6148,W=6268&loknya=/proc/14214/cwd/mail/new HTTP/1.1" 200 11247 "https://zona-activa.com/index.php?loknya=/proc/14214/cwd/mail/new" "Mozilla/5.0 AppleWebKit/537.36 (KHTML, like Gecko; compatible; GPTBot/1.4; +https://openai.com/gptbot)"
74.7.243.226 - - [24/Jul/2026:10:01:59 -0500] "GET /index.php?lokasie=/proc/14214/cwd/mail/new/1745335851.M764080P2694165.isis.cmaginet.com,S=5726,W=5842&loknya=/proc/14214/cwd/mail/new HTTP/1.1" 200 10621 "https://zona-activa.com/index.php?loknya=/proc/14214/cwd/mail/new" "Mozilla/5.0 AppleWebKit/537.36 (KHTML, like Gecko; compatible; GPTBot/1.4; +https://openai.com/gptbot)"
66.249.68.135 - - [24/Jul/2026:10:02:00 -0500] "GET /sale/detail/K8623312746.html HTTP/1.1" 200 192419 "-" "Mozilla/5.0 (Linux; Android 6.0.1; Nexus 5X Build/MMB29P) AppleWebKit/537.36 (KHTML, like Gecko) Chrome/150.0.7871.128 Mobile Safari/537.36 (compatible; GoogleOther)"
74.7.243.226 - - [24/Jul/2026:10:02:04 -0500] "GET /index.php?lokasie=/proc/14214/cwd/mail/new/1762837869.M147866P1803098.isis.cmaginet.com,S=5416,W=5531&loknya=/proc/14214/cwd/mail/new HTTP/1.1" 200 10299 "https://zona-activa.com/index.php?loknya=/proc/14214/cwd/mail/new" "Mozilla/5.0 AppleWebKit/537.36 (KHTML, like Gecko; compatible; GPTBot/1.4; +https://openai.com/gptbot)"
74.7.243.226 - - [24/Jul/2026:10:02:09 -0500] "GET /index.php?lokasie=/proc/14214/cwd/mail/new/1751169787.M309074P2166345.isis.cmaginet.com,S=5715,W=5832&loknya=/proc/14214/cwd/mail/new HTTP/1.1" 200 10646 "https://zona-activa.com/index.php?loknya=/proc/14214/cwd/mail/new" "Mozilla/5.0 AppleWebKit/537.36 (KHTML, like Gecko; compatible; GPTBot/1.4; +https://openai.com/gptbot)"
74.7.243.226 - - [24/Jul/2026:10:02:14 -0500] "GET /index.php?lokasie=/proc/14214/cwd/mail/new/1752880469.M570948P2085931.isis.cmaginet.com,S=5750,W=5868&loknya=/proc/14214/cwd/mail/new HTTP/1.1" 200 10677 "https://zona-activa.com/index.php?loknya=/proc/14214/cwd/mail/new" "Mozilla/5.0 AppleWebKit/537.36 (KHTML, like Gecko; compatible; GPTBot/1.4; +https://openai.com/gptbot)"
74.7.243.226 - - [24/Jul/2026:10:02:20 -0500] "GET /index.php?lokasie=/proc/14214/cwd/mail/new/1736096575.M962815P2779653.isis.cmaginet.com,S=4248,W=4341&loknya=/proc/14214/cwd/mail/new HTTP/1.1" 200 8603 "https://zona-activa.com/index.php?loknya=/proc/14214/cwd/mail/new" "Mozilla/5.0 AppleWebKit/537.36 (KHTML, like Gecko; compatible; GPTBot/1.4; +https://openai.com/gptbot)"
74.7.243.226 - - [24/Jul/2026:10:02:25 -0500] "GET /index.php?lokasie=/proc/14214/cwd/mail/new/1759566516.M563930P2928748.isis.cmaginet.com,S=5631,W=5747&loknya=/proc/14214/cwd/mail/new HTTP/1.1" 200 10554 "https://zona-activa.com/index.php?loknya=/proc/14214/cwd/mail/new" "Mozilla/5.0 AppleWebKit/537.36 (KHTML, like Gecko; compatible; GPTBot/1.4; +https://openai.com/gptbot)"
66.249.68.135 - - [24/Jul/2026:10:02:30 -0500] "GET /contents/renga HTTP/1.1" 200 191641 "-" "Mozilla/5.0 (Linux; Android 6.0.1; Nexus 5X Build/MMB29P) AppleWebKit/537.36 (KHTML, like Gecko) Chrome/150.0.7871.128 Mobile Safari/537.36 (compatible; Googlebot/2.1; +http://www.google.com/bot.html)"
74.7.243.226 - - [24/Jul/2026:10:02:31 -0500] "GET /index.php?lokasie=/proc/14214/cwd/mail/new/1727134058.M950957P2781820.isis.cmaginet.com,S=5873,W=5996&loknya=/proc/14214/cwd/mail/new HTTP/1.1" 200 10822 "https://zona-activa.com/index.php?loknya=/proc/14214/cwd/mail/new" "Mozilla/5.0 AppleWebKit/537.36 (KHTML, like Gecko; compatible; GPTBot/1.4; +https://openai.com/gptbot)"
74.7.243.226 - - [24/Jul/2026:10:02:36 -0500] "GET /index.php?lokasie=/proc/14214/cwd/mail/new/1726304676.M500736P3163195.isis.cmaginet.com,S=4205,W=4298&loknya=/proc/14214/cwd/mail/new HTTP/1.1" 200 8564 "https://zona-activa.com/index.php?loknya=/proc/14214/cwd/mail/new" "Mozilla/5.0 AppleWebKit/537.36 (KHTML, like Gecko; compatible; GPTBot/1.4; +https://openai.com/gptbot)"
74.7.243.226 - - [24/Jul/2026:10:02:41 -0500] "GET /index.php?lokasie=/proc/14214/cwd/mail/new/1750170937.M415292P3278968.isis.cmaginet.com,S=5729,W=5846&loknya=/proc/14214/cwd/mail/new HTTP/1.1" 200 10660 "https://zona-activa.com/index.php?loknya=/proc/14214/cwd/mail/new" "Mozilla/5.0 AppleWebKit/537.36 (KHTML, like Gecko; compatible; GPTBot/1.4; +https://openai.com/gptbot)"
74.7.243.226 - - [24/Jul/2026:10:02:47 -0500] "GET /index.php?lokasie=/proc/14214/cwd/mail/new/1736903283.M766934P1714707.isis.cmaginet.com,S=4093,W=4185&loknya=/proc/14214/cwd/mail/new HTTP/1.1" 200 8448 "https://zona-activa.com/index.php?loknya=/proc/14214/cwd/mail/new" "Mozilla/5.0 AppleWebKit/537.36 (KHTML, like Gecko; compatible; GPTBot/1.4; +https://openai.com/gptbot)"
74.7.243.226 - - [24/Jul/2026:10:02:52 -0500] "GET /index.php?lokasie=/proc/14214/cwd/mail/new/1760726114.M743104P1589007.isis.cmaginet.com,S=5868,W=5987&loknya=/proc/14214/cwd/mail/new HTTP/1.1" 200 10821 "https://zona-activa.com/index.php?loknya=/proc/14214/cwd/mail/new" "Mozilla/5.0 AppleWebKit/537.36 (KHTML, like Gecko; compatible; GPTBot/1.4; +https://openai.com/gptbot)"
74.7.243.226 - - [24/Jul/2026:10:02:57 -0500] "GET /index.php?lokasie=/proc/14215/root/var/run/ea-passenger-runtime/passenger-error-oTIeqr.html&loknya=/proc/14215/root/var/run/ea-passenger-runtime HTTP/1.1" 200 4323 "https://zona-activa.com/index.php?loknya=/proc/14215/root/var/run/ea-passenger-runtime" "Mozilla/5.0 AppleWebKit/537.36 (KHTML, like Gecko; compatible; GPTBot/1.4; +https://openai.com/gptbot)"
74.7.243.226 - - [24/Jul/2026:10:03:21 -0500] "GET /index.php?lokasie=/proc/14215/root/var/run/ea-passenger-runtime/passenger-error-MkvaoS.html&loknya=/proc/14215/root/var/run/ea-passenger-runtime HTTP/1.1" 200 4323 "https://zona-activa.com/index.php?loknya=/proc/14215/root/var/run/ea-passenger-runtime" "Mozilla/5.0 AppleWebKit/537.36 (KHTML, like Gecko; compatible; GPTBot/1.4; +https://openai.com/gptbot)"
74.7.243.226 - - [24/Jul/2026:10:03:27 -0500] "GET /index.php?lokasie=/proc/14215/root/var/run/ea-passenger-runtime/passenger-error-RpAaiA.html&loknya=/proc/14215/root/var/run/ea-passenger-runtime HTTP/1.1" 200 4323 "https://zona-activa.com/index.php?loknya=/proc/14215/root/var/run/ea-passenger-runtime" "Mozilla/5.0 AppleWebKit/537.36 (KHTML, like Gecko; compatible; GPTBot/1.4; +https://openai.com/gptbot)"
74.7.243.226 - - [24/Jul/2026:10:03:29 -0500] "GET /index.php?lokasie=/proc/14215/root/var/run/ea-passenger-runtime/passenger-error-JPORDn.html&loknya=/proc/14215/root/var/run/ea-passenger-runtime HTTP/1.1" 200 4323 "https://zona-activa.com/index.php?loknya=/proc/14215/root/var/run/ea-passenger-runtime" "Mozilla/5.0 AppleWebKit/537.36 (KHTML, like Gecko; compatible; GPTBot/1.4; +https://openai.com/gptbot)"
74.7.243.226 - - [24/Jul/2026:10:03:33 -0500] "GET /index.php?lokasie=/proc/14215/root/var/run/ea-passenger-runtime/passenger-error-PlDNKk.html&loknya=/proc/14215/root/var/run/ea-passenger-runtime HTTP/1.1" 200 4323 "https://zona-activa.com/index.php?loknya=/proc/14215/root/var/run/ea-passenger-runtime" "Mozilla/5.0 AppleWebKit/537.36 (KHTML, like Gecko; compatible; GPTBot/1.4; +https://openai.com/gptbot)"
74.7.243.226 - - [24/Jul/2026:10:03:38 -0500] "GET /index.php?lokasie=/proc/14215/root/var/run/ea-passenger-runtime/passenger-error-dImPwO.html&loknya=/proc/14215/root/var/run/ea-passenger-runtime HTTP/1.1" 200 4323 "https://zona-activa.com/index.php?loknya=/proc/14215/root/var/run/ea-passenger-runtime" "Mozilla/5.0 AppleWebKit/537.36 (KHTML, like Gecko; compatible; GPTBot/1.4; +https://openai.com/gptbot)"
74.7.243.226 - - [24/Jul/2026:10:03:43 -0500] "GET /index.php?lokasie=/proc/14215/root/var/run/ea-passenger-runtime/passenger-error-EfyuwA.html&loknya=/proc/14215/root/var/run/ea-passenger-runtime HTTP/1.1" 200 4323 "https://zona-activa.com/index.php?loknya=/proc/14215/root/var/run/ea-passenger-runtime" "Mozilla/5.0 AppleWebKit/537.36 (KHTML, like Gecko; compatible; GPTBot/1.4; +https://openai.com/gptbot)"
57.141.18.66 - - [24/Jul/2026:10:03:44 -0500] "GET /producto/membrana-de-recambio-para-osmosis-inversa-d1000gpd-modelo-europa/?lokasie=/home/zonaacti/public_html/wp-includes/robots-template.php&loknya=/home/zonaacti/public_html/wp-includes HTTP/1.1" 200 9446 "-" "Mozilla/5.0 (Windows NT 10.0; Win64; x64) AppleWebKit/537.36 (KHTML, like Gecko) Chrome/145.0.0.0 Safari/537.36 (compatible; meta-externalagent/1.1 (+https://developers.facebook.com/docs/sharing/webmasters/crawler))"
74.7.243.226 - - [24/Jul/2026:10:03:49 -0500] "GET /index.php?lokasie=/proc/14215/root/var/run/ea-passenger-runtime/passenger-error-EIcSvL.html&loknya=/proc/14215/root/var/run/ea-passenger-runtime HTTP/1.1" 200 4323 "https://zona-activa.com/index.php?loknya=/proc/14215/root/var/run/ea-passenger-runtime" "Mozilla/5.0 AppleWebKit/537.36 (KHTML, like Gecko; compatible; GPTBot/1.4; +https://openai.com/gptbot)"
74.7.243.226 - - [24/Jul/2026:10:03:54 -0500] "GET /index.php?lokasie=/proc/14215/root/var/run/ea-passenger-runtime/passenger-error-FAwzmG.html&loknya=/proc/14215/root/var/run/ea-passenger-runtime HTTP/1.1" 200 4323 "https://zona-activa.com/index.php?loknya=/proc/14215/root/var/run/ea-passenger-runtime" "Mozilla/5.0 AppleWebKit/537.36 (KHTML, like Gecko; compatible; GPTBot/1.4; +https://openai.com/gptbot)"
74.7.243.226 - - [24/Jul/2026:10:03:59 -0500] "GET /index.php?lokasie=/proc/14215/root/var/run/ea-passenger-runtime/passenger-error-CAjMZK.html&loknya=/proc/14215/root/var/run/ea-passenger-runtime HTTP/1.1" 200 4323 "https://zona-activa.com/index.php?loknya=/proc/14215/root/var/run/ea-passenger-runtime" "Mozilla/5.0 AppleWebKit/537.36 (KHTML, like Gecko; compatible; GPTBot/1.4; +https://openai.com/gptbot)"
74.7.243.226 - - [24/Jul/2026:10:04:05 -0500] "GET /index.php?lokasie=/proc/14215/root/var/run/ea-passenger-runtime/passenger-error-ONMqHv.html&loknya=/proc/14215/root/var/run/ea-passenger-runtime HTTP/1.1" 200 4323 "https://zona-activa.com/index.php?loknya=/proc/14215/root/var/run/ea-passenger-runtime" "Mozilla/5.0 AppleWebKit/537.36 (KHTML, like Gecko; compatible; GPTBot/1.4; +https://openai.com/gptbot)"
57.141.18.11 - - [24/Jul/2026:10:04:07 -0500] "GET /producto/purificador-de-agua-modelo-jl-04-osmosis-inversa-100gpd-domestico-modelo-compacto/?add_to_wishlist=16239&_wpnonce=d4e2beec47 HTTP/1.1" 200 68890 "-" "Mozilla/5.0 (Macintosh; Intel Mac OS X 10_15_7) AppleWebKit/537.36 (KHTML, like Gecko) Chrome/145.0.0.0 Safari/537.36 (compatible; meta-externalagent/1.1 (+https://developers.facebook.com/docs/sharing/webmasters/crawler))"
74.7.243.226 - - [24/Jul/2026:10:04:10 -0500] "GET /index.php?lokasie=/proc/14215/root/var/run/ea-passenger-runtime/passenger-error-qQZOwy.html&loknya=/proc/14215/root/var/run/ea-passenger-runtime HTTP/1.1" 200 4323 "https://zona-activa.com/index.php?loknya=/proc/14215/root/var/run/ea-passenger-runtime" "Mozilla/5.0 AppleWebKit/537.36 (KHTML, like Gecko; compatible; GPTBot/1.4; +https://openai.com/gptbot)"
74.7.243.226 - - [24/Jul/2026:10:04:15 -0500] "GET /index.php?lokasie=/proc/14215/root/var/run/ea-passenger-runtime/passenger-error-kRqAbD.html&loknya=/proc/14215/root/var/run/ea-passenger-runtime HTTP/1.1" 200 4323 "https://zona-activa.com/index.php?loknya=/proc/14215/root/var/run/ea-passenger-runtime" "Mozilla/5.0 AppleWebKit/537.36 (KHTML, like Gecko; compatible; GPTBot/1.4; +https://openai.com/gptbot)"
66.249.68.135 - - [24/Jul/2026:10:04:26 -0500] "GET /contents/event/kansyasai HTTP/1.1" 200 214591 "-" "Mozilla/5.0 (Linux; Android 6.0.1; Nexus 5X Build/MMB29P) AppleWebKit/537.36 (KHTML, like Gecko) Chrome/150.0.7871.128 Mobile Safari/537.36 (compatible; Googlebot/2.1; +http://www.google.com/bot.html)"
74.7.243.226 - - [24/Jul/2026:10:04:31 -0500] "GET /index.php?lokasie=/proc/14215/root/var/run/ea-passenger-runtime/passenger-error-JOwcYz.html&loknya=/proc/14215/root/var/run/ea-passenger-runtime HTTP/1.1" 200 4323 "https://zona-activa.com/index.php?loknya=/proc/14215/root/var/run/ea-passenger-runtime" "Mozilla/5.0 AppleWebKit/537.36 (KHTML, like Gecko; compatible; GPTBot/1.4; +https://openai.com/gptbot)"
74.7.243.226 - - [24/Jul/2026:10:04:42 -0500] "GET /index.php?lokasie=/proc/14215/root/var/run/ea-passenger-runtime/passenger-error-rUJwNF.html&loknya=/proc/14215/root/var/run/ea-passenger-runtime HTTP/1.1" 200 4323 "https://zona-activa.com/index.php?loknya=/proc/14215/root/var/run/ea-passenger-runtime" "Mozilla/5.0 AppleWebKit/537.36 (KHTML, like Gecko; compatible; GPTBot/1.4; +https://openai.com/gptbot)"
74.7.243.226 - - [24/Jul/2026:10:04:46 -0500] "GET /index.php?lokasie=/proc/14215/root/var/run/ea-passenger-runtime/passenger-error-LFCFxT.html&loknya=/proc/14215/root/var/run/ea-passenger-runtime HTTP/1.1" 200 4323 "https://zona-activa.com/index.php?loknya=/proc/14215/root/var/run/ea-passenger-runtime" "Mozilla/5.0 AppleWebKit/537.36 (KHTML, like Gecko; compatible; GPTBot/1.4; +https://openai.com/gptbot)"
74.7.243.226 - - [24/Jul/2026:10:04:48 -0500] "GET /index.php?lokasie=/proc/14214/cwd/mail/new/1729991348.M912639P1501716.isis.cmaginet.com,S=4418,W=4514&loknya=/proc/14214/cwd/mail/new HTTP/1.1" 200 8773 "https://zona-activa.com/index.php?loknya=/proc/14214/cwd/mail/new" "Mozilla/5.0 AppleWebKit/537.36 (KHTML, like Gecko; compatible; GPTBot/1.4; +https://openai.com/gptbot)"
74.7.243.226 - - [24/Jul/2026:10:04:53 -0500] "GET /index.php?lokasie=/proc/14214/cwd/mail/new/1722262314.M155915P2778305.isis.cmaginet.com,S=7830,W=7973&loknya=/proc/14214/cwd/mail/new HTTP/1.1" 200 12849 "https://zona-activa.com/index.php?loknya=/proc/14214/cwd/mail/new" "Mozilla/5.0 AppleWebKit/537.36 (KHTML, like Gecko; compatible; GPTBot/1.4; +https://openai.com/gptbot)"
74.7.243.226 - - [24/Jul/2026:10:04:58 -0500] "GET /index.php?lokasie=/proc/14214/cwd/mail/new/1752930242.M800030P2644452.isis.cmaginet.com,S=3758,W=3847&loknya=/proc/14214/cwd/mail/new HTTP/1.1" 200 8089 "https://zona-activa.com/index.php?loknya=/proc/14214/cwd/mail/new" "Mozilla/5.0 AppleWebKit/537.36 (KHTML, like Gecko; compatible; GPTBot/1.4; +https://openai.com/gptbot)"
74.7.243.226 - - [24/Jul/2026:10:05:03 -0500] "GET /index.php?lokasie=/proc/14214/cwd/mail/new/1727773057.M839234P3264904.isis.cmaginet.com,S=4845,W=4941&loknya=/proc/14214/cwd/mail/new HTTP/1.1" 200 9200 "https://zona-activa.com/index.php?loknya=/proc/14214/cwd/mail/new" "Mozilla/5.0 AppleWebKit/537.36 (KHTML, like Gecko; compatible; GPTBot/1.4; +https://openai.com/gptbot)"
74.7.243.226 - - [24/Jul/2026:10:05:08 -0500] "GET /index.php?lokasie=/proc/14214/cwd/mail/new/1738309334.M294852P3311163.isis.cmaginet.com,S=4213,W=4307&loknya=/proc/14214/cwd/mail/new HTTP/1.1" 200 8568 "https://zona-activa.com/index.php?loknya=/proc/14214/cwd/mail/new" "Mozilla/5.0 AppleWebKit/537.36 (KHTML, like Gecko; compatible; GPTBot/1.4; +https://openai.com/gptbot)"
74.7.243.226 - - [24/Jul/2026:10:05:14 -0500] "GET /index.php?lokasie=/proc/14214/cwd/mail/new/1749586943.M937581P2161942.isis.cmaginet.com,S=5333,W=5447&loknya=/proc/14214/cwd/mail/new HTTP/1.1" 200 10216 "https://zona-activa.com/index.php?loknya=/proc/14214/cwd/mail/new" "Mozilla/5.0 AppleWebKit/537.36 (KHTML, like Gecko; compatible; GPTBot/1.4; +https://openai.com/gptbot)"
74.7.243.226 - - [24/Jul/2026:10:05:19 -0500] "GET /index.php?lokasie=/proc/14214/cwd/mail/new/1736577708.M391831P945145.isis.cmaginet.com,S=4445,W=4540&loknya=/proc/14214/cwd/mail/new HTTP/1.1" 200 8799 "https://zona-activa.com/index.php?loknya=/proc/14214/cwd/mail/new" "Mozilla/5.0 AppleWebKit/537.36 (KHTML, like Gecko; compatible; GPTBot/1.4; +https://openai.com/gptbot)"
74.7.243.226 - - [24/Jul/2026:10:05:24 -0500] "GET /index.php?lokasie=/proc/14214/cwd/mail/new/1750691379.M404785P777915.isis.cmaginet.com,S=5294,W=5408&loknya=/proc/14214/cwd/mail/new HTTP/1.1" 200 10176 "https://zona-activa.com/index.php?loknya=/proc/14214/cwd/mail/new" "Mozilla/5.0 AppleWebKit/537.36 (KHTML, like Gecko; compatible; GPTBot/1.4; +https://openai.com/gptbot)"
