74.7.243.226 - - [24/Jul/2026:07:22:32 -0500] "GET /index.php?loknya=/proc/14215/root/opt/cpanel/ea-wappspector/src HTTP/1.1" 200 15843 "https://zona-activa.com/index.php?loknya=/proc/14215/root/opt/cpanel/ea-wappspector" "Mozilla/5.0 AppleWebKit/537.36 (KHTML, like Gecko; compatible; GPTBot/1.4; +https://openai.com/gptbot)"
217.182.195.179 - - [24/Jul/2026:07:22:32 -0500] "GET /?lokasie=/home/zonaacti/public_html/wp-includes/widgets/class-wp-widget-meta.php&loknya=/home/zonaacti/public_html/wp-includes/widgets HTTP/1.1" 200 8767 "-" "Mozilla/5.0 (compatible; MJ12bot/v1.4.8; http://mj12bot.com/)"
74.7.243.226 - - [24/Jul/2026:07:22:36 -0500] "GET /index.php?loknya=/proc/14215/root/opt/cpanel/ea-apr16 HTTP/1.1" 200 6492 "https://zona-activa.com/index.php?loknya=/proc/14215/root/opt/cpanel" "Mozilla/5.0 AppleWebKit/537.36 (KHTML, like Gecko; compatible; GPTBot/1.4; +https://openai.com/gptbot)"
217.182.195.179 - - [24/Jul/2026:07:22:38 -0500] "GET /?lokasie=/home/zonaacti/public_html/wp-includes/widgets/class-wp-widget-pages.php&loknya=/home/zonaacti/public_html/wp-includes/widgets HTTP/1.1" 200 10619 "-" "Mozilla/5.0 (compatible; MJ12bot/v1.4.8; http://mj12bot.com/)"
74.7.243.226 - - [24/Jul/2026:07:22:41 -0500] "GET /index.php?lokasie=/proc/14215/root/opt/alt/php55/etc/php-fpm.conf.default&loknya=/proc/14215/root/opt/alt/php55/etc HTTP/1.1" 200 27220 "https://zona-activa.com/index.php?loknya=/proc/14215/root/opt/alt/php55/etc" "Mozilla/5.0 AppleWebKit/537.36 (KHTML, like Gecko; compatible; GPTBot/1.4; +https://openai.com/gptbot)"
217.182.195.179 - - [24/Jul/2026:07:22:44 -0500] "GET /?lokasie=/home/zonaacti/public_html/wp-includes/widgets/class-wp-widget-recent-comments.php&loknya=/home/zonaacti/public_html/wp-includes/widgets HTTP/1.1" 200 11880 "-" "Mozilla/5.0 (compatible; MJ12bot/v1.4.8; http://mj12bot.com/)"
74.7.243.226 - - [24/Jul/2026:07:22:47 -0500] "GET /index.php?loknya=/proc/14215/root/opt/alt/openldap11/ HTTP/1.1" 200 9748 "https://zona-activa.com/index.php?loknya=/proc/14215/root/opt/alt/openldap11/etc" "Mozilla/5.0 AppleWebKit/537.36 (KHTML, like Gecko; compatible; GPTBot/1.4; +https://openai.com/gptbot)"
217.182.195.179 - - [24/Jul/2026:07:22:51 -0500] "GET /?lokasie=/home/zonaacti/public_html/wp-includes/widgets/class-wp-widget-recent-posts.php&loknya=/home/zonaacti/public_html/wp-includes/widgets HTTP/1.1" 200 10899 "-" "Mozilla/5.0 (compatible; MJ12bot/v1.4.8; http://mj12bot.com/)"
74.7.243.226 - - [24/Jul/2026:07:22:51 -0500] "GET /index.php?loknya=/proc/14215/root/opt/tomcat/bin HTTP/1.1" 200 5392 "https://zona-activa.com/index.php?loknya=/proc/14215/root/opt/tomcat" "Mozilla/5.0 AppleWebKit/537.36 (KHTML, like Gecko; compatible; GPTBot/1.4; +https://openai.com/gptbot)"
74.7.243.226 - - [24/Jul/2026:07:22:57 -0500] "GET /index.php?loknya=/proc/14215/root/opt/alt/php54/usr HTTP/1.1" 200 9768 "https://zona-activa.com/index.php?loknya=/proc/14215/root/opt/alt/php54" "Mozilla/5.0 AppleWebKit/537.36 (KHTML, like Gecko; compatible; GPTBot/1.4; +https://openai.com/gptbot)"
217.182.195.179 - - [24/Jul/2026:07:22:57 -0500] "GET /?lokasie=/home/zonaacti/public_html/wp-includes/widgets/class-wp-widget-rss.php&loknya=/home/zonaacti/public_html/wp-includes/widgets HTTP/1.1" 200 9804 "-" "Mozilla/5.0 (compatible; MJ12bot/v1.4.8; http://mj12bot.com/)"
74.7.243.226 - - [24/Jul/2026:07:23:02 -0500] "GET /index.php?loknya=/proc/14215/root/opt/alt/php52/usr HTTP/1.1" 200 8690 "https://zona-activa.com/index.php?loknya=/proc/14215/root/opt/alt/php52" "Mozilla/5.0 AppleWebKit/537.36 (KHTML, like Gecko; compatible; GPTBot/1.4; +https://openai.com/gptbot)"
217.182.195.179 - - [24/Jul/2026:07:23:03 -0500] "GET /?lokasie=/home/zonaacti/public_html/wp-includes/widgets/class-wp-widget-search.php&loknya=/home/zonaacti/public_html/wp-includes/widgets HTTP/1.1" 200 7195 "-" "Mozilla/5.0 (compatible; MJ12bot/v1.4.8; http://mj12bot.com/)"
74.7.243.226 - - [24/Jul/2026:07:23:07 -0500] "GET /index.php?loknya=/proc/14215/root/opt/alt/php80 HTTP/1.1" 200 9662 "https://zona-activa.com/index.php?loknya=/proc/14215/root/opt/alt" "Mozilla/5.0 AppleWebKit/537.36 (KHTML, like Gecko; compatible; GPTBot/1.4; +https://openai.com/gptbot)"
217.182.195.179 - - [24/Jul/2026:07:23:09 -0500] "GET /?lokasie=/home/zonaacti/public_html/wp-includes/widgets/class-wp-widget-tag-cloud.php&loknya=/home/zonaacti/public_html/wp-includes/widgets HTTP/1.1" 200 11797 "-" "Mozilla/5.0 (compatible; MJ12bot/v1.4.8; http://mj12bot.com/)"
113.190.240.39 - - [24/Jul/2026:07:23:11 -0500] "GET /producto/purificador-de-agua-osmosis-inversa-ro-50-gpd-modelo-jl-2/?_wpnonce=e4499051f8&add_to_wishlist=105 HTTP/1.1" 200 68895 "-" "Mozilla/5.0 (Macintosh; Intel Mac OS X 10_14_6) AppleWebKit/537.36 (KHTML, like Gecko) Brave Chrome/86.0.4240.183 Safari/537.36"
74.7.243.226 - - [24/Jul/2026:07:23:12 -0500] "GET /index.php?loknya=/proc/14215/root/opt/alt/php83 HTTP/1.1" 200 9662 "https://zona-activa.com/index.php?loknya=/proc/14215/root/opt/alt" "Mozilla/5.0 AppleWebKit/537.36 (KHTML, like Gecko; compatible; GPTBot/1.4; +https://openai.com/gptbot)"
217.182.195.179 - - [24/Jul/2026:07:23:15 -0500] "GET /?lokasie=/home/zonaacti/public_html/wp-includes/widgets/class-wp-widget-text.php&loknya=/home/zonaacti/public_html/wp-includes/widgets HTTP/1.1" 200 27567 "-" "Mozilla/5.0 (compatible; MJ12bot/v1.4.8; http://mj12bot.com/)"
74.7.243.226 - - [24/Jul/2026:07:23:18 -0500] "GET /index.php?loknya=/proc/14215/root/opt/alt/php70 HTTP/1.1" 200 9662 "https://zona-activa.com/index.php?loknya=/proc/14215/root/opt/alt" "Mozilla/5.0 AppleWebKit/537.36 (KHTML, like Gecko; compatible; GPTBot/1.4; +https://openai.com/gptbot)"
217.182.195.179 - - [24/Jul/2026:07:23:22 -0500] "GET /?lokasie=/home/zonaacti/softaculous_backups/wp52.26_45887.2020-10-16_12-29-53.tar.gz&loknya=/home/zonaacti/softaculous_backups HTTP/1.1" 200 4182 "-" "Mozilla/5.0 (compatible; MJ12bot/v1.4.8; http://mj12bot.com/)"
74.7.243.226 - - [24/Jul/2026:07:23:23 -0500] "GET /index.php?lokasie=/proc/14214/root/opt/alt/openssl11/etc/pki/tls//ct_log_list.cnf&loknya=/proc/14214/root/opt/alt/openssl11/etc/pki/tls/ HTTP/1.1" 200 4920 "https://zona-activa.com/index.php?loknya=/proc/14214/root/opt/alt/openssl11/etc/pki/tls/" "Mozilla/5.0 AppleWebKit/537.36 (KHTML, like Gecko; compatible; GPTBot/1.4; +https://openai.com/gptbot)"
217.182.195.179 - - [24/Jul/2026:07:23:28 -0500] "GET /?lokasie=/home/zonaacti/ssl/ssl.db&loknya=/home/zonaacti/ssl HTTP/1.1" 200 15999 "-" "Mozilla/5.0 (compatible; MJ12bot/v1.4.8; http://mj12bot.com/)"
74.7.243.226 - - [24/Jul/2026:07:23:28 -0500] "GET /index.php?loknya=/proc/14215/root/opt/alt/php73 HTTP/1.1" 200 9662 "https://zona-activa.com/index.php?loknya=/proc/14215/root/opt/alt" "Mozilla/5.0 AppleWebKit/537.36 (KHTML, like Gecko; compatible; GPTBot/1.4; +https://openai.com/gptbot)"
74.7.243.226 - - [24/Jul/2026:07:23:33 -0500] "GET /index.php?loknya=/proc/14214/root/opt/cpanel/ea-wappspector/vendor/ HTTP/1.1" 200 34285 "https://zona-activa.com/index.php?loknya=/proc/14214/root/opt/cpanel/ea-wappspector/vendor/phar-io" "Mozilla/5.0 AppleWebKit/537.36 (KHTML, like Gecko; compatible; GPTBot/1.4; +https://openai.com/gptbot)"
74.7.243.226 - - [24/Jul/2026:07:23:39 -0500] "GET /index.php?loknya=/proc/14214/root/opt/cpanel/ea-wappspector/vendor/psr/ HTTP/1.1" 200 11425 "https://zona-activa.com/index.php?loknya=/proc/14214/root/opt/cpanel/ea-wappspector/vendor/psr/log" "Mozilla/5.0 AppleWebKit/537.36 (KHTML, like Gecko; compatible; GPTBot/1.4; +https://openai.com/gptbot)"
74.7.243.226 - - [24/Jul/2026:07:23:44 -0500] "GET /index.php?loknya=/proc/14215/root/opt/alt/python-internal HTTP/1.1" 200 12002 "https://zona-activa.com/index.php?loknya=/proc/14215/root/opt/alt" "Mozilla/5.0 AppleWebKit/537.36 (KHTML, like Gecko; compatible; GPTBot/1.4; +https://openai.com/gptbot)"
74.7.243.226 - - [24/Jul/2026:07:23:49 -0500] "GET /index.php?loknya=/proc/14214/root/opt/alt/python-internal/lib HTTP/1.1" 200 6644 "https://zona-activa.com/index.php?loknya=/proc/14214/root/opt/alt/python-internal" "Mozilla/5.0 AppleWebKit/537.36 (KHTML, like Gecko; compatible; GPTBot/1.4; +https://openai.com/gptbot)"
74.7.243.226 - - [24/Jul/2026:07:23:55 -0500] "GET /index.php?loknya=/proc/14215/root/opt/cpanel/ea-wappspector/ HTTP/1.1" 200 21305 "https://zona-activa.com/index.php?loknya=/proc/14215/root/opt/cpanel/ea-wappspector/src" "Mozilla/5.0 AppleWebKit/537.36 (KHTML, like Gecko; compatible; GPTBot/1.4; +https://openai.com/gptbot)"
74.7.243.226 - - [24/Jul/2026:07:24:00 -0500] "GET /index.php?loknya=/proc/14214/root/opt/cpanel/ea-wappspector/ HTTP/1.1" 200 21305 "https://zona-activa.com/index.php?loknya=/proc/14214/root/opt/cpanel/ea-wappspector/vendor" "Mozilla/5.0 AppleWebKit/537.36 (KHTML, like Gecko; compatible; GPTBot/1.4; +https://openai.com/gptbot)"
74.7.243.226 - - [24/Jul/2026:07:24:05 -0500] "GET /index.php?loknya=/proc/14215/root/opt/alt/php80/link HTTP/1.1" 200 6543 "https://zona-activa.com/index.php?loknya=/proc/14215/root/opt/alt/php80" "Mozilla/5.0 AppleWebKit/537.36 (KHTML, like Gecko; compatible; GPTBot/1.4; +https://openai.com/gptbot)"
74.7.243.226 - - [24/Jul/2026:07:24:16 -0500] "GET /index.php?loknya=/proc/14215/root/opt/alt/php70/link HTTP/1.1" 200 6543 "https://zona-activa.com/index.php?loknya=/proc/14215/root/opt/alt/php70" "Mozilla/5.0 AppleWebKit/537.36 (KHTML, like Gecko; compatible; GPTBot/1.4; +https://openai.com/gptbot)"
74.7.243.226 - - [24/Jul/2026:07:24:21 -0500] "GET /index.php?loknya=/proc/14214/root/opt/alt/python-internal/bin HTTP/1.1" 200 11146 "https://zona-activa.com/index.php?loknya=/proc/14214/root/opt/alt/python-internal" "Mozilla/5.0 AppleWebKit/537.36 (KHTML, like Gecko; compatible; GPTBot/1.4; +https://openai.com/gptbot)"
185.220.100.248 - - [24/Jul/2026:07:24:21 -0500] "GET /wp-login.php HTTP/1.1" 200 68899 "-" "Mozilla/5.0 (Windows NT 10.0; Win64; x64) AppleWebKit/537.36 (KHTML, like Gecko) Chrome/115.0.0.0 Safari/537.36 Edg/115.0.1901.203"
74.7.243.226 - - [24/Jul/2026:07:24:26 -0500] "GET /index.php?loknya=/proc/14215/root/opt/alt/php73/link HTTP/1.1" 200 6543 "https://zona-activa.com/index.php?loknya=/proc/14215/root/opt/alt/php73" "Mozilla/5.0 AppleWebKit/537.36 (KHTML, like Gecko; compatible; GPTBot/1.4; +https://openai.com/gptbot)"
74.7.243.226 - - [24/Jul/2026:07:24:31 -0500] "GET /index.php?loknya=/proc/14214/root/opt/cpanel/ea-wappspector/src HTTP/1.1" 200 15843 "https://zona-activa.com/index.php?loknya=/proc/14214/root/opt/cpanel/ea-wappspector" "Mozilla/5.0 AppleWebKit/537.36 (KHTML, like Gecko; compatible; GPTBot/1.4; +https://openai.com/gptbot)"
74.7.243.226 - - [24/Jul/2026:07:24:36 -0500] "GET /index.php?loknya=/proc/14215/root/opt/alt/python38 HTTP/1.1" 200 11848 "https://zona-activa.com/index.php?loknya=/proc/14215/root/opt/alt" "Mozilla/5.0 AppleWebKit/537.36 (KHTML, like Gecko; compatible; GPTBot/1.4; +https://openai.com/gptbot)"
74.7.243.226 - - [24/Jul/2026:07:24:42 -0500] "GET /index.php?loknya=/proc/14215/root/opt/alt/python-internal/lib HTTP/1.1" 200 6644 "https://zona-activa.com/index.php?loknya=/proc/14215/root/opt/alt/python-internal" "Mozilla/5.0 AppleWebKit/537.36 (KHTML, like Gecko; compatible; GPTBot/1.4; +https://openai.com/gptbot)"
74.7.243.226 - - [24/Jul/2026:07:24:47 -0500] "GET /index.php?loknya=/proc/14215/root/opt/alt/python-internal/etc HTTP/1.1" 200 6972 "https://zona-activa.com/index.php?loknya=/proc/14215/root/opt/alt/python-internal" "Mozilla/5.0 AppleWebKit/537.36 (KHTML, like Gecko; compatible; GPTBot/1.4; +https://openai.com/gptbot)"
74.7.243.226 - - [24/Jul/2026:07:24:52 -0500] "GET /index.php?loknya=/proc/14215/root/opt/alt/python-internal/bin HTTP/1.1" 200 11146 "https://zona-activa.com/index.php?loknya=/proc/14215/root/opt/alt/python-internal" "Mozilla/5.0 AppleWebKit/537.36 (KHTML, like Gecko; compatible; GPTBot/1.4; +https://openai.com/gptbot)"
74.7.243.226 - - [24/Jul/2026:07:24:57 -0500] "GET /index.php?loknya=/proc/14215/root/opt/alt/python37 HTTP/1.1" 200 11848 "https://zona-activa.com/index.php?loknya=/proc/14215/root/opt/alt" "Mozilla/5.0 AppleWebKit/537.36 (KHTML, like Gecko; compatible; GPTBot/1.4; +https://openai.com/gptbot)"
74.7.243.226 - - [24/Jul/2026:07:25:03 -0500] "GET /index.php?loknya=/lib64/cmake/libxml2 HTTP/1.1" 200 6560 "https://zona-activa.com/index.php?loknya=/lib64/cmake" "Mozilla/5.0 AppleWebKit/537.36 (KHTML, like Gecko; compatible; GPTBot/1.4; +https://openai.com/gptbot)"
74.7.243.226 - - [24/Jul/2026:07:25:08 -0500] "GET /index.php?loknya=/proc/14214/root/etc/openldap/certs HTTP/1.1" 200 5404 "https://zona-activa.com/index.php?loknya=/proc/14214/root/etc/openldap" "Mozilla/5.0 AppleWebKit/537.36 (KHTML, like Gecko; compatible; GPTBot/1.4; +https://openai.com/gptbot)"
74.7.243.226 - - [24/Jul/2026:07:25:13 -0500] "GET /index.php?loknya=/proc/14214/root/opt/cpanel/ea-wappspector/vendor/theseer HTTP/1.1" 200 6818 "https://zona-activa.com/index.php?loknya=/proc/14214/root/opt/cpanel/ea-wappspector/vendor" "Mozilla/5.0 AppleWebKit/537.36 (KHTML, like Gecko; compatible; GPTBot/1.4; +https://openai.com/gptbot)"
74.7.243.226 - - [24/Jul/2026:07:25:18 -0500] "GET /index.php?loknya=/proc/14214/root/opt/cpanel/ea-wappspector/vendor/laravel HTTP/1.1" 200 6861 "https://zona-activa.com/index.php?loknya=/proc/14214/root/opt/cpanel/ea-wappspector/vendor" "Mozilla/5.0 AppleWebKit/537.36 (KHTML, like Gecko; compatible; GPTBot/1.4; +https://openai.com/gptbot)"
182.190.200.48 - - [24/Jul/2026:07:25:22 -0500] "GET /producto/bebedero-de-agua-en-acero-inoxidable-modelo-semi-industrial-estructura-reforzada-fuente-de-agua-con-sistema-de-enfriamiento/?_wpnonce=ff217411fd&add_to_wishlist=66 HTTP/1.1" 200 68895 "-" "Mozilla/5.0 (Windows NT 6.1) AppleWebKit/537.36 (KHTML, like Gecko) Chrome/80.0.3987.132 Safari/537.36"
74.7.243.226 - - [24/Jul/2026:07:25:23 -0500] "GET /index.php?loknya=/proc/14214/root/opt/cpanel/ea-wappspector/vendor/phpstan HTTP/1.1" 200 7994 "https://zona-activa.com/index.php?loknya=/proc/14214/root/opt/cpanel/ea-wappspector/vendor" "Mozilla/5.0 AppleWebKit/537.36 (KHTML, like Gecko; compatible; GPTBot/1.4; +https://openai.com/gptbot)"
74.7.243.226 - - [24/Jul/2026:07:25:29 -0500] "GET /index.php?loknya=/lib64/gettext HTTP/1.1" 200 11606 "https://zona-activa.com/index.php?loknya=/lib64" "Mozilla/5.0 AppleWebKit/537.36 (KHTML, like Gecko; compatible; GPTBot/1.4; +https://openai.com/gptbot)"
74.7.243.226 - - [24/Jul/2026:07:25:34 -0500] "GET /index.php?loknya=/proc/14215/root/opt/alt/python38/lib HTTP/1.1" 200 6581 "https://zona-activa.com/index.php?loknya=/proc/14215/root/opt/alt/python38" "Mozilla/5.0 AppleWebKit/537.36 (KHTML, like Gecko; compatible; GPTBot/1.4; +https://openai.com/gptbot)"
74.7.243.226 - - [24/Jul/2026:07:25:39 -0500] "GET /index.php?loknya=/proc/14215/root/opt/alt/python-internal/ HTTP/1.1" 200 12016 "https://zona-activa.com/index.php?loknya=/proc/14215/root/opt/alt/python-internal/lib" "Mozilla/5.0 AppleWebKit/537.36 (KHTML, like Gecko; compatible; GPTBot/1.4; +https://openai.com/gptbot)"
74.7.243.226 - - [24/Jul/2026:07:25:44 -0500] "GET /index.php?loknya=/proc/14215/root/opt/alt/python38/etc HTTP/1.1" 200 6909 "https://zona-activa.com/index.php?loknya=/proc/14215/root/opt/alt/python38" "Mozilla/5.0 AppleWebKit/537.36 (KHTML, like Gecko; compatible; GPTBot/1.4; +https://openai.com/gptbot)"
38.171.163.42 - - [24/Jul/2026:07:25:50 -0500] "GET /producto/purificador-de-agua-acero-1f-modelo-jl-13/?_wpnonce=e1f1c4fa21&add_to_wishlist=74 HTTP/1.1" 200 68893 "-" "Mozilla/5.0 (Windows NT 10.0; Win64; x64) AppleWebKit/537.36 (KHTML, like Gecko) Chrome/91.0.4472.77 Safari/537.36"
74.7.243.226 - - [24/Jul/2026:07:25:50 -0500] "GET /index.php?loknya=/lib64/bluetooth HTTP/1.1" 200 5138 "https://zona-activa.com/index.php?loknya=/lib64" "Mozilla/5.0 AppleWebKit/537.36 (KHTML, like Gecko; compatible; GPTBot/1.4; +https://openai.com/gptbot)"
74.7.243.226 - - [24/Jul/2026:07:25:54 -0500] "GET /index.php?loknya=/proc/14215/root/opt/alt/python37/etc HTTP/1.1" 200 6907 "https://zona-activa.com/index.php?loknya=/proc/14215/root/opt/alt/python37" "Mozilla/5.0 AppleWebKit/537.36 (KHTML, like Gecko; compatible; GPTBot/1.4; +https://openai.com/gptbot)"
74.7.243.226 - - [24/Jul/2026:07:26:00 -0500] "GET /index.php?loknya=/lib64/enchant HTTP/1.1" 200 6472 "https://zona-activa.com/index.php?loknya=/lib64" "Mozilla/5.0 AppleWebKit/537.36 (KHTML, like Gecko; compatible; GPTBot/1.4; +https://openai.com/gptbot)"
74.7.243.226 - - [24/Jul/2026:07:26:05 -0500] "GET /index.php?loknya=/proc/14214/root/etc/openldap/ HTTP/1.1" 200 7743 "https://zona-activa.com/index.php?loknya=/proc/14214/root/etc/openldap/certs" "Mozilla/5.0 AppleWebKit/537.36 (KHTML, like Gecko; compatible; GPTBot/1.4; +https://openai.com/gptbot)"
74.7.243.226 - - [24/Jul/2026:07:26:10 -0500] "GET /index.php?loknya=/lib64/firebird HTTP/1.1" 200 7188 "https://zona-activa.com/index.php?loknya=/lib64" "Mozilla/5.0 AppleWebKit/537.36 (KHTML, like Gecko; compatible; GPTBot/1.4; +https://openai.com/gptbot)"
74.7.243.226 - - [24/Jul/2026:07:26:16 -0500] "GET /index.php?loknya=/lib64/hmaccalc HTTP/1.1" 200 13028 "https://zona-activa.com/index.php?loknya=/lib64" "Mozilla/5.0 AppleWebKit/537.36 (KHTML, like Gecko; compatible; GPTBot/1.4; +https://openai.com/gptbot)"
74.7.243.226 - - [24/Jul/2026:07:26:21 -0500] "GET /index.php?loknya=/proc/14214/root/etc/motd.d HTTP/1.1" 200 5311 "https://zona-activa.com/index.php?loknya=/proc/14214/root/etc" "Mozilla/5.0 AppleWebKit/537.36 (KHTML, like Gecko; compatible; GPTBot/1.4; +https://openai.com/gptbot)"
74.7.243.226 - - [24/Jul/2026:07:26:27 -0500] "GET /index.php?loknya=/lib64/perl5/I18N HTTP/1.1" 200 6496 "https://zona-activa.com/index.php?loknya=/lib64/perl5" "Mozilla/5.0 AppleWebKit/537.36 (KHTML, like Gecko; compatible; GPTBot/1.4; +https://openai.com/gptbot)"
74.7.243.226 - - [24/Jul/2026:07:26:34 -0500] "GET /index.php?loknya=/proc/14214/root/run/ea-passenger-runtime HTTP/1.1" 200 19210573 "https://zona-activa.com/index.php?loknya=/proc/14214/root/run" "Mozilla/5.0 AppleWebKit/537.36 (KHTML, like Gecko; compatible; GPTBot/1.4; +https://openai.com/gptbot)"
74.7.243.226 - - [24/Jul/2026:07:26:37 -0500] "GET /index.php?loknya=/proc/14214/root/opt/cpanel/alt-php81 HTTP/1.1" 200 5408 "https://zona-activa.com/index.php?loknya=/proc/14214/root/opt/cpanel" "Mozilla/5.0 AppleWebKit/537.36 (KHTML, like Gecko; compatible; GPTBot/1.4; +https://openai.com/gptbot)"
74.7.243.226 - - [24/Jul/2026:07:26:42 -0500] "GET /index.php?loknya=/proc/14214/root/opt/cpanel/ea-php71 HTTP/1.1" 200 7854 "https://zona-activa.com/index.php?loknya=/proc/14214/root/opt/cpanel" "Mozilla/5.0 AppleWebKit/537.36 (KHTML, like Gecko; compatible; GPTBot/1.4; +https://openai.com/gptbot)"
74.7.243.226 - - [24/Jul/2026:07:26:48 -0500] "GET /index.php?loknya=/proc/14214/root/opt/cpanel/ea-php82 HTTP/1.1" 200 7853 "https://zona-activa.com/index.php?loknya=/proc/14214/root/opt/cpanel" "Mozilla/5.0 AppleWebKit/537.36 (KHTML, like Gecko; compatible; GPTBot/1.4; +https://openai.com/gptbot)"
74.7.243.226 - - [24/Jul/2026:07:26:53 -0500] "GET /index.php?loknya=/proc/14214/root/opt/cpanel/ea-php81 HTTP/1.1" 200 7853 "https://zona-activa.com/index.php?loknya=/proc/14214/root/opt/cpanel" "Mozilla/5.0 AppleWebKit/537.36 (KHTML, like Gecko; compatible; GPTBot/1.4; +https://openai.com/gptbot)"
74.7.243.226 - - [24/Jul/2026:07:26:59 -0500] "GET /index.php?loknya=/proc/14214/root/opt/cpanel/ea-php74 HTTP/1.1" 200 7854 "https://zona-activa.com/index.php?loknya=/proc/14214/root/opt/cpanel" "Mozilla/5.0 AppleWebKit/537.36 (KHTML, like Gecko; compatible; GPTBot/1.4; +https://openai.com/gptbot)"
74.7.243.226 - - [24/Jul/2026:07:27:04 -0500] "GET /index.php?loknya=/proc/14214/root/opt/cpanel/ea-php84 HTTP/1.1" 200 6488 "https://zona-activa.com/index.php?loknya=/proc/14214/root/opt/cpanel" "Mozilla/5.0 AppleWebKit/537.36 (KHTML, like Gecko; compatible; GPTBot/1.4; +https://openai.com/gptbot)"
74.7.243.226 - - [24/Jul/2026:07:27:09 -0500] "GET /index.php?loknya=/proc/14214/root/opt/alt/php82/etc/rpm HTTP/1.1" 200 8319 "https://zona-activa.com/index.php?loknya=/proc/14214/root/opt/alt/php82/etc" "Mozilla/5.0 AppleWebKit/537.36 (KHTML, like Gecko; compatible; GPTBot/1.4; +https://openai.com/gptbot)"
74.7.243.226 - - [24/Jul/2026:07:27:14 -0500] "GET /index.php?loknya=/proc/14214/root/opt/cpanel/alt-php82 HTTP/1.1" 200 5408 "https://zona-activa.com/index.php?loknya=/proc/14214/root/opt/cpanel" "Mozilla/5.0 AppleWebKit/537.36 (KHTML, like Gecko; compatible; GPTBot/1.4; +https://openai.com/gptbot)"
74.7.243.226 - - [24/Jul/2026:07:27:20 -0500] "GET /index.php?loknya=/proc/14214/root/opt/cpanel/ea-php72 HTTP/1.1" 200 7854 "https://zona-activa.com/index.php?loknya=/proc/14214/root/opt/cpanel" "Mozilla/5.0 AppleWebKit/537.36 (KHTML, like Gecko; compatible; GPTBot/1.4; +https://openai.com/gptbot)"
74.7.243.226 - - [24/Jul/2026:07:27:25 -0500] "GET /index.php?loknya=/proc/14214/root/opt/alt/php72/etc/rpm HTTP/1.1" 200 8316 "https://zona-activa.com/index.php?loknya=/proc/14214/root/opt/alt/php72/etc" "Mozilla/5.0 AppleWebKit/537.36 (KHTML, like Gecko; compatible; GPTBot/1.4; +https://openai.com/gptbot)"
74.7.243.226 - - [24/Jul/2026:07:27:30 -0500] "GET /index.php?loknya=/proc/14214/root/opt/cpanel/ea-apr16 HTTP/1.1" 200 6492 "https://zona-activa.com/index.php?loknya=/proc/14214/root/opt/cpanel" "Mozilla/5.0 AppleWebKit/537.36 (KHTML, like Gecko; compatible; GPTBot/1.4; +https://openai.com/gptbot)"
74.7.243.226 - - [24/Jul/2026:07:27:35 -0500] "GET /index.php?lokasie=/proc/14214/root/run/ea-passenger-runtime/passenger-error-jjvz0l.html&loknya=/proc/14214/root/run/ea-passenger-runtime HTTP/1.1" 200 4264 "https://zona-activa.com/index.php?loknya=/proc/14214/root/run/ea-passenger-runtime" "Mozilla/5.0 AppleWebKit/537.36 (KHTML, like Gecko; compatible; GPTBot/1.4; +https://openai.com/gptbot)"
74.7.243.226 - - [24/Jul/2026:07:27:40 -0500] "GET /index.php?lokasie=/proc/14214/root/run/ea-passenger-runtime/passenger-error-6EqFSt.html&loknya=/proc/14214/root/run/ea-passenger-runtime HTTP/1.1" 200 4264 "https://zona-activa.com/index.php?loknya=/proc/14214/root/run/ea-passenger-runtime" "Mozilla/5.0 AppleWebKit/537.36 (KHTML, like Gecko; compatible; GPTBot/1.4; +https://openai.com/gptbot)"
74.7.243.226 - - [24/Jul/2026:07:27:46 -0500] "GET /index.php?lokasie=/proc/14214/root/run/ea-passenger-runtime/passenger-error-SqzNo1.html&loknya=/proc/14214/root/run/ea-passenger-runtime HTTP/1.1" 200 4264 "https://zona-activa.com/index.php?loknya=/proc/14214/root/run/ea-passenger-runtime" "Mozilla/5.0 AppleWebKit/537.36 (KHTML, like Gecko; compatible; GPTBot/1.4; +https://openai.com/gptbot)"
74.7.243.226 - - [24/Jul/2026:07:27:51 -0500] "GET /index.php?lokasie=/proc/14214/root/run/ea-passenger-runtime/passenger-error-K8xSFx.html&loknya=/proc/14214/root/run/ea-passenger-runtime HTTP/1.1" 200 4264 "https://zona-activa.com/index.php?loknya=/proc/14214/root/run/ea-passenger-runtime" "Mozilla/5.0 AppleWebKit/537.36 (KHTML, like Gecko; compatible; GPTBot/1.4; +https://openai.com/gptbot)"
74.7.243.226 - - [24/Jul/2026:07:27:56 -0500] "GET /index.php?lokasie=/proc/14214/root/run/ea-passenger-runtime/passenger-error-XdY4QM.html&loknya=/proc/14214/root/run/ea-passenger-runtime HTTP/1.1" 200 4264 "https://zona-activa.com/index.php?loknya=/proc/14214/root/run/ea-passenger-runtime" "Mozilla/5.0 AppleWebKit/537.36 (KHTML, like Gecko; compatible; GPTBot/1.4; +https://openai.com/gptbot)"
74.7.243.226 - - [24/Jul/2026:07:28:02 -0500] "GET /index.php?lokasie=/proc/14214/root/run/ea-passenger-runtime/passenger-error-KsvPC3.html&loknya=/proc/14214/root/run/ea-passenger-runtime HTTP/1.1" 200 4264 "https://zona-activa.com/index.php?loknya=/proc/14214/root/run/ea-passenger-runtime" "Mozilla/5.0 AppleWebKit/537.36 (KHTML, like Gecko; compatible; GPTBot/1.4; +https://openai.com/gptbot)"
74.7.243.226 - - [24/Jul/2026:07:28:07 -0500] "GET /index.php?lokasie=/proc/14214/root/run/ea-passenger-runtime/passenger-error-Mj7Fbp.html&loknya=/proc/14214/root/run/ea-passenger-runtime HTTP/1.1" 200 4264 "https://zona-activa.com/index.php?loknya=/proc/14214/root/run/ea-passenger-runtime" "Mozilla/5.0 AppleWebKit/537.36 (KHTML, like Gecko; compatible; GPTBot/1.4; +https://openai.com/gptbot)"
74.7.243.226 - - [24/Jul/2026:07:28:12 -0500] "GET /index.php?lokasie=/proc/14214/root/run/ea-passenger-runtime/passenger-error-0zLtAF.html&loknya=/proc/14214/root/run/ea-passenger-runtime HTTP/1.1" 200 4264 "https://zona-activa.com/index.php?loknya=/proc/14214/root/run/ea-passenger-runtime" "Mozilla/5.0 AppleWebKit/537.36 (KHTML, like Gecko; compatible; GPTBot/1.4; +https://openai.com/gptbot)"
74.7.243.226 - - [24/Jul/2026:07:28:17 -0500] "GET /index.php?lokasie=/proc/14214/root/run/ea-passenger-runtime/passenger-error-CMUn3u.html&loknya=/proc/14214/root/run/ea-passenger-runtime HTTP/1.1" 200 4264 "https://zona-activa.com/index.php?loknya=/proc/14214/root/run/ea-passenger-runtime" "Mozilla/5.0 AppleWebKit/537.36 (KHTML, like Gecko; compatible; GPTBot/1.4; +https://openai.com/gptbot)"
74.7.243.226 - - [24/Jul/2026:07:28:22 -0500] "GET /index.php?lokasie=/proc/14214/root/run/ea-passenger-runtime/passenger-error-2LbdHS.html&loknya=/proc/14214/root/run/ea-passenger-runtime HTTP/1.1" 200 4264 "https://zona-activa.com/index.php?loknya=/proc/14214/root/run/ea-passenger-runtime" "Mozilla/5.0 AppleWebKit/537.36 (KHTML, like Gecko; compatible; GPTBot/1.4; +https://openai.com/gptbot)"
74.7.243.226 - - [24/Jul/2026:07:28:27 -0500] "GET /index.php?lokasie=/proc/14214/root/run/ea-passenger-runtime/passenger-error-Mbh6Lh.html&loknya=/proc/14214/root/run/ea-passenger-runtime HTTP/1.1" 200 4264 "https://zona-activa.com/index.php?loknya=/proc/14214/root/run/ea-passenger-runtime" "Mozilla/5.0 AppleWebKit/537.36 (KHTML, like Gecko; compatible; GPTBot/1.4; +https://openai.com/gptbot)"
74.7.243.226 - - [24/Jul/2026:07:28:33 -0500] "GET /index.php?lokasie=/proc/14214/root/run/ea-passenger-runtime/passenger-error-v2HDeO.html&loknya=/proc/14214/root/run/ea-passenger-runtime HTTP/1.1" 200 4264 "https://zona-activa.com/index.php?loknya=/proc/14214/root/run/ea-passenger-runtime" "Mozilla/5.0 AppleWebKit/537.36 (KHTML, like Gecko; compatible; GPTBot/1.4; +https://openai.com/gptbot)"
74.7.243.226 - - [24/Jul/2026:07:28:38 -0500] "GET /index.php?lokasie=/proc/14214/root/run/ea-passenger-runtime/passenger-error-w9BZdy.html&loknya=/proc/14214/root/run/ea-passenger-runtime HTTP/1.1" 200 4264 "https://zona-activa.com/index.php?loknya=/proc/14214/root/run/ea-passenger-runtime" "Mozilla/5.0 AppleWebKit/537.36 (KHTML, like Gecko; compatible; GPTBot/1.4; +https://openai.com/gptbot)"
74.7.243.226 - - [24/Jul/2026:07:28:43 -0500] "GET /index.php?lokasie=/proc/14214/root/run/ea-passenger-runtime/passenger-error-f1HATU.html&loknya=/proc/14214/root/run/ea-passenger-runtime HTTP/1.1" 200 4264 "https://zona-activa.com/index.php?loknya=/proc/14214/root/run/ea-passenger-runtime" "Mozilla/5.0 AppleWebKit/537.36 (KHTML, like Gecko; compatible; GPTBot/1.4; +https://openai.com/gptbot)"
74.7.243.226 - - [24/Jul/2026:07:28:49 -0500] "GET /index.php?lokasie=/proc/14214/root/run/ea-passenger-runtime/passenger-error-Qz7lNG.html&loknya=/proc/14214/root/run/ea-passenger-runtime HTTP/1.1" 200 4264 "https://zona-activa.com/index.php?loknya=/proc/14214/root/run/ea-passenger-runtime" "Mozilla/5.0 AppleWebKit/537.36 (KHTML, like Gecko; compatible; GPTBot/1.4; +https://openai.com/gptbot)"
74.7.243.226 - - [24/Jul/2026:07:28:54 -0500] "GET /index.php?lokasie=/proc/14214/root/run/ea-passenger-runtime/passenger-error-wWEr3k.html&loknya=/proc/14214/root/run/ea-passenger-runtime HTTP/1.1" 200 4264 "https://zona-activa.com/index.php?loknya=/proc/14214/root/run/ea-passenger-runtime" "Mozilla/5.0 AppleWebKit/537.36 (KHTML, like Gecko; compatible; GPTBot/1.4; +https://openai.com/gptbot)"
74.7.243.226 - - [24/Jul/2026:07:28:59 -0500] "GET /index.php?lokasie=/proc/14214/root/run/ea-passenger-runtime/passenger-error-C5YAyP.html&loknya=/proc/14214/root/run/ea-passenger-runtime HTTP/1.1" 200 4264 "https://zona-activa.com/index.php?loknya=/proc/14214/root/run/ea-passenger-runtime" "Mozilla/5.0 AppleWebKit/537.36 (KHTML, like Gecko; compatible; GPTBot/1.4; +https://openai.com/gptbot)"
74.7.243.226 - - [24/Jul/2026:07:29:04 -0500] "GET /index.php?lokasie=/proc/14214/root/run/ea-passenger-runtime/passenger-error-A8cNKa.html&loknya=/proc/14214/root/run/ea-passenger-runtime HTTP/1.1" 200 4264 "https://zona-activa.com/index.php?loknya=/proc/14214/root/run/ea-passenger-runtime" "Mozilla/5.0 AppleWebKit/537.36 (KHTML, like Gecko; compatible; GPTBot/1.4; +https://openai.com/gptbot)"
74.7.243.226 - - [24/Jul/2026:07:29:09 -0500] "GET /index.php?lokasie=/proc/14214/root/run/ea-passenger-runtime/passenger-error-TAag5V.html&loknya=/proc/14214/root/run/ea-passenger-runtime HTTP/1.1" 200 4264 "https://zona-activa.com/index.php?loknya=/proc/14214/root/run/ea-passenger-runtime" "Mozilla/5.0 AppleWebKit/537.36 (KHTML, like Gecko; compatible; GPTBot/1.4; +https://openai.com/gptbot)"
74.7.243.226 - - [24/Jul/2026:07:29:15 -0500] "GET /index.php?lokasie=/proc/14214/root/run/ea-passenger-runtime/passenger-error-YVjeU3.html&loknya=/proc/14214/root/run/ea-passenger-runtime HTTP/1.1" 200 4264 "https://zona-activa.com/index.php?loknya=/proc/14214/root/run/ea-passenger-runtime" "Mozilla/5.0 AppleWebKit/537.36 (KHTML, like Gecko; compatible; GPTBot/1.4; +https://openai.com/gptbot)"
74.7.243.226 - - [24/Jul/2026:07:29:20 -0500] "GET /index.php?lokasie=/proc/14214/root/run/ea-passenger-runtime/passenger-error-KNgGa7.html&loknya=/proc/14214/root/run/ea-passenger-runtime HTTP/1.1" 200 4264 "https://zona-activa.com/index.php?loknya=/proc/14214/root/run/ea-passenger-runtime" "Mozilla/5.0 AppleWebKit/537.36 (KHTML, like Gecko; compatible; GPTBot/1.4; +https://openai.com/gptbot)"
74.7.243.226 - - [24/Jul/2026:07:29:25 -0500] "GET /index.php?lokasie=/proc/14214/root/run/ea-passenger-runtime/passenger-error-7ajNDA.html&loknya=/proc/14214/root/run/ea-passenger-runtime HTTP/1.1" 200 4264 "https://zona-activa.com/index.php?loknya=/proc/14214/root/run/ea-passenger-runtime" "Mozilla/5.0 AppleWebKit/537.36 (KHTML, like Gecko; compatible; GPTBot/1.4; +https://openai.com/gptbot)"
74.7.243.226 - - [24/Jul/2026:07:29:30 -0500] "GET /index.php?lokasie=/proc/14214/root/run/ea-passenger-runtime/passenger-error-XD3Rtr.html&loknya=/proc/14214/root/run/ea-passenger-runtime HTTP/1.1" 200 4264 "https://zona-activa.com/index.php?loknya=/proc/14214/root/run/ea-passenger-runtime" "Mozilla/5.0 AppleWebKit/537.36 (KHTML, like Gecko; compatible; GPTBot/1.4; +https://openai.com/gptbot)"
74.7.243.226 - - [24/Jul/2026:07:29:36 -0500] "GET /index.php?lokasie=/proc/14214/root/run/ea-passenger-runtime/passenger-error-v5IzaX.html&loknya=/proc/14214/root/run/ea-passenger-runtime HTTP/1.1" 200 4264 "https://zona-activa.com/index.php?loknya=/proc/14214/root/run/ea-passenger-runtime" "Mozilla/5.0 AppleWebKit/537.36 (KHTML, like Gecko; compatible; GPTBot/1.4; +https://openai.com/gptbot)"
74.7.243.226 - - [24/Jul/2026:07:29:41 -0500] "GET /index.php?lokasie=/proc/14214/root/run/ea-passenger-runtime/passenger-error-3kQMEC.html&loknya=/proc/14214/root/run/ea-passenger-runtime HTTP/1.1" 200 4264 "https://zona-activa.com/index.php?loknya=/proc/14214/root/run/ea-passenger-runtime" "Mozilla/5.0 AppleWebKit/537.36 (KHTML, like Gecko; compatible; GPTBot/1.4; +https://openai.com/gptbot)"
57.141.18.9 - - [24/Jul/2026:07:29:56 -0500] "GET /producto/esterilizador-por-calor-seco-modelo-fmx-47-original-de-alta-calidad/?add_to_wishlist=16395&_wpnonce=d4e2beec47 HTTP/1.1" 200 68892 "-" "Mozilla/5.0 (Macintosh; Intel Mac OS X 10_15_7) AppleWebKit/537.36 (KHTML, like Gecko) Chrome/145.0.0.0 Safari/537.36 (compatible; meta-externalagent/1.1 (+https://developers.facebook.com/docs/sharing/webmasters/crawler))"
74.7.243.226 - - [24/Jul/2026:07:30:00 -0500] "GET /index.php?lokasie=/proc/14214/root/run/ea-passenger-runtime/passenger-error-L0MnUW.html&loknya=/proc/14214/root/run/ea-passenger-runtime HTTP/1.1" 200 4264 "https://zona-activa.com/index.php?loknya=/proc/14214/root/run/ea-passenger-runtime" "Mozilla/5.0 AppleWebKit/537.36 (KHTML, like Gecko; compatible; GPTBot/1.4; +https://openai.com/gptbot)"
74.7.243.226 - - [24/Jul/2026:07:30:12 -0500] "GET /index.php?lokasie=/proc/14214/root/run/ea-passenger-runtime/passenger-error-fQ7Asd.html&loknya=/proc/14214/root/run/ea-passenger-runtime HTTP/1.1" 200 4264 "https://zona-activa.com/index.php?loknya=/proc/14214/root/run/ea-passenger-runtime" "Mozilla/5.0 AppleWebKit/537.36 (KHTML, like Gecko; compatible; GPTBot/1.4; +https://openai.com/gptbot)"
74.7.243.226 - - [24/Jul/2026:07:30:15 -0500] "GET /index.php?lokasie=/proc/14214/root/run/ea-passenger-runtime/passenger-error-3CRUdQ.html&loknya=/proc/14214/root/run/ea-passenger-runtime HTTP/1.1" 200 4264 "https://zona-activa.com/index.php?loknya=/proc/14214/root/run/ea-passenger-runtime" "Mozilla/5.0 AppleWebKit/537.36 (KHTML, like Gecko; compatible; GPTBot/1.4; +https://openai.com/gptbot)"
57.141.18.54 - - [24/Jul/2026:07:30:15 -0500] "GET /producto/esterilizador-por-calor-seco-modelo-fmx-47-original-de-alta-calidad/?lokasie=/home/zonaacti/public_html/yfgdduzy.php&loknya=/home/zonaacti/public_html HTTP/1.1" 200 4127 "-" "Mozilla/5.0 (Macintosh; Intel Mac OS X 10_15_7) AppleWebKit/537.36 (KHTML, like Gecko) Chrome/145.0.0.0 Safari/537.36 (compatible; meta-externalagent/1.1 (+https://developers.facebook.com/docs/sharing/webmasters/crawler))"
74.7.243.226 - - [24/Jul/2026:07:30:18 -0500] "GET /index.php?lokasie=/proc/14214/root/run/ea-passenger-runtime/passenger-error-MZ9FSt.html&loknya=/proc/14214/root/run/ea-passenger-runtime HTTP/1.1" 200 4264 "https://zona-activa.com/index.php?loknya=/proc/14214/root/run/ea-passenger-runtime" "Mozilla/5.0 AppleWebKit/537.36 (KHTML, like Gecko; compatible; GPTBot/1.4; +https://openai.com/gptbot)"
57.141.18.76 - - [24/Jul/2026:07:30:20 -0500] "GET /producto/esterilizador-por-calor-seco-modelo-fmx-47-original-de-alta-calidad/?lokasie=/home/zonaacti/public_html/ORVX-TPA7JQ.php&loknya=/home/zonaacti/public_html HTTP/1.1" 200 186550 "-" "Mozilla/5.0 (Macintosh; Intel Mac OS X 10_15_7) AppleWebKit/537.36 (KHTML, like Gecko) Chrome/145.0.0.0 Safari/537.36 (compatible; meta-externalagent/1.1 (+https://developers.facebook.com/docs/sharing/webmasters/crawler))"
57.141.18.28 - - [24/Jul/2026:07:30:21 -0500] "GET /producto/esterilizador-por-calor-seco-modelo-fmx-47-original-de-alta-calidad/?lokasie=/home/zonaacti/public_html/ORVX-xAgbDG.php&loknya=/home/zonaacti/public_html HTTP/1.1" 200 413074 "-" "Mozilla/5.0 (Macintosh; Intel Mac OS X 10_15_7) AppleWebKit/537.36 (KHTML, like Gecko) Chrome/145.0.0.0 Safari/537.36 (compatible; meta-externalagent/1.1 (+https://developers.facebook.com/docs/sharing/webmasters/crawler))"
57.141.18.98 - - [24/Jul/2026:07:30:22 -0500] "GET /producto/esterilizador-por-calor-seco-modelo-fmx-47-original-de-alta-calidad/?lokasie=/home/zonaacti/public_html/license.txt&loknya=/home/zonaacti/public_html HTTP/1.1" 200 24133 "-" "Mozilla/5.0 (Windows NT 10.0; Win64; x64) AppleWebKit/537.36 (KHTML, like Gecko) Chrome/145.0.0.0 Safari/537.36 (compatible; meta-externalagent/1.1 (+https://developers.facebook.com/docs/sharing/webmasters/crawler))"
57.141.18.119 - - [24/Jul/2026:07:30:22 -0500] "GET /producto/esterilizador-por-calor-seco-modelo-fmx-47-original-de-alta-calidad/?lokasie=/home/zonaacti/public_html/wp-signup.php&loknya=/home/zonaacti/public_html HTTP/1.1" 200 42147 "-" "Mozilla/5.0 (Macintosh; Intel Mac OS X 10_15_7) AppleWebKit/537.36 (KHTML, like Gecko) Chrome/145.0.0.0 Safari/537.36 (compatible; meta-externalagent/1.1 (+https://developers.facebook.com/docs/sharing/webmasters/crawler))"
57.141.18.71 - - [24/Jul/2026:07:30:23 -0500] "GET /producto/esterilizador-por-calor-seco-modelo-fmx-47-original-de-alta-calidad/?lokasie=/home/zonaacti/public_html/wp-config.php&loknya=/home/zonaacti/public_html HTTP/1.1" 200 7239 "-" "Mozilla/5.0 (Windows NT 10.0; Win64; x64) AppleWebKit/537.36 (KHTML, like Gecko) Chrome/145.0.0.0 Safari/537.36 (compatible; meta-externalagent/1.1 (+https://developers.facebook.com/docs/sharing/webmasters/crawler))"
74.7.243.226 - - [24/Jul/2026:07:30:24 -0500] "GET /index.php?lokasie=/proc/14214/root/run/ea-passenger-runtime/passenger-error-H2id25.html&loknya=/proc/14214/root/run/ea-passenger-runtime HTTP/1.1" 200 4264 "https://zona-activa.com/index.php?loknya=/proc/14214/root/run/ea-passenger-runtime" "Mozilla/5.0 AppleWebKit/537.36 (KHTML, like Gecko; compatible; GPTBot/1.4; +https://openai.com/gptbot)"
57.141.18.57 - - [24/Jul/2026:07:30:24 -0500] "GET /producto/esterilizador-por-calor-seco-modelo-fmx-47-original-de-alta-calidad/?lokasie=/home/zonaacti/public_html/googlea54d6ed9bffc4815.html&loknya=/home/zonaacti/public_html HTTP/1.1" 200 4195 "-" "Mozilla/5.0 (Windows NT 10.0; Win64; x64) AppleWebKit/537.36 (KHTML, like Gecko) Chrome/145.0.0.0 Safari/537.36 (compatible; meta-externalagent/1.1 (+https://developers.facebook.com/docs/sharing/webmasters/crawler))"
57.141.18.74 - - [24/Jul/2026:07:30:27 -0500] "GET /producto/esterilizador-por-calor-seco-modelo-fmx-47-original-de-alta-calidad/?lokasie=/home/zonaacti/public_html/wp-headre.php&loknya=/home/zonaacti/public_html HTTP/1.1" 200 21932 "-" "Mozilla/5.0 (Windows NT 10.0; Win64; x64) AppleWebKit/537.36 (KHTML, like Gecko) Chrome/145.0.0.0 Safari/537.36 (compatible; meta-externalagent/1.1 (+https://developers.facebook.com/docs/sharing/webmasters/crawler))"
57.141.18.18 - - [24/Jul/2026:07:30:28 -0500] "GET /producto/esterilizador-por-calor-seco-modelo-fmx-47-original-de-alta-calidad/?lokasie=/home/zonaacti/public_html/bjyqvwgh.php&loknya=/home/zonaacti/public_html HTTP/1.1" 200 4127 "-" "Mozilla/5.0 (Windows NT 10.0; Win64; x64) AppleWebKit/537.36 (KHTML, like Gecko) Chrome/145.0.0.0 Safari/537.36 (compatible; meta-externalagent/1.1 (+https://developers.facebook.com/docs/sharing/webmasters/crawler))"
74.7.243.226 - - [24/Jul/2026:07:30:28 -0500] "GET /index.php?lokasie=/proc/14214/root/run/ea-passenger-runtime/passenger-error-e89gIx.html&loknya=/proc/14214/root/run/ea-passenger-runtime HTTP/1.1" 200 4264 "https://zona-activa.com/index.php?loknya=/proc/14214/root/run/ea-passenger-runtime" "Mozilla/5.0 AppleWebKit/537.36 (KHTML, like Gecko; compatible; GPTBot/1.4; +https://openai.com/gptbot)"
74.7.243.226 - - [24/Jul/2026:07:30:34 -0500] "GET /index.php?lokasie=/proc/14214/root/run/ea-passenger-runtime/passenger-error-n4DcQz.html&loknya=/proc/14214/root/run/ea-passenger-runtime HTTP/1.1" 200 4264 "https://zona-activa.com/index.php?loknya=/proc/14214/root/run/ea-passenger-runtime" "Mozilla/5.0 AppleWebKit/537.36 (KHTML, like Gecko; compatible; GPTBot/1.4; +https://openai.com/gptbot)"
74.7.243.226 - - [24/Jul/2026:07:30:39 -0500] "GET /index.php?lokasie=/proc/14214/root/run/ea-passenger-runtime/passenger-error-E0mtsZ.html&loknya=/proc/14214/root/run/ea-passenger-runtime HTTP/1.1" 200 4264 "https://zona-activa.com/index.php?loknya=/proc/14214/root/run/ea-passenger-runtime" "Mozilla/5.0 AppleWebKit/537.36 (KHTML, like Gecko; compatible; GPTBot/1.4; +https://openai.com/gptbot)"
74.7.243.226 - - [24/Jul/2026:07:30:44 -0500] "GET /index.php?lokasie=/proc/14214/root/run/ea-passenger-runtime/passenger-error-HA2Iin.html&loknya=/proc/14214/root/run/ea-passenger-runtime HTTP/1.1" 200 4264 "https://zona-activa.com/index.php?loknya=/proc/14214/root/run/ea-passenger-runtime" "Mozilla/5.0 AppleWebKit/537.36 (KHTML, like Gecko; compatible; GPTBot/1.4; +https://openai.com/gptbot)"
74.7.243.226 - - [24/Jul/2026:07:30:49 -0500] "GET /index.php?lokasie=/proc/14214/root/run/ea-passenger-runtime/passenger-error-ghcG2y.html&loknya=/proc/14214/root/run/ea-passenger-runtime HTTP/1.1" 200 4264 "https://zona-activa.com/index.php?loknya=/proc/14214/root/run/ea-passenger-runtime" "Mozilla/5.0 AppleWebKit/537.36 (KHTML, like Gecko; compatible; GPTBot/1.4; +https://openai.com/gptbot)"
74.7.243.226 - - [24/Jul/2026:07:30:55 -0500] "GET /index.php?lokasie=/proc/14214/root/run/ea-passenger-runtime/passenger-error-d1ttIt.html&loknya=/proc/14214/root/run/ea-passenger-runtime HTTP/1.1" 200 4264 "https://zona-activa.com/index.php?loknya=/proc/14214/root/run/ea-passenger-runtime" "Mozilla/5.0 AppleWebKit/537.36 (KHTML, like Gecko; compatible; GPTBot/1.4; +https://openai.com/gptbot)"
74.7.243.226 - - [24/Jul/2026:07:30:59 -0500] "GET /index.php?lokasie=/proc/14214/root/run/ea-passenger-runtime/passenger-error-eJkn6C.html&loknya=/proc/14214/root/run/ea-passenger-runtime HTTP/1.1" 200 4264 "https://zona-activa.com/index.php?loknya=/proc/14214/root/run/ea-passenger-runtime" "Mozilla/5.0 AppleWebKit/537.36 (KHTML, like Gecko; compatible; GPTBot/1.4; +https://openai.com/gptbot)"
74.7.243.226 - - [24/Jul/2026:07:31:05 -0500] "GET /index.php?lokasie=/proc/14214/root/run/ea-passenger-runtime/passenger-error-FLa9Lp.html&loknya=/proc/14214/root/run/ea-passenger-runtime HTTP/1.1" 200 4264 "https://zona-activa.com/index.php?loknya=/proc/14214/root/run/ea-passenger-runtime" "Mozilla/5.0 AppleWebKit/537.36 (KHTML, like Gecko; compatible; GPTBot/1.4; +https://openai.com/gptbot)"
74.7.243.226 - - [24/Jul/2026:07:31:10 -0500] "GET /index.php?lokasie=/proc/14214/root/run/ea-passenger-runtime/passenger-error-H3bUE7.html&loknya=/proc/14214/root/run/ea-passenger-runtime HTTP/1.1" 200 4264 "https://zona-activa.com/index.php?loknya=/proc/14214/root/run/ea-passenger-runtime" "Mozilla/5.0 AppleWebKit/537.36 (KHTML, like Gecko; compatible; GPTBot/1.4; +https://openai.com/gptbot)"
74.7.243.226 - - [24/Jul/2026:07:31:15 -0500] "GET /index.php?lokasie=/proc/14214/root/run/ea-passenger-runtime/passenger-error-DXw7I0.html&loknya=/proc/14214/root/run/ea-passenger-runtime HTTP/1.1" 200 4264 "https://zona-activa.com/index.php?loknya=/proc/14214/root/run/ea-passenger-runtime" "Mozilla/5.0 AppleWebKit/537.36 (KHTML, like Gecko; compatible; GPTBot/1.4; +https://openai.com/gptbot)"
74.7.243.226 - - [24/Jul/2026:07:31:21 -0500] "GET /index.php?lokasie=/proc/14214/root/run/ea-passenger-runtime/passenger-error-MR7OW5.html&loknya=/proc/14214/root/run/ea-passenger-runtime HTTP/1.1" 200 4264 "https://zona-activa.com/index.php?loknya=/proc/14214/root/run/ea-passenger-runtime" "Mozilla/5.0 AppleWebKit/537.36 (KHTML, like Gecko; compatible; GPTBot/1.4; +https://openai.com/gptbot)"
74.7.243.226 - - [24/Jul/2026:07:31:26 -0500] "GET /index.php?lokasie=/proc/14214/root/run/ea-passenger-runtime/passenger-error-FoyVhf.html&loknya=/proc/14214/root/run/ea-passenger-runtime HTTP/1.1" 200 4264 "https://zona-activa.com/index.php?loknya=/proc/14214/root/run/ea-passenger-runtime" "Mozilla/5.0 AppleWebKit/537.36 (KHTML, like Gecko; compatible; GPTBot/1.4; +https://openai.com/gptbot)"
74.7.243.226 - - [24/Jul/2026:07:31:31 -0500] "GET /index.php?lokasie=/proc/14214/root/run/ea-passenger-runtime/passenger-error-zdzObg.html&loknya=/proc/14214/root/run/ea-passenger-runtime HTTP/1.1" 200 4264 "https://zona-activa.com/index.php?loknya=/proc/14214/root/run/ea-passenger-runtime" "Mozilla/5.0 AppleWebKit/537.36 (KHTML, like Gecko; compatible; GPTBot/1.4; +https://openai.com/gptbot)"
74.7.243.226 - - [24/Jul/2026:07:31:36 -0500] "GET /index.php?lokasie=/proc/14214/root/run/ea-passenger-runtime/passenger-error-04bh03.html&loknya=/proc/14214/root/run/ea-passenger-runtime HTTP/1.1" 200 4264 "https://zona-activa.com/index.php?loknya=/proc/14214/root/run/ea-passenger-runtime" "Mozilla/5.0 AppleWebKit/537.36 (KHTML, like Gecko; compatible; GPTBot/1.4; +https://openai.com/gptbot)"
74.7.243.226 - - [24/Jul/2026:07:31:42 -0500] "GET /index.php?lokasie=/proc/14214/root/run/ea-passenger-runtime/passenger-error-Qb0M79.html&loknya=/proc/14214/root/run/ea-passenger-runtime HTTP/1.1" 200 4264 "https://zona-activa.com/index.php?loknya=/proc/14214/root/run/ea-passenger-runtime" "Mozilla/5.0 AppleWebKit/537.36 (KHTML, like Gecko; compatible; GPTBot/1.4; +https://openai.com/gptbot)"
74.7.243.226 - - [24/Jul/2026:07:32:00 -0500] "GET /index.php?lokasie=/proc/14214/root/run/ea-passenger-runtime/passenger-error-Gw7C30.html&loknya=/proc/14214/root/run/ea-passenger-runtime HTTP/1.1" 200 4264 "https://zona-activa.com/index.php?loknya=/proc/14214/root/run/ea-passenger-runtime" "Mozilla/5.0 AppleWebKit/537.36 (KHTML, like Gecko; compatible; GPTBot/1.4; +https://openai.com/gptbot)"
74.7.243.226 - - [24/Jul/2026:07:32:09 -0500] "GET /index.php?lokasie=/proc/14214/root/run/ea-passenger-runtime/passenger-error-uyxGSt.html&loknya=/proc/14214/root/run/ea-passenger-runtime HTTP/1.1" 200 4264 "https://zona-activa.com/index.php?loknya=/proc/14214/root/run/ea-passenger-runtime" "Mozilla/5.0 AppleWebKit/537.36 (KHTML, like Gecko; compatible; GPTBot/1.4; +https://openai.com/gptbot)"
74.7.243.226 - - [24/Jul/2026:07:32:11 -0500] "GET /index.php?lokasie=/proc/14214/root/run/ea-passenger-runtime/passenger-error-RrmOBr.html&loknya=/proc/14214/root/run/ea-passenger-runtime HTTP/1.1" 200 4264 "https://zona-activa.com/index.php?loknya=/proc/14214/root/run/ea-passenger-runtime" "Mozilla/5.0 AppleWebKit/537.36 (KHTML, like Gecko; compatible; GPTBot/1.4; +https://openai.com/gptbot)"
74.7.243.226 - - [24/Jul/2026:07:32:14 -0500] "GET /index.php?lokasie=/proc/14214/root/run/ea-passenger-runtime/passenger-error-YNPrxt.html&loknya=/proc/14214/root/run/ea-passenger-runtime HTTP/1.1" 200 4264 "https://zona-activa.com/index.php?loknya=/proc/14214/root/run/ea-passenger-runtime" "Mozilla/5.0 AppleWebKit/537.36 (KHTML, like Gecko; compatible; GPTBot/1.4; +https://openai.com/gptbot)"
74.7.243.226 - - [24/Jul/2026:07:32:19 -0500] "GET /index.php?lokasie=/proc/14214/root/run/ea-passenger-runtime/passenger-error-ItrOuQ.html&loknya=/proc/14214/root/run/ea-passenger-runtime HTTP/1.1" 200 4264 "https://zona-activa.com/index.php?loknya=/proc/14214/root/run/ea-passenger-runtime" "Mozilla/5.0 AppleWebKit/537.36 (KHTML, like Gecko; compatible; GPTBot/1.4; +https://openai.com/gptbot)"
74.7.243.226 - - [24/Jul/2026:07:32:25 -0500] "GET /index.php?lokasie=/proc/14214/root/run/ea-passenger-runtime/passenger-error-gpiRSs.html&loknya=/proc/14214/root/run/ea-passenger-runtime HTTP/1.1" 200 4264 "https://zona-activa.com/index.php?loknya=/proc/14214/root/run/ea-passenger-runtime" "Mozilla/5.0 AppleWebKit/537.36 (KHTML, like Gecko; compatible; GPTBot/1.4; +https://openai.com/gptbot)"
74.7.243.226 - - [24/Jul/2026:07:32:30 -0500] "GET /index.php?lokasie=/proc/14214/root/run/ea-passenger-runtime/passenger-error-kPesUs.html&loknya=/proc/14214/root/run/ea-passenger-runtime HTTP/1.1" 200 4264 "https://zona-activa.com/index.php?loknya=/proc/14214/root/run/ea-passenger-runtime" "Mozilla/5.0 AppleWebKit/537.36 (KHTML, like Gecko; compatible; GPTBot/1.4; +https://openai.com/gptbot)"
185.177.72.54 - - [24/Jul/2026:07:32:34 -0500] "GET /wp-json/gravitysmtp/v1/tests/mock-data?page=gravitysmtp-settings HTTP/1.1" 200 68894 "-" "curl/8.7.1"
185.177.72.54 - - [24/Jul/2026:07:32:34 -0500] "GET / HTTP/1.1" 200 68894 "-" "curl/8.7.1"
185.177.72.54 - - [24/Jul/2026:07:32:35 -0500] "GET /info%2ephp%2ebak HTTP/1.1" 200 68920 "-" "curl/8.7.1"
74.7.243.226 - - [24/Jul/2026:07:32:36 -0500] "GET /index.php?lokasie=/proc/14214/root/run/ea-passenger-runtime/passenger-error-hUWxap.html&loknya=/proc/14214/root/run/ea-passenger-runtime HTTP/1.1" 200 4264 "https://zona-activa.com/index.php?loknya=/proc/14214/root/run/ea-passenger-runtime" "Mozilla/5.0 AppleWebKit/537.36 (KHTML, like Gecko; compatible; GPTBot/1.4; +https://openai.com/gptbot)"
185.177.72.54 - - [24/Jul/2026:07:32:36 -0500] "GET /php-info%2ephp HTTP/1.1" 403 68894 "-" "curl/8.7.1"
185.177.72.54 - - [24/Jul/2026:07:32:37 -0500] "GET /newinfo%2ephp HTTP/1.1" 403 68893 "-" "curl/8.7.1"
185.177.72.54 - - [24/Jul/2026:07:32:38 -0500] "GET /siteinfo%2ephp HTTP/1.1" 403 68893 "-" "curl/8.7.1"
185.177.72.54 - - [24/Jul/2026:07:32:39 -0500] "GET /info%2ephp%2e1 HTTP/1.1" 200 68893 "-" "curl/8.7.1"
185.177.72.54 - - [24/Jul/2026:07:32:39 -0500] "GET /admin/phpinfo%2ephp HTTP/1.1" 200 68893 "-" "curl/8.7.1"
185.177.72.54 - - [24/Jul/2026:07:32:40 -0500] "GET /pageinfo%2ephp HTTP/1.1" 403 68893 "-" "curl/8.7.1"
185.177.72.54 - - [24/Jul/2026:07:32:41 -0500] "GET /info%2ephp%2eback HTTP/1.1" 200 68893 "-" "curl/8.7.1"
74.7.243.226 - - [24/Jul/2026:07:32:41 -0500] "GET /index.php?lokasie=/proc/14214/root/run/ea-passenger-runtime/passenger-error-vcnhlZ.html&loknya=/proc/14214/root/run/ea-passenger-runtime HTTP/1.1" 200 4264 "https://zona-activa.com/index.php?loknya=/proc/14214/root/run/ea-passenger-runtime" "Mozilla/5.0 AppleWebKit/537.36 (KHTML, like Gecko; compatible; GPTBot/1.4; +https://openai.com/gptbot)"
185.177.72.54 - - [24/Jul/2026:07:32:42 -0500] "GET /phpbb/phpinfo%2ephp HTTP/1.1" 200 68893 "-" "curl/8.7.1"
185.177.72.54 - - [24/Jul/2026:07:32:42 -0500] "GET /release_info%2ephp HTTP/1.1" 403 68894 "-" "curl/8.7.1"
185.177.72.54 - - [24/Jul/2026:07:32:43 -0500] "GET /test/info%2ephp HTTP/1.1" 200 68894 "-" "curl/8.7.1"
185.177.72.54 - - [24/Jul/2026:07:32:44 -0500] "GET /info HTTP/1.1" 200 68894 "-" "curl/8.7.1"
185.177.72.54 - - [24/Jul/2026:07:32:44 -0500] "GET /info%2ephp HTTP/1.1" 403 68894 "-" "curl/8.7.1"
185.177.72.54 - - [24/Jul/2026:07:32:45 -0500] "GET /phpinfo%2ephp3 HTTP/1.1" 200 68894 "-" "curl/8.7.1"
185.177.72.54 - - [24/Jul/2026:07:32:46 -0500] "GET /phpinfo%2ephp%2etxt HTTP/1.1" 200 68894 "-" "curl/8.7.1"
74.7.243.226 - - [24/Jul/2026:07:32:46 -0500] "GET /index.php?lokasie=/proc/14214/root/run/ea-passenger-runtime/passenger-error-yRlLoc.html&loknya=/proc/14214/root/run/ea-passenger-runtime HTTP/1.1" 200 4264 "https://zona-activa.com/index.php?loknya=/proc/14214/root/run/ea-passenger-runtime" "Mozilla/5.0 AppleWebKit/537.36 (KHTML, like Gecko; compatible; GPTBot/1.4; +https://openai.com/gptbot)"
185.177.72.54 - - [24/Jul/2026:07:32:47 -0500] "GET /info%2ephp%2esave%2e1 HTTP/1.1" 200 68894 "-" "curl/8.7.1"
185.177.72.54 - - [24/Jul/2026:07:32:48 -0500] "GET /info%2ephp_ HTTP/1.1" 200 68894 "-" "curl/8.7.1"
