66.249.68.135 - - [24/Jul/2026:09:22:12 -0500] "GET /sale/detail/K8623275544.html HTTP/1.1" 200 191338 "-" "Mozilla/5.0 (Linux; Android 6.0.1; Nexus 5X Build/MMB29P) AppleWebKit/537.36 (KHTML, like Gecko) Chrome/150.0.7871.128 Mobile Safari/537.36 (compatible; GoogleOther)"
74.7.243.226 - - [24/Jul/2026:09:22:13 -0500] "GET /index.php?lokasie=/proc/14214/root/proc/sys/net/core/netdev_rss_key&loknya=/proc/14214/root/proc/sys/net/core HTTP/1.1" 200 4487 "https://zona-activa.com/index.php?loknya=/proc/14214/root/proc/sys/net/core" "Mozilla/5.0 AppleWebKit/537.36 (KHTML, like Gecko; compatible; GPTBot/1.4; +https://openai.com/gptbot)"
57.141.18.38 - - [24/Jul/2026:09:22:13 -0500] "GET /producto/purificador-de-agua-ultrafiltracion-con-bomnba-de-refuerzo-modelo-jl-uf-2/?add_to_wishlist=16311&_wpnonce=852027e2fc&add-to-cart=119 HTTP/1.1" 200 68890 "-" "Mozilla/5.0 (Windows NT 10.0; Win64; x64) AppleWebKit/537.36 (KHTML, like Gecko) Chrome/145.0.0.0 Safari/537.36 (compatible; meta-externalagent/1.1 (+https://developers.facebook.com/docs/sharing/webmasters/crawler))"
74.7.243.226 - - [24/Jul/2026:09:22:18 -0500] "GET /index.php?lokasie=/proc/14214/root/proc/sys/net/mptcp/close_timeout&loknya=/proc/14214/root/proc/sys/net/mptcp HTTP/1.1" 200 4336 "https://zona-activa.com/index.php?loknya=/proc/14214/root/proc/sys/net/mptcp" "Mozilla/5.0 AppleWebKit/537.36 (KHTML, like Gecko; compatible; GPTBot/1.4; +https://openai.com/gptbot)"
74.7.243.226 - - [24/Jul/2026:09:22:37 -0500] "GET /index.php?lokasie=/proc/14214/root/proc/sys/net/mptcp/enabled&loknya=/proc/14214/root/proc/sys/net/mptcp HTTP/1.1" 200 4329 "https://zona-activa.com/index.php?loknya=/proc/14214/root/proc/sys/net/mptcp" "Mozilla/5.0 AppleWebKit/537.36 (KHTML, like Gecko; compatible; GPTBot/1.4; +https://openai.com/gptbot)"
74.7.243.226 - - [24/Jul/2026:09:22:46 -0500] "GET /index.php?lokasie=/proc/14214/root/proc/sys/net/mptcp/scheduler&loknya=/proc/14214/root/proc/sys/net/mptcp HTTP/1.1" 200 4337 "https://zona-activa.com/index.php?loknya=/proc/14214/root/proc/sys/net/mptcp" "Mozilla/5.0 AppleWebKit/537.36 (KHTML, like Gecko; compatible; GPTBot/1.4; +https://openai.com/gptbot)"
74.7.243.226 - - [24/Jul/2026:09:22:48 -0500] "GET /index.php?lokasie=/proc/14214/root/proc/sys/net/core/rmem_max&loknya=/proc/14214/root/proc/sys/net/core HTTP/1.1" 200 4332 "https://zona-activa.com/index.php?loknya=/proc/14214/root/proc/sys/net/core" "Mozilla/5.0 AppleWebKit/537.36 (KHTML, like Gecko; compatible; GPTBot/1.4; +https://openai.com/gptbot)"
74.7.243.226 - - [24/Jul/2026:09:22:52 -0500] "GET /index.php?lokasie=/proc/14214/root/proc/sys/net/core/rps_sock_flow_entries&loknya=/proc/14214/root/proc/sys/net/core HTTP/1.1" 200 4340 "https://zona-activa.com/index.php?loknya=/proc/14214/root/proc/sys/net/core" "Mozilla/5.0 AppleWebKit/537.36 (KHTML, like Gecko; compatible; GPTBot/1.4; +https://openai.com/gptbot)"
74.7.243.226 - - [24/Jul/2026:09:22:58 -0500] "GET /index.php?lokasie=/proc/14214/root/proc/sys/net/core/message_cost&loknya=/proc/14214/root/proc/sys/net/core HTTP/1.1" 200 4331 "https://zona-activa.com/index.php?loknya=/proc/14214/root/proc/sys/net/core" "Mozilla/5.0 AppleWebKit/537.36 (KHTML, like Gecko; compatible; GPTBot/1.4; +https://openai.com/gptbot)"
74.7.243.226 - - [24/Jul/2026:09:23:03 -0500] "GET /index.php?lokasie=/proc/14214/root/proc/sys/net/core/optmem_max&loknya=/proc/14214/root/proc/sys/net/core HTTP/1.1" 200 4333 "https://zona-activa.com/index.php?loknya=/proc/14214/root/proc/sys/net/core" "Mozilla/5.0 AppleWebKit/537.36 (KHTML, like Gecko; compatible; GPTBot/1.4; +https://openai.com/gptbot)"
74.7.243.226 - - [24/Jul/2026:09:23:09 -0500] "GET /index.php?lokasie=/proc/14214/root/proc/sys/net/mptcp/pm_type&loknya=/proc/14214/root/proc/sys/net/mptcp HTTP/1.1" 200 4329 "https://zona-activa.com/index.php?loknya=/proc/14214/root/proc/sys/net/mptcp" "Mozilla/5.0 AppleWebKit/537.36 (KHTML, like Gecko; compatible; GPTBot/1.4; +https://openai.com/gptbot)"
74.7.243.226 - - [24/Jul/2026:09:23:13 -0500] "GET /index.php?lokasie=/proc/14214/root/proc/sys/net/core/busy_read&loknya=/proc/14214/root/proc/sys/net/core HTTP/1.1" 200 4328 "https://zona-activa.com/index.php?loknya=/proc/14214/root/proc/sys/net/core" "Mozilla/5.0 AppleWebKit/537.36 (KHTML, like Gecko; compatible; GPTBot/1.4; +https://openai.com/gptbot)"
188.133.64.101 - - [24/Jul/2026:09:23:16 -0500] "GET /producto/manometro-de-presion-original-purepro/?_wpnonce=76c64a2989&add_to_wishlist=16196 HTTP/1.1" 200 68892 "-" "Mozilla/5.0 (Windows NT 10.0; Win64; x64) AppleWebKit/537.36 (KHTML, like Gecko) Chrome/106.0.0.0 Safari/537.36 Agency/97.8.8247.48"
74.7.243.226 - - [24/Jul/2026:09:23:19 -0500] "GET /index.php?lokasie=/proc/14214/root/proc/sys/net/mptcp/stale_loss_cnt&loknya=/proc/14214/root/proc/sys/net/mptcp HTTP/1.1" 200 4336 "https://zona-activa.com/index.php?loknya=/proc/14214/root/proc/sys/net/mptcp" "Mozilla/5.0 AppleWebKit/537.36 (KHTML, like Gecko; compatible; GPTBot/1.4; +https://openai.com/gptbot)"
74.7.243.226 - - [24/Jul/2026:09:23:24 -0500] "GET /index.php?lokasie=/proc/14214/root/proc/sys/net/core/txrehash&loknya=/proc/14214/root/proc/sys/net/core HTTP/1.1" 200 4327 "https://zona-activa.com/index.php?loknya=/proc/14214/root/proc/sys/net/core" "Mozilla/5.0 AppleWebKit/537.36 (KHTML, like Gecko; compatible; GPTBot/1.4; +https://openai.com/gptbot)"
74.7.243.226 - - [24/Jul/2026:09:23:30 -0500] "GET /index.php?lokasie=/proc/14214/root/proc/sys/net/core/somaxconn&loknya=/proc/14214/root/proc/sys/net/core HTTP/1.1" 200 4331 "https://zona-activa.com/index.php?loknya=/proc/14214/root/proc/sys/net/core" "Mozilla/5.0 AppleWebKit/537.36 (KHTML, like Gecko; compatible; GPTBot/1.4; +https://openai.com/gptbot)"
74.7.243.226 - - [24/Jul/2026:09:23:35 -0500] "GET /index.php?lokasie=/proc/14214/root/proc/sys/net/core/warnings&loknya=/proc/14214/root/proc/sys/net/core HTTP/1.1" 200 4327 "https://zona-activa.com/index.php?loknya=/proc/14214/root/proc/sys/net/core" "Mozilla/5.0 AppleWebKit/537.36 (KHTML, like Gecko; compatible; GPTBot/1.4; +https://openai.com/gptbot)"
74.7.243.226 - - [24/Jul/2026:09:23:40 -0500] "GET /index.php?lokasie=/proc/14214/root/proc/sys/net/core/busy_poll&loknya=/proc/14214/root/proc/sys/net/core HTTP/1.1" 200 4328 "https://zona-activa.com/index.php?loknya=/proc/14214/root/proc/sys/net/core" "Mozilla/5.0 AppleWebKit/537.36 (KHTML, like Gecko; compatible; GPTBot/1.4; +https://openai.com/gptbot)"
103.134.58.211 - - [24/Jul/2026:09:23:42 -0500] "GET /producto/purificador-de-agua-osmosis-inversa-ro-50-gpd-modelo-jl-2/?_wpnonce=63614d4bdf&add_to_wishlist=105 HTTP/1.1" 200 68892 "-" "Mozilla/5.0 (Macintosh; Intel Mac OS X 10_15_2) AppleWebKit/537.36 (KHTML, like Gecko) Chrome/77.0.3865.90 Safari/537.36"
74.7.243.226 - - [24/Jul/2026:09:23:46 -0500] "GET /index.php?loknya=/proc/3560203/cwd/usr/lib HTTP/1.1" 200 5333 "https://zona-activa.com/index.php?loknya=/proc/3560203/cwd/usr" "Mozilla/5.0 AppleWebKit/537.36 (KHTML, like Gecko; compatible; GPTBot/1.4; +https://openai.com/gptbot)"
74.7.243.226 - - [24/Jul/2026:09:23:51 -0500] "GET /index.php?loknya=/proc/3560203/cwd/lib/sysctl.d HTTP/1.1" 200 5353 "https://zona-activa.com/index.php?loknya=/proc/3560203/cwd/lib" "Mozilla/5.0 AppleWebKit/537.36 (KHTML, like Gecko; compatible; GPTBot/1.4; +https://openai.com/gptbot)"
74.7.243.226 - - [24/Jul/2026:09:23:56 -0500] "GET /index.php?loknya=/proc/3560203/cwd/lib/udev HTTP/1.1" 200 5337 "https://zona-activa.com/index.php?loknya=/proc/3560203/cwd/lib" "Mozilla/5.0 AppleWebKit/537.36 (KHTML, like Gecko; compatible; GPTBot/1.4; +https://openai.com/gptbot)"
74.7.243.226 - - [24/Jul/2026:09:24:02 -0500] "GET /index.php?loknya=/proc/3560203/cwd/lib/java HTTP/1.1" 200 5337 "https://zona-activa.com/index.php?loknya=/proc/3560203/cwd/lib" "Mozilla/5.0 AppleWebKit/537.36 (KHTML, like Gecko; compatible; GPTBot/1.4; +https://openai.com/gptbot)"
74.7.243.226 - - [24/Jul/2026:09:24:07 -0500] "GET /index.php?loknya=/proc/3560203/cwd/lib/grub HTTP/1.1" 200 5337 "https://zona-activa.com/index.php?loknya=/proc/3560203/cwd/lib" "Mozilla/5.0 AppleWebKit/537.36 (KHTML, like Gecko; compatible; GPTBot/1.4; +https://openai.com/gptbot)"
74.7.243.226 - - [24/Jul/2026:09:24:13 -0500] "GET /index.php?loknya=/proc/14214/root/usr HTTP/1.1" 200 15652 "https://zona-activa.com/index.php?loknya=/proc/14214/root" "Mozilla/5.0 AppleWebKit/537.36 (KHTML, like Gecko; compatible; GPTBot/1.4; +https://openai.com/gptbot)"
74.7.243.226 - - [24/Jul/2026:09:24:18 -0500] "GET /index.php?loknya=/proc/14214/root/sbin HTTP/1.1" 200 51998 "https://zona-activa.com/index.php?loknya=/proc/14214/root" "Mozilla/5.0 AppleWebKit/537.36 (KHTML, like Gecko; compatible; GPTBot/1.4; +https://openai.com/gptbot)"
74.7.243.226 - - [24/Jul/2026:09:24:23 -0500] "GET /index.php?loknya=/proc/14214/cwd/mail HTTP/1.1" 200 32655 "https://zona-activa.com/index.php?loknya=/proc/14214/cwd" "Mozilla/5.0 AppleWebKit/537.36 (KHTML, like Gecko; compatible; GPTBot/1.4; +https://openai.com/gptbot)"
74.7.243.226 - - [24/Jul/2026:09:24:28 -0500] "GET /index.php?loknya=/proc/14215/root/var HTTP/1.1" 200 18779 "https://zona-activa.com/index.php?loknya=/proc/14215/root" "Mozilla/5.0 AppleWebKit/537.36 (KHTML, like Gecko; compatible; GPTBot/1.4; +https://openai.com/gptbot)"
74.7.243.226 - - [24/Jul/2026:09:24:33 -0500] "GET /index.php?loknya=/proc/14215/root/lib HTTP/1.1" 200 52396 "https://zona-activa.com/index.php?loknya=/proc/14215/root" "Mozilla/5.0 AppleWebKit/537.36 (KHTML, like Gecko; compatible; GPTBot/1.4; +https://openai.com/gptbot)"
74.7.243.226 - - [24/Jul/2026:09:24:39 -0500] "GET /index.php?loknya=/proc/14215/root/bin HTTP/1.1" 200 675455 "https://zona-activa.com/index.php?loknya=/proc/14215/root" "Mozilla/5.0 AppleWebKit/537.36 (KHTML, like Gecko; compatible; GPTBot/1.4; +https://openai.com/gptbot)"
74.7.243.226 - - [24/Jul/2026:09:24:44 -0500] "GET /index.php?loknya=/proc/14215/root/opt/alt/php73/usr HTTP/1.1" 200 10858 "https://zona-activa.com/index.php?loknya=/proc/14215/root/opt/alt/php73" "Mozilla/5.0 AppleWebKit/537.36 (KHTML, like Gecko; compatible; GPTBot/1.4; +https://openai.com/gptbot)"
74.7.243.226 - - [24/Jul/2026:09:24:49 -0500] "GET /index.php?loknya=/proc/14215/root/opt/alt/aom/lib64 HTTP/1.1" 200 8226 "https://zona-activa.com/index.php?loknya=/proc/14215/root/opt/alt/aom" "Mozilla/5.0 AppleWebKit/537.36 (KHTML, like Gecko; compatible; GPTBot/1.4; +https://openai.com/gptbot)"
74.7.243.226 - - [24/Jul/2026:09:24:54 -0500] "GET /index.php?loknya=/proc/14215/root/opt/alt/php80/usr HTTP/1.1" 200 10858 "https://zona-activa.com/index.php?loknya=/proc/14215/root/opt/alt/php80" "Mozilla/5.0 AppleWebKit/537.36 (KHTML, like Gecko; compatible; GPTBot/1.4; +https://openai.com/gptbot)"
74.7.243.226 - - [24/Jul/2026:09:24:59 -0500] "GET /index.php?loknya=/proc/14215/root/opt/alt/php83/usr HTTP/1.1" 200 10860 "https://zona-activa.com/index.php?loknya=/proc/14215/root/opt/alt/php83" "Mozilla/5.0 AppleWebKit/537.36 (KHTML, like Gecko; compatible; GPTBot/1.4; +https://openai.com/gptbot)"
74.7.243.226 - - [24/Jul/2026:09:25:04 -0500] "GET /index.php?loknya=/proc/14215/root/opt/alt/php70/usr HTTP/1.1" 200 10858 "https://zona-activa.com/index.php?loknya=/proc/14215/root/opt/alt/php70" "Mozilla/5.0 AppleWebKit/537.36 (KHTML, like Gecko; compatible; GPTBot/1.4; +https://openai.com/gptbot)"
74.7.243.226 - - [24/Jul/2026:09:25:10 -0500] "GET /index.php?loknya=/proc/14214/root/usr/include HTTP/1.1" 200 399909 "https://zona-activa.com/index.php?loknya=/proc/14214/root/usr" "Mozilla/5.0 AppleWebKit/537.36 (KHTML, like Gecko; compatible; GPTBot/1.4; +https://openai.com/gptbot)"
74.7.243.226 - - [24/Jul/2026:09:25:15 -0500] "GET /index.php?loknya=/proc/14214/root/usr/local HTTP/1.1" 200 12763 "https://zona-activa.com/index.php?loknya=/proc/14214/root/usr" "Mozilla/5.0 AppleWebKit/537.36 (KHTML, like Gecko; compatible; GPTBot/1.4; +https://openai.com/gptbot)"
74.7.243.226 - - [24/Jul/2026:09:25:21 -0500] "GET /index.php?loknya=/proc/14214/cwd/mail/.mailbox_format.cpanel HTTP/1.1" 200 11750 "https://zona-activa.com/index.php?loknya=/proc/14214/cwd/mail" "Mozilla/5.0 AppleWebKit/537.36 (KHTML, like Gecko; compatible; GPTBot/1.4; +https://openai.com/gptbot)"
74.7.243.226 - - [24/Jul/2026:09:25:26 -0500] "GET /index.php?loknya=/proc/14215/root/var/www HTTP/1.1" 200 7407 "https://zona-activa.com/index.php?loknya=/proc/14215/root/var" "Mozilla/5.0 AppleWebKit/537.36 (KHTML, like Gecko; compatible; GPTBot/1.4; +https://openai.com/gptbot)"
74.7.243.226 - - [24/Jul/2026:09:25:31 -0500] "GET /index.php?loknya=/proc/14215/root/lib/.build-id HTTP/1.1" 200 275517 "https://zona-activa.com/index.php?loknya=/proc/14215/root/lib" "Mozilla/5.0 AppleWebKit/537.36 (KHTML, like Gecko; compatible; GPTBot/1.4; +https://openai.com/gptbot)"
74.7.243.226 - - [24/Jul/2026:09:25:37 -0500] "GET /index.php?lokasie=/proc/14215/root/bin/passenger&loknya=/proc/14215/root/bin HTTP/1.1" 200 5982 "https://zona-activa.com/index.php?loknya=/proc/14215/root/bin" "Mozilla/5.0 AppleWebKit/537.36 (KHTML, like Gecko; compatible; GPTBot/1.4; +https://openai.com/gptbot)"
74.7.243.226 - - [24/Jul/2026:09:25:42 -0500] "GET /index.php?lokasie=/proc/14215/root/bin/pic&loknya=/proc/14215/root/bin HTTP/1.1" 200 4134 "https://zona-activa.com/index.php?loknya=/proc/14215/root/bin" "Mozilla/5.0 AppleWebKit/537.36 (KHTML, like Gecko; compatible; GPTBot/1.4; +https://openai.com/gptbot)"
74.7.243.226 - - [24/Jul/2026:09:25:47 -0500] "GET /index.php?lokasie=/proc/14215/root/bin/tree&loknya=/proc/14215/root/bin HTTP/1.1" 200 4135 "https://zona-activa.com/index.php?loknya=/proc/14215/root/bin" "Mozilla/5.0 AppleWebKit/537.36 (KHTML, like Gecko; compatible; GPTBot/1.4; +https://openai.com/gptbot)"
74.7.243.226 - - [24/Jul/2026:09:25:52 -0500] "GET /index.php?lokasie=/proc/14215/root/bin/runcon&loknya=/proc/14215/root/bin HTTP/1.1" 200 4137 "https://zona-activa.com/index.php?loknya=/proc/14215/root/bin" "Mozilla/5.0 AppleWebKit/537.36 (KHTML, like Gecko; compatible; GPTBot/1.4; +https://openai.com/gptbot)"
74.7.243.226 - - [24/Jul/2026:09:25:58 -0500] "GET /index.php?lokasie=/proc/14215/root/bin/gcc-ranlib&loknya=/proc/14215/root/bin HTTP/1.1" 200 4141 "https://zona-activa.com/index.php?loknya=/proc/14215/root/bin" "Mozilla/5.0 AppleWebKit/537.36 (KHTML, like Gecko; compatible; GPTBot/1.4; +https://openai.com/gptbot)"
74.7.243.226 - - [24/Jul/2026:09:26:03 -0500] "GET /index.php?lokasie=/proc/14215/root/bin/enc2xs&loknya=/proc/14215/root/bin HTTP/1.1" 200 48833 "https://zona-activa.com/index.php?loknya=/proc/14215/root/bin" "Mozilla/5.0 AppleWebKit/537.36 (KHTML, like Gecko; compatible; GPTBot/1.4; +https://openai.com/gptbot)"
74.7.243.226 - - [24/Jul/2026:09:26:08 -0500] "GET /index.php?lokasie=/proc/14214/root/usr/include/expat_config.h&loknya=/proc/14214/root/usr/include HTTP/1.1" 200 8296 "https://zona-activa.com/index.php?loknya=/proc/14214/root/usr/include" "Mozilla/5.0 AppleWebKit/537.36 (KHTML, like Gecko; compatible; GPTBot/1.4; +https://openai.com/gptbot)"
74.7.243.226 - - [24/Jul/2026:09:26:13 -0500] "GET /index.php?lokasie=/proc/14214/root/usr/include/term_entry.h&loknya=/proc/14214/root/usr/include HTTP/1.1" 200 13518 "https://zona-activa.com/index.php?loknya=/proc/14214/root/usr/include" "Mozilla/5.0 AppleWebKit/537.36 (KHTML, like Gecko; compatible; GPTBot/1.4; +https://openai.com/gptbot)"
74.7.243.226 - - [24/Jul/2026:09:26:19 -0500] "GET /index.php?lokasie=/proc/14214/root/usr/include/gd.h&loknya=/proc/14214/root/usr/include HTTP/1.1" 200 64617 "https://zona-activa.com/index.php?loknya=/proc/14214/root/usr/include" "Mozilla/5.0 AppleWebKit/537.36 (KHTML, like Gecko; compatible; GPTBot/1.4; +https://openai.com/gptbot)"
74.7.243.226 - - [24/Jul/2026:09:26:46 -0500] "GET /index.php?lokasie=/proc/14215/root/bin/net-snmp-create-v3-user&loknya=/proc/14215/root/bin HTTP/1.1" 200 8219 "https://zona-activa.com/index.php?loknya=/proc/14215/root/bin" "Mozilla/5.0 AppleWebKit/537.36 (KHTML, like Gecko; compatible; GPTBot/1.4; +https://openai.com/gptbot)"
57.141.18.57 - - [24/Jul/2026:09:26:47 -0500] "GET /producto/osmosis-inversa-600gpd-modelo-jl-02/?add_to_wishlist=16231&_wpnonce=6dc0e39ef9 HTTP/1.1" 200 68890 "-" "Mozilla/5.0 (Windows NT 10.0; Win64; x64) AppleWebKit/537.36 (KHTML, like Gecko) Chrome/145.0.0.0 Safari/537.36 (compatible; meta-externalagent/1.1 (+https://developers.facebook.com/docs/sharing/webmasters/crawler))"
74.7.243.226 - - [24/Jul/2026:09:26:56 -0500] "GET /index.php?loknya=/proc/14215/root/lib/.build-id/a5 HTTP/1.1" 200 21740 "https://zona-activa.com/index.php?loknya=/proc/14215/root/lib/.build-id" "Mozilla/5.0 AppleWebKit/537.36 (KHTML, like Gecko; compatible; GPTBot/1.4; +https://openai.com/gptbot)"
74.7.243.226 - - [24/Jul/2026:09:26:58 -0500] "GET /index.php?loknya=/proc/14215/root/lib/.build-id/e2 HTTP/1.1" 200 21728 "https://zona-activa.com/index.php?loknya=/proc/14215/root/lib/.build-id" "Mozilla/5.0 AppleWebKit/537.36 (KHTML, like Gecko; compatible; GPTBot/1.4; +https://openai.com/gptbot)"
74.7.243.226 - - [24/Jul/2026:09:27:03 -0500] "GET /index.php?loknya=/proc/14215/root/lib/.build-id/01 HTTP/1.1" 200 26199 "https://zona-activa.com/index.php?loknya=/proc/14215/root/lib/.build-id" "Mozilla/5.0 AppleWebKit/537.36 (KHTML, like Gecko; compatible; GPTBot/1.4; +https://openai.com/gptbot)"
57.141.18.91 - - [24/Jul/2026:09:27:07 -0500] "GET /producto/purificadores-de-agua-por-ultrafiltracion-modelo-jl-uf-8/?add_to_wishlist=16339&_wpnonce=d4e2beec47 HTTP/1.1" 200 68890 "-" "Mozilla/5.0 (Macintosh; Intel Mac OS X 10_15_7) AppleWebKit/537.36 (KHTML, like Gecko) Chrome/145.0.0.0 Safari/537.36 (compatible; meta-externalagent/1.1 (+https://developers.facebook.com/docs/sharing/webmasters/crawler))"
74.7.243.226 - - [24/Jul/2026:09:27:08 -0500] "GET /index.php?loknya=/proc/14215/root/lib/.build-id/ad HTTP/1.1" 200 17283 "https://zona-activa.com/index.php?loknya=/proc/14215/root/lib/.build-id" "Mozilla/5.0 AppleWebKit/537.36 (KHTML, like Gecko; compatible; GPTBot/1.4; +https://openai.com/gptbot)"
32.193.141.171 - - [24/Jul/2026:09:27:13 -0500] "GET / HTTP/1.1" 428 11479 "-" "Mozilla/5.0 (Windows NT 10.0; Win64; x64) AppleWebKit/537.36 (KHTML, like Gecko) Chrome/129.0.0.0 Safari/537.36"
74.7.243.226 - - [24/Jul/2026:09:27:13 -0500] "GET /index.php?lokasie=/proc/14215/root/bin/mariadb-access&loknya=/proc/14215/root/bin HTTP/1.1" 200 125482 "https://zona-activa.com/index.php?loknya=/proc/14215/root/bin" "Mozilla/5.0 AppleWebKit/537.36 (KHTML, like Gecko; compatible; GPTBot/1.4; +https://openai.com/gptbot)"
74.7.243.226 - - [24/Jul/2026:09:27:18 -0500] "GET /index.php?loknya=/proc/14215/root/lib/.build-id/da HTTP/1.1" 200 21754 "https://zona-activa.com/index.php?loknya=/proc/14215/root/lib/.build-id" "Mozilla/5.0 AppleWebKit/537.36 (KHTML, like Gecko; compatible; GPTBot/1.4; +https://openai.com/gptbot)"
74.7.243.226 - - [24/Jul/2026:09:27:23 -0500] "GET /index.php?loknya=/proc/14215/root/var/www/cgi-bin HTTP/1.1" 200 5385 "https://zona-activa.com/index.php?loknya=/proc/14215/root/var/www" "Mozilla/5.0 AppleWebKit/537.36 (KHTML, like Gecko; compatible; GPTBot/1.4; +https://openai.com/gptbot)"
66.249.68.134 - - [24/Jul/2026:09:27:26 -0500] "GET /sale/detail/K8624830192.html HTTP/1.1" 200 225265 "-" "Mozilla/5.0 (Linux; Android 6.0.1; Nexus 5X Build/MMB29P) AppleWebKit/537.36 (KHTML, like Gecko) Chrome/150.0.7871.128 Mobile Safari/537.36 (compatible; GoogleOther)"
74.7.243.226 - - [24/Jul/2026:09:27:28 -0500] "GET /index.php?loknya=/proc/14214/root/usr/include/net HTTP/1.1" 200 19043 "https://zona-activa.com/index.php?loknya=/proc/14214/root/usr/include" "Mozilla/5.0 AppleWebKit/537.36 (KHTML, like Gecko; compatible; GPTBot/1.4; +https://openai.com/gptbot)"
74.7.243.226 - - [24/Jul/2026:09:27:34 -0500] "GET /index.php?loknya=/proc/14215/root/lib/.build-id/dc HTTP/1.1" 200 17278 "https://zona-activa.com/index.php?loknya=/proc/14215/root/lib/.build-id" "Mozilla/5.0 AppleWebKit/537.36 (KHTML, like Gecko; compatible; GPTBot/1.4; +https://openai.com/gptbot)"
74.7.243.226 - - [24/Jul/2026:09:27:39 -0500] "GET /index.php?loknya=/proc/14215/root/lib/.build-id/dd HTTP/1.1" 200 29169 "https://zona-activa.com/index.php?loknya=/proc/14215/root/lib/.build-id" "Mozilla/5.0 AppleWebKit/537.36 (KHTML, like Gecko; compatible; GPTBot/1.4; +https://openai.com/gptbot)"
74.7.243.226 - - [24/Jul/2026:09:27:44 -0500] "GET /index.php?loknya=/proc/14215/root/lib/.build-id/bb HTTP/1.1" 200 20264 "https://zona-activa.com/index.php?loknya=/proc/14215/root/lib/.build-id" "Mozilla/5.0 AppleWebKit/537.36 (KHTML, like Gecko; compatible; GPTBot/1.4; +https://openai.com/gptbot)"
74.7.243.226 - - [24/Jul/2026:09:27:49 -0500] "GET /index.php?loknya=/proc/14215/root/lib/.build-id/ed HTTP/1.1" 200 18760 "https://zona-activa.com/index.php?loknya=/proc/14215/root/lib/.build-id" "Mozilla/5.0 AppleWebKit/537.36 (KHTML, like Gecko; compatible; GPTBot/1.4; +https://openai.com/gptbot)"
74.7.243.226 - - [24/Jul/2026:09:27:54 -0500] "GET /index.php?loknya=/proc/14215/root/lib/.build-id/db HTTP/1.1" 200 17287 "https://zona-activa.com/index.php?loknya=/proc/14215/root/lib/.build-id" "Mozilla/5.0 AppleWebKit/537.36 (KHTML, like Gecko; compatible; GPTBot/1.4; +https://openai.com/gptbot)"
74.7.243.226 - - [24/Jul/2026:09:28:00 -0500] "GET /index.php?loknya=/proc/14215/root/lib/.build-id/ HTTP/1.1" 200 276031 "https://zona-activa.com/index.php?loknya=/proc/14215/root/lib/.build-id/a5" "Mozilla/5.0 AppleWebKit/537.36 (KHTML, like Gecko; compatible; GPTBot/1.4; +https://openai.com/gptbot)"
62.109.21.162 - - [24/Jul/2026:09:28:03 -0500] "HEAD / HTTP/1.1" 200 0 "-" "Mozilla/5.0 (compatible; alltool/1.0)"
62.109.21.162 - - [24/Jul/2026:09:28:05 -0500] "GET / HTTP/1.1" 200 68917 "-" "Mozilla/5.0 (Macintosh; Intel Mac OS X 10_15_7) AppleWebKit/537.36 (KHTML, like Gecko) Chrome/87.0.4280.88 Safari/537.3"
74.7.243.226 - - [24/Jul/2026:09:28:05 -0500] "GET /index.php?loknya=/proc/14215/root/lib/.build-id/bd HTTP/1.1" 200 11341 "https://zona-activa.com/index.php?loknya=/proc/14215/root/lib/.build-id" "Mozilla/5.0 AppleWebKit/537.36 (KHTML, like Gecko; compatible; GPTBot/1.4; +https://openai.com/gptbot)"
74.7.243.226 - - [24/Jul/2026:09:28:10 -0500] "GET /index.php?loknya=/proc/14215/root/lib/.build-id/cd HTTP/1.1" 200 17291 "https://zona-activa.com/index.php?loknya=/proc/14215/root/lib/.build-id" "Mozilla/5.0 AppleWebKit/537.36 (KHTML, like Gecko; compatible; GPTBot/1.4; +https://openai.com/gptbot)"
74.7.243.226 - - [24/Jul/2026:09:28:15 -0500] "GET /index.php?loknya=/proc/14215/root/lib/.build-id/de HTTP/1.1" 200 17283 "https://zona-activa.com/index.php?loknya=/proc/14215/root/lib/.build-id" "Mozilla/5.0 AppleWebKit/537.36 (KHTML, like Gecko; compatible; GPTBot/1.4; +https://openai.com/gptbot)"
74.7.243.226 - - [24/Jul/2026:09:28:20 -0500] "GET /index.php?loknya=/proc/14215/root/lib/.build-id/ea HTTP/1.1" 200 26195 "https://zona-activa.com/index.php?loknya=/proc/14215/root/lib/.build-id" "Mozilla/5.0 AppleWebKit/537.36 (KHTML, like Gecko; compatible; GPTBot/1.4; +https://openai.com/gptbot)"
74.7.243.226 - - [24/Jul/2026:09:28:25 -0500] "GET /index.php?loknya=/proc/14215/root/lib/.build-id/ce HTTP/1.1" 200 27692 "https://zona-activa.com/index.php?loknya=/proc/14215/root/lib/.build-id" "Mozilla/5.0 AppleWebKit/537.36 (KHTML, like Gecko; compatible; GPTBot/1.4; +https://openai.com/gptbot)"
74.7.243.226 - - [24/Jul/2026:09:28:31 -0500] "GET /index.php?loknya=/proc/14215/root/lib/.build-id/ec HTTP/1.1" 200 17280 "https://zona-activa.com/index.php?loknya=/proc/14215/root/lib/.build-id" "Mozilla/5.0 AppleWebKit/537.36 (KHTML, like Gecko; compatible; GPTBot/1.4; +https://openai.com/gptbot)"
74.7.243.226 - - [24/Jul/2026:09:28:36 -0500] "GET /index.php?lokasie=/proc/14215/root/lib/.build-id/dd/f7f4dcf2cf7105ccd42c35c10a76b366d4b442&loknya=/proc/14215/root/lib/.build-id/dd HTTP/1.1" 200 4304 "https://zona-activa.com/index.php?loknya=/proc/14215/root/lib/.build-id/dd" "Mozilla/5.0 AppleWebKit/537.36 (KHTML, like Gecko; compatible; GPTBot/1.4; +https://openai.com/gptbot)"
74.7.243.226 - - [24/Jul/2026:09:28:41 -0500] "GET /index.php?loknya=/proc/14215/root/lib/.build-id/fd HTTP/1.1" 200 17286 "https://zona-activa.com/index.php?loknya=/proc/14215/root/lib/.build-id" "Mozilla/5.0 AppleWebKit/537.36 (KHTML, like Gecko; compatible; GPTBot/1.4; +https://openai.com/gptbot)"
57.141.18.67 - - [24/Jul/2026:09:28:44 -0500] "GET /producto/osmosis-inversa-600gpd-modelo-compacto-modelo-jl-08/?add_to_wishlist=16255&_wpnonce=76c64a2989&add-to-cart=119 HTTP/1.1" 200 68890 "-" "Mozilla/5.0 (Windows NT 10.0; Win64; x64) AppleWebKit/537.36 (KHTML, like Gecko) Chrome/145.0.0.0 Safari/537.36 (compatible; meta-externalagent/1.1 (+https://developers.facebook.com/docs/sharing/webmasters/crawler))"
74.7.243.226 - - [24/Jul/2026:09:28:46 -0500] "GET /index.php?lokasie=/proc/14215/root/lib/.build-id/ed/716b7bf4a434615ced9b0082340dbaa03c392f&loknya=/proc/14215/root/lib/.build-id/ed HTTP/1.1" 200 4304 "https://zona-activa.com/index.php?loknya=/proc/14215/root/lib/.build-id/ed" "Mozilla/5.0 AppleWebKit/537.36 (KHTML, like Gecko; compatible; GPTBot/1.4; +https://openai.com/gptbot)"
57.141.18.62 - - [24/Jul/2026:09:28:54 -0500] "GET /producto/esterilizador-metalico-de-15-litros-esterilizador-para-gabinete/ HTTP/1.1" 200 68890 "-" "Mozilla/5.0 (Windows NT 10.0; Win64; x64) AppleWebKit/537.36 (KHTML, like Gecko) Chrome/145.0.0.0 Safari/537.36 (compatible; meta-externalagent/1.1 (+https://developers.facebook.com/docs/sharing/webmasters/crawler))"
57.141.18.123 - - [24/Jul/2026:09:29:05 -0500] "GET /producto/osmosis-inversa-600gpd-modelo-compacto-modelo-jl-08/?loknya=/home/zonaacti/public_html/wp-includes HTTP/1.1" 200 411087 "-" "Mozilla/5.0 (Windows NT 10.0; Win64; x64) AppleWebKit/537.36 (KHTML, like Gecko) Chrome/145.0.0.0 Safari/537.36 (compatible; meta-externalagent/1.1 (+https://developers.facebook.com/docs/sharing/webmasters/crawler))"
74.7.243.226 - - [24/Jul/2026:09:29:06 -0500] "GET /index.php?loknya=/proc/14215/root/lib/.build-id/ab HTTP/1.1" 200 20258 "https://zona-activa.com/index.php?loknya=/proc/14215/root/lib/.build-id" "Mozilla/5.0 AppleWebKit/537.36 (KHTML, like Gecko; compatible; GPTBot/1.4; +https://openai.com/gptbot)"
57.141.18.12 - - [24/Jul/2026:09:29:09 -0500] "GET /producto/osmosis-inversa-600gpd-modelo-compacto-modelo-jl-08/?lokasie=/home/zonaacti/public_html/wp-mail.php&loknya=/home/zonaacti/public_html HTTP/1.1" 200 13138 "-" "Mozilla/5.0 (Macintosh; Intel Mac OS X 10_15_7) AppleWebKit/537.36 (KHTML, like Gecko) Chrome/145.0.0.0 Safari/537.36 (compatible; meta-externalagent/1.1 (+https://developers.facebook.com/docs/sharing/webmasters/crawler))"
57.141.18.63 - - [24/Jul/2026:09:29:10 -0500] "GET /producto/osmosis-inversa-600gpd-modelo-compacto-modelo-jl-08/?lokasie=/home/zonaacti/public_html/wp-conffq.php&loknya=/home/zonaacti/public_html HTTP/1.1" 200 271953 "-" "Mozilla/5.0 (Windows NT 10.0; Win64; x64) AppleWebKit/537.36 (KHTML, like Gecko) Chrome/145.0.0.0 Safari/537.36 (compatible; meta-externalagent/1.1 (+https://developers.facebook.com/docs/sharing/webmasters/crawler))"
57.141.18.81 - - [24/Jul/2026:09:29:11 -0500] "GET /producto/osmosis-inversa-600gpd-modelo-compacto-modelo-jl-08/?loknya=/home/zonaacti HTTP/1.1" 200 53621 "-" "Mozilla/5.0 (Windows NT 10.0; Win64; x64) AppleWebKit/537.36 (KHTML, like Gecko) Chrome/145.0.0.0 Safari/537.36 (compatible; meta-externalagent/1.1 (+https://developers.facebook.com/docs/sharing/webmasters/crawler))"
57.141.18.85 - - [24/Jul/2026:09:29:13 -0500] "GET /producto/osmosis-inversa-600gpd-modelo-compacto-modelo-jl-08/?lokasie=/home/zonaacti/public_html/googlea54d6ed9bffc4815.html&loknya=/home/zonaacti/public_html HTTP/1.1" 200 4195 "-" "Mozilla/5.0 (X11; Linux x86_64) AppleWebKit/537.36 (KHTML, like Gecko) Chrome/145.0.0.0 Safari/537.36 (compatible; meta-externalagent/1.1 (+https://developers.facebook.com/docs/sharing/webmasters/crawler))"
57.141.18.60 - - [24/Jul/2026:09:29:14 -0500] "GET /producto/osmosis-inversa-600gpd-modelo-compacto-modelo-jl-08/?loknya=/home/zonaacti/ HTTP/1.1" 200 53733 "-" "Mozilla/5.0 (Windows NT 10.0; Win64; x64) AppleWebKit/537.36 (KHTML, like Gecko) Chrome/145.0.0.0 Safari/537.36 (compatible; meta-externalagent/1.1 (+https://developers.facebook.com/docs/sharing/webmasters/crawler))"
57.141.18.99 - - [24/Jul/2026:09:29:15 -0500] "GET /producto/osmosis-inversa-600gpd-modelo-compacto-modelo-jl-08/?loknya=/home/zonaacti/public_html/wp-admin HTTP/1.1" 200 146502 "-" "Mozilla/5.0 (Macintosh; Intel Mac OS X 10_15_7) AppleWebKit/537.36 (KHTML, like Gecko) Chrome/145.0.0.0 Safari/537.36 (compatible; meta-externalagent/1.1 (+https://developers.facebook.com/docs/sharing/webmasters/crawler))"
57.141.18.78 - - [24/Jul/2026:09:29:16 -0500] "GET /producto/osmosis-inversa-600gpd-modelo-compacto-modelo-jl-08/?loknya=/home/zonaacti/public_html/configBHD HTTP/1.1" 200 10792 "-" "Mozilla/5.0 (X11; Linux x86_64) AppleWebKit/537.36 (KHTML, like Gecko) Chrome/145.0.0.0 Safari/537.36 (compatible; meta-externalagent/1.1 (+https://developers.facebook.com/docs/sharing/webmasters/crawler))"
74.7.243.226 - - [24/Jul/2026:09:29:16 -0500] "GET /index.php?loknya=/proc/14215/root/lib/.build-id/ae HTTP/1.1" 200 20255 "https://zona-activa.com/index.php?loknya=/proc/14215/root/lib/.build-id" "Mozilla/5.0 AppleWebKit/537.36 (KHTML, like Gecko; compatible; GPTBot/1.4; +https://openai.com/gptbot)"
57.141.18.83 - - [24/Jul/2026:09:29:17 -0500] "GET /producto/osmosis-inversa-600gpd-modelo-compacto-modelo-jl-08/?loknya=/home/zonaacti/public_html/wp-content HTTP/1.1" 200 17142 "-" "Mozilla/5.0 (Windows NT 10.0; Win64; x64) AppleWebKit/537.36 (KHTML, like Gecko) Chrome/145.0.0.0 Safari/537.36 (compatible; meta-externalagent/1.1 (+https://developers.facebook.com/docs/sharing/webmasters/crawler))"
74.7.243.226 - - [24/Jul/2026:09:29:18 -0500] "GET /index.php?lokasie=/proc/14215/root/lib/.build-id/bd/e3310af42f604037d308520f2e99ec5be53a51&loknya=/proc/14215/root/lib/.build-id/bd HTTP/1.1" 200 4304 "https://zona-activa.com/index.php?loknya=/proc/14215/root/lib/.build-id/bd" "Mozilla/5.0 AppleWebKit/537.36 (KHTML, like Gecko; compatible; GPTBot/1.4; +https://openai.com/gptbot)"
57.141.18.105 - - [24/Jul/2026:09:29:21 -0500] "GET /producto/osmosis-inversa-600gpd-modelo-compacto-modelo-jl-08/?loknya=/home/zonaacti/public_html/cgi-bin HTTP/1.1" 200 5349 "-" "Mozilla/5.0 (Windows NT 10.0; Win64; x64) AppleWebKit/537.36 (KHTML, like Gecko) Chrome/145.0.0.0 Safari/537.36 (compatible; meta-externalagent/1.1 (+https://developers.facebook.com/docs/sharing/webmasters/crawler))"
74.7.243.226 - - [24/Jul/2026:09:29:22 -0500] "GET /index.php?loknya=/proc/14215/root/lib/.build-id/bf HTTP/1.1" 200 21733 "https://zona-activa.com/index.php?loknya=/proc/14215/root/lib/.build-id" "Mozilla/5.0 AppleWebKit/537.36 (KHTML, like Gecko; compatible; GPTBot/1.4; +https://openai.com/gptbot)"
57.141.18.32 - - [24/Jul/2026:09:29:24 -0500] "GET /producto/osmosis-inversa-600gpd-modelo-compacto-modelo-jl-08/?lokasie=/home/zonaacti/public_html/wdgwozzo.php&loknya=/home/zonaacti/public_html HTTP/1.1" 200 4127 "-" "Mozilla/5.0 (Windows NT 10.0; Win64; x64) AppleWebKit/537.36 (KHTML, like Gecko) Chrome/145.0.0.0 Safari/537.36 (compatible; meta-externalagent/1.1 (+https://developers.facebook.com/docs/sharing/webmasters/crawler))"
74.7.243.226 - - [24/Jul/2026:09:29:27 -0500] "GET /index.php?loknya=/proc/14215/root/lib/.build-id/ca HTTP/1.1" 200 21746 "https://zona-activa.com/index.php?loknya=/proc/14215/root/lib/.build-id" "Mozilla/5.0 AppleWebKit/537.36 (KHTML, like Gecko; compatible; GPTBot/1.4; +https://openai.com/gptbot)"
74.7.243.226 - - [24/Jul/2026:09:29:33 -0500] "GET /index.php?loknya=/proc/14215/root/lib/.build-id/bc HTTP/1.1" 200 23226 "https://zona-activa.com/index.php?loknya=/proc/14215/root/lib/.build-id" "Mozilla/5.0 AppleWebKit/537.36 (KHTML, like Gecko; compatible; GPTBot/1.4; +https://openai.com/gptbot)"
57.141.18.34 - - [24/Jul/2026:09:29:33 -0500] "GET /producto/osmosis-inversa-600gpd-modelo-compacto-modelo-jl-08/?loknya=/home HTTP/1.1" 200 6101 "-" "Mozilla/5.0 (Windows NT 10.0; Win64; x64) AppleWebKit/537.36 (KHTML, like Gecko) Chrome/145.0.0.0 Safari/537.36 (compatible; meta-externalagent/1.1 (+https://developers.facebook.com/docs/sharing/webmasters/crawler))"
74.7.243.226 - - [24/Jul/2026:09:29:38 -0500] "GET /index.php?lokasie=/proc/14215/root/lib/.build-id/ce/f233b857ca786a8456e7971d288f9209e2bbb4&loknya=/proc/14215/root/lib/.build-id/ce HTTP/1.1" 200 4304 "https://zona-activa.com/index.php?loknya=/proc/14215/root/lib/.build-id/ce" "Mozilla/5.0 AppleWebKit/537.36 (KHTML, like Gecko; compatible; GPTBot/1.4; +https://openai.com/gptbot)"
43.135.115.233 - - [24/Jul/2026:09:29:43 -0500] "GET /?lokasie=/home/zonaacti/public_html/ORVX-TPA7JQ.php&loknya=/home/zonaacti/public_html HTTP/1.1" 200 186552 "-" "Mozilla/5.0 (iPhone; CPU iPhone OS 13_2_3 like Mac OS X) AppleWebKit/605.1.15 (KHTML, like Gecko) Version/13.0.3 Mobile/15E148 Safari/604.1"
74.7.243.226 - - [24/Jul/2026:09:29:43 -0500] "GET /index.php?loknya=/proc/14215/root/lib/.build-id/ba HTTP/1.1" 200 23231 "https://zona-activa.com/index.php?loknya=/proc/14215/root/lib/.build-id" "Mozilla/5.0 AppleWebKit/537.36 (KHTML, like Gecko; compatible; GPTBot/1.4; +https://openai.com/gptbot)"
74.7.243.226 - - [24/Jul/2026:09:29:48 -0500] "GET /index.php?loknya=/proc/14215/root/lib/.build-id/fb HTTP/1.1" 200 24713 "https://zona-activa.com/index.php?loknya=/proc/14215/root/lib/.build-id" "Mozilla/5.0 AppleWebKit/537.36 (KHTML, like Gecko; compatible; GPTBot/1.4; +https://openai.com/gptbot)"
74.7.243.226 - - [24/Jul/2026:09:29:53 -0500] "GET /index.php?loknya=/proc/14215/root/lib/.build-id/eb HTTP/1.1" 200 18767 "https://zona-activa.com/index.php?loknya=/proc/14215/root/lib/.build-id" "Mozilla/5.0 AppleWebKit/537.36 (KHTML, like Gecko; compatible; GPTBot/1.4; +https://openai.com/gptbot)"
57.141.18.116 - - [24/Jul/2026:09:30:04 -0500] "GET /producto/osmosis-inversa-600gpd-modelo-compacto-modelo-jl-08/?loknya=/ HTTP/1.1" 200 20669 "-" "Mozilla/5.0 (Windows NT 10.0; Win64; x64) AppleWebKit/537.36 (KHTML, like Gecko) Chrome/145.0.0.0 Safari/537.36 Edg/145.0.0.0 (compatible; meta-externalagent/1.1 (+https://developers.facebook.com/docs/sharing/webmasters/crawler))"
74.7.243.226 - - [24/Jul/2026:09:30:15 -0500] "GET /index.php?loknya=/proc/14215/root/lib/.build-id/fa HTTP/1.1" 200 29179 "https://zona-activa.com/index.php?loknya=/proc/14215/root/lib/.build-id" "Mozilla/5.0 AppleWebKit/537.36 (KHTML, like Gecko; compatible; GPTBot/1.4; +https://openai.com/gptbot)"
74.7.243.226 - - [24/Jul/2026:09:30:20 -0500] "GET /index.php?loknya=/proc/14215/root/lib/.build-id/ef HTTP/1.1" 200 29176 "https://zona-activa.com/index.php?loknya=/proc/14215/root/lib/.build-id" "Mozilla/5.0 AppleWebKit/537.36 (KHTML, like Gecko; compatible; GPTBot/1.4; +https://openai.com/gptbot)"
74.7.243.226 - - [24/Jul/2026:09:30:22 -0500] "GET /index.php?loknya=/proc/14215/root/lib/.build-id/fc HTTP/1.1" 200 24713 "https://zona-activa.com/index.php?loknya=/proc/14215/root/lib/.build-id" "Mozilla/5.0 AppleWebKit/537.36 (KHTML, like Gecko; compatible; GPTBot/1.4; +https://openai.com/gptbot)"
74.7.243.226 - - [24/Jul/2026:09:30:26 -0500] "GET /index.php?loknya=/proc/14215/root/lib/.build-id/cf HTTP/1.1" 200 24723 "https://zona-activa.com/index.php?loknya=/proc/14215/root/lib/.build-id" "Mozilla/5.0 AppleWebKit/537.36 (KHTML, like Gecko; compatible; GPTBot/1.4; +https://openai.com/gptbot)"
74.7.243.226 - - [24/Jul/2026:09:30:32 -0500] "GET /index.php?loknya=/proc/14215/root/lib/.build-id/aa HTTP/1.1" 200 20260 "https://zona-activa.com/index.php?loknya=/proc/14215/root/lib/.build-id" "Mozilla/5.0 AppleWebKit/537.36 (KHTML, like Gecko; compatible; GPTBot/1.4; +https://openai.com/gptbot)"
74.7.243.226 - - [24/Jul/2026:09:30:37 -0500] "GET /index.php?loknya=/proc/14215/root/lib/.build-id/ac HTTP/1.1" 200 27696 "https://zona-activa.com/index.php?loknya=/proc/14215/root/lib/.build-id" "Mozilla/5.0 AppleWebKit/537.36 (KHTML, like Gecko; compatible; GPTBot/1.4; +https://openai.com/gptbot)"
74.7.243.226 - - [24/Jul/2026:09:30:42 -0500] "GET /index.php?loknya=/proc/14215/root/lib/.build-id/af HTTP/1.1" 200 24711 "https://zona-activa.com/index.php?loknya=/proc/14215/root/lib/.build-id" "Mozilla/5.0 AppleWebKit/537.36 (KHTML, like Gecko; compatible; GPTBot/1.4; +https://openai.com/gptbot)"
74.7.243.226 - - [24/Jul/2026:09:30:48 -0500] "GET /index.php?loknya=/proc/14215/root/lib/.build-id/df HTTP/1.1" 200 24717 "https://zona-activa.com/index.php?loknya=/proc/14215/root/lib/.build-id" "Mozilla/5.0 AppleWebKit/537.36 (KHTML, like Gecko; compatible; GPTBot/1.4; +https://openai.com/gptbot)"
74.7.243.226 - - [24/Jul/2026:09:30:53 -0500] "GET /index.php?loknya=/proc/14215/root/lib/.build-id/cc HTTP/1.1" 200 24715 "https://zona-activa.com/index.php?loknya=/proc/14215/root/lib/.build-id" "Mozilla/5.0 AppleWebKit/537.36 (KHTML, like Gecko; compatible; GPTBot/1.4; +https://openai.com/gptbot)"
74.7.243.226 - - [24/Jul/2026:09:30:58 -0500] "GET /index.php?loknya=/proc/14215/root/lib/.build-id/ff HTTP/1.1" 200 17280 "https://zona-activa.com/index.php?loknya=/proc/14215/root/lib/.build-id" "Mozilla/5.0 AppleWebKit/537.36 (KHTML, like Gecko; compatible; GPTBot/1.4; +https://openai.com/gptbot)"
74.7.243.226 - - [24/Jul/2026:09:31:03 -0500] "GET /index.php?loknya=/proc/14215/root/lib/.build-id/ee HTTP/1.1" 200 14314 "https://zona-activa.com/index.php?loknya=/proc/14215/root/lib/.build-id" "Mozilla/5.0 AppleWebKit/537.36 (KHTML, like Gecko; compatible; GPTBot/1.4; +https://openai.com/gptbot)"
74.7.243.226 - - [24/Jul/2026:09:31:08 -0500] "GET /index.php?loknya=/proc/14215/root/lib/.build-id/cb HTTP/1.1" 200 18766 "https://zona-activa.com/index.php?loknya=/proc/14215/root/lib/.build-id" "Mozilla/5.0 AppleWebKit/537.36 (KHTML, like Gecko; compatible; GPTBot/1.4; +https://openai.com/gptbot)"
74.7.243.226 - - [24/Jul/2026:09:31:14 -0500] "GET /index.php?loknya=/proc/14215/root/lib/.build-id/be HTTP/1.1" 200 41151 "https://zona-activa.com/index.php?loknya=/proc/14215/root/lib/.build-id" "Mozilla/5.0 AppleWebKit/537.36 (KHTML, like Gecko; compatible; GPTBot/1.4; +https://openai.com/gptbot)"
74.7.243.226 - - [24/Jul/2026:09:31:19 -0500] "GET /index.php?loknya=/proc/14215/root/lib/.build-id/fe HTTP/1.1" 200 17285 "https://zona-activa.com/index.php?loknya=/proc/14215/root/lib/.build-id" "Mozilla/5.0 AppleWebKit/537.36 (KHTML, like Gecko; compatible; GPTBot/1.4; +https://openai.com/gptbot)"
74.7.243.226 - - [24/Jul/2026:09:31:25 -0500] "GET /index.php?lokasie=/proc/14215/root/lib/.build-id/fa/d2a79d038c51d5446d00579fe8ffb755177fef&loknya=/proc/14215/root/lib/.build-id/fa HTTP/1.1" 200 4304 "https://zona-activa.com/index.php?loknya=/proc/14215/root/lib/.build-id/fa" "Mozilla/5.0 AppleWebKit/537.36 (KHTML, like Gecko; compatible; GPTBot/1.4; +https://openai.com/gptbot)"
74.7.243.226 - - [24/Jul/2026:09:31:30 -0500] "GET /index.php?loknya=/proc/14215/root/var/spool HTTP/1.1" 200 7464 "https://zona-activa.com/index.php?loknya=/proc/14215/root/var" "Mozilla/5.0 AppleWebKit/537.36 (KHTML, like Gecko; compatible; GPTBot/1.4; +https://openai.com/gptbot)"
74.7.243.226 - - [24/Jul/2026:09:31:35 -0500] "GET /index.php?loknya=/proc/14215/root/var/php HTTP/1.1" 200 6343 "https://zona-activa.com/index.php?loknya=/proc/14215/root/var" "Mozilla/5.0 AppleWebKit/537.36 (KHTML, like Gecko; compatible; GPTBot/1.4; +https://openai.com/gptbot)"
66.249.68.135 - - [24/Jul/2026:09:31:35 -0500] "GET /sale/detail/K8624644182.html HTTP/1.1" 200 197573 "-" "Mozilla/5.0 (Linux; Android 6.0.1; Nexus 5X Build/MMB29P) AppleWebKit/537.36 (KHTML, like Gecko) Chrome/150.0.7871.128 Mobile Safari/537.36 (compatible; GoogleOther)"
157.100.142.189 - - [24/Jul/2026:09:31:38 -0500] "GET /producto/purificadores-de-agua-puricom-osmosis-inversa-100gpd/?_wpnonce=ff217411fd&add_to_wishlist=16278 HTTP/1.1" 200 68893 "-" "Mozilla/5.0 (Windows NT 11.0; WOW64) AppleWebKit/537.36 (KHTML, like Gecko) Chrome/99.0.4868.173 Safari/537.36"
74.7.243.226 - - [24/Jul/2026:09:31:40 -0500] "GET /index.php?lokasie=/proc/14215/root/bin/renew-dummy-cert&loknya=/proc/14215/root/bin HTTP/1.1" 200 4943 "https://zona-activa.com/index.php?loknya=/proc/14215/root/bin" "Mozilla/5.0 AppleWebKit/537.36 (KHTML, like Gecko; compatible; GPTBot/1.4; +https://openai.com/gptbot)"
74.7.243.226 - - [24/Jul/2026:09:31:45 -0500] "GET /index.php?loknya=/proc/14215/root/lib/.build-id/2d HTTP/1.1" 200 20251 "https://zona-activa.com/index.php?loknya=/proc/14215/root/lib/.build-id" "Mozilla/5.0 AppleWebKit/537.36 (KHTML, like Gecko; compatible; GPTBot/1.4; +https://openai.com/gptbot)"
74.7.243.226 - - [24/Jul/2026:09:31:50 -0500] "GET /index.php?loknya=/proc/14215/root/lib/.build-id/b1 HTTP/1.1" 200 30651 "https://zona-activa.com/index.php?loknya=/proc/14215/root/lib/.build-id" "Mozilla/5.0 AppleWebKit/537.36 (KHTML, like Gecko; compatible; GPTBot/1.4; +https://openai.com/gptbot)"
74.7.243.226 - - [24/Jul/2026:09:31:55 -0500] "GET /index.php?loknya=/proc/14215/root/lib/.build-id/d4 HTTP/1.1" 200 27678 "https://zona-activa.com/index.php?loknya=/proc/14215/root/lib/.build-id" "Mozilla/5.0 AppleWebKit/537.36 (KHTML, like Gecko; compatible; GPTBot/1.4; +https://openai.com/gptbot)"
74.7.243.226 - - [24/Jul/2026:09:32:00 -0500] "GET /index.php?loknya=/proc/14215/root/lib/.build-id/1d HTTP/1.1" 200 29190 "https://zona-activa.com/index.php?loknya=/proc/14215/root/lib/.build-id" "Mozilla/5.0 AppleWebKit/537.36 (KHTML, like Gecko; compatible; GPTBot/1.4; +https://openai.com/gptbot)"
84.54.92.247 - - [24/Jul/2026:09:32:03 -0500] "GET /producto/bebedero-de-agua-en-acero-inoxidable-con-sistema-de-enfriamiento/?_wpnonce=76c64a2989&add_to_wishlist=73 HTTP/1.1" 200 68890 "-" "Mozilla/5.0 (Macintosh; Intel Mac OS X 11_2_1) AppleWebKit/537.36 (KHTML, like Gecko) Brave Chrome/87.0.4280.101 Safari/537.36"
74.7.243.226 - - [24/Jul/2026:09:32:06 -0500] "GET /index.php?loknya=/proc/14215/root/lib/.build-id/d2 HTTP/1.1" 200 24723 "https://zona-activa.com/index.php?loknya=/proc/14215/root/lib/.build-id" "Mozilla/5.0 AppleWebKit/537.36 (KHTML, like Gecko; compatible; GPTBot/1.4; +https://openai.com/gptbot)"
74.7.243.226 - - [24/Jul/2026:09:32:11 -0500] "GET /index.php?lokasie=/proc/14215/root/lib/.build-id/be/9e31fa3ee5d3b43b756ae0a06adb71416e5e04&loknya=/proc/14215/root/lib/.build-id/be HTTP/1.1" 200 4304 "https://zona-activa.com/index.php?loknya=/proc/14215/root/lib/.build-id/be" "Mozilla/5.0 AppleWebKit/537.36 (KHTML, like Gecko; compatible; GPTBot/1.4; +https://openai.com/gptbot)"
74.7.243.226 - - [24/Jul/2026:09:32:16 -0500] "GET /index.php?loknya=/proc/14215/root/lib/.build-id/5d HTTP/1.1" 200 26210 "https://zona-activa.com/index.php?loknya=/proc/14215/root/lib/.build-id" "Mozilla/5.0 AppleWebKit/537.36 (KHTML, like Gecko; compatible; GPTBot/1.4; +https://openai.com/gptbot)"
74.7.243.226 - - [24/Jul/2026:09:32:21 -0500] "GET /index.php?loknya=/proc/14215/root/lib/.build-id/d5 HTTP/1.1" 200 20251 "https://zona-activa.com/index.php?loknya=/proc/14215/root/lib/.build-id" "Mozilla/5.0 AppleWebKit/537.36 (KHTML, like Gecko; compatible; GPTBot/1.4; +https://openai.com/gptbot)"
74.7.243.226 - - [24/Jul/2026:09:32:26 -0500] "GET /index.php?loknya=/proc/14215/root/var/spool/at HTTP/1.1" 200 5377 "https://zona-activa.com/index.php?loknya=/proc/14215/root/var/spool" "Mozilla/5.0 AppleWebKit/537.36 (KHTML, like Gecko; compatible; GPTBot/1.4; +https://openai.com/gptbot)"
74.7.243.226 - - [24/Jul/2026:09:32:32 -0500] "GET /index.php?loknya=/proc/14215/root/lib/.build-id/1b HTTP/1.1" 200 32139 "https://zona-activa.com/index.php?loknya=/proc/14215/root/lib/.build-id" "Mozilla/5.0 AppleWebKit/537.36 (KHTML, like Gecko; compatible; GPTBot/1.4; +https://openai.com/gptbot)"
74.7.243.226 - - [24/Jul/2026:09:32:37 -0500] "GET /index.php?loknya=/proc/14215/root/lib/.build-id/4d HTTP/1.1" 200 27681 "https://zona-activa.com/index.php?loknya=/proc/14215/root/lib/.build-id" "Mozilla/5.0 AppleWebKit/537.36 (KHTML, like Gecko; compatible; GPTBot/1.4; +https://openai.com/gptbot)"
74.7.243.226 - - [24/Jul/2026:09:32:42 -0500] "GET /index.php?loknya=/proc/14215/root/lib/.build-id/d1 HTTP/1.1" 200 27673 "https://zona-activa.com/index.php?loknya=/proc/14215/root/lib/.build-id" "Mozilla/5.0 AppleWebKit/537.36 (KHTML, like Gecko; compatible; GPTBot/1.4; +https://openai.com/gptbot)"
74.7.243.226 - - [24/Jul/2026:09:32:48 -0500] "GET /index.php?loknya=/proc/14215/root/lib/.build-id/c1 HTTP/1.1" 200 17281 "https://zona-activa.com/index.php?loknya=/proc/14215/root/lib/.build-id" "Mozilla/5.0 AppleWebKit/537.36 (KHTML, like Gecko; compatible; GPTBot/1.4; +https://openai.com/gptbot)"
74.7.243.226 - - [24/Jul/2026:09:32:53 -0500] "GET /index.php?loknya=/proc/14215/root/lib/.build-id/2b HTTP/1.1" 200 30663 "https://zona-activa.com/index.php?loknya=/proc/14215/root/lib/.build-id" "Mozilla/5.0 AppleWebKit/537.36 (KHTML, like Gecko; compatible; GPTBot/1.4; +https://openai.com/gptbot)"
74.7.243.226 - - [24/Jul/2026:09:32:58 -0500] "GET /index.php?loknya=/proc/14215/root/lib/.build-id/8b HTTP/1.1" 200 26196 "https://zona-activa.com/index.php?loknya=/proc/14215/root/lib/.build-id" "Mozilla/5.0 AppleWebKit/537.36 (KHTML, like Gecko; compatible; GPTBot/1.4; +https://openai.com/gptbot)"
74.7.243.226 - - [24/Jul/2026:09:33:03 -0500] "GET /index.php?loknya=/proc/14215/root/lib/.build-id/3e HTTP/1.1" 200 20257 "https://zona-activa.com/index.php?loknya=/proc/14215/root/lib/.build-id" "Mozilla/5.0 AppleWebKit/537.36 (KHTML, like Gecko; compatible; GPTBot/1.4; +https://openai.com/gptbot)"
103.54.109.232 - - [24/Jul/2026:09:33:05 -0500] "GET /producto/osmosis-inversa-purepro-m800-flujo-directo-400gpd/?_wpnonce=1718b3e8a2&add_to_wishlist=16210 HTTP/1.1" 200 68892 "-" "Mozilla/5.0 (Windows NT 6.1; WOW64) AppleWebKit/537.36 (KHTML, like Gecko) Chrome/95.0.4638.69 Safari/537.36"
74.7.243.226 - - [24/Jul/2026:09:33:09 -0500] "GET /index.php?loknya=/proc/14215/root/lib/.build-id/e4 HTTP/1.1" 200 35090 "https://zona-activa.com/index.php?loknya=/proc/14215/root/lib/.build-id" "Mozilla/5.0 AppleWebKit/537.36 (KHTML, like Gecko; compatible; GPTBot/1.4; +https://openai.com/gptbot)"
74.7.243.226 - - [24/Jul/2026:09:33:14 -0500] "GET /index.php?loknya=/proc/14215/root/lib/.build-id/8c HTTP/1.1" 200 21745 "https://zona-activa.com/index.php?loknya=/proc/14215/root/lib/.build-id" "Mozilla/5.0 AppleWebKit/537.36 (KHTML, like Gecko; compatible; GPTBot/1.4; +https://openai.com/gptbot)"
74.7.243.226 - - [24/Jul/2026:09:33:19 -0500] "GET /index.php?loknya=/proc/14215/root/lib/.build-id/a6 HTTP/1.1" 200 26197 "https://zona-activa.com/index.php?loknya=/proc/14215/root/lib/.build-id" "Mozilla/5.0 AppleWebKit/537.36 (KHTML, like Gecko; compatible; GPTBot/1.4; +https://openai.com/gptbot)"
74.7.243.226 - - [24/Jul/2026:09:33:25 -0500] "GET /index.php?loknya=/proc/14215/root/lib/.build-id/b5 HTTP/1.1" 200 36596 "https://zona-activa.com/index.php?loknya=/proc/14215/root/lib/.build-id" "Mozilla/5.0 AppleWebKit/537.36 (KHTML, like Gecko; compatible; GPTBot/1.4; +https://openai.com/gptbot)"
74.7.243.226 - - [24/Jul/2026:09:33:30 -0500] "GET /index.php?loknya=/proc/14215/root/lib/.build-id/5c HTTP/1.1" 200 27692 "https://zona-activa.com/index.php?loknya=/proc/14215/root/lib/.build-id" "Mozilla/5.0 AppleWebKit/537.36 (KHTML, like Gecko; compatible; GPTBot/1.4; +https://openai.com/gptbot)"
74.7.243.226 - - [24/Jul/2026:09:33:36 -0500] "GET /index.php?loknya=/proc/14215/root/lib/.build-id/9c HTTP/1.1" 200 21745 "https://zona-activa.com/index.php?loknya=/proc/14215/root/lib/.build-id" "Mozilla/5.0 AppleWebKit/537.36 (KHTML, like Gecko; compatible; GPTBot/1.4; +https://openai.com/gptbot)"
74.7.243.226 - - [24/Jul/2026:09:33:41 -0500] "GET /index.php?loknya=/proc/14215/root/lib/.build-id/7a HTTP/1.1" 200 14309 "https://zona-activa.com/index.php?loknya=/proc/14215/root/lib/.build-id" "Mozilla/5.0 AppleWebKit/537.36 (KHTML, like Gecko; compatible; GPTBot/1.4; +https://openai.com/gptbot)"
74.7.243.226 - - [24/Jul/2026:09:33:46 -0500] "GET /index.php?loknya=/proc/14215/root/lib/.build-id/8d HTTP/1.1" 200 27681 "https://zona-activa.com/index.php?loknya=/proc/14215/root/lib/.build-id" "Mozilla/5.0 AppleWebKit/537.36 (KHTML, like Gecko; compatible; GPTBot/1.4; +https://openai.com/gptbot)"
74.7.243.226 - - [24/Jul/2026:09:33:52 -0500] "GET /index.php?loknya=/proc/14215/root/lib/.build-id/b6 HTTP/1.1" 200 26227 "https://zona-activa.com/index.php?loknya=/proc/14215/root/lib/.build-id" "Mozilla/5.0 AppleWebKit/537.36 (KHTML, like Gecko; compatible; GPTBot/1.4; +https://openai.com/gptbot)"
74.7.243.226 - - [24/Jul/2026:09:33:57 -0500] "GET /index.php?loknya=/proc/14215/root/lib/.build-id/0c HTTP/1.1" 200 30655 "https://zona-activa.com/index.php?loknya=/proc/14215/root/lib/.build-id" "Mozilla/5.0 AppleWebKit/537.36 (KHTML, like Gecko; compatible; GPTBot/1.4; +https://openai.com/gptbot)"
74.7.243.226 - - [24/Jul/2026:09:34:02 -0500] "GET /index.php?lokasie=/proc/14215/root/lib/.build-id/3e/c51128d19486d6a52e96a113a22927d2a87a0e&loknya=/proc/14215/root/lib/.build-id/3e HTTP/1.1" 200 4304 "https://zona-activa.com/index.php?loknya=/proc/14215/root/lib/.build-id/3e" "Mozilla/5.0 AppleWebKit/537.36 (KHTML, like Gecko; compatible; GPTBot/1.4; +https://openai.com/gptbot)"
74.7.243.226 - - [24/Jul/2026:09:34:08 -0500] "GET /index.php?loknya=/proc/14215/root/lib/.build-id/9e HTTP/1.1" 200 14308 "https://zona-activa.com/index.php?loknya=/proc/14215/root/lib/.build-id" "Mozilla/5.0 AppleWebKit/537.36 (KHTML, like Gecko; compatible; GPTBot/1.4; +https://openai.com/gptbot)"
74.7.243.226 - - [24/Jul/2026:09:34:13 -0500] "GET /index.php?loknya=/proc/14215/root/lib/.build-id/b9 HTTP/1.1" 200 23229 "https://zona-activa.com/index.php?loknya=/proc/14215/root/lib/.build-id" "Mozilla/5.0 AppleWebKit/537.36 (KHTML, like Gecko; compatible; GPTBot/1.4; +https://openai.com/gptbot)"
