185.177.72.54 - - [24/Jul/2026:07:40:58 -0500] "GET /examples/11-transactions/%2eenv HTTP/1.1" 200 68893 "-" "curl/8.7.1"
185.177.72.54 - - [24/Jul/2026:07:40:59 -0500] "GET /examples/drupal-separate-services/%2eenv HTTP/1.1" 200 68893 "-" "curl/8.7.1"
185.177.72.54 - - [24/Jul/2026:07:41:00 -0500] "GET /examples/react-dashboard/backend/%2eenv HTTP/1.1" 200 68893 "-" "curl/8.7.1"
185.177.72.54 - - [24/Jul/2026:07:41:00 -0500] "GET /examples/sdl-first/%2eenv HTTP/1.1" 200 68894 "-" "curl/8.7.1"
92.119.36.74 - - [24/Jul/2026:07:41:01 -0500] "GET /contactenos/?lokasie=/home/zonaacti/public_html/bjyqvwgh.php&loknya=/home/zonaacti/public_html HTTP/1.1" 200 4127 "https://zona-activa.com/contactenos/" "Mozilla/5.0 (Macintosh; Intel Mac OS X 10_15_7) AppleWebKit/537.36 (KHTML, like Gecko) Chrome/144.0.0.0 Safari/537.36"
185.177.72.54 - - [24/Jul/2026:07:41:01 -0500] "GET /examples/sdl-first/prisma/%2eenv HTTP/1.1" 200 68894 "-" "curl/8.7.1"
185.177.72.54 - - [24/Jul/2026:07:41:02 -0500] "GET /examples/vue-dashboard/backend/%2eenv HTTP/1.1" 200 68894 "-" "curl/8.7.1"
74.7.243.226 - - [24/Jul/2026:07:41:03 -0500] "GET /index.php?loknya=/proc/14214/root/opt/alt/php55/var/www HTTP/1.1" 200 6623 "https://zona-activa.com/index.php?loknya=/proc/14214/root/opt/alt/php55/var" "Mozilla/5.0 AppleWebKit/537.36 (KHTML, like Gecko; compatible; GPTBot/1.4; +https://openai.com/gptbot)"
185.177.72.54 - - [24/Jul/2026:07:41:03 -0500] "GET /examples/web/%2eenv HTTP/1.1" 200 68894 "-" "curl/8.7.1"
185.177.72.54 - - [24/Jul/2026:07:41:04 -0500] "GET /examples/with-cookie-auth-fauna/%2eenv HTTP/1.1" 200 68894 "-" "curl/8.7.1"
185.177.72.54 - - [24/Jul/2026:07:41:05 -0500] "GET /examples/with-dotenv/%2eenv HTTP/1.1" 200 68894 "-" "curl/8.7.1"
185.177.72.54 - - [24/Jul/2026:07:41:06 -0500] "GET /examples/with-firebase-authentication-serverless/%2eenv HTTP/1.1" 200 68894 "-" "curl/8.7.1"
92.119.36.81 - - [24/Jul/2026:07:41:06 -0500] "GET /contactenos/?lokasie=/home/zonaacti/public_html/cugpauee.php&loknya=/home/zonaacti/public_html HTTP/1.1" 200 179918 "https://zona-activa.com/contactenos/" "Mozilla/5.0 (Macintosh; Intel Mac OS X 10_15_7) AppleWebKit/537.36 (KHTML, like Gecko) Chrome/144.0.0.0 Safari/537.36"
185.177.72.54 - - [24/Jul/2026:07:41:07 -0500] "GET /examples/with-react-relay-network-modern/%2eenv HTTP/1.1" 200 68894 "-" "curl/8.7.1"
185.177.72.54 - - [24/Jul/2026:07:41:08 -0500] "GET /examples/with-relay-modern/%2eenv HTTP/1.1" 200 68894 "-" "curl/8.7.1"
74.7.243.226 - - [24/Jul/2026:07:41:08 -0500] "GET /index.php?loknya=/proc/14214/root/opt/alt/php55/var/lib HTTP/1.1" 200 6619 "https://zona-activa.com/index.php?loknya=/proc/14214/root/opt/alt/php55/var" "Mozilla/5.0 AppleWebKit/537.36 (KHTML, like Gecko; compatible; GPTBot/1.4; +https://openai.com/gptbot)"
185.177.72.54 - - [24/Jul/2026:07:41:08 -0500] "GET /examples/with-universal-configuration-build-time/%2eenv HTTP/1.1" 200 68894 "-" "curl/8.7.1"
185.177.72.54 - - [24/Jul/2026:07:41:09 -0500] "GET /exapi/%2eenv HTTP/1.1" 200 68894 "-" "curl/8.7.1"
185.177.72.54 - - [24/Jul/2026:07:41:10 -0500] "GET /Exercise%2eFrontend/%2eenv HTTP/1.1" 200 68894 "-" "curl/8.7.1"
185.177.72.54 - - [24/Jul/2026:07:41:11 -0500] "GET /Exercise%2eFrontend/train/%2eenv HTTP/1.1" 200 68894 "-" "curl/8.7.1"
185.177.72.54 - - [24/Jul/2026:07:41:12 -0500] "GET /export/%2eenv HTTP/1.1" 200 68894 "-" "curl/8.7.1"
185.177.72.54 - - [24/Jul/2026:07:41:12 -0500] "GET /fastlane/%2eenv HTTP/1.1" 200 68920 "-" "curl/8.7.1"
74.7.243.226 - - [24/Jul/2026:07:41:13 -0500] "GET /index.php?loknya=/proc/14215/root/opt/alt/php70/etc/rpm HTTP/1.1" 200 8316 "https://zona-activa.com/index.php?loknya=/proc/14215/root/opt/alt/php70/etc" "Mozilla/5.0 AppleWebKit/537.36 (KHTML, like Gecko; compatible; GPTBot/1.4; +https://openai.com/gptbot)"
92.119.36.71 - - [24/Jul/2026:07:41:13 -0500] "GET /contactenos/?lokasie=/home/zonaacti/public_html/dixthckg.php&loknya=/home/zonaacti/public_html HTTP/1.1" 200 4127 "https://zona-activa.com/contactenos/" "Mozilla/5.0 (Macintosh; Intel Mac OS X 10_15_7) AppleWebKit/537.36 (KHTML, like Gecko) Chrome/144.0.0.0 Safari/537.36"
185.177.72.54 - - [24/Jul/2026:07:41:14 -0500] "GET /favicons/%2eenv HTTP/1.1" 200 68894 "-" "curl/8.7.1"
185.177.72.54 - - [24/Jul/2026:07:41:15 -0500] "GET /favs/%2eenv HTTP/1.1" 200 68894 "-" "curl/8.7.1"
185.177.72.54 - - [24/Jul/2026:07:41:16 -0500] "GET /FE/huey/%2eenv HTTP/1.1" 200 68894 "-" "curl/8.7.1"
185.177.72.54 - - [24/Jul/2026:07:41:16 -0500] "GET /fedex/%2eenv HTTP/1.1" 200 68894 "-" "curl/8.7.1"
185.177.72.54 - - [24/Jul/2026:07:41:17 -0500] "GET /fhir-api/%2eenv HTTP/1.1" 200 68894 "-" "curl/8.7.1"
74.7.243.226 - - [24/Jul/2026:07:41:18 -0500] "GET /index.php?loknya=/proc/14214/root/opt/alt/php52/var HTTP/1.1" 200 7600 "https://zona-activa.com/index.php?loknya=/proc/14214/root/opt/alt/php52" "Mozilla/5.0 AppleWebKit/537.36 (KHTML, like Gecko; compatible; GPTBot/1.4; +https://openai.com/gptbot)"
185.177.72.54 - - [24/Jul/2026:07:41:18 -0500] "GET /files/%2eenv HTTP/1.1" 200 68894 "-" "curl/8.7.1"
185.177.72.54 - - [24/Jul/2026:07:41:19 -0500] "GET /fileserver/%2eenv HTTP/1.1" 200 68894 "-" "curl/8.7.1"
92.119.36.97 - - [24/Jul/2026:07:41:20 -0500] "GET /contactenos/?lokasie=/home/zonaacti/public_html/googlea54d6ed9bffc4815.html&loknya=/home/zonaacti/public_html HTTP/1.1" 200 4195 "https://zona-activa.com/contactenos/" "Mozilla/5.0 (Macintosh; Intel Mac OS X 10_15_7) AppleWebKit/537.36 (KHTML, like Gecko) Chrome/144.0.0.0 Safari/537.36"
185.177.72.54 - - [24/Jul/2026:07:41:20 -0500] "GET /films/%2eenv HTTP/1.1" 200 68894 "-" "curl/8.7.1"
185.177.72.54 - - [24/Jul/2026:07:41:21 -0500] "GET /Final_Project/Airflow_Dag/%2eenv HTTP/1.1" 200 68894 "-" "curl/8.7.1"
185.177.72.54 - - [24/Jul/2026:07:41:22 -0500] "GET /Final_Project/kafka_twitter/%2eenv HTTP/1.1" 200 68894 "-" "curl/8.7.1"
185.177.72.54 - - [24/Jul/2026:07:41:22 -0500] "GET /Final_Project/StartingFile/%2eenv HTTP/1.1" 200 68894 "-" "curl/8.7.1"
185.177.72.54 - - [24/Jul/2026:07:41:23 -0500] "GET /finalVersion/lcomernbootcamp/projbackend/%2eenv HTTP/1.1" 200 68894 "-" "curl/8.7.1"
74.7.243.226 - - [24/Jul/2026:07:41:23 -0500] "GET /index.php?loknya=/proc/14215/root/opt/alt/php73/etc HTTP/1.1" 200 32130 "https://zona-activa.com/index.php?loknya=/proc/14215/root/opt/alt/php73" "Mozilla/5.0 AppleWebKit/537.36 (KHTML, like Gecko; compatible; GPTBot/1.4; +https://openai.com/gptbot)"
185.177.72.54 - - [24/Jul/2026:07:41:24 -0500] "GET /firebase%2ejson HTTP/1.1" 200 68894 "-" "curl/8.7.1"
185.177.72.54 - - [24/Jul/2026:07:41:25 -0500] "GET /first-network/%2eenv HTTP/1.1" 200 68894 "-" "curl/8.7.1"
110.249.202.242 - - [24/Jul/2026:07:41:25 -0500] "GET / HTTP/1.1" 200 68896 "-" "Mozilla/5.0 (Linux; Android 5.0) AppleWebKit/537.36 (KHTML, like Gecko) Mobile Safari/537.36 (compatible; Bytespider; https://zhanzhang.toutiao.com/)"
185.177.72.54 - - [24/Jul/2026:07:41:26 -0500] "GET /FIRST_CONFIG/%2eenv HTTP/1.1" 200 68894 "-" "curl/8.7.1"
92.119.36.97 - - [24/Jul/2026:07:41:27 -0500] "GET /contactenos/?lokasie=/home/zonaacti/public_html/fgpalcck.php&loknya=/home/zonaacti/public_html HTTP/1.1" 200 4282 "https://zona-activa.com/contactenos/" "Mozilla/5.0 (Macintosh; Intel Mac OS X 10_15_7) AppleWebKit/537.36 (KHTML, like Gecko) Chrome/144.0.0.0 Safari/537.36"
185.177.72.54 - - [24/Jul/2026:07:41:27 -0500] "GET /fisdom/fisdom/%2eenv HTTP/1.1" 200 68894 "-" "curl/8.7.1"
185.177.72.54 - - [24/Jul/2026:07:41:28 -0500] "GET /fixtures/blocks/%2eenv HTTP/1.1" 200 68894 "-" "curl/8.7.1"
57.141.18.120 - - [24/Jul/2026:07:41:29 -0500] "GET /producto/purificador-de-agua-por-osmosis-inversa-modelo-compacto-600gpd-modelo-jl-02/?lokasie=/home/zonaacti/public_html/wp-activate.php&loknya=/home/zonaacti/public_html HTTP/1.1" 200 12464 "-" "Mozilla/5.0 (Windows NT 10.0; Win64; x64) AppleWebKit/537.36 (KHTML, like Gecko) Chrome/145.0.0.0 Safari/537.36 Edg/145.0.0.0 (compatible; meta-externalagent/1.1 (+https://developers.facebook.com/docs/sharing/webmasters/crawler))"
185.177.72.54 - - [24/Jul/2026:07:41:29 -0500] "GET /fixtures/fiber-debugger/%2eenv HTTP/1.1" 200 68894 "-" "curl/8.7.1"
74.7.243.226 - - [24/Jul/2026:07:41:29 -0500] "GET /index.php?loknya=/proc/14214/root/opt/alt/php74/usr HTTP/1.1" 200 10858 "https://zona-activa.com/index.php?loknya=/proc/14214/root/opt/alt/php74" "Mozilla/5.0 AppleWebKit/537.36 (KHTML, like Gecko; compatible; GPTBot/1.4; +https://openai.com/gptbot)"
185.177.72.54 - - [24/Jul/2026:07:41:30 -0500] "GET /fixtures/flight/%2eenv HTTP/1.1" 200 68894 "-" "curl/8.7.1"
185.177.72.54 - - [24/Jul/2026:07:41:30 -0500] "GET /fixtures/kitchensink/%2eenv HTTP/1.1" 200 68894 "-" "curl/8.7.1"
185.177.72.54 - - [24/Jul/2026:07:41:31 -0500] "GET /flask/%2eenv HTTP/1.1" 200 68894 "-" "curl/8.7.1"
185.177.72.54 - - [24/Jul/2026:07:41:32 -0500] "GET /flask_test_uploads/%2eenv HTTP/1.1" 200 68894 "-" "curl/8.7.1"
185.177.72.54 - - [24/Jul/2026:07:41:33 -0500] "GET /fm/%2eenv HTTP/1.1" 200 68894 "-" "curl/8.7.1"
74.7.243.226 - - [24/Jul/2026:07:41:34 -0500] "GET /index.php?loknya=/proc/14214/root/opt/alt/php82/var HTTP/1.1" 200 8682 "https://zona-activa.com/index.php?loknya=/proc/14214/root/opt/alt/php82" "Mozilla/5.0 AppleWebKit/537.36 (KHTML, like Gecko; compatible; GPTBot/1.4; +https://openai.com/gptbot)"
185.177.72.54 - - [24/Jul/2026:07:41:34 -0500] "GET /font-icons/%2eenv HTTP/1.1" 200 68894 "-" "curl/8.7.1"
92.119.36.65 - - [24/Jul/2026:07:41:35 -0500] "GET /contactenos/?lokasie=/home/zonaacti/public_html/google2a18b70535414610.html&loknya=/home/zonaacti/public_html HTTP/1.1" 200 4195 "https://zona-activa.com/contactenos/" "Mozilla/5.0 (Macintosh; Intel Mac OS X 10_15_7) AppleWebKit/537.36 (KHTML, like Gecko) Chrome/144.0.0.0 Safari/537.36"
185.177.72.54 - - [24/Jul/2026:07:41:36 -0500] "GET /fonts/%2eenv HTTP/1.1" 200 68894 "-" "curl/8.7.1"
185.177.72.54 - - [24/Jul/2026:07:41:37 -0500] "GET /framework/%2eenv HTTP/1.1" 200 68894 "-" "curl/8.7.1"
185.177.72.54 - - [24/Jul/2026:07:41:38 -0500] "GET /front-app/%2eenv HTTP/1.1" 200 68894 "-" "curl/8.7.1"
185.177.72.54 - - [24/Jul/2026:07:41:40 -0500] "GET /front-empathy/%2eenv HTTP/1.1" 200 68894 "-" "curl/8.7.1"
74.7.243.226 - - [24/Jul/2026:07:41:40 -0500] "GET /index.php?loknya=/proc/14214/root/opt/alt/php84/var HTTP/1.1" 200 8682 "https://zona-activa.com/index.php?loknya=/proc/14214/root/opt/alt/php84" "Mozilla/5.0 AppleWebKit/537.36 (KHTML, like Gecko; compatible; GPTBot/1.4; +https://openai.com/gptbot)"
110.249.201.73 - - [24/Jul/2026:07:41:40 -0500] "GET /wp-content/uploads/2026/04/imagen.png HTTP/1.1" 200 284123 "-" "Mozilla/5.0 (Linux; Android 5.0) AppleWebKit/537.36 (KHTML, like Gecko) Mobile Safari/537.36 (compatible; Bytespider; https://zhanzhang.toutiao.com/)"
92.119.36.93 - - [24/Jul/2026:07:41:40 -0500] "GET /contactenos/?lokasie=/home/zonaacti/public_html/wp-config-sample.php&loknya=/home/zonaacti/public_html HTTP/1.1" 200 7497 "https://zona-activa.com/contactenos/" "Mozilla/5.0 (Macintosh; Intel Mac OS X 10_15_7) AppleWebKit/537.36 (KHTML, like Gecko) Chrome/144.0.0.0 Safari/537.36"
185.177.72.54 - - [24/Jul/2026:07:41:41 -0500] "GET /front-end/%2eenv HTTP/1.1" 200 68894 "-" "curl/8.7.1"
185.177.72.54 - - [24/Jul/2026:07:41:42 -0500] "GET /front/%2eenv HTTP/1.1" 200 68894 "-" "curl/8.7.1"
185.177.72.54 - - [24/Jul/2026:07:41:43 -0500] "GET /front/src/%2eenv HTTP/1.1" 200 68894 "-" "curl/8.7.1"
185.177.72.54 - - [24/Jul/2026:07:41:43 -0500] "GET /frontend/momentum-fe/%2eenv HTTP/1.1" 200 68894 "-" "curl/8.7.1"
74.7.243.226 - - [24/Jul/2026:07:41:44 -0500] "GET /index.php?loknya=/proc/14215/root/opt/alt/php83/etc/rpm HTTP/1.1" 200 8319 "https://zona-activa.com/index.php?loknya=/proc/14215/root/opt/alt/php83/etc" "Mozilla/5.0 AppleWebKit/537.36 (KHTML, like Gecko; compatible; GPTBot/1.4; +https://openai.com/gptbot)"
185.177.72.54 - - [24/Jul/2026:07:41:45 -0500] "GET /frontend/react/%2eenv HTTP/1.1" 200 68894 "-" "curl/8.7.1"
92.119.36.67 - - [24/Jul/2026:07:41:46 -0500] "GET / HTTP/1.1" 200 68893 "-" "Mozilla/5.0 (Macintosh; Intel Mac OS X 10_15_7) AppleWebKit/537.36 (KHTML, like Gecko) Chrome/144.0.0.0 Safari/537.36"
185.177.72.54 - - [24/Jul/2026:07:41:46 -0500] "GET /frontend/vue/%2eenv HTTP/1.1" 200 68894 "-" "curl/8.7.1"
110.249.201.185 - - [24/Jul/2026:07:41:46 -0500] "GET /author/cmaginet/ HTTP/1.1" 200 68896 "-" "Mozilla/5.0 (Linux; Android 5.0) AppleWebKit/537.36 (KHTML, like Gecko) Mobile Safari/537.36 (compatible; Bytespider; https://zhanzhang.toutiao.com/)"
185.177.72.54 - - [24/Jul/2026:07:41:47 -0500] "GET /frontend/web/debug/default/view HTTP/1.1" 200 68894 "-" "curl/8.7.1"
185.177.72.54 - - [24/Jul/2026:07:41:48 -0500] "GET /frontendfinaltest/%2eenv HTTP/1.1" 200 68894 "-" "curl/8.7.1"
185.177.72.54 - - [24/Jul/2026:07:41:49 -0500] "GET /ftp/%2eenv HTTP/1.1" 200 68894 "-" "curl/8.7.1"
74.7.243.226 - - [24/Jul/2026:07:41:50 -0500] "GET /index.php?loknya=/proc/14215/root/opt/alt/php52/var HTTP/1.1" 200 7600 "https://zona-activa.com/index.php?loknya=/proc/14215/root/opt/alt/php52" "Mozilla/5.0 AppleWebKit/537.36 (KHTML, like Gecko; compatible; GPTBot/1.4; +https://openai.com/gptbot)"
185.177.72.54 - - [24/Jul/2026:07:41:50 -0500] "GET /ftpmaster/%2eenv HTTP/1.1" 200 68894 "-" "curl/8.7.1"
185.177.72.54 - - [24/Jul/2026:07:41:51 -0500] "GET /functions/%2eenv HTTP/1.1" 200 68894 "-" "curl/8.7.1"
92.119.36.98 - - [24/Jul/2026:07:41:51 -0500] "GET /?loknya=/ HTTP/1.1" 200 20668 "https://zona-activa.com/" "Mozilla/5.0 (Macintosh; Intel Mac OS X 10_15_7) AppleWebKit/537.36 (KHTML, like Gecko) Chrome/144.0.0.0 Safari/537.36"
185.177.72.54 - - [24/Jul/2026:07:41:52 -0500] "GET /gcloud%2ejson HTTP/1.1" 200 68894 "-" "curl/8.7.1"
185.177.72.54 - - [24/Jul/2026:07:41:53 -0500] "GET /gcp/%2eenv HTTP/1.1" 200 68894 "-" "curl/8.7.1"
185.177.72.54 - - [24/Jul/2026:07:41:54 -0500] "GET /gists/cache HTTP/1.1" 200 68892 "-" "curl/8.7.1"
57.141.18.92 - - [24/Jul/2026:07:41:55 -0500] "GET /producto/osmosis-inversa-600gpd-modelo-jl-07/?lokasie=/home/zonaacti/public_html/error_log&loknya=/home/zonaacti/public_html HTTP/1.1" 200 715144 "-" "Mozilla/5.0 (Windows NT 10.0; Win64; x64) AppleWebKit/537.36 (KHTML, like Gecko) Chrome/145.0.0.0 Safari/537.36 (compatible; meta-externalagent/1.1 (+https://developers.facebook.com/docs/sharing/webmasters/crawler))"
74.7.243.226 - - [24/Jul/2026:07:41:55 -0500] "GET /index.php?loknya=/proc/14214/root/opt/alt/php54/usr HTTP/1.1" 200 9768 "https://zona-activa.com/index.php?loknya=/proc/14214/root/opt/alt/php54" "Mozilla/5.0 AppleWebKit/537.36 (KHTML, like Gecko; compatible; GPTBot/1.4; +https://openai.com/gptbot)"
185.177.72.54 - - [24/Jul/2026:07:41:56 -0500] "GET /gists/laravel HTTP/1.1" 200 68893 "-" "curl/8.7.1"
92.119.36.84 - - [24/Jul/2026:07:41:56 -0500] "GET /?lokasie=/home/zonaacti/public_html/yfgdduzy.php&loknya=/home/zonaacti/public_html HTTP/1.1" 200 4127 "https://zona-activa.com/" "Mozilla/5.0 (Macintosh; Intel Mac OS X 10_15_7) AppleWebKit/537.36 (KHTML, like Gecko) Chrome/144.0.0.0 Safari/537.36"
185.177.72.54 - - [24/Jul/2026:07:41:57 -0500] "GET /gists/pusher HTTP/1.1" 200 68893 "-" "curl/8.7.1"
185.177.72.54 - - [24/Jul/2026:07:41:58 -0500] "GET /github-connect/%2eenv HTTP/1.1" 200 68893 "-" "curl/8.7.1"
185.177.72.54 - - [24/Jul/2026:07:41:59 -0500] "GET /google/%2eenv HTTP/1.1" 200 68893 "-" "curl/8.7.1"
185.177.72.54 - - [24/Jul/2026:07:42:00 -0500] "GET /graphiql/ HTTP/1.1" 200 68893 "-" "curl/8.7.1"
74.7.243.226 - - [24/Jul/2026:07:42:00 -0500] "GET /index.php?loknya=/proc/14214/root/opt/alt/php56/link HTTP/1.1" 200 6543 "https://zona-activa.com/index.php?loknya=/proc/14214/root/opt/alt/php56" "Mozilla/5.0 AppleWebKit/537.36 (KHTML, like Gecko; compatible; GPTBot/1.4; +https://openai.com/gptbot)"
185.177.72.54 - - [24/Jul/2026:07:42:01 -0500] "GET /graphql/ HTTP/1.1" 200 68893 "-" "curl/8.7.1"
92.119.36.99 - - [24/Jul/2026:07:42:02 -0500] "GET /?loknya=/home HTTP/1.1" 200 6101 "https://zona-activa.com/" "Mozilla/5.0 (Macintosh; Intel Mac OS X 10_15_7) AppleWebKit/537.36 (KHTML, like Gecko) Chrome/144.0.0.0 Safari/537.36"
110.249.202.24 - - [24/Jul/2026:07:42:03 -0500] "GET /wp-content/uploads/2026/06/osmosis-inversa-1000gpd-modelo-europa-2.avif HTTP/1.1" 200 10833 "-" "Mozilla/5.0 (Linux; Android 5.0) AppleWebKit/537.36 (KHTML, like Gecko) Mobile Safari/537.36 (compatible; Bytespider; https://zhanzhang.toutiao.com/)"
185.177.72.54 - - [24/Jul/2026:07:42:03 -0500] "GET /grems-api/%2eenv HTTP/1.1" 200 68894 "-" "curl/8.7.1"
185.177.72.54 - - [24/Jul/2026:07:42:04 -0500] "GET /grems-frontend/%2eenv HTTP/1.1" 200 68894 "-" "curl/8.7.1"
185.177.72.54 - - [24/Jul/2026:07:42:06 -0500] "GET /Hash/%2eenv HTTP/1.1" 200 68894 "-" "curl/8.7.1"
74.7.243.226 - - [24/Jul/2026:07:42:06 -0500] "GET /index.php?loknya=/proc/14214/root/opt/alt/php72/link HTTP/1.1" 200 6543 "https://zona-activa.com/index.php?loknya=/proc/14214/root/opt/alt/php72" "Mozilla/5.0 AppleWebKit/537.36 (KHTML, like Gecko; compatible; GPTBot/1.4; +https://openai.com/gptbot)"
185.177.72.54 - - [24/Jul/2026:07:42:07 -0500] "GET /hasura/%2eenv HTTP/1.1" 200 68894 "-" "curl/8.7.1"
185.177.72.54 - - [24/Jul/2026:07:42:09 -0500] "GET /hc/restricted HTTP/1.1" 200 68894 "-" "curl/8.7.1"
92.119.36.94 - - [24/Jul/2026:07:42:10 -0500] "GET /?lokasie=/home/zonaacti/public_html/xmlrpc.php&loknya=/home/zonaacti/public_html HTTP/1.1" 200 7683 "https://zona-activa.com/" "Mozilla/5.0 (Macintosh; Intel Mac OS X 10_15_7) AppleWebKit/537.36 (KHTML, like Gecko) Chrome/144.0.0.0 Safari/537.36"
74.7.243.226 - - [24/Jul/2026:07:42:11 -0500] "GET /index.php?loknya=/proc/14214/root/opt/alt/php54/var HTTP/1.1" 200 7600 "https://zona-activa.com/index.php?loknya=/proc/14214/root/opt/alt/php54" "Mozilla/5.0 AppleWebKit/537.36 (KHTML, like Gecko; compatible; GPTBot/1.4; +https://openai.com/gptbot)"
185.177.72.54 - - [24/Jul/2026:07:42:11 -0500] "GET /Helmetjs/%2eenv HTTP/1.1" 200 68894 "-" "curl/8.7.1"
185.177.72.54 - - [24/Jul/2026:07:42:12 -0500] "GET /hgs-static/%2eenv HTTP/1.1" 200 68894 "-" "curl/8.7.1"
185.177.72.54 - - [24/Jul/2026:07:42:13 -0500] "GET /higlass-website/%2eenv HTTP/1.1" 200 68894 "-" "curl/8.7.1"
92.119.36.65 - - [24/Jul/2026:07:42:14 -0500] "GET /?loknya=/home/zonaacti HTTP/1.1" 200 53621 "https://zona-activa.com/" "Mozilla/5.0 (Macintosh; Intel Mac OS X 10_15_7) AppleWebKit/537.36 (KHTML, like Gecko) Chrome/144.0.0.0 Safari/537.36"
185.177.72.54 - - [24/Jul/2026:07:42:14 -0500] "GET /home/%2eenv HTTP/1.1" 200 68894 "-" "curl/8.7.1"
185.177.72.54 - - [24/Jul/2026:07:42:15 -0500] "GET /horde/%2eenv HTTP/1.1" 200 68894 "-" "curl/8.7.1"
74.7.243.226 - - [24/Jul/2026:07:42:16 -0500] "GET /index.php?loknya=/proc/14214/root/opt/alt/php52/var/www HTTP/1.1" 200 6623 "https://zona-activa.com/index.php?loknya=/proc/14214/root/opt/alt/php52/var" "Mozilla/5.0 AppleWebKit/537.36 (KHTML, like Gecko; compatible; GPTBot/1.4; +https://openai.com/gptbot)"
185.177.72.54 - - [24/Jul/2026:07:42:16 -0500] "GET /hotpot-app-frontend/%2eenv HTTP/1.1" 200 68894 "-" "curl/8.7.1"
185.177.72.54 - - [24/Jul/2026:07:42:17 -0500] "GET /htdocs/%2eenv HTTP/1.1" 200 68894 "-" "curl/8.7.1"
185.177.72.54 - - [24/Jul/2026:07:42:18 -0500] "GET /html/%2eenv HTTP/1.1" 200 68894 "-" "curl/8.7.1"
185.177.72.54 - - [24/Jul/2026:07:42:19 -0500] "GET /http/%2eenv HTTP/1.1" 200 68894 "-" "curl/8.7.1"
185.177.72.54 - - [24/Jul/2026:07:42:20 -0500] "GET /httpboot/%2eenv HTTP/1.1" 200 68894 "-" "curl/8.7.1"
92.119.36.78 - - [24/Jul/2026:07:42:20 -0500] "GET /contactenos/?lokasie=/home/zonaacti/public_html/license.txt&loknya=/home/zonaacti/public_html HTTP/1.1" 200 24133 "https://zona-activa.com/contactenos/" "Mozilla/5.0 (Macintosh; Intel Mac OS X 10_15_7) AppleWebKit/537.36 (KHTML, like Gecko) Chrome/144.0.0.0 Safari/537.36"
185.177.72.54 - - [24/Jul/2026:07:42:21 -0500] "GET /httpdocs/%2eenv HTTP/1.1" 200 68894 "-" "curl/8.7.1"
74.7.243.226 - - [24/Jul/2026:07:42:21 -0500] "GET /index.php?loknya=/proc/14215/root/opt/alt/php73/etc/rpm HTTP/1.1" 200 8316 "https://zona-activa.com/index.php?loknya=/proc/14215/root/opt/alt/php73/etc" "Mozilla/5.0 AppleWebKit/537.36 (KHTML, like Gecko; compatible; GPTBot/1.4; +https://openai.com/gptbot)"
185.177.72.54 - - [24/Jul/2026:07:42:21 -0500] "GET /HUNIV_migration/%2eenv HTTP/1.1" 200 68894 "-" "curl/8.7.1"
185.177.72.54 - - [24/Jul/2026:07:42:22 -0500] "GET /i%2ephp HTTP/1.1" 403 68894 "-" "curl/8.7.1"
185.177.72.54 - - [24/Jul/2026:07:42:23 -0500] "GET /icon/%2eenv HTTP/1.1" 200 68894 "-" "curl/8.7.1"
185.177.72.54 - - [24/Jul/2026:07:42:24 -0500] "GET /icons/%2eenv HTTP/1.1" 200 68894 "-" "curl/8.7.1"
110.249.201.169 - - [24/Jul/2026:07:42:24 -0500] "GET /wp-content/uploads/2026/03/PUREPRO-EC105P-iso.jpg HTTP/1.1" 200 37544 "-" "Mozilla/5.0 (Linux; Android 5.0) AppleWebKit/537.36 (KHTML, like Gecko) Mobile Safari/537.36 (compatible; Bytespider; https://zhanzhang.toutiao.com/)"
185.177.72.54 - - [24/Jul/2026:07:42:24 -0500] "GET /ikiwiki/%2eenv HTTP/1.1" 200 68894 "-" "curl/8.7.1"
185.177.72.54 - - [24/Jul/2026:07:42:25 -0500] "GET /image_data/%2eenv HTTP/1.1" 200 68894 "-" "curl/8.7.1"
185.177.72.54 - - [24/Jul/2026:07:42:26 -0500] "GET /Imagebord/%2eenv HTTP/1.1" 200 68894 "-" "curl/8.7.1"
74.7.243.226 - - [24/Jul/2026:07:42:26 -0500] "GET /index.php?loknya=/proc/14214/root/opt/alt/php52/var/lib HTTP/1.1" 200 6619 "https://zona-activa.com/index.php?loknya=/proc/14214/root/opt/alt/php52/var" "Mozilla/5.0 AppleWebKit/537.36 (KHTML, like Gecko; compatible; GPTBot/1.4; +https://openai.com/gptbot)"
185.177.72.54 - - [24/Jul/2026:07:42:27 -0500] "GET /images/%2eenv HTTP/1.1" 200 68920 "-" "curl/8.7.1"
92.119.36.61 - - [24/Jul/2026:07:42:28 -0500] "GET /contactenos/?lokasie=/home/zonaacti/public_html/lock.php&loknya=/home/zonaacti/public_html HTTP/1.1" 200 6316 "https://zona-activa.com/contactenos/" "Mozilla/5.0 (Macintosh; Intel Mac OS X 10_15_7) AppleWebKit/537.36 (KHTML, like Gecko) Chrome/144.0.0.0 Safari/537.36"
185.177.72.54 - - [24/Jul/2026:07:42:28 -0500] "GET /img/%2eenv HTTP/1.1" 200 68894 "-" "curl/8.7.1"
185.177.72.54 - - [24/Jul/2026:07:42:29 -0500] "GET /in%2ephp HTTP/1.1" 403 68894 "-" "curl/8.7.1"
185.177.72.54 - - [24/Jul/2026:07:42:29 -0500] "GET /inc%2econfig%2ephp HTTP/1.1" 403 68894 "-" "curl/8.7.1"
185.177.72.54 - - [24/Jul/2026:07:42:30 -0500] "GET /includes/%2eenv HTTP/1.1" 200 68894 "-" "curl/8.7.1"
185.177.72.54 - - [24/Jul/2026:07:42:31 -0500] "GET /includes/config%2ephp HTTP/1.1" 200 68894 "-" "curl/8.7.1"
74.7.243.226 - - [24/Jul/2026:07:42:32 -0500] "GET /index.php?loknya=/proc/14214/root/opt/alt/php82/var/www HTTP/1.1" 200 6615 "https://zona-activa.com/index.php?loknya=/proc/14214/root/opt/alt/php82/var" "Mozilla/5.0 AppleWebKit/537.36 (KHTML, like Gecko; compatible; GPTBot/1.4; +https://openai.com/gptbot)"
185.177.72.54 - - [24/Jul/2026:07:42:32 -0500] "GET /index%2ephp HTTP/1.1" 200 68894 "-" "curl/8.7.1"
185.177.72.54 - - [24/Jul/2026:07:42:33 -0500] "GET /index%2ephp~ HTTP/1.1" 200 68894 "-" "curl/8.7.1"
92.119.36.87 - - [24/Jul/2026:07:42:33 -0500] "GET /contactenos/?lokasie=/home/zonaacti/public_html/readme.html&loknya=/home/zonaacti/public_html HTTP/1.1" 200 13461 "https://zona-activa.com/contactenos/" "Mozilla/5.0 (Macintosh; Intel Mac OS X 10_15_7) AppleWebKit/537.36 (KHTML, like Gecko) Chrome/144.0.0.0 Safari/537.36"
185.177.72.54 - - [24/Jul/2026:07:42:33 -0500] "GET /index1%2ephp HTTP/1.1" 403 68894 "-" "curl/8.7.1"
51.195.244.8 - - [24/Jul/2026:07:42:34 -0500] "GET /sitemapindex.xml HTTP/1.1" 200 171402 "-" "Mozilla/5.0 (compatible; AhrefsBot/7.0; +http://ahrefs.com/robot/)"
185.177.72.54 - - [24/Jul/2026:07:42:34 -0500] "GET /inf%2ephp HTTP/1.1" 403 68894 "-" "curl/8.7.1"
34.96.47.161 - - [24/Jul/2026:07:42:35 -0500] "GET /wp-json/wc/store/v1/products?per_page=100&page=1 HTTP/1.1" 200 68893 "-" "Mozilla/5.0 (Macintosh; Intel Mac OS X 10_15_7) AppleWebKit/537.36 (KHTML, like Gecko) Chrome/131.0.0.0 Safari/537.36"
185.177.72.54 - - [24/Jul/2026:07:42:35 -0500] "GET /info1%2ephp HTTP/1.1" 403 68894 "-" "curl/8.7.1"
185.177.72.54 - - [24/Jul/2026:07:42:36 -0500] "GET /info2%2ephp HTTP/1.1" 403 68894 "-" "curl/8.7.1"
74.7.243.226 - - [24/Jul/2026:07:42:37 -0500] "GET /index.php?loknya=/proc/14214/root/opt/alt/php84/var/www HTTP/1.1" 200 6615 "https://zona-activa.com/index.php?loknya=/proc/14214/root/opt/alt/php84/var" "Mozilla/5.0 AppleWebKit/537.36 (KHTML, like Gecko; compatible; GPTBot/1.4; +https://openai.com/gptbot)"
185.177.72.54 - - [24/Jul/2026:07:42:37 -0500] "GET /info3%2ephp HTTP/1.1" 403 68894 "-" "curl/8.7.1"
185.177.72.54 - - [24/Jul/2026:07:42:38 -0500] "GET /info4%2ephp HTTP/1.1" 403 68894 "-" "curl/8.7.1"
185.177.72.54 - - [24/Jul/2026:07:42:38 -0500] "GET /infophp%2ephp HTTP/1.1" 403 68894 "-" "curl/8.7.1"
92.119.36.102 - - [24/Jul/2026:07:42:39 -0500] "GET /contactenos/?lokasie=/home/zonaacti/public_html/googledb69c534980283a7.html&loknya=/home/zonaacti/public_html HTTP/1.1" 200 4196 "https://zona-activa.com/contactenos/" "Mozilla/5.0 (Macintosh; Intel Mac OS X 10_15_7) AppleWebKit/537.36 (KHTML, like Gecko) Chrome/144.0.0.0 Safari/537.36"
185.177.72.54 - - [24/Jul/2026:07:42:39 -0500] "GET /infos%2ephp HTTP/1.1" 403 68894 "-" "curl/8.7.1"
185.177.72.54 - - [24/Jul/2026:07:42:40 -0500] "GET /ini%2ephp HTTP/1.1" 403 68894 "-" "curl/8.7.1"
185.177.72.54 - - [24/Jul/2026:07:42:41 -0500] "GET /install/%2eenv HTTP/1.1" 200 68894 "-" "curl/8.7.1"
74.7.243.226 - - [24/Jul/2026:07:42:42 -0500] "GET /index.php?loknya=/proc/14214/root/opt/alt/php82/var/lib HTTP/1.1" 200 6619 "https://zona-activa.com/index.php?loknya=/proc/14214/root/opt/alt/php82/var" "Mozilla/5.0 AppleWebKit/537.36 (KHTML, like Gecko; compatible; GPTBot/1.4; +https://openai.com/gptbot)"
185.177.72.54 - - [24/Jul/2026:07:42:42 -0500] "GET /InstantCV/server/%2eenv HTTP/1.1" 200 68894 "-" "curl/8.7.1"
185.177.72.54 - - [24/Jul/2026:07:42:43 -0500] "GET /internal-api/ HTTP/1.1" 200 68894 "-" "curl/8.7.1"
185.177.72.54 - - [24/Jul/2026:07:42:44 -0500] "GET /internal/ HTTP/1.1" 200 68894 "-" "curl/8.7.1"
185.177.72.54 - - [24/Jul/2026:07:42:44 -0500] "GET /internal/config HTTP/1.1" 200 68894 "-" "curl/8.7.1"
110.249.202.120 - - [24/Jul/2026:07:42:45 -0500] "GET /producto/esterilizador-por-calor-seco-de-alta-temperatura-200-grados-para-herramientas-medicas-spa-dentales/ HTTP/1.1" 200 68896 "-" "Mozilla/5.0 (Linux; Android 5.0) AppleWebKit/537.36 (KHTML, like Gecko) Mobile Safari/537.36 (compatible; Bytespider; https://zhanzhang.toutiao.com/)"
185.177.72.54 - - [24/Jul/2026:07:42:46 -0500] "GET /isadmin%2ephp HTTP/1.1" 403 68894 "-" "curl/8.7.1"
185.177.72.54 - - [24/Jul/2026:07:42:47 -0500] "GET /items/%2eenv HTTP/1.1" 200 68894 "-" "curl/8.7.1"
92.119.36.81 - - [24/Jul/2026:07:42:47 -0500] "GET /contactenos/?lokasie=/home/zonaacti/public_html/php.ini&loknya=/home/zonaacti/public_html HTTP/1.1" 200 4227 "https://zona-activa.com/contactenos/" "Mozilla/5.0 (Macintosh; Intel Mac OS X 10_15_7) AppleWebKit/537.36 (KHTML, like Gecko) Chrome/144.0.0.0 Safari/537.36"
185.177.72.54 - - [24/Jul/2026:07:42:48 -0500] "GET /javascript/%2eenv HTTP/1.1" 200 68894 "-" "curl/8.7.1"
185.177.72.54 - - [24/Jul/2026:07:42:48 -0500] "GET /jenkins/%2eenv HTTP/1.1" 200 68894 "-" "curl/8.7.1"
185.177.72.54 - - [24/Jul/2026:07:42:49 -0500] "GET /jo%2ephp HTTP/1.1" 403 68894 "-" "curl/8.7.1"
185.177.72.54 - - [24/Jul/2026:07:42:50 -0500] "GET /joomla/%2eenv HTTP/1.1" 200 68894 "-" "curl/8.7.1"
185.177.72.54 - - [24/Jul/2026:07:42:51 -0500] "GET /js-plugin/%2eenv HTTP/1.1" 200 68894 "-" "curl/8.7.1"
185.177.72.54 - - [24/Jul/2026:07:42:51 -0500] "GET /js/app%2e[hash]%2ejs HTTP/1.1" 200 68894 "-" "curl/8.7.1"
185.177.72.54 - - [24/Jul/2026:07:42:52 -0500] "GET /js/app%2ebundle%2emin%2ejs HTTP/1.1" 200 68894 "-" "curl/8.7.1"
185.177.72.54 - - [24/Jul/2026:07:42:53 -0500] "GET /js/chunk-79be581b%2ec4b0f5e4%2ejs HTTP/1.1" 200 68894 "-" "curl/8.7.1"
57.141.18.3 - - [24/Jul/2026:07:42:53 -0500] "GET /producto/bebedero-de-agua-en-acero-inoxidable-modelo-semi-industrial-estructura-reforzada-fuente-de-agua-con-sistema-de-enfriamiento/?add_to_wishlist=66&_wpnonce=852027e2fc&add-to-cart=113 HTTP/1.1" 200 68892 "-" "Mozilla/5.0 (Macintosh; Intel Mac OS X 10_15_7) AppleWebKit/537.36 (KHTML, like Gecko) Chrome/145.0.0.0 Safari/537.36 (compatible; meta-externalagent/1.1 (+https://developers.facebook.com/docs/sharing/webmasters/crawler))"
92.119.36.80 - - [24/Jul/2026:07:42:54 -0500] "GET /contactenos/?lokasie=/home/zonaacti/public_html/sitemap.xml&loknya=/home/zonaacti/public_html HTTP/1.1" 200 4794 "https://zona-activa.com/contactenos/" "Mozilla/5.0 (Macintosh; Intel Mac OS X 10_15_7) AppleWebKit/537.36 (KHTML, like Gecko) Chrome/144.0.0.0 Safari/537.36"
185.177.72.54 - - [24/Jul/2026:07:42:54 -0500] "GET /js/chunk-vendors%2e[hash]%2ejs HTTP/1.1" 200 68894 "-" "curl/8.7.1"
185.177.72.54 - - [24/Jul/2026:07:42:54 -0500] "GET /js/chunks/[chunk-name]%2e[hash]%2ejs HTTP/1.1" 200 68894 "-" "curl/8.7.1"
185.177.72.54 - - [24/Jul/2026:07:42:55 -0500] "GET /js/contact_me%2ejs HTTP/1.1" 200 68894 "-" "curl/8.7.1"
185.177.72.54 - - [24/Jul/2026:07:42:56 -0500] "GET /js/vendor%2e[hash]%2ejs HTTP/1.1" 200 68894 "-" "curl/8.7.1"
185.177.72.54 - - [24/Jul/2026:07:42:57 -0500] "GET /jsrelay/%2eenv HTTP/1.1" 200 68894 "-" "curl/8.7.1"
185.177.72.54 - - [24/Jul/2026:07:42:57 -0500] "GET /jupyter/%2eenv HTTP/1.1" 200 68894 "-" "curl/8.7.1"
185.177.72.54 - - [24/Jul/2026:07:42:58 -0500] "GET /khanlinks/%2eenv HTTP/1.1" 200 68893 "-" "curl/8.7.1"
92.119.36.93 - - [24/Jul/2026:07:42:59 -0500] "GET /contactenos/?lokasie=/home/zonaacti/public_html/wp-links-opml.php&loknya=/home/zonaacti/public_html HTTP/1.1" 200 6926 "https://zona-activa.com/contactenos/" "Mozilla/5.0 (Macintosh; Intel Mac OS X 10_15_7) AppleWebKit/537.36 (KHTML, like Gecko) Chrome/144.0.0.0 Safari/537.36"
185.177.72.54 - - [24/Jul/2026:07:43:00 -0500] "GET /kibana/%2eenv HTTP/1.1" 200 68892 "-" "curl/8.7.1"
185.177.72.54 - - [24/Jul/2026:07:43:00 -0500] "GET /kodenames-server/%2eenv HTTP/1.1" 200 68893 "-" "curl/8.7.1"
185.177.72.54 - - [24/Jul/2026:07:43:01 -0500] "GET /kolab-syncroton/%2eenv HTTP/1.1" 200 68893 "-" "curl/8.7.1"
185.177.72.54 - - [24/Jul/2026:07:43:03 -0500] "GET /Kubernetes/%2eenv HTTP/1.1" 200 68919 "-" "curl/8.7.1"
74.7.243.226 - - [24/Jul/2026:07:43:03 -0500] "GET /index.php?loknya=/proc/14215/root/opt/alt/php52/var/www HTTP/1.1" 200 6623 "https://zona-activa.com/index.php?loknya=/proc/14215/root/opt/alt/php52/var" "Mozilla/5.0 AppleWebKit/537.36 (KHTML, like Gecko; compatible; GPTBot/1.4; +https://openai.com/gptbot)"
185.177.72.54 - - [24/Jul/2026:07:43:04 -0500] "GET /kubernetes/%2eenv HTTP/1.1" 200 68893 "-" "curl/8.7.1"
92.119.36.82 - - [24/Jul/2026:07:43:05 -0500] "GET /contactenos/?lokasie=/home/zonaacti/public_html/yfgdduzy.php&loknya=/home/zonaacti/public_html HTTP/1.1" 200 4127 "https://zona-activa.com/contactenos/" "Mozilla/5.0 (Macintosh; Intel Mac OS X 10_15_7) AppleWebKit/537.36 (KHTML, like Gecko) Chrome/144.0.0.0 Safari/537.36"
185.177.72.54 - - [24/Jul/2026:07:43:05 -0500] "GET /l%2ephp HTTP/1.1" 403 68894 "-" "curl/8.7.1"
111.225.149.109 - - [24/Jul/2026:07:43:06 -0500] "GET /producto/esterilizador-metalico-de-15-litros-esterilizador-para-gabinete/ HTTP/1.1" 200 68896 "-" "Mozilla/5.0 (Linux; Android 5.0) AppleWebKit/537.36 (KHTML, like Gecko) Mobile Safari/537.36 (compatible; Bytespider; https://zhanzhang.toutiao.com/)"
185.177.72.54 - - [24/Jul/2026:07:43:07 -0500] "GET /lab/%2eenv HTTP/1.1" 200 68894 "-" "curl/8.7.1"
185.177.72.54 - - [24/Jul/2026:07:43:07 -0500] "GET /lambda/%2eenv HTTP/1.1" 200 68894 "-" "curl/8.7.1"
185.177.72.54 - - [24/Jul/2026:07:43:08 -0500] "GET /latest/%2eenv HTTP/1.1" 200 68894 "-" "curl/8.7.1"
185.177.72.54 - - [24/Jul/2026:07:43:09 -0500] "GET /layout/%2eenv HTTP/1.1" 200 68894 "-" "curl/8.7.1"
185.177.72.54 - - [24/Jul/2026:07:43:10 -0500] "GET /lcomernbootcamp/projbackend/%2eenv HTTP/1.1" 200 68920 "-" "curl/8.7.1"
92.119.36.89 - - [24/Jul/2026:07:43:11 -0500] "GET /contactenos/?loknya=/home/zonaacti/ HTTP/1.1" 200 53733 "https://zona-activa.com/contactenos/" "Mozilla/5.0 (Macintosh; Intel Mac OS X 10_15_7) AppleWebKit/537.36 (KHTML, like Gecko) Chrome/144.0.0.0 Safari/537.36"
74.7.243.226 - - [24/Jul/2026:07:43:11 -0500] "GET /index.php?loknya=/proc/14215/root/opt/alt/php52/var/lib HTTP/1.1" 200 6619 "https://zona-activa.com/index.php?loknya=/proc/14215/root/opt/alt/php52/var" "Mozilla/5.0 AppleWebKit/537.36 (KHTML, like Gecko; compatible; GPTBot/1.4; +https://openai.com/gptbot)"
185.177.72.54 - - [24/Jul/2026:07:43:11 -0500] "GET /leafer-app/%2eenv HTTP/1.1" 200 68894 "-" "curl/8.7.1"
185.177.72.54 - - [24/Jul/2026:07:43:12 -0500] "GET /ledger_sync/%2eenv HTTP/1.1" 200 68894 "-" "curl/8.7.1"
74.7.243.226 - - [24/Jul/2026:07:43:12 -0500] "GET /index.php?loknya=/proc/14214/root/opt/alt/php84/var/lib HTTP/1.1" 200 7709 "https://zona-activa.com/index.php?loknya=/proc/14214/root/opt/alt/php84/var" "Mozilla/5.0 AppleWebKit/537.36 (KHTML, like Gecko; compatible; GPTBot/1.4; +https://openai.com/gptbot)"
185.177.72.54 - - [24/Jul/2026:07:43:13 -0500] "GET /legacy/tests/9%2e1%2e1 HTTP/1.1" 200 68894 "-" "curl/8.7.1"
185.177.72.54 - - [24/Jul/2026:07:43:14 -0500] "GET /legacy/tests/9%2e2%2e0 HTTP/1.1" 200 68920 "-" "curl/8.7.1"
92.119.36.62 - - [24/Jul/2026:07:43:15 -0500] "GET /contactenos/?loknya=/home/zonaacti/public_html HTTP/1.1" 200 68893 "https://zona-activa.com/contactenos/" "Mozilla/5.0 (Macintosh; Intel Mac OS X 10_15_7) AppleWebKit/537.36 (KHTML, like Gecko) Chrome/144.0.0.0 Safari/537.36"
185.177.72.54 - - [24/Jul/2026:07:43:15 -0500] "GET /legal/%2eenv HTTP/1.1" 200 68894 "-" "curl/8.7.1"
185.177.72.54 - - [24/Jul/2026:07:43:16 -0500] "GET /lemonldap-ng-doc/%2eenv HTTP/1.1" 200 68894 "-" "curl/8.7.1"
185.177.72.54 - - [24/Jul/2026:07:43:17 -0500] "GET /lemonldap-ng-fr-doc/%2eenv HTTP/1.1" 200 68894 "-" "curl/8.7.1"
74.7.243.226 - - [24/Jul/2026:07:43:17 -0500] "GET /index.php?loknya=/proc/14215/root/opt/alt/php55/usr HTTP/1.1" 200 9768 "https://zona-activa.com/index.php?loknya=/proc/14215/root/opt/alt/php55" "Mozilla/5.0 AppleWebKit/537.36 (KHTML, like Gecko; compatible; GPTBot/1.4; +https://openai.com/gptbot)"
185.177.72.54 - - [24/Jul/2026:07:43:17 -0500] "GET /letsencrypt/%2eenv HTTP/1.1" 200 68894 "-" "curl/8.7.1"
185.177.72.54 - - [24/Jul/2026:07:43:18 -0500] "GET /lib/%2eenv HTTP/1.1" 200 68894 "-" "curl/8.7.1"
185.177.72.54 - - [24/Jul/2026:07:43:19 -0500] "GET /lib/config%2ejs HTTP/1.1" 200 68894 "-" "curl/8.7.1"
185.177.72.54 - - [24/Jul/2026:07:43:20 -0500] "GET /libraries/%2eenv HTTP/1.1" 200 68894 "-" "curl/8.7.1"
185.177.72.54 - - [24/Jul/2026:07:43:20 -0500] "GET /Library/%2eenv HTTP/1.1" 200 68894 "-" "curl/8.7.1"
185.177.72.54 - - [24/Jul/2026:07:43:21 -0500] "GET /libs/%2eenv HTTP/1.1" 200 68894 "-" "curl/8.7.1"
185.177.72.54 - - [24/Jul/2026:07:43:22 -0500] "GET /lindex%2ephp HTTP/1.1" 403 68894 "-" "curl/8.7.1"
74.7.243.226 - - [24/Jul/2026:07:43:22 -0500] "GET /index.php?loknya=/proc/14214/root/opt/alt/php54/var/www HTTP/1.1" 200 6623 "https://zona-activa.com/index.php?loknya=/proc/14214/root/opt/alt/php54/var" "Mozilla/5.0 AppleWebKit/537.36 (KHTML, like Gecko; compatible; GPTBot/1.4; +https://openai.com/gptbot)"
185.177.72.54 - - [24/Jul/2026:07:43:23 -0500] "GET /linusadmin-phpinfo%2ephp HTTP/1.1" 403 68894 "-" "curl/8.7.1"
185.177.72.54 - - [24/Jul/2026:07:43:23 -0500] "GET /linux/%2eenv HTTP/1.1" 200 68894 "-" "curl/8.7.1"
185.177.72.54 - - [24/Jul/2026:07:43:24 -0500] "GET /local%2esettings%2ejson HTTP/1.1" 200 68894 "-" "curl/8.7.1"
185.177.72.54 - - [24/Jul/2026:07:43:25 -0500] "GET /localhost/%2eenv HTTP/1.1" 200 68894 "-" "curl/8.7.1"
185.177.72.54 - - [24/Jul/2026:07:43:26 -0500] "GET /locally/%2eenv HTTP/1.1" 200 68894 "-" "curl/8.7.1"
110.249.201.241 - - [24/Jul/2026:07:43:27 -0500] "GET /producto/esterilizador-de-calor-de-10litros-con-luz-uvc-germicida-equipo-de-desinfeccion-lampara-de-desinfeccion-uvc-esterilizacion-gabinete-spa-toallas-esterilizacion-con-ozono-modelo-jfmx-10-2/ HTTP/1.1" 200 68896 "-" "Mozilla/5.0 (Linux; Android 5.0) AppleWebKit/537.36 (KHTML, like Gecko) Mobile Safari/537.36 (compatible; Bytespider; https://zhanzhang.toutiao.com/)"
173.252.82.13 - - [24/Jul/2026:07:43:27 -0500] "GET /wp-content/uploads/2026/06/membrana-de-recambio-para-osmosis-inversa-d1000gpd3.png HTTP/1.1" 200 310397 "-" "meta-externalagent/1.1 (+https://developers.facebook.com/docs/sharing/webmasters/crawler)"
185.177.72.54 - - [24/Jul/2026:07:43:27 -0500] "GET /log%2etxt HTTP/1.1" 200 68894 "-" "curl/8.7.1"
74.7.243.226 - - [24/Jul/2026:07:43:28 -0500] "GET /index.php?loknya=/proc/14214/root/opt/alt/php54/var/lib HTTP/1.1" 200 6619 "https://zona-activa.com/index.php?loknya=/proc/14214/root/opt/alt/php54/var" "Mozilla/5.0 AppleWebKit/537.36 (KHTML, like Gecko; compatible; GPTBot/1.4; +https://openai.com/gptbot)"
185.177.72.54 - - [24/Jul/2026:07:43:28 -0500] "GET /log/%2eenv HTTP/1.1" 200 68894 "-" "curl/8.7.1"
185.177.72.54 - - [24/Jul/2026:07:43:29 -0500] "GET /log/development%2elog HTTP/1.1" 200 68894 "-" "curl/8.7.1"
185.177.72.54 - - [24/Jul/2026:07:43:29 -0500] "GET /logging/%2eenv HTTP/1.1" 200 68894 "-" "curl/8.7.1"
185.177.72.54 - - [24/Jul/2026:07:43:30 -0500] "GET /login/ HTTP/1.1" 200 68894 "-" "curl/8.7.1"
185.177.72.54 - - [24/Jul/2026:07:43:31 -0500] "GET /login/%2eenv HTTP/1.1" 200 68894 "-" "curl/8.7.1"
185.177.72.54 - - [24/Jul/2026:07:43:32 -0500] "GET /logs/ HTTP/1.1" 200 68894 "-" "curl/8.7.1"
185.177.72.54 - - [24/Jul/2026:07:43:32 -0500] "GET /logs/%2eenv HTTP/1.1" 200 68894 "-" "curl/8.7.1"
74.7.243.226 - - [24/Jul/2026:07:43:33 -0500] "GET /index.php?loknya=/proc/14214/root/opt/alt/php56/etc HTTP/1.1" 200 29643 "https://zona-activa.com/index.php?loknya=/proc/14214/root/opt/alt/php56" "Mozilla/5.0 AppleWebKit/537.36 (KHTML, like Gecko; compatible; GPTBot/1.4; +https://openai.com/gptbot)"
185.177.72.54 - - [24/Jul/2026:07:43:33 -0500] "GET /logs/access%2elog HTTP/1.1" 200 68894 "-" "curl/8.7.1"
185.177.72.54 - - [24/Jul/2026:07:43:34 -0500] "GET /logs/app%2elog HTTP/1.1" 200 68894 "-" "curl/8.7.1"
185.177.72.54 - - [24/Jul/2026:07:43:35 -0500] "GET /logs/error%2elog HTTP/1.1" 200 68894 "-" "curl/8.7.1"
185.177.72.54 - - [24/Jul/2026:07:43:35 -0500] "GET /magento/%2eenv HTTP/1.1" 200 68894 "-" "curl/8.7.1"
185.177.72.54 - - [24/Jul/2026:07:43:36 -0500] "GET /mailinabox/%2eenv HTTP/1.1" 200 68894 "-" "curl/8.7.1"
185.177.72.54 - - [24/Jul/2026:07:43:37 -0500] "GET /mailman/%2eenv HTTP/1.1" 404 68894 "-" "curl/8.7.1"
185.177.72.54 - - [24/Jul/2026:07:43:37 -0500] "GET /main-es2015%2e3c3aa123423ff18c0b00%2ejs HTTP/1.1" 200 68894 "-" "curl/8.7.1"
185.177.72.54 - - [24/Jul/2026:07:43:38 -0500] "GET /main-es2018%2e96dcf91e05121e327dcb%2ejs HTTP/1.1" 200 68894 "-" "curl/8.7.1"
74.7.243.226 - - [24/Jul/2026:07:43:38 -0500] "GET /index.php?loknya=/proc/14214/root/opt/alt/php56/var HTTP/1.1" 200 8682 "https://zona-activa.com/index.php?loknya=/proc/14214/root/opt/alt/php56" "Mozilla/5.0 AppleWebKit/537.36 (KHTML, like Gecko; compatible; GPTBot/1.4; +https://openai.com/gptbot)"
185.177.72.54 - - [24/Jul/2026:07:43:39 -0500] "GET /main-TDTOTK7F%2ejs HTTP/1.1" 200 68894 "-" "curl/8.7.1"
185.177.72.54 - - [24/Jul/2026:07:43:40 -0500] "GET /main-WTCAS2AO%2ejs HTTP/1.1" 200 68894 "-" "curl/8.7.1"
185.177.72.54 - - [24/Jul/2026:07:43:40 -0500] "GET /main%2e0ad61943313a734cc3ac%2ejs HTTP/1.1" 200 68894 "-" "curl/8.7.1"
185.177.72.54 - - [24/Jul/2026:07:43:41 -0500] "GET /main%2e2b8841d1a101dd041285%2ejs HTTP/1.1" 200 68894 "-" "curl/8.7.1"
185.177.72.54 - - [24/Jul/2026:07:43:42 -0500] "GET /main%2e35a08c25eb91de70487f%2ejs HTTP/1.1" 200 68894 "-" "curl/8.7.1"
185.177.72.54 - - [24/Jul/2026:07:43:43 -0500] "GET /main%2e457ddfd2b1341056%2ejs HTTP/1.1" 200 68894 "-" "curl/8.7.1"
185.177.72.54 - - [24/Jul/2026:07:43:43 -0500] "GET /main%2e48f1bbcf6201c5ea%2ejs HTTP/1.1" 200 68894 "-" "curl/8.7.1"
74.7.243.226 - - [24/Jul/2026:07:43:44 -0500] "GET /index.php?loknya=/proc/14215/root/opt/alt/python37/ HTTP/1.1" 200 11862 "https://zona-activa.com/index.php?loknya=/proc/14215/root/opt/alt/python37/etc" "Mozilla/5.0 AppleWebKit/537.36 (KHTML, like Gecko; compatible; GPTBot/1.4; +https://openai.com/gptbot)"
185.177.72.54 - - [24/Jul/2026:07:43:44 -0500] "GET /main%2e58a95e8d8659972f%2ejs HTTP/1.1" 200 68894 "-" "curl/8.7.1"
185.177.72.54 - - [24/Jul/2026:07:43:45 -0500] "GET /main%2e702787bb88cacd05b11d%2ejs HTTP/1.1" 200 68894 "-" "curl/8.7.1"
185.177.72.54 - - [24/Jul/2026:07:43:46 -0500] "GET /main%2eb610bd7c7b9b7a47%2ejs HTTP/1.1" 200 68894 "-" "curl/8.7.1"
110.249.201.117 - - [24/Jul/2026:07:43:46 -0500] "GET /tienda/page/1/ HTTP/1.1" 200 68896 "-" "Mozilla/5.0 (Linux; Android 5.0) AppleWebKit/537.36 (KHTML, like Gecko) Mobile Safari/537.36 (compatible; Bytespider; https://zhanzhang.toutiao.com/)"
185.177.72.54 - - [24/Jul/2026:07:43:47 -0500] "GET /main%2ejs HTTP/1.1" 200 68894 "-" "curl/8.7.1"
185.177.72.54 - - [24/Jul/2026:07:43:48 -0500] "GET /main%2ephp HTTP/1.1" 403 68894 "-" "curl/8.7.1"
185.177.72.54 - - [24/Jul/2026:07:43:49 -0500] "GET /main%2eyml HTTP/1.1" 200 68894 "-" "curl/8.7.1"
185.177.72.54 - - [24/Jul/2026:07:43:49 -0500] "GET /main_user/%2eenv HTTP/1.1" 200 68894 "-" "curl/8.7.1"
185.177.72.54 - - [24/Jul/2026:07:43:50 -0500] "GET /Makefile HTTP/1.1" 200 68894 "-" "curl/8.7.1"
185.177.72.54 - - [24/Jul/2026:07:43:51 -0500] "GET /manifest%2ejson HTTP/1.1" 200 68894 "-" "curl/8.7.1"
185.177.72.54 - - [24/Jul/2026:07:43:52 -0500] "GET /manual/%2eenv HTTP/1.1" 200 68894 "-" "curl/8.7.1"
185.177.72.54 - - [24/Jul/2026:07:43:53 -0500] "GET /master/%2eenv HTTP/1.1" 200 68894 "-" "curl/8.7.1"
185.177.72.54 - - [24/Jul/2026:07:43:54 -0500] "GET /media/%2eenv HTTP/1.1" 200 68894 "-" "curl/8.7.1"
185.177.72.54 - - [24/Jul/2026:07:43:54 -0500] "GET /memcached/%2eenv HTTP/1.1" 200 68894 "-" "curl/8.7.1"
185.177.72.54 - - [24/Jul/2026:07:43:55 -0500] "GET /mentorg-lava-docker/%2eenv HTTP/1.1" 200 68894 "-" "curl/8.7.1"
185.177.72.54 - - [24/Jul/2026:07:43:56 -0500] "GET /micro-app-react-communication/%2eenv HTTP/1.1" 200 68894 "-" "curl/8.7.1"
185.177.72.54 - - [24/Jul/2026:07:43:57 -0500] "GET /micro-app-react/%2eenv HTTP/1.1" 200 68894 "-" "curl/8.7.1"
185.177.72.54 - - [24/Jul/2026:07:43:57 -0500] "GET /mindsweeper/gui/%2eenv HTTP/1.1" 200 68894 "-" "curl/8.7.1"
185.177.72.54 - - [24/Jul/2026:07:43:58 -0500] "GET /minified/%2eenv HTTP/1.1" 200 68894 "-" "curl/8.7.1"
185.177.72.54 - - [24/Jul/2026:07:43:59 -0500] "GET /misc/%2eenv HTTP/1.1" 200 68894 "-" "curl/8.7.1"
185.177.72.54 - - [24/Jul/2026:07:44:00 -0500] "GET /Modix/ClientApp/%2eenv HTTP/1.1" 200 68893 "-" "curl/8.7.1"
185.177.72.54 - - [24/Jul/2026:07:44:00 -0500] "GET /monerod/%2eenv HTTP/1.1" 200 68893 "-" "curl/8.7.1"
185.177.72.54 - - [24/Jul/2026:07:44:02 -0500] "GET /mongodb/config/dev/%2eenv HTTP/1.1" 200 68893 "-" "curl/8.7.1"
185.177.72.54 - - [24/Jul/2026:07:44:02 -0500] "GET /monitoring/compose/%2eenv HTTP/1.1" 200 68893 "-" "curl/8.7.1"
185.177.72.54 - - [24/Jul/2026:07:44:03 -0500] "GET /moodledata/%2eenv HTTP/1.1" 200 68890 "-" "curl/8.7.1"
185.177.72.54 - - [24/Jul/2026:07:44:05 -0500] "GET /msks/%2eenv HTTP/1.1" 200 68893 "-" "curl/8.7.1"
74.7.243.226 - - [24/Jul/2026:07:44:05 -0500] "GET /index.php?loknya=/proc/14215/root/opt/alt/python38/ HTTP/1.1" 200 11862 "https://zona-activa.com/index.php?loknya=/proc/14215/root/opt/alt/python38/lib" "Mozilla/5.0 AppleWebKit/537.36 (KHTML, like Gecko; compatible; GPTBot/1.4; +https://openai.com/gptbot)"
185.177.72.54 - - [24/Jul/2026:07:44:06 -0500] "GET /munki_repo/%2eenv HTTP/1.1" 200 68893 "-" "curl/8.7.1"
185.177.72.54 - - [24/Jul/2026:07:44:07 -0500] "GET /music/%2eenv HTTP/1.1" 200 68893 "-" "curl/8.7.1"
185.177.72.54 - - [24/Jul/2026:07:44:08 -0500] "GET /MyRentals%2eWeb/ClientApp/%2eenv HTTP/1.1" 200 68894 "-" "curl/8.7.1"
185.177.72.54 - - [24/Jul/2026:07:44:10 -0500] "GET /mysql/ HTTP/1.1" 200 68894 "-" "curl/8.7.1"
185.177.72.54 - - [24/Jul/2026:07:44:11 -0500] "GET /name/%2eenv HTTP/1.1" 200 68894 "-" "curl/8.7.1"
185.177.72.54 - - [24/Jul/2026:07:44:12 -0500] "GET /nest/%2eenv HTTP/1.1" 200 68894 "-" "curl/8.7.1"
185.177.72.54 - - [24/Jul/2026:07:44:12 -0500] "GET /netlify%2etoml HTTP/1.1" 200 68894 "-" "curl/8.7.1"
185.177.72.54 - - [24/Jul/2026:07:44:13 -0500] "GET /new-js/%2eenv HTTP/1.1" 200 68894 "-" "curl/8.7.1"
74.7.243.226 - - [24/Jul/2026:07:44:14 -0500] "GET /index.php?loknya=/lib64/libnl/cli/cls HTTP/1.1" 200 10486 "https://zona-activa.com/index.php?loknya=/lib64/libnl/cli" "Mozilla/5.0 AppleWebKit/537.36 (KHTML, like Gecko; compatible; GPTBot/1.4; +https://openai.com/gptbot)"
185.177.72.54 - - [24/Jul/2026:07:44:15 -0500] "GET /new%2ephp HTTP/1.1" 403 68894 "-" "curl/8.7.1"
185.177.72.54 - - [24/Jul/2026:07:44:15 -0500] "GET /news-app/%2eenv HTTP/1.1" 200 68894 "-" "curl/8.7.1"
74.7.243.226 - - [24/Jul/2026:07:44:16 -0500] "GET /index.php?loknya=/lib64/packagekit-backend HTTP/1.1" 200 14983 "https://zona-activa.com/index.php?loknya=/lib64" "Mozilla/5.0 AppleWebKit/537.36 (KHTML, like Gecko; compatible; GPTBot/1.4; +https://openai.com/gptbot)"
185.177.72.54 - - [24/Jul/2026:07:44:16 -0500] "GET /next/%2eenv HTTP/1.1" 200 68894 "-" "curl/8.7.1"
185.177.72.54 - - [24/Jul/2026:07:44:17 -0500] "GET /nginx-server/%2eenv HTTP/1.1" 200 68894 "-" "curl/8.7.1"
185.177.72.54 - - [24/Jul/2026:07:44:18 -0500] "GET /niffler-frontend/%2eenv HTTP/1.1" 200 68894 "-" "curl/8.7.1"
185.177.72.54 - - [24/Jul/2026:07:44:18 -0500] "GET /node_modules/%2eenv HTTP/1.1" 200 68894 "-" "curl/8.7.1"
185.177.72.54 - - [24/Jul/2026:07:44:19 -0500] "GET /Nodejs-Projects/play-ground/login/%2eenv HTTP/1.1" 200 68894 "-" "curl/8.7.1"
185.177.72.54 - - [24/Jul/2026:07:44:20 -0500] "GET /Nodejs-Projects/play-ground/ManageUserRoles/%2eenv HTTP/1.1" 200 68894 "-" "curl/8.7.1"
74.7.243.226 - - [24/Jul/2026:07:44:21 -0500] "GET /index.php?loknya=/proc/14215/fd HTTP/1.1" 200 5176 "https://zona-activa.com/index.php?loknya=/proc/14215" "Mozilla/5.0 AppleWebKit/537.36 (KHTML, like Gecko; compatible; GPTBot/1.4; +https://openai.com/gptbot)"
185.177.72.54 - - [24/Jul/2026:07:44:21 -0500] "GET /noVNC/%2eenv HTTP/1.1" 200 68894 "-" "curl/8.7.1"
185.177.72.54 - - [24/Jul/2026:07:44:22 -0500] "GET /now%2ejson HTTP/1.1" 200 68894 "-" "curl/8.7.1"
185.177.72.54 - - [24/Jul/2026:07:44:22 -0500] "GET /Nuke%2eApp%2eUi/%2eenv HTTP/1.1" 200 68894 "-" "curl/8.7.1"
185.177.72.54 - - [24/Jul/2026:07:44:23 -0500] "GET /nuxt/%2eenv HTTP/1.1" 200 68894 "-" "curl/8.7.1"
185.177.72.54 - - [24/Jul/2026:07:44:24 -0500] "GET /o%2ephp HTTP/1.1" 403 68894 "-" "curl/8.7.1"
185.177.72.54 - - [24/Jul/2026:07:44:25 -0500] "GET /ocp%2ephp HTTP/1.1" 403 68894 "-" "curl/8.7.1"
185.177.72.54 - - [24/Jul/2026:07:44:25 -0500] "GET /of%2ephp HTTP/1.1" 403 68894 "-" "curl/8.7.1"
74.7.243.226 - - [24/Jul/2026:07:44:26 -0500] "GET /index.php?loknya=/proc/58153/fd HTTP/1.1" 200 6438 "https://zona-activa.com/index.php?loknya=/proc/58153" "Mozilla/5.0 AppleWebKit/537.36 (KHTML, like Gecko; compatible; GPTBot/1.4; +https://openai.com/gptbot)"
185.177.72.54 - - [24/Jul/2026:07:44:26 -0500] "GET /old/ HTTP/1.1" 200 68894 "-" "curl/8.7.1"
185.177.72.54 - - [24/Jul/2026:07:44:27 -0500] "GET /old/%2eenv HTTP/1.1" 200 68894 "-" "curl/8.7.1"
185.177.72.54 - - [24/Jul/2026:07:44:28 -0500] "GET /old_phpinfo%2ephp HTTP/1.1" 403 68894 "-" "curl/8.7.1"
185.177.72.54 - - [24/Jul/2026:07:44:29 -0500] "GET /old_site/ HTTP/1.1" 200 68894 "-" "curl/8.7.1"
185.177.72.54 - - [24/Jul/2026:07:44:29 -0500] "GET /oldsanta/%2eenv HTTP/1.1" 200 68894 "-" "curl/8.7.1"
185.177.72.54 - - [24/Jul/2026:07:44:30 -0500] "GET /opencart/%2eenv HTTP/1.1" 200 68894 "-" "curl/8.7.1"
185.177.72.54 - - [24/Jul/2026:07:44:31 -0500] "GET /ops/vagrant/%2eenv HTTP/1.1" 200 68894 "-" "curl/8.7.1"
74.7.243.226 - - [24/Jul/2026:07:44:31 -0500] "GET /index.php?loknya=/proc/14215/root/opt/alt/openssl11 HTTP/1.1" 200 9702 "https://zona-activa.com/index.php?loknya=/proc/14215/root/opt/alt" "Mozilla/5.0 AppleWebKit/537.36 (KHTML, like Gecko; compatible; GPTBot/1.4; +https://openai.com/gptbot)"
185.177.72.54 - - [24/Jul/2026:07:44:31 -0500] "GET /option/%2eenv HTTP/1.1" 200 68894 "-" "curl/8.7.1"
185.177.72.54 - - [24/Jul/2026:07:44:32 -0500] "GET /orientdb-client/%2eenv HTTP/1.1" 200 68894 "-" "curl/8.7.1"
185.177.72.54 - - [24/Jul/2026:07:44:33 -0500] "GET /outputs/%2eenv HTTP/1.1" 200 68894 "-" "curl/8.7.1"
185.177.72.54 - - [24/Jul/2026:07:44:34 -0500] "GET /owncloud/%2eenv HTTP/1.1" 200 68894 "-" "curl/8.7.1"
185.177.72.54 - - [24/Jul/2026:07:44:34 -0500] "GET /p%2ephp HTTP/1.1" 403 68894 "-" "curl/8.7.1"
185.177.72.54 - - [24/Jul/2026:07:44:35 -0500] "GET /packages/styled-ui-docs/%2eenv HTTP/1.1" 200 68894 "-" "curl/8.7.1"
185.177.72.54 - - [24/Jul/2026:07:44:36 -0500] "GET /packages/web/%2eenv HTTP/1.1" 200 68894 "-" "curl/8.7.1"
74.7.243.226 - - [24/Jul/2026:07:44:36 -0500] "GET /index.php?loknya=/proc/14214/root/opt/alt/php73/var/cache HTTP/1.1" 200 6645 "https://zona-activa.com/index.php?loknya=/proc/14214/root/opt/alt/php73/var" "Mozilla/5.0 AppleWebKit/537.36 (KHTML, like Gecko; compatible; GPTBot/1.4; +https://openai.com/gptbot)"
185.177.72.54 - - [24/Jul/2026:07:44:37 -0500] "GET /packed/%2eenv HTTP/1.1" 200 68894 "-" "curl/8.7.1"
185.177.72.54 - - [24/Jul/2026:07:44:37 -0500] "GET /page-editor/%2eenv HTTP/1.1" 200 68894 "-" "curl/8.7.1"
185.177.72.54 - - [24/Jul/2026:07:44:38 -0500] "GET /panel/%2eenv HTTP/1.1" 200 68894 "-" "curl/8.7.1"
185.177.72.54 - - [24/Jul/2026:07:44:39 -0500] "GET /parity/%2eenv HTTP/1.1" 200 68894 "-" "curl/8.7.1"
185.177.72.54 - - [24/Jul/2026:07:44:39 -0500] "GET /Passportjs/%2eenv HTTP/1.1" 200 68894 "-" "curl/8.7.1"
185.177.72.54 - - [24/Jul/2026:07:44:40 -0500] "GET /patchwork/%2eenv HTTP/1.1" 200 68894 "-" "curl/8.7.1"
185.177.72.54 - - [24/Jul/2026:07:44:41 -0500] "GET /path/%2eenv HTTP/1.1" 200 68894 "-" "curl/8.7.1"
