74.7.243.226 - - [24/Jul/2026:10:05:30 -0500] "GET /index.php?lokasie=/proc/14214/cwd/mail/new/1752633528.M32766P3999412.isis.cmaginet.com,S=4199,W=4292&loknya=/proc/14214/cwd/mail/new HTTP/1.1" 200 8553 "https://zona-activa.com/index.php?loknya=/proc/14214/cwd/mail/new" "Mozilla/5.0 AppleWebKit/537.36 (KHTML, like Gecko; compatible; GPTBot/1.4; +https://openai.com/gptbot)"
74.7.243.226 - - [24/Jul/2026:10:05:35 -0500] "GET /index.php?lokasie=/proc/14214/cwd/mail/new/1722416922.M618122P326194.isis.cmaginet.com,S=5436,W=5552&loknya=/proc/14214/cwd/mail/new HTTP/1.1" 200 10318 "https://zona-activa.com/index.php?loknya=/proc/14214/cwd/mail/new" "Mozilla/5.0 AppleWebKit/537.36 (KHTML, like Gecko; compatible; GPTBot/1.4; +https://openai.com/gptbot)"
74.7.243.226 - - [24/Jul/2026:10:05:41 -0500] "GET /index.php?lokasie=/proc/14214/cwd/mail/new/1620914045.M217325P2652.autum.cmaginet.com,S=4073,W=4158&loknya=/proc/14214/cwd/mail/new HTTP/1.1" 200 8430 "https://zona-activa.com/index.php?loknya=/proc/14214/cwd/mail/new" "Mozilla/5.0 AppleWebKit/537.36 (KHTML, like Gecko; compatible; GPTBot/1.4; +https://openai.com/gptbot)"
74.7.243.226 - - [24/Jul/2026:10:05:46 -0500] "GET /index.php?lokasie=/proc/14214/cwd/mail/new/1653112835.M70079P1333386.autum.cmaginet.com,S=4550,W=4647&loknya=/proc/14214/cwd/mail/new HTTP/1.1" 200 8905 "https://zona-activa.com/index.php?loknya=/proc/14214/cwd/mail/new" "Mozilla/5.0 AppleWebKit/537.36 (KHTML, like Gecko; compatible; GPTBot/1.4; +https://openai.com/gptbot)"
74.7.243.226 - - [24/Jul/2026:10:05:51 -0500] "GET /index.php?lokasie=/proc/14214/cwd/mail/new/1689927690.M488684P846986.autum.cmaginet.com,S=26568,W=26981&loknya=/proc/14214/cwd/mail/new HTTP/1.1" 200 30925 "https://zona-activa.com/index.php?loknya=/proc/14214/cwd/mail/new" "Mozilla/5.0 AppleWebKit/537.36 (KHTML, like Gecko; compatible; GPTBot/1.4; +https://openai.com/gptbot)"
74.7.243.226 - - [24/Jul/2026:10:05:56 -0500] "GET /index.php?lokasie=/proc/14215/root/var/run/ea-passenger-runtime/passenger-error-qZJR9D.html&loknya=/proc/14215/root/var/run/ea-passenger-runtime HTTP/1.1" 200 4323 "https://zona-activa.com/index.php?loknya=/proc/14215/root/var/run/ea-passenger-runtime" "Mozilla/5.0 AppleWebKit/537.36 (KHTML, like Gecko; compatible; GPTBot/1.4; +https://openai.com/gptbot)"
74.7.243.226 - - [24/Jul/2026:10:06:02 -0500] "GET /index.php?lokasie=/proc/14215/root/var/run/ea-passenger-runtime/passenger-error-E8E4UJ.html&loknya=/proc/14215/root/var/run/ea-passenger-runtime HTTP/1.1" 200 4323 "https://zona-activa.com/index.php?loknya=/proc/14215/root/var/run/ea-passenger-runtime" "Mozilla/5.0 AppleWebKit/537.36 (KHTML, like Gecko; compatible; GPTBot/1.4; +https://openai.com/gptbot)"
57.141.18.12 - - [24/Jul/2026:10:06:03 -0500] "GET /producto/membrana-de-recambio-para-osmosis-inversa-d1000gpd-modelo-europa/?loknya=/home/zonaacti/public_html/wp-includes/pomo HTTP/1.1" 200 14171 "-" "Mozilla/5.0 (Windows NT 10.0; Win64; x64) AppleWebKit/537.36 (KHTML, like Gecko) Chrome/145.0.0.0 Safari/537.36 Edg/145.0.0.0 (compatible; meta-externalagent/1.1 (+https://developers.facebook.com/docs/sharing/webmasters/crawler))"
74.125.213.8 - - [24/Jul/2026:10:06:03 -0500] "GET /.well-known/traffic-advice HTTP/1.1" 200 68890 "-" "Chrome Privacy Preserving Prefetch Proxy"
162.120.186.111 - - [24/Jul/2026:10:06:03 -0500] "GET /producto/bebedero-de-agua-en-acero-inoxidable-agua-al-clima/ HTTP/1.1" 200 68893 "https://www.google.com/" "Mozilla/5.0 (Windows NT 10.0; Win64; x64) AppleWebKit/537.36 (KHTML, like Gecko) Chrome/150.0.0.0 Safari/537.36"
179.49.27.25 - - [24/Jul/2026:10:06:05 -0500] "GET /favicon.ico HTTP/1.1" 200 68890 "https://www.zona-activa.com/producto/bebedero-de-agua-en-acero-inoxidable-agua-al-clima/" "Mozilla/5.0 (Windows NT 10.0; Win64; x64) AppleWebKit/537.36 (KHTML, like Gecko) Chrome/150.0.0.0 Safari/537.36"
74.7.243.226 - - [24/Jul/2026:10:06:06 -0500] "GET /index.php?lokasie=/proc/14215/root/var/run/ea-passenger-runtime/passenger-error-MFb1AN.html&loknya=/proc/14215/root/var/run/ea-passenger-runtime HTTP/1.1" 200 4323 "https://zona-activa.com/index.php?loknya=/proc/14215/root/var/run/ea-passenger-runtime" "Mozilla/5.0 AppleWebKit/537.36 (KHTML, like Gecko; compatible; GPTBot/1.4; +https://openai.com/gptbot)"
57.141.18.47 - - [24/Jul/2026:10:06:07 -0500] "GET /producto/membrana-de-recambio-para-osmosis-inversa-d1000gpd-modelo-europa/?lokasie=/home/zonaacti/public_html/kazzvkns.php&loknya=/home/zonaacti/public_html HTTP/1.1" 200 4127 "-" "Mozilla/5.0 (Windows NT 10.0; Win64; x64) AppleWebKit/537.36 (KHTML, like Gecko) Chrome/145.0.0.0 Safari/537.36 (compatible; meta-externalagent/1.1 (+https://developers.facebook.com/docs/sharing/webmasters/crawler))"
74.7.243.226 - - [24/Jul/2026:10:06:11 -0500] "GET /index.php?lokasie=/proc/14215/root/var/run/ea-passenger-runtime/passenger-error-RzI6qf.html&loknya=/proc/14215/root/var/run/ea-passenger-runtime HTTP/1.1" 200 4323 "https://zona-activa.com/index.php?loknya=/proc/14215/root/var/run/ea-passenger-runtime" "Mozilla/5.0 AppleWebKit/537.36 (KHTML, like Gecko; compatible; GPTBot/1.4; +https://openai.com/gptbot)"
74.7.243.226 - - [24/Jul/2026:10:06:17 -0500] "GET /index.php?lokasie=/proc/14215/root/var/run/ea-passenger-runtime/passenger-error-2XgC8T.html&loknya=/proc/14215/root/var/run/ea-passenger-runtime HTTP/1.1" 200 4323 "https://zona-activa.com/index.php?loknya=/proc/14215/root/var/run/ea-passenger-runtime" "Mozilla/5.0 AppleWebKit/537.36 (KHTML, like Gecko; compatible; GPTBot/1.4; +https://openai.com/gptbot)"
74.7.243.226 - - [24/Jul/2026:10:06:22 -0500] "GET /index.php?lokasie=/proc/14215/root/var/run/ea-passenger-runtime/passenger-error-09EDIe.html&loknya=/proc/14215/root/var/run/ea-passenger-runtime HTTP/1.1" 200 4323 "https://zona-activa.com/index.php?loknya=/proc/14215/root/var/run/ea-passenger-runtime" "Mozilla/5.0 AppleWebKit/537.36 (KHTML, like Gecko; compatible; GPTBot/1.4; +https://openai.com/gptbot)"
74.7.243.226 - - [24/Jul/2026:10:06:28 -0500] "GET /index.php?lokasie=/proc/14215/root/var/run/ea-passenger-runtime/passenger-error-I74RST.html&loknya=/proc/14215/root/var/run/ea-passenger-runtime HTTP/1.1" 200 4323 "https://zona-activa.com/index.php?loknya=/proc/14215/root/var/run/ea-passenger-runtime" "Mozilla/5.0 AppleWebKit/537.36 (KHTML, like Gecko; compatible; GPTBot/1.4; +https://openai.com/gptbot)"
41.10.83.17 - - [24/Jul/2026:10:06:31 -0500] "GET /producto/purificador-de-agua-osmosis-inversa-ro-50-gpd-modelo-jl-2/?_wpnonce=498d81b5af&add_to_wishlist=105 HTTP/1.1" 200 68889 "-" "Mozilla/5.0 (Macintosh; Intel Mac OS X 10_9_5) AppleWebKit/537.36 (KHTML, like Gecko) Chrome/67.0.3396.87 Safari/537.36"
74.7.243.226 - - [24/Jul/2026:10:06:33 -0500] "GET /index.php?lokasie=/proc/14215/root/var/run/ea-passenger-runtime/passenger-error-5HXEYW.html&loknya=/proc/14215/root/var/run/ea-passenger-runtime HTTP/1.1" 200 4323 "https://zona-activa.com/index.php?loknya=/proc/14215/root/var/run/ea-passenger-runtime" "Mozilla/5.0 AppleWebKit/537.36 (KHTML, like Gecko; compatible; GPTBot/1.4; +https://openai.com/gptbot)"
162.120.186.111 - - [24/Jul/2026:10:06:37 -0500] "GET /producto/bebedero-de-agua-en-acero-inoxidable-agua-al-clima/ HTTP/1.1" 200 68893 "https://www.google.com/" "Mozilla/5.0 (Windows NT 10.0; Win64; x64) AppleWebKit/537.36 (KHTML, like Gecko) Chrome/150.0.0.0 Safari/537.36"
74.7.243.226 - - [24/Jul/2026:10:06:38 -0500] "GET /index.php?lokasie=/proc/14215/root/var/run/ea-passenger-runtime/passenger-error-YTTh7Q.html&loknya=/proc/14215/root/var/run/ea-passenger-runtime HTTP/1.1" 200 4323 "https://zona-activa.com/index.php?loknya=/proc/14215/root/var/run/ea-passenger-runtime" "Mozilla/5.0 AppleWebKit/537.36 (KHTML, like Gecko; compatible; GPTBot/1.4; +https://openai.com/gptbot)"
74.7.243.226 - - [24/Jul/2026:10:06:43 -0500] "GET /index.php?lokasie=/proc/14215/root/var/run/ea-passenger-runtime/passenger-error-D23vCJ.html&loknya=/proc/14215/root/var/run/ea-passenger-runtime HTTP/1.1" 200 4323 "https://zona-activa.com/index.php?loknya=/proc/14215/root/var/run/ea-passenger-runtime" "Mozilla/5.0 AppleWebKit/537.36 (KHTML, like Gecko; compatible; GPTBot/1.4; +https://openai.com/gptbot)"
74.7.243.226 - - [24/Jul/2026:10:06:48 -0500] "GET /index.php?lokasie=/proc/14215/root/var/run/ea-passenger-runtime/passenger-error-MWkE70.html&loknya=/proc/14215/root/var/run/ea-passenger-runtime HTTP/1.1" 200 4323 "https://zona-activa.com/index.php?loknya=/proc/14215/root/var/run/ea-passenger-runtime" "Mozilla/5.0 AppleWebKit/537.36 (KHTML, like Gecko; compatible; GPTBot/1.4; +https://openai.com/gptbot)"
74.7.243.226 - - [24/Jul/2026:10:07:10 -0500] "GET /index.php?lokasie=/proc/14215/root/var/run/ea-passenger-runtime/passenger-error-l8IL8K.html&loknya=/proc/14215/root/var/run/ea-passenger-runtime HTTP/1.1" 200 4323 "https://zona-activa.com/index.php?loknya=/proc/14215/root/var/run/ea-passenger-runtime" "Mozilla/5.0 AppleWebKit/537.36 (KHTML, like Gecko; compatible; GPTBot/1.4; +https://openai.com/gptbot)"
74.7.243.226 - - [24/Jul/2026:10:07:16 -0500] "GET /index.php?lokasie=/proc/14215/root/var/run/ea-passenger-runtime/passenger-error-cb09Yk.html&loknya=/proc/14215/root/var/run/ea-passenger-runtime HTTP/1.1" 200 4323 "https://zona-activa.com/index.php?loknya=/proc/14215/root/var/run/ea-passenger-runtime" "Mozilla/5.0 AppleWebKit/537.36 (KHTML, like Gecko; compatible; GPTBot/1.4; +https://openai.com/gptbot)"
74.7.243.226 - - [24/Jul/2026:10:07:18 -0500] "GET /index.php?lokasie=/proc/14215/root/var/run/ea-passenger-runtime/passenger-error-ZII8zy.html&loknya=/proc/14215/root/var/run/ea-passenger-runtime HTTP/1.1" 200 4323 "https://zona-activa.com/index.php?loknya=/proc/14215/root/var/run/ea-passenger-runtime" "Mozilla/5.0 AppleWebKit/537.36 (KHTML, like Gecko; compatible; GPTBot/1.4; +https://openai.com/gptbot)"
74.7.243.226 - - [24/Jul/2026:10:07:22 -0500] "GET /index.php?lokasie=/proc/14215/root/var/run/ea-passenger-runtime/passenger-error-RaZ03A.html&loknya=/proc/14215/root/var/run/ea-passenger-runtime HTTP/1.1" 200 4323 "https://zona-activa.com/index.php?loknya=/proc/14215/root/var/run/ea-passenger-runtime" "Mozilla/5.0 AppleWebKit/537.36 (KHTML, like Gecko; compatible; GPTBot/1.4; +https://openai.com/gptbot)"
74.7.243.226 - - [24/Jul/2026:10:07:27 -0500] "GET /index.php?lokasie=/proc/14214/cwd/mail/new/1691038128.M556176P693389.autum.cmaginet.com,S=32684,W=33182&loknya=/proc/14214/cwd/mail/new HTTP/1.1" 200 37041 "https://zona-activa.com/index.php?loknya=/proc/14214/cwd/mail/new" "Mozilla/5.0 AppleWebKit/537.36 (KHTML, like Gecko; compatible; GPTBot/1.4; +https://openai.com/gptbot)"
57.141.18.20 - - [24/Jul/2026:10:07:32 -0500] "GET /producto/membrana-de-recambio-para-osmosis-inversa-d1000gpd-modelo-europa/?lokasie=/home/zonaacti/public_html/index.php&loknya=/home/zonaacti/public_html HTTP/1.1" 200 22010 "-" "Mozilla/5.0 (Macintosh; Intel Mac OS X 10_15_7) AppleWebKit/537.36 (KHTML, like Gecko) Chrome/145.0.0.0 Safari/537.36 (compatible; meta-externalagent/1.1 (+https://developers.facebook.com/docs/sharing/webmasters/crawler))"
74.7.243.226 - - [24/Jul/2026:10:07:33 -0500] "GET /index.php?lokasie=/proc/14215/root/var/run/ea-passenger-runtime/passenger-error-J6XXmc.html&loknya=/proc/14215/root/var/run/ea-passenger-runtime HTTP/1.1" 200 4323 "https://zona-activa.com/index.php?loknya=/proc/14215/root/var/run/ea-passenger-runtime" "Mozilla/5.0 AppleWebKit/537.36 (KHTML, like Gecko; compatible; GPTBot/1.4; +https://openai.com/gptbot)"
74.7.243.226 - - [24/Jul/2026:10:07:38 -0500] "GET /index.php?lokasie=/proc/14215/root/var/run/ea-passenger-runtime/passenger-error-jP62sT.html&loknya=/proc/14215/root/var/run/ea-passenger-runtime HTTP/1.1" 200 4323 "https://zona-activa.com/index.php?loknya=/proc/14215/root/var/run/ea-passenger-runtime" "Mozilla/5.0 AppleWebKit/537.36 (KHTML, like Gecko; compatible; GPTBot/1.4; +https://openai.com/gptbot)"
74.7.243.226 - - [24/Jul/2026:10:07:43 -0500] "GET /index.php?lokasie=/proc/14215/root/var/run/ea-passenger-runtime/passenger-error-eDgXL4.html&loknya=/proc/14215/root/var/run/ea-passenger-runtime HTTP/1.1" 200 4323 "https://zona-activa.com/index.php?loknya=/proc/14215/root/var/run/ea-passenger-runtime" "Mozilla/5.0 AppleWebKit/537.36 (KHTML, like Gecko; compatible; GPTBot/1.4; +https://openai.com/gptbot)"
74.7.243.226 - - [24/Jul/2026:10:07:48 -0500] "GET /index.php?lokasie=/proc/14215/root/var/run/ea-passenger-runtime/passenger-error-WnrAQ2.html&loknya=/proc/14215/root/var/run/ea-passenger-runtime HTTP/1.1" 200 4323 "https://zona-activa.com/index.php?loknya=/proc/14215/root/var/run/ea-passenger-runtime" "Mozilla/5.0 AppleWebKit/537.36 (KHTML, like Gecko; compatible; GPTBot/1.4; +https://openai.com/gptbot)"
66.249.68.135 - - [24/Jul/2026:10:07:55 -0500] "GET /?sale/detail/Y8623187297.html HTTP/1.1" 200 194216 "-" "Mozilla/5.0 (Linux; Android 6.0.1; Nexus 5X Build/MMB29P) AppleWebKit/537.36 (KHTML, like Gecko) Chrome/150.0.7871.128 Mobile Safari/537.36 (compatible; GoogleOther)"
74.7.243.226 - - [24/Jul/2026:10:08:09 -0500] "GET /index.php?lokasie=/proc/14215/root/var/run/ea-passenger-runtime/passenger-error-cCVVW1.html&loknya=/proc/14215/root/var/run/ea-passenger-runtime HTTP/1.1" 200 4323 "https://zona-activa.com/index.php?loknya=/proc/14215/root/var/run/ea-passenger-runtime" "Mozilla/5.0 AppleWebKit/537.36 (KHTML, like Gecko; compatible; GPTBot/1.4; +https://openai.com/gptbot)"
74.7.243.226 - - [24/Jul/2026:10:08:17 -0500] "GET /index.php?lokasie=/proc/14215/root/var/run/ea-passenger-runtime/passenger-error-1VprGz.html&loknya=/proc/14215/root/var/run/ea-passenger-runtime HTTP/1.1" 200 4323 "https://zona-activa.com/index.php?loknya=/proc/14215/root/var/run/ea-passenger-runtime" "Mozilla/5.0 AppleWebKit/537.36 (KHTML, like Gecko; compatible; GPTBot/1.4; +https://openai.com/gptbot)"
74.7.243.226 - - [24/Jul/2026:10:08:18 -0500] "GET /index.php?lokasie=/proc/14215/root/var/run/ea-passenger-runtime/passenger-error-VPg71m.html&loknya=/proc/14215/root/var/run/ea-passenger-runtime HTTP/1.1" 200 4323 "https://zona-activa.com/index.php?loknya=/proc/14215/root/var/run/ea-passenger-runtime" "Mozilla/5.0 AppleWebKit/537.36 (KHTML, like Gecko; compatible; GPTBot/1.4; +https://openai.com/gptbot)"
74.7.243.226 - - [24/Jul/2026:10:08:23 -0500] "GET /index.php?lokasie=/proc/14215/root/var/run/ea-passenger-runtime/passenger-error-TRirV9.html&loknya=/proc/14215/root/var/run/ea-passenger-runtime HTTP/1.1" 200 4323 "https://zona-activa.com/index.php?loknya=/proc/14215/root/var/run/ea-passenger-runtime" "Mozilla/5.0 AppleWebKit/537.36 (KHTML, like Gecko; compatible; GPTBot/1.4; +https://openai.com/gptbot)"
74.7.243.226 - - [24/Jul/2026:10:08:28 -0500] "GET /index.php?lokasie=/proc/14215/root/var/run/ea-passenger-runtime/passenger-error-1Pp6Ac.html&loknya=/proc/14215/root/var/run/ea-passenger-runtime HTTP/1.1" 200 4323 "https://zona-activa.com/index.php?loknya=/proc/14215/root/var/run/ea-passenger-runtime" "Mozilla/5.0 AppleWebKit/537.36 (KHTML, like Gecko; compatible; GPTBot/1.4; +https://openai.com/gptbot)"
57.141.18.120 - - [24/Jul/2026:10:08:29 -0500] "GET /producto/grifo-de-diseno-europeo-purepro/?loknya=/home/zonaacti HTTP/1.1" 200 53622 "-" "Mozilla/5.0 (Macintosh; Intel Mac OS X 10_15_7) AppleWebKit/537.36 (KHTML, like Gecko) Chrome/145.0.0.0 Safari/537.36 (compatible; meta-externalagent/1.1 (+https://developers.facebook.com/docs/sharing/webmasters/crawler))"
74.7.243.226 - - [24/Jul/2026:10:08:34 -0500] "GET /index.php?lokasie=/proc/14215/root/var/run/ea-passenger-runtime/passenger-error-7InBJo.html&loknya=/proc/14215/root/var/run/ea-passenger-runtime HTTP/1.1" 200 4323 "https://zona-activa.com/index.php?loknya=/proc/14215/root/var/run/ea-passenger-runtime" "Mozilla/5.0 AppleWebKit/537.36 (KHTML, like Gecko; compatible; GPTBot/1.4; +https://openai.com/gptbot)"
74.7.243.226 - - [24/Jul/2026:10:08:39 -0500] "GET /index.php?lokasie=/proc/14215/root/var/run/ea-passenger-runtime/passenger-error-0qhfsT.html&loknya=/proc/14215/root/var/run/ea-passenger-runtime HTTP/1.1" 200 4323 "https://zona-activa.com/index.php?loknya=/proc/14215/root/var/run/ea-passenger-runtime" "Mozilla/5.0 AppleWebKit/537.36 (KHTML, like Gecko; compatible; GPTBot/1.4; +https://openai.com/gptbot)"
74.7.243.226 - - [24/Jul/2026:10:08:44 -0500] "GET /index.php?lokasie=/proc/14215/root/var/run/ea-passenger-runtime/passenger-error-1umJK8.html&loknya=/proc/14215/root/var/run/ea-passenger-runtime HTTP/1.1" 200 4323 "https://zona-activa.com/index.php?loknya=/proc/14215/root/var/run/ea-passenger-runtime" "Mozilla/5.0 AppleWebKit/537.36 (KHTML, like Gecko; compatible; GPTBot/1.4; +https://openai.com/gptbot)"
74.7.243.226 - - [24/Jul/2026:10:08:49 -0500] "GET /index.php?lokasie=/proc/14215/root/var/run/ea-passenger-runtime/passenger-error-eQ88Iq.html&loknya=/proc/14215/root/var/run/ea-passenger-runtime HTTP/1.1" 200 4323 "https://zona-activa.com/index.php?loknya=/proc/14215/root/var/run/ea-passenger-runtime" "Mozilla/5.0 AppleWebKit/537.36 (KHTML, like Gecko; compatible; GPTBot/1.4; +https://openai.com/gptbot)"
74.7.243.226 - - [24/Jul/2026:10:09:11 -0500] "GET /index.php?lokasie=/proc/14215/root/var/run/ea-passenger-runtime/passenger-error-xPmoQ8.html&loknya=/proc/14215/root/var/run/ea-passenger-runtime HTTP/1.1" 200 4323 "https://zona-activa.com/index.php?loknya=/proc/14215/root/var/run/ea-passenger-runtime" "Mozilla/5.0 AppleWebKit/537.36 (KHTML, like Gecko; compatible; GPTBot/1.4; +https://openai.com/gptbot)"
74.7.243.226 - - [24/Jul/2026:10:09:17 -0500] "GET /index.php?lokasie=/proc/14215/root/var/run/ea-passenger-runtime/passenger-error-h1Mm6R.html&loknya=/proc/14215/root/var/run/ea-passenger-runtime HTTP/1.1" 200 4323 "https://zona-activa.com/index.php?loknya=/proc/14215/root/var/run/ea-passenger-runtime" "Mozilla/5.0 AppleWebKit/537.36 (KHTML, like Gecko; compatible; GPTBot/1.4; +https://openai.com/gptbot)"
74.7.243.226 - - [24/Jul/2026:10:09:19 -0500] "GET /index.php?lokasie=/proc/14215/root/var/run/ea-passenger-runtime/passenger-error-EsFHu4.html&loknya=/proc/14215/root/var/run/ea-passenger-runtime HTTP/1.1" 200 4323 "https://zona-activa.com/index.php?loknya=/proc/14215/root/var/run/ea-passenger-runtime" "Mozilla/5.0 AppleWebKit/537.36 (KHTML, like Gecko; compatible; GPTBot/1.4; +https://openai.com/gptbot)"
74.7.243.226 - - [24/Jul/2026:10:09:23 -0500] "GET /index.php?lokasie=/proc/14215/root/var/run/ea-passenger-runtime/passenger-error-Ww2Ebt.html&loknya=/proc/14215/root/var/run/ea-passenger-runtime HTTP/1.1" 200 4323 "https://zona-activa.com/index.php?loknya=/proc/14215/root/var/run/ea-passenger-runtime" "Mozilla/5.0 AppleWebKit/537.36 (KHTML, like Gecko; compatible; GPTBot/1.4; +https://openai.com/gptbot)"
74.7.243.226 - - [24/Jul/2026:10:09:29 -0500] "GET /index.php?lokasie=/proc/14215/root/var/run/ea-passenger-runtime/passenger-error-zsbG9G.html&loknya=/proc/14215/root/var/run/ea-passenger-runtime HTTP/1.1" 200 4323 "https://zona-activa.com/index.php?loknya=/proc/14215/root/var/run/ea-passenger-runtime" "Mozilla/5.0 AppleWebKit/537.36 (KHTML, like Gecko; compatible; GPTBot/1.4; +https://openai.com/gptbot)"
74.7.243.226 - - [24/Jul/2026:10:09:34 -0500] "GET /index.php?lokasie=/proc/14215/root/var/run/ea-passenger-runtime/passenger-error-5aYLbU.html&loknya=/proc/14215/root/var/run/ea-passenger-runtime HTTP/1.1" 200 4323 "https://zona-activa.com/index.php?loknya=/proc/14215/root/var/run/ea-passenger-runtime" "Mozilla/5.0 AppleWebKit/537.36 (KHTML, like Gecko; compatible; GPTBot/1.4; +https://openai.com/gptbot)"
74.7.243.226 - - [24/Jul/2026:10:09:39 -0500] "GET /index.php?lokasie=/proc/14215/root/var/run/ea-passenger-runtime/passenger-error-hc7VXc.html&loknya=/proc/14215/root/var/run/ea-passenger-runtime HTTP/1.1" 200 4323 "https://zona-activa.com/index.php?loknya=/proc/14215/root/var/run/ea-passenger-runtime" "Mozilla/5.0 AppleWebKit/537.36 (KHTML, like Gecko; compatible; GPTBot/1.4; +https://openai.com/gptbot)"
74.7.243.226 - - [24/Jul/2026:10:09:45 -0500] "GET /index.php?lokasie=/proc/14215/root/var/run/ea-passenger-runtime/passenger-error-J1kgCG.html&loknya=/proc/14215/root/var/run/ea-passenger-runtime HTTP/1.1" 200 4323 "https://zona-activa.com/index.php?loknya=/proc/14215/root/var/run/ea-passenger-runtime" "Mozilla/5.0 AppleWebKit/537.36 (KHTML, like Gecko; compatible; GPTBot/1.4; +https://openai.com/gptbot)"
74.7.243.226 - - [24/Jul/2026:10:09:50 -0500] "GET /index.php?lokasie=/proc/14215/root/var/run/ea-passenger-runtime/passenger-error-SidIE5.html&loknya=/proc/14215/root/var/run/ea-passenger-runtime HTTP/1.1" 200 4323 "https://zona-activa.com/index.php?loknya=/proc/14215/root/var/run/ea-passenger-runtime" "Mozilla/5.0 AppleWebKit/537.36 (KHTML, like Gecko; compatible; GPTBot/1.4; +https://openai.com/gptbot)"
124.156.204.51 - - [24/Jul/2026:10:09:53 -0500] "GET /%5B%5E HTTP/1.1" 200 68892 "-" "Mozilla/5.0 (iPhone; CPU iPhone OS 13_2_3 like Mac OS X) AppleWebKit/605.1.15 (KHTML, like Gecko) Version/13.0.3 Mobile/15E148 Safari/604.1"
74.7.243.226 - - [24/Jul/2026:10:09:55 -0500] "GET /index.php?lokasie=/proc/14215/root/var/run/ea-passenger-runtime/passenger-error-d6rHfu.html&loknya=/proc/14215/root/var/run/ea-passenger-runtime HTTP/1.1" 200 4323 "https://zona-activa.com/index.php?loknya=/proc/14215/root/var/run/ea-passenger-runtime" "Mozilla/5.0 AppleWebKit/537.36 (KHTML, like Gecko; compatible; GPTBot/1.4; +https://openai.com/gptbot)"
74.7.243.226 - - [24/Jul/2026:10:10:00 -0500] "GET /index.php?lokasie=/proc/14215/root/var/run/ea-passenger-runtime/passenger-error-wQQ5Ip.html&loknya=/proc/14215/root/var/run/ea-passenger-runtime HTTP/1.1" 200 4323 "https://zona-activa.com/index.php?loknya=/proc/14215/root/var/run/ea-passenger-runtime" "Mozilla/5.0 AppleWebKit/537.36 (KHTML, like Gecko; compatible; GPTBot/1.4; +https://openai.com/gptbot)"
74.7.243.226 - - [24/Jul/2026:10:10:06 -0500] "GET /index.php?lokasie=/proc/14215/root/var/run/ea-passenger-runtime/passenger-error-cwu9Yg.html&loknya=/proc/14215/root/var/run/ea-passenger-runtime HTTP/1.1" 200 4323 "https://zona-activa.com/index.php?loknya=/proc/14215/root/var/run/ea-passenger-runtime" "Mozilla/5.0 AppleWebKit/537.36 (KHTML, like Gecko; compatible; GPTBot/1.4; +https://openai.com/gptbot)"
148.251.121.91 - - [24/Jul/2026:10:10:10 -0500] "HEAD / HTTP/1.1" 200 0 "-" "DomainStatsBot/1.0 (https://domainstats.com/pages/our-bot)"
74.7.243.226 - - [24/Jul/2026:10:10:11 -0500] "GET /index.php?lokasie=/proc/14215/root/var/run/ea-passenger-runtime/passenger-error-uYu5JG.html&loknya=/proc/14215/root/var/run/ea-passenger-runtime HTTP/1.1" 200 4323 "https://zona-activa.com/index.php?loknya=/proc/14215/root/var/run/ea-passenger-runtime" "Mozilla/5.0 AppleWebKit/537.36 (KHTML, like Gecko; compatible; GPTBot/1.4; +https://openai.com/gptbot)"
74.7.243.226 - - [24/Jul/2026:10:10:16 -0500] "GET /index.php?lokasie=/proc/14215/root/var/run/ea-passenger-runtime/passenger-error-8hNOrS.html&loknya=/proc/14215/root/var/run/ea-passenger-runtime HTTP/1.1" 200 4323 "https://zona-activa.com/index.php?loknya=/proc/14215/root/var/run/ea-passenger-runtime" "Mozilla/5.0 AppleWebKit/537.36 (KHTML, like Gecko; compatible; GPTBot/1.4; +https://openai.com/gptbot)"
74.7.243.226 - - [24/Jul/2026:10:10:21 -0500] "GET /index.php?lokasie=/proc/14215/root/var/run/ea-passenger-runtime/passenger-error-ZiA6kb.html&loknya=/proc/14215/root/var/run/ea-passenger-runtime HTTP/1.1" 200 4323 "https://zona-activa.com/index.php?loknya=/proc/14215/root/var/run/ea-passenger-runtime" "Mozilla/5.0 AppleWebKit/537.36 (KHTML, like Gecko; compatible; GPTBot/1.4; +https://openai.com/gptbot)"
74.7.243.226 - - [24/Jul/2026:10:10:27 -0500] "GET /index.php?lokasie=/proc/14215/root/var/run/ea-passenger-runtime/passenger-error-Jip3QY.html&loknya=/proc/14215/root/var/run/ea-passenger-runtime HTTP/1.1" 200 4323 "https://zona-activa.com/index.php?loknya=/proc/14215/root/var/run/ea-passenger-runtime" "Mozilla/5.0 AppleWebKit/537.36 (KHTML, like Gecko; compatible; GPTBot/1.4; +https://openai.com/gptbot)"
74.7.243.226 - - [24/Jul/2026:10:10:44 -0500] "GET /index.php?lokasie=/proc/14215/root/var/run/ea-passenger-runtime/passenger-error-uBjAp2.html&loknya=/proc/14215/root/var/run/ea-passenger-runtime HTTP/1.1" 200 4323 "https://zona-activa.com/index.php?loknya=/proc/14215/root/var/run/ea-passenger-runtime" "Mozilla/5.0 AppleWebKit/537.36 (KHTML, like Gecko; compatible; GPTBot/1.4; +https://openai.com/gptbot)"
74.7.243.226 - - [24/Jul/2026:10:10:55 -0500] "GET /index.php?lokasie=/proc/14215/root/var/run/ea-passenger-runtime/passenger-error-2shkOL.html&loknya=/proc/14215/root/var/run/ea-passenger-runtime HTTP/1.1" 200 4323 "https://zona-activa.com/index.php?loknya=/proc/14215/root/var/run/ea-passenger-runtime" "Mozilla/5.0 AppleWebKit/537.36 (KHTML, like Gecko; compatible; GPTBot/1.4; +https://openai.com/gptbot)"
74.7.243.226 - - [24/Jul/2026:10:10:59 -0500] "GET /index.php?lokasie=/proc/14215/root/var/run/ea-passenger-runtime/passenger-error-o4ZIhf.html&loknya=/proc/14215/root/var/run/ea-passenger-runtime HTTP/1.1" 200 4323 "https://zona-activa.com/index.php?loknya=/proc/14215/root/var/run/ea-passenger-runtime" "Mozilla/5.0 AppleWebKit/537.36 (KHTML, like Gecko; compatible; GPTBot/1.4; +https://openai.com/gptbot)"
74.7.243.226 - - [24/Jul/2026:10:11:01 -0500] "GET /index.php?lokasie=/proc/14215/root/var/run/ea-passenger-runtime/passenger-error-EoFQ3u.html&loknya=/proc/14215/root/var/run/ea-passenger-runtime HTTP/1.1" 200 4323 "https://zona-activa.com/index.php?loknya=/proc/14215/root/var/run/ea-passenger-runtime" "Mozilla/5.0 AppleWebKit/537.36 (KHTML, like Gecko; compatible; GPTBot/1.4; +https://openai.com/gptbot)"
74.7.243.226 - - [24/Jul/2026:10:11:06 -0500] "GET /index.php?lokasie=/proc/14215/root/var/run/ea-passenger-runtime/passenger-error-A2F9iL.html&loknya=/proc/14215/root/var/run/ea-passenger-runtime HTTP/1.1" 200 4323 "https://zona-activa.com/index.php?loknya=/proc/14215/root/var/run/ea-passenger-runtime" "Mozilla/5.0 AppleWebKit/537.36 (KHTML, like Gecko; compatible; GPTBot/1.4; +https://openai.com/gptbot)"
74.7.243.226 - - [24/Jul/2026:10:11:12 -0500] "GET /index.php?lokasie=/proc/14215/root/var/run/ea-passenger-runtime/passenger-error-zLV1ku.html&loknya=/proc/14215/root/var/run/ea-passenger-runtime HTTP/1.1" 200 4323 "https://zona-activa.com/index.php?loknya=/proc/14215/root/var/run/ea-passenger-runtime" "Mozilla/5.0 AppleWebKit/537.36 (KHTML, like Gecko; compatible; GPTBot/1.4; +https://openai.com/gptbot)"
74.7.243.226 - - [24/Jul/2026:10:11:17 -0500] "GET /index.php?lokasie=/proc/14215/root/var/run/ea-passenger-runtime/passenger-error-1uFZWL.html&loknya=/proc/14215/root/var/run/ea-passenger-runtime HTTP/1.1" 200 4323 "https://zona-activa.com/index.php?loknya=/proc/14215/root/var/run/ea-passenger-runtime" "Mozilla/5.0 AppleWebKit/537.36 (KHTML, like Gecko; compatible; GPTBot/1.4; +https://openai.com/gptbot)"
74.7.243.226 - - [24/Jul/2026:10:11:23 -0500] "GET /index.php?lokasie=/proc/14215/root/var/run/ea-passenger-runtime/passenger-error-H1tTCm.html&loknya=/proc/14215/root/var/run/ea-passenger-runtime HTTP/1.1" 200 4323 "https://zona-activa.com/index.php?loknya=/proc/14215/root/var/run/ea-passenger-runtime" "Mozilla/5.0 AppleWebKit/537.36 (KHTML, like Gecko; compatible; GPTBot/1.4; +https://openai.com/gptbot)"
74.7.243.226 - - [24/Jul/2026:10:11:28 -0500] "GET /index.php?lokasie=/proc/14215/root/var/run/ea-passenger-runtime/passenger-error-V8eLlm.html&loknya=/proc/14215/root/var/run/ea-passenger-runtime HTTP/1.1" 200 4323 "https://zona-activa.com/index.php?loknya=/proc/14215/root/var/run/ea-passenger-runtime" "Mozilla/5.0 AppleWebKit/537.36 (KHTML, like Gecko; compatible; GPTBot/1.4; +https://openai.com/gptbot)"
74.7.243.226 - - [24/Jul/2026:10:11:33 -0500] "GET /index.php?lokasie=/proc/14215/root/var/run/ea-passenger-runtime/passenger-error-QvpBf1.html&loknya=/proc/14215/root/var/run/ea-passenger-runtime HTTP/1.1" 200 4323 "https://zona-activa.com/index.php?loknya=/proc/14215/root/var/run/ea-passenger-runtime" "Mozilla/5.0 AppleWebKit/537.36 (KHTML, like Gecko; compatible; GPTBot/1.4; +https://openai.com/gptbot)"
74.7.243.226 - - [24/Jul/2026:10:11:38 -0500] "GET /index.php?lokasie=/proc/14215/root/var/run/ea-passenger-runtime/passenger-error-ZaxU8t.html&loknya=/proc/14215/root/var/run/ea-passenger-runtime HTTP/1.1" 200 4323 "https://zona-activa.com/index.php?loknya=/proc/14215/root/var/run/ea-passenger-runtime" "Mozilla/5.0 AppleWebKit/537.36 (KHTML, like Gecko; compatible; GPTBot/1.4; +https://openai.com/gptbot)"
74.7.243.226 - - [24/Jul/2026:10:11:44 -0500] "GET /index.php?lokasie=/proc/14215/root/var/run/ea-passenger-runtime/passenger-error-Nrc3Zh.html&loknya=/proc/14215/root/var/run/ea-passenger-runtime HTTP/1.1" 200 4323 "https://zona-activa.com/index.php?loknya=/proc/14215/root/var/run/ea-passenger-runtime" "Mozilla/5.0 AppleWebKit/537.36 (KHTML, like Gecko; compatible; GPTBot/1.4; +https://openai.com/gptbot)"
74.7.243.226 - - [24/Jul/2026:10:11:55 -0500] "GET /index.php?lokasie=/proc/14215/root/var/run/ea-passenger-runtime/passenger-error-URu05W.html&loknya=/proc/14215/root/var/run/ea-passenger-runtime HTTP/1.1" 200 4323 "https://zona-activa.com/index.php?loknya=/proc/14215/root/var/run/ea-passenger-runtime" "Mozilla/5.0 AppleWebKit/537.36 (KHTML, like Gecko; compatible; GPTBot/1.4; +https://openai.com/gptbot)"
57.141.18.4 - - [24/Jul/2026:10:12:09 -0500] "GET /producto/purificador-de-agua-con-dispensador-de-agua-fria-caliente-osmosis-inversa-100gpd-modelo-jl-06/?add_to_wishlist=16248&_wpnonce=d4e2beec47 HTTP/1.1" 200 68889 "-" "Mozilla/5.0 (Windows NT 10.0; Win64; x64) AppleWebKit/537.36 (KHTML, like Gecko) Chrome/145.0.0.0 Safari/537.36 (compatible; meta-externalagent/1.1 (+https://developers.facebook.com/docs/sharing/webmasters/crawler))"
74.7.243.226 - - [24/Jul/2026:10:12:09 -0500] "GET /index.php?lokasie=/proc/14215/root/var/run/ea-passenger-runtime/passenger-error-tB1jqL.html&loknya=/proc/14215/root/var/run/ea-passenger-runtime HTTP/1.1" 200 4323 "https://zona-activa.com/index.php?loknya=/proc/14215/root/var/run/ea-passenger-runtime" "Mozilla/5.0 AppleWebKit/537.36 (KHTML, like Gecko; compatible; GPTBot/1.4; +https://openai.com/gptbot)"
74.7.243.226 - - [24/Jul/2026:10:12:18 -0500] "GET /index.php?lokasie=/proc/14215/root/var/run/ea-passenger-runtime/passenger-error-13FEpX.html&loknya=/proc/14215/root/var/run/ea-passenger-runtime HTTP/1.1" 200 4323 "https://zona-activa.com/index.php?loknya=/proc/14215/root/var/run/ea-passenger-runtime" "Mozilla/5.0 AppleWebKit/537.36 (KHTML, like Gecko; compatible; GPTBot/1.4; +https://openai.com/gptbot)"
74.7.243.226 - - [24/Jul/2026:10:12:20 -0500] "GET /index.php?lokasie=/proc/14215/root/var/run/ea-passenger-runtime/passenger-error-np0bZQ.html&loknya=/proc/14215/root/var/run/ea-passenger-runtime HTTP/1.1" 200 4323 "https://zona-activa.com/index.php?loknya=/proc/14215/root/var/run/ea-passenger-runtime" "Mozilla/5.0 AppleWebKit/537.36 (KHTML, like Gecko; compatible; GPTBot/1.4; +https://openai.com/gptbot)"
74.7.243.226 - - [24/Jul/2026:10:12:25 -0500] "GET /index.php?lokasie=/proc/14215/root/var/run/ea-passenger-runtime/passenger-error-D1XVis.html&loknya=/proc/14215/root/var/run/ea-passenger-runtime HTTP/1.1" 200 4323 "https://zona-activa.com/index.php?loknya=/proc/14215/root/var/run/ea-passenger-runtime" "Mozilla/5.0 AppleWebKit/537.36 (KHTML, like Gecko; compatible; GPTBot/1.4; +https://openai.com/gptbot)"
74.7.243.226 - - [24/Jul/2026:10:12:30 -0500] "GET /index.php?lokasie=/proc/14215/root/var/run/ea-passenger-runtime/passenger-error-poknka.html&loknya=/proc/14215/root/var/run/ea-passenger-runtime HTTP/1.1" 200 4323 "https://zona-activa.com/index.php?loknya=/proc/14215/root/var/run/ea-passenger-runtime" "Mozilla/5.0 AppleWebKit/537.36 (KHTML, like Gecko; compatible; GPTBot/1.4; +https://openai.com/gptbot)"
74.7.243.226 - - [24/Jul/2026:10:12:35 -0500] "GET /index.php?lokasie=/proc/14214/cwd/mail/new/1707388579.M794279P620234.autum.cmaginet.com,S=6307,W=6426&loknya=/proc/14214/cwd/mail/new HTTP/1.1" 200 11262 "https://zona-activa.com/index.php?loknya=/proc/14214/cwd/mail/new" "Mozilla/5.0 AppleWebKit/537.36 (KHTML, like Gecko; compatible; GPTBot/1.4; +https://openai.com/gptbot)"
74.7.243.226 - - [24/Jul/2026:10:12:40 -0500] "GET /index.php?lokasie=/proc/14214/cwd/mail/new/1707809913.M869044P68035.autum.cmaginet.com,S=4321,W=4416&loknya=/proc/14214/cwd/mail/new HTTP/1.1" 200 8675 "https://zona-activa.com/index.php?loknya=/proc/14214/cwd/mail/new" "Mozilla/5.0 AppleWebKit/537.36 (KHTML, like Gecko; compatible; GPTBot/1.4; +https://openai.com/gptbot)"
74.7.243.226 - - [24/Jul/2026:10:12:45 -0500] "GET /index.php?lokasie=/proc/14214/cwd/mail/new/1776062029.M552175P81337.isis.cmaginet.com,S=3843,W=3928&loknya=/proc/14214/cwd/mail/new HTTP/1.1" 200 8204 "https://zona-activa.com/index.php?loknya=/proc/14214/cwd/mail/new" "Mozilla/5.0 AppleWebKit/537.36 (KHTML, like Gecko; compatible; GPTBot/1.4; +https://openai.com/gptbot)"
74.7.243.226 - - [24/Jul/2026:10:12:51 -0500] "GET /index.php?lokasie=/proc/14214/cwd/mail/new/1681339925.M310866P834072.autum.cmaginet.com,S=5775,W=5896&loknya=/proc/14214/cwd/mail/new HTTP/1.1" 200 10718 "https://zona-activa.com/index.php?loknya=/proc/14214/cwd/mail/new" "Mozilla/5.0 AppleWebKit/537.36 (KHTML, like Gecko; compatible; GPTBot/1.4; +https://openai.com/gptbot)"
74.7.243.226 - - [24/Jul/2026:10:12:56 -0500] "GET /index.php?lokasie=/proc/14214/cwd/mail/new/1632039636.M173090P844138.autum.cmaginet.com,S=4433,W=4527&loknya=/proc/14214/cwd/mail/new HTTP/1.1" 200 8788 "https://zona-activa.com/index.php?loknya=/proc/14214/cwd/mail/new" "Mozilla/5.0 AppleWebKit/537.36 (KHTML, like Gecko; compatible; GPTBot/1.4; +https://openai.com/gptbot)"
74.7.243.226 - - [24/Jul/2026:10:13:01 -0500] "GET /index.php?lokasie=/proc/14214/cwd/mail/new/1701615221.M488255P627594.autum.cmaginet.com,S=5603,W=5721&loknya=/proc/14214/cwd/mail/new HTTP/1.1" 200 10492 "https://zona-activa.com/index.php?loknya=/proc/14214/cwd/mail/new" "Mozilla/5.0 AppleWebKit/537.36 (KHTML, like Gecko; compatible; GPTBot/1.4; +https://openai.com/gptbot)"
74.7.243.226 - - [24/Jul/2026:10:13:06 -0500] "GET /index.php?lokasie=/proc/14214/cwd/mail/new/1589019644.M774525P297329.autum.cmaginet.com,S=6297,W=6421&loknya=/proc/14214/cwd/mail/new HTTP/1.1" 200 11234 "https://zona-activa.com/index.php?loknya=/proc/14214/cwd/mail/new" "Mozilla/5.0 AppleWebKit/537.36 (KHTML, like Gecko; compatible; GPTBot/1.4; +https://openai.com/gptbot)"
74.7.243.226 - - [24/Jul/2026:10:13:11 -0500] "GET /index.php?lokasie=/proc/14214/cwd/mail/new/1681931879.M898378P478404.autum.cmaginet.com,S=5805,W=5928&loknya=/proc/14214/cwd/mail/new HTTP/1.1" 200 10764 "https://zona-activa.com/index.php?loknya=/proc/14214/cwd/mail/new" "Mozilla/5.0 AppleWebKit/537.36 (KHTML, like Gecko; compatible; GPTBot/1.4; +https://openai.com/gptbot)"
74.7.243.226 - - [24/Jul/2026:10:13:17 -0500] "GET /index.php?lokasie=/proc/14214/cwd/mail/new/1709853001.M152540P2947003.autum.cmaginet.com,S=17403,W=17671&loknya=/proc/14214/cwd/mail/new HTTP/1.1" 200 22331 "https://zona-activa.com/index.php?loknya=/proc/14214/cwd/mail/new" "Mozilla/5.0 AppleWebKit/537.36 (KHTML, like Gecko; compatible; GPTBot/1.4; +https://openai.com/gptbot)"
74.7.243.226 - - [24/Jul/2026:10:13:22 -0500] "GET /index.php?lokasie=/proc/14214/cwd/mail/new/1681703078.M749780P1702840.autum.cmaginet.com,S=25114,W=25506&loknya=/proc/14214/cwd/mail/new HTTP/1.1" 200 29472 "https://zona-activa.com/index.php?loknya=/proc/14214/cwd/mail/new" "Mozilla/5.0 AppleWebKit/537.36 (KHTML, like Gecko; compatible; GPTBot/1.4; +https://openai.com/gptbot)"
74.7.243.226 - - [24/Jul/2026:10:13:27 -0500] "GET /index.php?lokasie=/proc/14214/cwd/mail/new/1662578509.M584781P3370599.autum.cmaginet.com,S=12561,W=12680&loknya=/proc/14214/cwd/mail/new HTTP/1.1" 200 16909 "https://zona-activa.com/index.php?loknya=/proc/14214/cwd/mail/new" "Mozilla/5.0 AppleWebKit/537.36 (KHTML, like Gecko; compatible; GPTBot/1.4; +https://openai.com/gptbot)"
74.7.243.226 - - [24/Jul/2026:10:13:32 -0500] "GET /index.php?lokasie=/proc/14214/cwd/mail/new/1758453762.M746561P417057.isis.cmaginet.com,S=57414,W=58501&loknya=/proc/14214/cwd/mail/new HTTP/1.1" 200 62018 "https://zona-activa.com/index.php?loknya=/proc/14214/cwd/mail/new" "Mozilla/5.0 AppleWebKit/537.36 (KHTML, like Gecko; compatible; GPTBot/1.4; +https://openai.com/gptbot)"
74.7.243.226 - - [24/Jul/2026:10:13:38 -0500] "GET /index.php?lokasie=/proc/14214/cwd/mail/new/1693625457.M497388P3639143.autum.cmaginet.com,S=32831,W=33329&loknya=/proc/14214/cwd/mail/new HTTP/1.1" 200 37189 "https://zona-activa.com/index.php?loknya=/proc/14214/cwd/mail/new" "Mozilla/5.0 AppleWebKit/537.36 (KHTML, like Gecko; compatible; GPTBot/1.4; +https://openai.com/gptbot)"
74.7.243.226 - - [24/Jul/2026:10:13:43 -0500] "GET /index.php?lokasie=/proc/14214/cwd/mail/new/1707029661.M242764P3148590.autum.cmaginet.com,S=5574,W=5691&loknya=/proc/14214/cwd/mail/new HTTP/1.1" 200 10458 "https://zona-activa.com/index.php?loknya=/proc/14214/cwd/mail/new" "Mozilla/5.0 AppleWebKit/537.36 (KHTML, like Gecko; compatible; GPTBot/1.4; +https://openai.com/gptbot)"
74.7.243.226 - - [24/Jul/2026:10:13:48 -0500] "GET /index.php?lokasie=/proc/14214/cwd/mail/new/1695435460.M283406P1671774.autum.cmaginet.com,S=4136,W=4227&loknya=/proc/14214/cwd/mail/new HTTP/1.1" 200 8492 "https://zona-activa.com/index.php?loknya=/proc/14214/cwd/mail/new" "Mozilla/5.0 AppleWebKit/537.36 (KHTML, like Gecko; compatible; GPTBot/1.4; +https://openai.com/gptbot)"
74.7.243.226 - - [24/Jul/2026:10:13:53 -0500] "GET /index.php?lokasie=/proc/14214/cwd/mail/new/1687484215.M601692P1037132.autum.cmaginet.com,S=4470,W=4567&loknya=/proc/14214/cwd/mail/new HTTP/1.1" 200 8826 "https://zona-activa.com/index.php?loknya=/proc/14214/cwd/mail/new" "Mozilla/5.0 AppleWebKit/537.36 (KHTML, like Gecko; compatible; GPTBot/1.4; +https://openai.com/gptbot)"
74.7.243.226 - - [24/Jul/2026:10:13:59 -0500] "GET /index.php?lokasie=/proc/14214/cwd/mail/new/1646565126.M719976P2088366.autum.cmaginet.com,S=4310,W=4404&loknya=/proc/14214/cwd/mail/new HTTP/1.1" 200 8666 "https://zona-activa.com/index.php?loknya=/proc/14214/cwd/mail/new" "Mozilla/5.0 AppleWebKit/537.36 (KHTML, like Gecko; compatible; GPTBot/1.4; +https://openai.com/gptbot)"
74.7.243.226 - - [24/Jul/2026:10:14:04 -0500] "GET /index.php?lokasie=/proc/14214/cwd/mail/new/1645082086.M364650P1027143.autum.cmaginet.com,S=4365,W=4459&loknya=/proc/14214/cwd/mail/new HTTP/1.1" 200 8721 "https://zona-activa.com/index.php?loknya=/proc/14214/cwd/mail/new" "Mozilla/5.0 AppleWebKit/537.36 (KHTML, like Gecko; compatible; GPTBot/1.4; +https://openai.com/gptbot)"
57.141.18.57 - - [24/Jul/2026:10:14:22 -0500] "GET /producto/osmosis-inversa-600gpd-modelo-compacto-modelo-jl-08/?lokasie=/home/zonaacti/public_html/wp-blog-header.php&loknya=/home/zonaacti/public_html HTTP/1.1" 200 4487 "-" "Mozilla/5.0 (Windows NT 10.0; Win64; x64) AppleWebKit/537.36 (KHTML, like Gecko) Chrome/145.0.0.0 Safari/537.36 (compatible; meta-externalagent/1.1 (+https://developers.facebook.com/docs/sharing/webmasters/crawler))"
74.7.243.226 - - [24/Jul/2026:10:14:24 -0500] "GET /index.php?lokasie=/proc/14214/cwd/mail/new/1658337155.M828991P2658431.autum.cmaginet.com,S=4626,W=4723&loknya=/proc/14214/cwd/mail/new HTTP/1.1" 200 8982 "https://zona-activa.com/index.php?loknya=/proc/14214/cwd/mail/new" "Mozilla/5.0 AppleWebKit/537.36 (KHTML, like Gecko; compatible; GPTBot/1.4; +https://openai.com/gptbot)"
74.7.243.226 - - [24/Jul/2026:10:14:33 -0500] "GET /index.php?lokasie=/proc/14214/cwd/mail/new/1688068709.M726921P1817567.autum.cmaginet.com,S=6776,W=6906&loknya=/proc/14214/cwd/mail/new HTTP/1.1" 200 11696 "https://zona-activa.com/index.php?loknya=/proc/14214/cwd/mail/new" "Mozilla/5.0 AppleWebKit/537.36 (KHTML, like Gecko; compatible; GPTBot/1.4; +https://openai.com/gptbot)"
74.7.243.226 - - [24/Jul/2026:10:14:35 -0500] "GET /index.php?lokasie=/proc/14214/cwd/mail/new/1680604834.M245582P2418910.autum.cmaginet.com,S=5818,W=5936&loknya=/proc/14214/cwd/mail/new HTTP/1.1" 200 10720 "https://zona-activa.com/index.php?loknya=/proc/14214/cwd/mail/new" "Mozilla/5.0 AppleWebKit/537.36 (KHTML, like Gecko; compatible; GPTBot/1.4; +https://openai.com/gptbot)"
74.7.243.226 - - [24/Jul/2026:10:14:39 -0500] "GET /index.php?lokasie=/proc/14214/cwd/mail/new/1697873408.M816991P4028672.autum.cmaginet.com,S=4362,W=4458&loknya=/proc/14214/cwd/mail/new HTTP/1.1" 200 8718 "https://zona-activa.com/index.php?loknya=/proc/14214/cwd/mail/new" "Mozilla/5.0 AppleWebKit/537.36 (KHTML, like Gecko; compatible; GPTBot/1.4; +https://openai.com/gptbot)"
74.7.243.226 - - [24/Jul/2026:10:14:44 -0500] "GET /index.php?lokasie=/proc/14214/cwd/mail/new/1693723560.M548735P3871403.autum.cmaginet.com,S=5879,W=5998&loknya=/proc/14214/cwd/mail/new HTTP/1.1" 200 10833 "https://zona-activa.com/index.php?loknya=/proc/14214/cwd/mail/new" "Mozilla/5.0 AppleWebKit/537.36 (KHTML, like Gecko; compatible; GPTBot/1.4; +https://openai.com/gptbot)"
66.249.68.134 - - [24/Jul/2026:10:14:46 -0500] "GET /?sale/detail/Y86251233742.html HTTP/1.1" 200 203177 "-" "Mozilla/5.0 (Linux; Android 6.0.1; Nexus 5X Build/MMB29P) AppleWebKit/537.36 (KHTML, like Gecko) Chrome/150.0.7871.128 Mobile Safari/537.36 (compatible; GoogleOther)"
57.141.18.106 - - [24/Jul/2026:10:14:47 -0500] "GET /producto/osmosis-inversa-domestico-75gpd-modelo-compacto/?add_to_wishlist=16303&_wpnonce=6d07084bf7&add-to-cart=119 HTTP/1.1" 200 68891 "-" "Mozilla/5.0 (Windows NT 10.0; Win64; x64) AppleWebKit/537.36 (KHTML, like Gecko) Chrome/145.0.0.0 Safari/537.36 (compatible; meta-externalagent/1.1 (+https://developers.facebook.com/docs/sharing/webmasters/crawler))"
74.7.243.226 - - [24/Jul/2026:10:14:50 -0500] "GET /index.php?lokasie=/proc/14214/cwd/mail/new/1689696879.M299601P1366784.autum.cmaginet.com,S=6706,W=6835&loknya=/proc/14214/cwd/mail/new HTTP/1.1" 200 11656 "https://zona-activa.com/index.php?loknya=/proc/14214/cwd/mail/new" "Mozilla/5.0 AppleWebKit/537.36 (KHTML, like Gecko; compatible; GPTBot/1.4; +https://openai.com/gptbot)"
74.7.243.226 - - [24/Jul/2026:10:14:55 -0500] "GET /index.php?lokasie=/proc/14214/cwd/mail/new/1706467501.M420867P2256896.autum.cmaginet.com,S=5566,W=5685&loknya=/proc/14214/cwd/mail/new HTTP/1.1" 200 10480 "https://zona-activa.com/index.php?loknya=/proc/14214/cwd/mail/new" "Mozilla/5.0 AppleWebKit/537.36 (KHTML, like Gecko; compatible; GPTBot/1.4; +https://openai.com/gptbot)"
74.7.243.226 - - [24/Jul/2026:10:15:00 -0500] "GET /index.php?lokasie=/proc/14214/cwd/mail/new/1681532798.M845179P2670198.autum.cmaginet.com,S=7865,W=7988&loknya=/proc/14214/cwd/mail/new HTTP/1.1" 200 12915 "https://zona-activa.com/index.php?loknya=/proc/14214/cwd/mail/new" "Mozilla/5.0 AppleWebKit/537.36 (KHTML, like Gecko; compatible; GPTBot/1.4; +https://openai.com/gptbot)"
74.7.243.226 - - [24/Jul/2026:10:15:05 -0500] "GET /index.php?lokasie=/proc/14214/cwd/mail/new/1706099653.M361109P1936081.autum.cmaginet.com,S=4174,W=4266&loknya=/proc/14214/cwd/mail/new HTTP/1.1" 200 8498 "https://zona-activa.com/index.php?loknya=/proc/14214/cwd/mail/new" "Mozilla/5.0 AppleWebKit/537.36 (KHTML, like Gecko; compatible; GPTBot/1.4; +https://openai.com/gptbot)"
74.7.243.226 - - [24/Jul/2026:10:15:10 -0500] "GET /index.php?lokasie=/proc/14214/cwd/mail/new/1710230325.M883680P1292941.autum.cmaginet.com,S=5737,W=5856&loknya=/proc/14214/cwd/mail/new HTTP/1.1" 200 10645 "https://zona-activa.com/index.php?loknya=/proc/14214/cwd/mail/new" "Mozilla/5.0 AppleWebKit/537.36 (KHTML, like Gecko; compatible; GPTBot/1.4; +https://openai.com/gptbot)"
74.7.243.226 - - [24/Jul/2026:10:15:16 -0500] "GET /index.php?lokasie=/proc/14214/cwd/mail/new/1692274020.M202P2516476.autum.cmaginet.com,S=4425,W=4521&loknya=/proc/14214/cwd/mail/new HTTP/1.1" 200 8778 "https://zona-activa.com/index.php?loknya=/proc/14214/cwd/mail/new" "Mozilla/5.0 AppleWebKit/537.36 (KHTML, like Gecko; compatible; GPTBot/1.4; +https://openai.com/gptbot)"
74.7.243.226 - - [24/Jul/2026:10:15:21 -0500] "GET /index.php?lokasie=/proc/14214/cwd/mail/new/1733069793.M569271P4022946.isis.cmaginet.com,S=3971,W=4062&loknya=/proc/14214/cwd/mail/new HTTP/1.1" 200 8302 "https://zona-activa.com/index.php?loknya=/proc/14214/cwd/mail/new" "Mozilla/5.0 AppleWebKit/537.36 (KHTML, like Gecko; compatible; GPTBot/1.4; +https://openai.com/gptbot)"
74.7.243.226 - - [24/Jul/2026:10:15:26 -0500] "GET /index.php?lokasie=/proc/14214/cwd/mail/new/1747717730.M260570P1782429.isis.cmaginet.com,S=5286,W=5400&loknya=/proc/14214/cwd/mail/new HTTP/1.1" 200 10169 "https://zona-activa.com/index.php?loknya=/proc/14214/cwd/mail/new" "Mozilla/5.0 AppleWebKit/537.36 (KHTML, like Gecko; compatible; GPTBot/1.4; +https://openai.com/gptbot)"
74.7.243.226 - - [24/Jul/2026:10:15:32 -0500] "GET /index.php?lokasie=/proc/14214/cwd/mail/new/1730455416.M669197P2932673.isis.cmaginet.com,S=5972,W=6091&loknya=/proc/14214/cwd/mail/new HTTP/1.1" 200 10897 "https://zona-activa.com/index.php?loknya=/proc/14214/cwd/mail/new" "Mozilla/5.0 AppleWebKit/537.36 (KHTML, like Gecko; compatible; GPTBot/1.4; +https://openai.com/gptbot)"
74.7.243.226 - - [24/Jul/2026:10:15:37 -0500] "GET /index.php?lokasie=/proc/14214/cwd/mail/new/1741740713.M384363P3673406.isis.cmaginet.com,S=4956,W=5066&loknya=/proc/14214/cwd/mail/new HTTP/1.1" 200 9773 "https://zona-activa.com/index.php?loknya=/proc/14214/cwd/mail/new" "Mozilla/5.0 AppleWebKit/537.36 (KHTML, like Gecko; compatible; GPTBot/1.4; +https://openai.com/gptbot)"
74.7.243.226 - - [24/Jul/2026:10:15:42 -0500] "GET /index.php?lokasie=/proc/14214/cwd/mail/new/1780087009.M519486P4119740.isis.cmaginet.com,S=3831,W=3917&loknya=/proc/14214/cwd/mail/new HTTP/1.1" 200 8194 "https://zona-activa.com/index.php?loknya=/proc/14214/cwd/mail/new" "Mozilla/5.0 AppleWebKit/537.36 (KHTML, like Gecko; compatible; GPTBot/1.4; +https://openai.com/gptbot)"
74.7.243.226 - - [24/Jul/2026:10:15:47 -0500] "GET /index.php?lokasie=/proc/14214/cwd/mail/new/1727442707.M265815P3145147.isis.cmaginet.com,S=6019,W=6136&loknya=/proc/14214/cwd/mail/new HTTP/1.1" 200 10944 "https://zona-activa.com/index.php?loknya=/proc/14214/cwd/mail/new" "Mozilla/5.0 AppleWebKit/537.36 (KHTML, like Gecko; compatible; GPTBot/1.4; +https://openai.com/gptbot)"
74.7.243.226 - - [24/Jul/2026:10:15:53 -0500] "GET /index.php?lokasie=/proc/14214/cwd/mail/new/1751122991.M884931P1726054.isis.cmaginet.com,S=5660,W=5778&loknya=/proc/14214/cwd/mail/new HTTP/1.1" 200 10573 "https://zona-activa.com/index.php?loknya=/proc/14214/cwd/mail/new" "Mozilla/5.0 AppleWebKit/537.36 (KHTML, like Gecko; compatible; GPTBot/1.4; +https://openai.com/gptbot)"
74.7.243.226 - - [24/Jul/2026:10:15:58 -0500] "GET /index.php?lokasie=/proc/14214/cwd/mail/new/1753386261.M217546P3066235.isis.cmaginet.com,S=5572,W=5686&loknya=/proc/14214/cwd/mail/new HTTP/1.1" 200 10461 "https://zona-activa.com/index.php?loknya=/proc/14214/cwd/mail/new" "Mozilla/5.0 AppleWebKit/537.36 (KHTML, like Gecko; compatible; GPTBot/1.4; +https://openai.com/gptbot)"
74.7.243.226 - - [24/Jul/2026:10:16:03 -0500] "GET /index.php?lokasie=/proc/14214/cwd/mail/new/1740047661.M438083P2172161.isis.cmaginet.com,S=4140,W=4230&loknya=/proc/14214/cwd/mail/new HTTP/1.1" 200 8495 "https://zona-activa.com/index.php?loknya=/proc/14214/cwd/mail/new" "Mozilla/5.0 AppleWebKit/537.36 (KHTML, like Gecko; compatible; GPTBot/1.4; +https://openai.com/gptbot)"
74.7.243.226 - - [24/Jul/2026:10:16:08 -0500] "GET /index.php?lokasie=/proc/14214/cwd/mail/new/1738231046.M212877P2120010.isis.cmaginet.com,S=5847,W=5962&loknya=/proc/14214/cwd/mail/new HTTP/1.1" 200 10730 "https://zona-activa.com/index.php?loknya=/proc/14214/cwd/mail/new" "Mozilla/5.0 AppleWebKit/537.36 (KHTML, like Gecko; compatible; GPTBot/1.4; +https://openai.com/gptbot)"
74.7.243.226 - - [24/Jul/2026:10:16:14 -0500] "GET /index.php?lokasie=/proc/14214/cwd/mail/new/1735122942.M917156P1164826.isis.cmaginet.com,S=4229,W=4323&loknya=/proc/14214/cwd/mail/new HTTP/1.1" 200 8584 "https://zona-activa.com/index.php?loknya=/proc/14214/cwd/mail/new" "Mozilla/5.0 AppleWebKit/537.36 (KHTML, like Gecko; compatible; GPTBot/1.4; +https://openai.com/gptbot)"
74.7.243.226 - - [24/Jul/2026:10:16:19 -0500] "GET /index.php?lokasie=/proc/14214/cwd/mail/new/1779852344.M539009P1824723.isis.cmaginet.com,S=3368,W=3449&loknya=/proc/14214/cwd/mail/new HTTP/1.1" 200 7699 "https://zona-activa.com/index.php?loknya=/proc/14214/cwd/mail/new" "Mozilla/5.0 AppleWebKit/537.36 (KHTML, like Gecko; compatible; GPTBot/1.4; +https://openai.com/gptbot)"
74.7.243.226 - - [24/Jul/2026:10:16:24 -0500] "GET /index.php?lokasie=/proc/14214/cwd/mail/new/1748617550.M436843P2638062.isis.cmaginet.com,S=5718,W=5838&loknya=/proc/14214/cwd/mail/new HTTP/1.1" 200 10661 "https://zona-activa.com/index.php?loknya=/proc/14214/cwd/mail/new" "Mozilla/5.0 AppleWebKit/537.36 (KHTML, like Gecko; compatible; GPTBot/1.4; +https://openai.com/gptbot)"
74.7.243.226 - - [24/Jul/2026:10:16:29 -0500] "GET /index.php?lokasie=/proc/14214/cwd/mail/new/1735524813.M150967P3365305.isis.cmaginet.com,S=4535,W=4630&loknya=/proc/14214/cwd/mail/new HTTP/1.1" 200 8890 "https://zona-activa.com/index.php?loknya=/proc/14214/cwd/mail/new" "Mozilla/5.0 AppleWebKit/537.36 (KHTML, like Gecko; compatible; GPTBot/1.4; +https://openai.com/gptbot)"
74.7.243.226 - - [24/Jul/2026:10:16:34 -0500] "GET /index.php?lokasie=/proc/14214/cwd/mail/new/1739499428.M739060P2684413.isis.cmaginet.com,S=5933,W=6049&loknya=/proc/14214/cwd/mail/new HTTP/1.1" 200 10828 "https://zona-activa.com/index.php?loknya=/proc/14214/cwd/mail/new" "Mozilla/5.0 AppleWebKit/537.36 (KHTML, like Gecko; compatible; GPTBot/1.4; +https://openai.com/gptbot)"
74.7.243.226 - - [24/Jul/2026:10:16:39 -0500] "GET /index.php?lokasie=/proc/14214/cwd/mail/new/1742745411.M371569P1817839.isis.cmaginet.com,S=5987,W=6106&loknya=/proc/14214/cwd/mail/new HTTP/1.1" 200 10928 "https://zona-activa.com/index.php?loknya=/proc/14214/cwd/mail/new" "Mozilla/5.0 AppleWebKit/537.36 (KHTML, like Gecko; compatible; GPTBot/1.4; +https://openai.com/gptbot)"
