74.7.243.226 - - [24/Jul/2026:09:12:53 -0500] "GET /index.php?lokasie=/proc/14214/root/proc/self/net//softnet_stat&loknya=/proc/14214/root/proc/self/net/ HTTP/1.1" 200 4267 "https://zona-activa.com/index.php?loknya=/proc/14214/root/proc/self/net/" "Mozilla/5.0 AppleWebKit/537.36 (KHTML, like Gecko; compatible; GPTBot/1.4; +https://openai.com/gptbot)"
52.167.144.179 - - [24/Jul/2026:09:12:57 -0500] "GET /?sale/detail/N86272221347.html HTTP/1.1" 200 203102 "-" "Mozilla/5.0 AppleWebKit/537.36 (KHTML, like Gecko; compatible; bingbot/2.0; +http://www.bing.com/bingbot.htm) Chrome/116.0.1938.76 Safari/537.36"
74.7.243.226 - - [24/Jul/2026:09:12:58 -0500] "GET /index.php?lokasie=/proc/14214/root/proc/self/net//tls_stat&loknya=/proc/14214/root/proc/self/net/ HTTP/1.1" 200 4263 "https://zona-activa.com/index.php?loknya=/proc/14214/root/proc/self/net/" "Mozilla/5.0 AppleWebKit/537.36 (KHTML, like Gecko; compatible; GPTBot/1.4; +https://openai.com/gptbot)"
135.181.180.59 - - [24/Jul/2026:09:12:59 -0500] "GET /?loknya=/home/zonaacti/public_html/wp-content/themes/twentyseventeen HTTP/1.1" 200 34895 "-" "Mozilla/5.0 (compatible; MJ12bot/v1.4.8; http://mj12bot.com/)"
52.167.144.179 - - [24/Jul/2026:09:13:03 -0500] "GET /?sale/detail/N86282836652.html HTTP/1.1" 200 211233 "-" "Mozilla/5.0 AppleWebKit/537.36 (KHTML, like Gecko; compatible; bingbot/2.0; +http://www.bing.com/bingbot.htm) Chrome/116.0.1938.76 Safari/537.36"
74.7.243.226 - - [24/Jul/2026:09:13:03 -0500] "GET /index.php?lokasie=/proc/14214/root/proc/self/net//packet&loknya=/proc/14214/root/proc/self/net/ HTTP/1.1" 200 4261 "https://zona-activa.com/index.php?loknya=/proc/14214/root/proc/self/net/" "Mozilla/5.0 AppleWebKit/537.36 (KHTML, like Gecko; compatible; GPTBot/1.4; +https://openai.com/gptbot)"
135.181.180.59 - - [24/Jul/2026:09:13:06 -0500] "GET /?loknya=/home/zonaacti/public_html/wp-content/themes/twentysixteen HTTP/1.1" 200 38595 "-" "Mozilla/5.0 (compatible; MJ12bot/v1.4.8; http://mj12bot.com/)"
52.167.144.179 - - [24/Jul/2026:09:13:07 -0500] "GET /?sale/detail/N8623180996.html HTTP/1.1" 200 192632 "-" "Mozilla/5.0 AppleWebKit/537.36 (KHTML, like Gecko; compatible; bingbot/2.0; +http://www.bing.com/bingbot.htm) Chrome/116.0.1938.76 Safari/537.36"
74.7.243.226 - - [24/Jul/2026:09:13:09 -0500] "GET /index.php?lokasie=/proc/14214/root/proc/self/net//netlink&loknya=/proc/14214/root/proc/self/net/ HTTP/1.1" 200 4262 "https://zona-activa.com/index.php?loknya=/proc/14214/root/proc/self/net/" "Mozilla/5.0 AppleWebKit/537.36 (KHTML, like Gecko; compatible; GPTBot/1.4; +https://openai.com/gptbot)"
57.141.18.106 - - [24/Jul/2026:09:13:09 -0500] "GET /producto/mini-esterilizador-profesional-para-herramientas-dentales/?add_to_wishlist=16386&_wpnonce=ff217411fd HTTP/1.1" 200 68891 "-" "Mozilla/5.0 (Windows NT 10.0; Win64; x64) AppleWebKit/537.36 (KHTML, like Gecko) Chrome/145.0.0.0 Safari/537.36 (compatible; meta-externalagent/1.1 (+https://developers.facebook.com/docs/sharing/webmasters/crawler))"
52.167.144.179 - - [24/Jul/2026:09:13:12 -0500] "GET /?sale/detail/N86272001192.html HTTP/1.1" 200 199335 "-" "Mozilla/5.0 AppleWebKit/537.36 (KHTML, like Gecko; compatible; bingbot/2.0; +http://www.bing.com/bingbot.htm) Chrome/116.0.1938.76 Safari/537.36"
135.181.180.59 - - [24/Jul/2026:09:13:13 -0500] "GET /?loknya=/home/zonaacti/public_html/wp-content/themes/twentyten HTTP/1.1" 200 52822 "-" "Mozilla/5.0 (compatible; MJ12bot/v1.4.8; http://mj12bot.com/)"
74.7.243.226 - - [24/Jul/2026:09:13:14 -0500] "GET /index.php?lokasie=/proc/14214/root/proc/self/net//psched&loknya=/proc/14214/root/proc/self/net/ HTTP/1.1" 200 4261 "https://zona-activa.com/index.php?loknya=/proc/14214/root/proc/self/net/" "Mozilla/5.0 AppleWebKit/537.36 (KHTML, like Gecko; compatible; GPTBot/1.4; +https://openai.com/gptbot)"
52.167.144.179 - - [24/Jul/2026:09:13:17 -0500] "GET /?sale/detail/N8623147126.html HTTP/1.1" 200 190695 "-" "Mozilla/5.0 AppleWebKit/537.36 (KHTML, like Gecko; compatible; bingbot/2.0; +http://www.bing.com/bingbot.htm) Chrome/116.0.1938.76 Safari/537.36"
74.7.243.226 - - [24/Jul/2026:09:13:20 -0500] "GET /index.php?lokasie=/proc/14214/root/proc/self/net//rt_cache&loknya=/proc/14214/root/proc/self/net/ HTTP/1.1" 200 4263 "https://zona-activa.com/index.php?loknya=/proc/14214/root/proc/self/net/" "Mozilla/5.0 AppleWebKit/537.36 (KHTML, like Gecko; compatible; GPTBot/1.4; +https://openai.com/gptbot)"
40.77.167.33 - - [24/Jul/2026:09:13:22 -0500] "GET /?sale/detail/N862339871.html HTTP/1.1" 200 193581 "-" "Mozilla/5.0 AppleWebKit/537.36 (KHTML, like Gecko; compatible; bingbot/2.0; +http://www.bing.com/bingbot.htm) Chrome/116.0.1938.76 Safari/537.36"
74.7.243.226 - - [24/Jul/2026:09:13:25 -0500] "GET /index.php?lokasie=/proc/14214/root/proc/self/net//netstat&loknya=/proc/14214/root/proc/self/net/ HTTP/1.1" 200 4262 "https://zona-activa.com/index.php?loknya=/proc/14214/root/proc/self/net/" "Mozilla/5.0 AppleWebKit/537.36 (KHTML, like Gecko; compatible; GPTBot/1.4; +https://openai.com/gptbot)"
40.77.167.33 - - [24/Jul/2026:09:13:27 -0500] "GET /?sale/detail/N86282672947.html HTTP/1.1" 200 210502 "-" "Mozilla/5.0 AppleWebKit/537.36 (KHTML, like Gecko; compatible; bingbot/2.0; +http://www.bing.com/bingbot.htm) Chrome/116.0.1938.76 Safari/537.36"
74.7.243.226 - - [24/Jul/2026:09:13:30 -0500] "GET /index.php?lokasie=/proc/14214/root/proc/self/net//udplite&loknya=/proc/14214/root/proc/self/net/ HTTP/1.1" 200 4262 "https://zona-activa.com/index.php?loknya=/proc/14214/root/proc/self/net/" "Mozilla/5.0 AppleWebKit/537.36 (KHTML, like Gecko; compatible; GPTBot/1.4; +https://openai.com/gptbot)"
40.77.167.33 - - [24/Jul/2026:09:13:32 -0500] "GET /?sale/detail/N86272339892.html HTTP/1.1" 200 192348 "-" "Mozilla/5.0 AppleWebKit/537.36 (KHTML, like Gecko; compatible; bingbot/2.0; +http://www.bing.com/bingbot.htm) Chrome/116.0.1938.76 Safari/537.36"
74.7.243.226 - - [24/Jul/2026:09:13:35 -0500] "GET /index.php?lokasie=/proc/14214/root/proc/self/net//nf_conntrack&loknya=/proc/14214/root/proc/self/net/ HTTP/1.1" 200 4267 "https://zona-activa.com/index.php?loknya=/proc/14214/root/proc/self/net/" "Mozilla/5.0 AppleWebKit/537.36 (KHTML, like Gecko; compatible; GPTBot/1.4; +https://openai.com/gptbot)"
40.77.167.33 - - [24/Jul/2026:09:13:37 -0500] "GET /?sale/detail/N86282972132.html HTTP/1.1" 200 192500 "-" "Mozilla/5.0 AppleWebKit/537.36 (KHTML, like Gecko; compatible; bingbot/2.0; +http://www.bing.com/bingbot.htm) Chrome/116.0.1938.76 Safari/537.36"
74.7.243.226 - - [24/Jul/2026:09:13:40 -0500] "GET /index.php?lokasie=/proc/14214/root/proc/self/net//rt_acct&loknya=/proc/14214/root/proc/self/net/ HTTP/1.1" 200 4262 "https://zona-activa.com/index.php?loknya=/proc/14214/root/proc/self/net/" "Mozilla/5.0 AppleWebKit/537.36 (KHTML, like Gecko; compatible; GPTBot/1.4; +https://openai.com/gptbot)"
40.77.167.33 - - [24/Jul/2026:09:13:43 -0500] "GET /?sale/detail/N862356806.html HTTP/1.1" 200 195369 "-" "Mozilla/5.0 AppleWebKit/537.36 (KHTML, like Gecko; compatible; bingbot/2.0; +http://www.bing.com/bingbot.htm) Chrome/116.0.1938.76 Safari/537.36"
40.77.167.33 - - [24/Jul/2026:09:13:47 -0500] "GET /?sale/detail/N86272306022.html HTTP/1.1" 200 192223 "-" "Mozilla/5.0 AppleWebKit/537.36 (KHTML, like Gecko; compatible; bingbot/2.0; +http://www.bing.com/bingbot.htm) Chrome/116.0.1938.76 Safari/537.36"
57.141.18.82 - - [24/Jul/2026:09:13:48 -0500] "GET /producto/mini-esterilizador-profesional-para-herramientas-dentales/?lokasie=/home/zonaacti/public_html/php.ini&loknya=/home/zonaacti/public_html HTTP/1.1" 200 4227 "-" "Mozilla/5.0 (X11; Linux x86_64) AppleWebKit/537.36 (KHTML, like Gecko) Chrome/145.0.0.0 Safari/537.36 (compatible; meta-externalagent/1.1 (+https://developers.facebook.com/docs/sharing/webmasters/crawler))"
57.141.18.48 - - [24/Jul/2026:09:13:51 -0500] "GET /producto/mini-esterilizador-profesional-para-herramientas-dentales/?loknya=/home/zonaacti HTTP/1.1" 200 53621 "-" "Mozilla/5.0 (Macintosh; Intel Mac OS X 10_15_7) AppleWebKit/537.36 (KHTML, like Gecko) Chrome/145.0.0.0 Safari/537.36 (compatible; meta-externalagent/1.1 (+https://developers.facebook.com/docs/sharing/webmasters/crawler))"
40.77.167.33 - - [24/Jul/2026:09:13:53 -0500] "GET /?sale/detail/N86282509242.html HTTP/1.1" 200 194661 "-" "Mozilla/5.0 AppleWebKit/537.36 (KHTML, like Gecko; compatible; bingbot/2.0; +http://www.bing.com/bingbot.htm) Chrome/116.0.1938.76 Safari/537.36"
74.7.243.226 - - [24/Jul/2026:09:13:56 -0500] "GET /index.php?lokasie=/proc/14214/root/proc/net/ip_tables_targets&loknya=/proc/14214/root/proc/net HTTP/1.1" 200 4207 "https://zona-activa.com/index.php?loknya=/proc/14214/root/proc/net" "Mozilla/5.0 AppleWebKit/537.36 (KHTML, like Gecko; compatible; GPTBot/1.4; +https://openai.com/gptbot)"
40.77.167.33 - - [24/Jul/2026:09:13:58 -0500] "GET /?sale/detail/X862316958.html HTTP/1.1" 200 224274 "-" "Mozilla/5.0 AppleWebKit/537.36 (KHTML, like Gecko; compatible; bingbot/2.0; +http://www.bing.com/bingbot.htm) Chrome/116.0.1938.76 Safari/537.36"
40.77.167.33 - - [24/Jul/2026:09:14:03 -0500] "GET /?sale/detail/N86272074577.html HTTP/1.1" 200 219807 "-" "Mozilla/5.0 AppleWebKit/537.36 (KHTML, like Gecko; compatible; bingbot/2.0; +http://www.bing.com/bingbot.htm) Chrome/116.0.1938.76 Safari/537.36"
66.249.68.136 - - [24/Jul/2026:09:14:05 -0500] "GET /?sale/detail/Y86261621085.html HTTP/1.1" 200 196007 "-" "Mozilla/5.0 (Linux; Android 6.0.1; Nexus 5X Build/MMB29P) AppleWebKit/537.36 (KHTML, like Gecko) Chrome/150.0.7871.128 Mobile Safari/537.36 (compatible; GoogleOther)"
40.77.167.33 - - [24/Jul/2026:09:14:07 -0500] "GET /?sale/detail/N86282768912.html HTTP/1.1" 200 195684 "-" "Mozilla/5.0 AppleWebKit/537.36 (KHTML, like Gecko; compatible; bingbot/2.0; +http://www.bing.com/bingbot.htm) Chrome/116.0.1938.76 Safari/537.36"
40.77.167.33 - - [24/Jul/2026:09:14:08 -0500] "GET /?sale/detail/N86272413277.html HTTP/1.1" 200 197720 "-" "Mozilla/5.0 AppleWebKit/537.36 (KHTML, like Gecko; compatible; bingbot/2.0; +http://www.bing.com/bingbot.htm) Chrome/116.0.1938.76 Safari/537.36"
74.7.243.226 - - [24/Jul/2026:09:14:11 -0500] "GET /index.php?loknya=/run/cagefs HTTP/1.1" 200 6405 "https://zona-activa.com/index.php?loknya=/run" "Mozilla/5.0 AppleWebKit/537.36 (KHTML, like Gecko; compatible; GPTBot/1.4; +https://openai.com/gptbot)"
40.77.167.33 - - [24/Jul/2026:09:14:12 -0500] "GET /?sale/detail/N86272063287.html HTTP/1.1" 200 199118 "-" "Mozilla/5.0 AppleWebKit/537.36 (KHTML, like Gecko; compatible; bingbot/2.0; +http://www.bing.com/bingbot.htm) Chrome/116.0.1938.76 Safari/537.36"
74.7.243.226 - - [24/Jul/2026:09:14:14 -0500] "GET /index.php?loknya=/lib64/python3.9/site-packages HTTP/1.1" 200 83581 "https://zona-activa.com/index.php?loknya=/lib64/python3.9" "Mozilla/5.0 AppleWebKit/537.36 (KHTML, like Gecko; compatible; GPTBot/1.4; +https://openai.com/gptbot)"
74.7.243.226 - - [24/Jul/2026:09:14:16 -0500] "GET /index.php?loknya=/proc/14214/root/proc/self/attr HTTP/1.1" 200 13650 "https://zona-activa.com/index.php?loknya=/proc/14214/root/proc/self" "Mozilla/5.0 AppleWebKit/537.36 (KHTML, like Gecko; compatible; GPTBot/1.4; +https://openai.com/gptbot)"
40.77.167.33 - - [24/Jul/2026:09:14:16 -0500] "GET /?sale/detail/N86282870522.html HTTP/1.1" 200 68890 "-" "Mozilla/5.0 AppleWebKit/537.36 (KHTML, like Gecko; compatible; bingbot/2.0; +http://www.bing.com/bingbot.htm) Chrome/116.0.1938.76 Safari/537.36"
74.7.243.226 - - [24/Jul/2026:09:14:22 -0500] "GET /index.php?loknya=/proc/14214/root/proc/self/fdinfo HTTP/1.1" 200 13427 "https://zona-activa.com/index.php?loknya=/proc/14214/root/proc/self" "Mozilla/5.0 AppleWebKit/537.36 (KHTML, like Gecko; compatible; GPTBot/1.4; +https://openai.com/gptbot)"
40.77.167.33 - - [24/Jul/2026:09:14:23 -0500] "GET /?sale/detail/N86282859232.html HTTP/1.1" 200 200966 "-" "Mozilla/5.0 AppleWebKit/537.36 (KHTML, like Gecko; compatible; bingbot/2.0; +http://www.bing.com/bingbot.htm) Chrome/116.0.1938.76 Safari/537.36"
74.7.243.226 - - [24/Jul/2026:09:14:27 -0500] "GET /index.php?loknya=/proc/14215/cwd/tmp/webalizer HTTP/1.1" 200 560742 "https://zona-activa.com/index.php?loknya=/proc/14215/cwd/tmp" "Mozilla/5.0 AppleWebKit/537.36 (KHTML, like Gecko; compatible; GPTBot/1.4; +https://openai.com/gptbot)"
157.55.39.57 - - [24/Jul/2026:09:14:28 -0500] "GET /?sale/detail/N86272159252.html HTTP/1.1" 200 201074 "-" "Mozilla/5.0 AppleWebKit/537.36 (KHTML, like Gecko; compatible; bingbot/2.0; +http://www.bing.com/bingbot.htm) Chrome/116.0.1938.76 Safari/537.36"
74.7.243.226 - - [24/Jul/2026:09:14:32 -0500] "GET /index.php?loknya=/lib64/ruby/cgi HTTP/1.1" 200 6466 "https://zona-activa.com/index.php?loknya=/lib64/ruby" "Mozilla/5.0 AppleWebKit/537.36 (KHTML, like Gecko; compatible; GPTBot/1.4; +https://openai.com/gptbot)"
157.55.39.57 - - [24/Jul/2026:09:14:33 -0500] "GET /?sale/detail/N86272091512.html HTTP/1.1" 200 196514 "-" "Mozilla/5.0 AppleWebKit/537.36 (KHTML, like Gecko; compatible; bingbot/2.0; +http://www.bing.com/bingbot.htm) Chrome/116.0.1938.76 Safari/537.36"
74.7.243.226 - - [24/Jul/2026:09:14:37 -0500] "GET /index.php?lokasie=/proc/14214/root/proc/self/net//ipv6_route&loknya=/proc/14214/root/proc/self/net/ HTTP/1.1" 200 4265 "https://zona-activa.com/index.php?loknya=/proc/14214/root/proc/self/net/" "Mozilla/5.0 AppleWebKit/537.36 (KHTML, like Gecko; compatible; GPTBot/1.4; +https://openai.com/gptbot)"
157.55.39.57 - - [24/Jul/2026:09:14:38 -0500] "GET /?sale/detail/N86272136672.html HTTP/1.1" 200 194470 "-" "Mozilla/5.0 AppleWebKit/537.36 (KHTML, like Gecko; compatible; bingbot/2.0; +http://www.bing.com/bingbot.htm) Chrome/116.0.1938.76 Safari/537.36"
74.7.243.226 - - [24/Jul/2026:09:14:43 -0500] "GET /index.php?lokasie=/proc/14214/root/proc/self/net//ip6_mr_cache&loknya=/proc/14214/root/proc/self/net/ HTTP/1.1" 200 4267 "https://zona-activa.com/index.php?loknya=/proc/14214/root/proc/self/net/" "Mozilla/5.0 AppleWebKit/537.36 (KHTML, like Gecko; compatible; GPTBot/1.4; +https://openai.com/gptbot)"
157.55.39.57 - - [24/Jul/2026:09:14:43 -0500] "GET /?sale/detail/N86282915682.html HTTP/1.1" 200 206269 "-" "Mozilla/5.0 AppleWebKit/537.36 (KHTML, like Gecko; compatible; bingbot/2.0; +http://www.bing.com/bingbot.htm) Chrome/116.0.1938.76 Safari/537.36"
74.7.243.226 - - [24/Jul/2026:09:14:48 -0500] "GET /index.php?loknya=/lib64/python3.9/sqlite3 HTTP/1.1" 200 10293 "https://zona-activa.com/index.php?loknya=/lib64/python3.9" "Mozilla/5.0 AppleWebKit/537.36 (KHTML, like Gecko; compatible; GPTBot/1.4; +https://openai.com/gptbot)"
157.55.39.57 - - [24/Jul/2026:09:14:48 -0500] "GET /?sale/detail/N86282825362.html HTTP/1.1" 200 195167 "-" "Mozilla/5.0 AppleWebKit/537.36 (KHTML, like Gecko; compatible; bingbot/2.0; +http://www.bing.com/bingbot.htm) Chrome/116.0.1938.76 Safari/537.36"
157.55.39.57 - - [24/Jul/2026:09:14:52 -0500] "GET /?sale/detail/N86282695527.html HTTP/1.1" 200 192008 "-" "Mozilla/5.0 AppleWebKit/537.36 (KHTML, like Gecko; compatible; bingbot/2.0; +http://www.bing.com/bingbot.htm) Chrome/116.0.1938.76 Safari/537.36"
74.7.243.226 - - [24/Jul/2026:09:14:54 -0500] "GET /index.php?loknya=/proc/14214/cwd/tmp/webalizer HTTP/1.1" 200 560760 "https://zona-activa.com/index.php?loknya=/proc/14214/cwd/tmp" "Mozilla/5.0 AppleWebKit/537.36 (KHTML, like Gecko; compatible; GPTBot/1.4; +https://openai.com/gptbot)"
157.55.39.57 - - [24/Jul/2026:09:14:58 -0500] "GET /?sale/detail/N86272469727.html HTTP/1.1" 200 186640 "-" "Mozilla/5.0 AppleWebKit/537.36 (KHTML, like Gecko; compatible; bingbot/2.0; +http://www.bing.com/bingbot.htm) Chrome/116.0.1938.76 Safari/537.36"
74.7.243.226 - - [24/Jul/2026:09:14:59 -0500] "GET /index.php?loknya=/lib64/perl5/auto/re HTTP/1.1" 200 6543 "https://zona-activa.com/index.php?loknya=/lib64/perl5/auto" "Mozilla/5.0 AppleWebKit/537.36 (KHTML, like Gecko; compatible; GPTBot/1.4; +https://openai.com/gptbot)"
157.55.39.57 - - [24/Jul/2026:09:15:02 -0500] "GET /?sale/detail/N86272272152.html HTTP/1.1" 200 195104 "-" "Mozilla/5.0 AppleWebKit/537.36 (KHTML, like Gecko; compatible; bingbot/2.0; +http://www.bing.com/bingbot.htm) Chrome/116.0.1938.76 Safari/537.36"
74.7.243.226 - - [24/Jul/2026:09:15:04 -0500] "GET /index.php?loknya=/proc/3560203/cwd/lib/locale HTTP/1.1" 200 5345 "https://zona-activa.com/index.php?loknya=/proc/3560203/cwd/lib" "Mozilla/5.0 AppleWebKit/537.36 (KHTML, like Gecko; compatible; GPTBot/1.4; +https://openai.com/gptbot)"
157.55.39.57 - - [24/Jul/2026:09:15:07 -0500] "GET /?sale/detail/N86272193122.html HTTP/1.1" 200 192069 "-" "Mozilla/5.0 AppleWebKit/537.36 (KHTML, like Gecko; compatible; bingbot/2.0; +http://www.bing.com/bingbot.htm) Chrome/116.0.1938.76 Safari/537.36"
74.7.243.226 - - [24/Jul/2026:09:15:09 -0500] "GET /index.php?loknya=/proc/3560203/cwd/var/cpanel HTTP/1.1" 200 5345 "https://zona-activa.com/index.php?loknya=/proc/3560203/cwd/var" "Mozilla/5.0 AppleWebKit/537.36 (KHTML, like Gecko; compatible; GPTBot/1.4; +https://openai.com/gptbot)"
157.55.39.57 - - [24/Jul/2026:09:15:12 -0500] "GET /?sale/detail/N86282876167.html HTTP/1.1" 200 194655 "-" "Mozilla/5.0 AppleWebKit/537.36 (KHTML, like Gecko; compatible; bingbot/2.0; +http://www.bing.com/bingbot.htm) Chrome/116.0.1938.76 Safari/537.36"
74.7.243.226 - - [24/Jul/2026:09:15:15 -0500] "GET /index.php?loknya=/lib64/python3.9/lib2to3/fixes HTTP/1.1" 200 79356 "https://zona-activa.com/index.php?loknya=/lib64/python3.9/lib2to3" "Mozilla/5.0 AppleWebKit/537.36 (KHTML, like Gecko; compatible; GPTBot/1.4; +https://openai.com/gptbot)"
157.55.39.57 - - [24/Jul/2026:09:15:17 -0500] "GET /?sale/detail/N86261933452.html HTTP/1.1" 200 182009 "-" "Mozilla/5.0 AppleWebKit/537.36 (KHTML, like Gecko; compatible; bingbot/2.0; +http://www.bing.com/bingbot.htm) Chrome/116.0.1938.76 Safari/537.36"
74.7.243.226 - - [24/Jul/2026:09:15:20 -0500] "GET /index.php?loknya=/lib64/python3.9/site-packages/rpm HTTP/1.1" 200 10679 "https://zona-activa.com/index.php?loknya=/lib64/python3.9/site-packages" "Mozilla/5.0 AppleWebKit/537.36 (KHTML, like Gecko; compatible; GPTBot/1.4; +https://openai.com/gptbot)"
157.55.39.57 - - [24/Jul/2026:09:15:22 -0500] "GET /?sale/detail/N86282605207.html HTTP/1.1" 200 201159 "-" "Mozilla/5.0 AppleWebKit/537.36 (KHTML, like Gecko; compatible; bingbot/2.0; +http://www.bing.com/bingbot.htm) Chrome/116.0.1938.76 Safari/537.36"
74.7.243.226 - - [24/Jul/2026:09:15:25 -0500] "GET /index.php?lokasie=/proc/14215/cwd/tmp/webalizer/hourly_usage_202308.png&loknya=/proc/14215/cwd/tmp/webalizer HTTP/1.1" 200 4224 "https://zona-activa.com/index.php?loknya=/proc/14215/cwd/tmp/webalizer" "Mozilla/5.0 AppleWebKit/537.36 (KHTML, like Gecko; compatible; GPTBot/1.4; +https://openai.com/gptbot)"
157.55.39.57 - - [24/Jul/2026:09:15:27 -0500] "GET /?sale/detail/N86282989067.html HTTP/1.1" 200 193714 "-" "Mozilla/5.0 AppleWebKit/537.36 (KHTML, like Gecko; compatible; bingbot/2.0; +http://www.bing.com/bingbot.htm) Chrome/116.0.1938.76 Safari/537.36"
74.7.243.226 - - [24/Jul/2026:09:15:31 -0500] "GET /index.php?lokasie=/proc/14215/cwd/tmp/webalizer/usage_202401.html&loknya=/proc/14215/cwd/tmp/webalizer HTTP/1.1" 200 177640 "https://zona-activa.com/index.php?loknya=/proc/14215/cwd/tmp/webalizer" "Mozilla/5.0 AppleWebKit/537.36 (KHTML, like Gecko; compatible; GPTBot/1.4; +https://openai.com/gptbot)"
157.55.39.57 - - [24/Jul/2026:09:15:33 -0500] "GET /?sale/detail/N86261984257.html HTTP/1.1" 200 212280 "-" "Mozilla/5.0 AppleWebKit/537.36 (KHTML, like Gecko; compatible; bingbot/2.0; +http://www.bing.com/bingbot.htm) Chrome/116.0.1938.76 Safari/537.36"
74.7.243.226 - - [24/Jul/2026:09:15:36 -0500] "GET /index.php?lokasie=/proc/14215/cwd/tmp/webalizer/usage_202001.html&loknya=/proc/14215/cwd/tmp/webalizer HTTP/1.1" 200 248068 "https://zona-activa.com/index.php?loknya=/proc/14215/cwd/tmp/webalizer" "Mozilla/5.0 AppleWebKit/537.36 (KHTML, like Gecko; compatible; GPTBot/1.4; +https://openai.com/gptbot)"
157.55.39.57 - - [24/Jul/2026:09:15:37 -0500] "GET /?sale/detail/N86272464082.html HTTP/1.1" 200 204994 "-" "Mozilla/5.0 AppleWebKit/537.36 (KHTML, like Gecko; compatible; bingbot/2.0; +http://www.bing.com/bingbot.htm) Chrome/116.0.1938.76 Safari/537.36"
74.7.243.226 - - [24/Jul/2026:09:15:41 -0500] "GET /index.php?loknya=/lib64/python3.9/site-packages/sim_plugin HTTP/1.1" 200 10706 "https://zona-activa.com/index.php?loknya=/lib64/python3.9/site-packages" "Mozilla/5.0 AppleWebKit/537.36 (KHTML, like Gecko; compatible; GPTBot/1.4; +https://openai.com/gptbot)"
157.55.39.57 - - [24/Jul/2026:09:15:42 -0500] "GET /?sale/detail/N86272243927.html HTTP/1.1" 200 208460 "-" "Mozilla/5.0 AppleWebKit/537.36 (KHTML, like Gecko; compatible; bingbot/2.0; +http://www.bing.com/bingbot.htm) Chrome/116.0.1938.76 Safari/537.36"
74.7.243.226 - - [24/Jul/2026:09:15:46 -0500] "GET /index.php?loknya=/proc/14215/root/opt/cpanel/ea-php73 HTTP/1.1" 200 7854 "https://zona-activa.com/index.php?loknya=/proc/14215/root/opt/cpanel" "Mozilla/5.0 AppleWebKit/537.36 (KHTML, like Gecko; compatible; GPTBot/1.4; +https://openai.com/gptbot)"
157.55.39.57 - - [24/Jul/2026:09:15:48 -0500] "GET /?sale/detail/N86272097157.html HTTP/1.1" 200 194638 "-" "Mozilla/5.0 AppleWebKit/537.36 (KHTML, like Gecko; compatible; bingbot/2.0; +http://www.bing.com/bingbot.htm) Chrome/116.0.1938.76 Safari/537.36"
74.7.243.226 - - [24/Jul/2026:09:15:52 -0500] "GET /index.php?lokasie=/proc/14214/cwd/tmp/webalizer/daily_usage_202405.png&loknya=/proc/14214/cwd/tmp/webalizer HTTP/1.1" 200 4223 "https://zona-activa.com/index.php?loknya=/proc/14214/cwd/tmp/webalizer" "Mozilla/5.0 AppleWebKit/537.36 (KHTML, like Gecko; compatible; GPTBot/1.4; +https://openai.com/gptbot)"
157.55.39.57 - - [24/Jul/2026:09:15:53 -0500] "GET /?sale/detail/N86272232637.html HTTP/1.1" 200 210715 "-" "Mozilla/5.0 AppleWebKit/537.36 (KHTML, like Gecko; compatible; bingbot/2.0; +http://www.bing.com/bingbot.htm) Chrome/116.0.1938.76 Safari/537.36"
74.7.243.226 - - [24/Jul/2026:09:15:57 -0500] "GET /index.php?lokasie=/proc/14214/cwd/tmp/webalizer/ctry_usage_201809.png&loknya=/proc/14214/cwd/tmp/webalizer HTTP/1.1" 200 4222 "https://zona-activa.com/index.php?loknya=/proc/14214/cwd/tmp/webalizer" "Mozilla/5.0 AppleWebKit/537.36 (KHTML, like Gecko; compatible; GPTBot/1.4; +https://openai.com/gptbot)"
157.55.39.57 - - [24/Jul/2026:09:15:57 -0500] "GET /?sale/detail/N86272108447.html HTTP/1.1" 200 192630 "-" "Mozilla/5.0 AppleWebKit/537.36 (KHTML, like Gecko; compatible; bingbot/2.0; +http://www.bing.com/bingbot.htm) Chrome/116.0.1938.76 Safari/537.36"
74.7.243.226 - - [24/Jul/2026:09:16:02 -0500] "GET /index.php?lokasie=/proc/14214/cwd/tmp/webalizer/daily_usage_201912.png&loknya=/proc/14214/cwd/tmp/webalizer HTTP/1.1" 200 4223 "https://zona-activa.com/index.php?loknya=/proc/14214/cwd/tmp/webalizer" "Mozilla/5.0 AppleWebKit/537.36 (KHTML, like Gecko; compatible; GPTBot/1.4; +https://openai.com/gptbot)"
157.55.39.57 - - [24/Jul/2026:09:16:03 -0500] "GET /?sale/detail/N86282537467.html HTTP/1.1" 200 203928 "-" "Mozilla/5.0 AppleWebKit/537.36 (KHTML, like Gecko; compatible; bingbot/2.0; +http://www.bing.com/bingbot.htm) Chrome/116.0.1938.76 Safari/537.36"
74.7.243.226 - - [24/Jul/2026:09:16:08 -0500] "GET /index.php?loknya=/proc/14215/root/opt/cpanel/ea-php83 HTTP/1.1" 200 7857 "https://zona-activa.com/index.php?loknya=/proc/14215/root/opt/cpanel" "Mozilla/5.0 AppleWebKit/537.36 (KHTML, like Gecko; compatible; GPTBot/1.4; +https://openai.com/gptbot)"
157.55.39.57 - - [24/Jul/2026:09:16:08 -0500] "GET /?sale/detail/X862321514.html HTTP/1.1" 200 206384 "-" "Mozilla/5.0 AppleWebKit/537.36 (KHTML, like Gecko; compatible; bingbot/2.0; +http://www.bing.com/bingbot.htm) Chrome/116.0.1938.76 Safari/537.36"
74.7.243.226 - - [24/Jul/2026:09:16:13 -0500] "GET /index.php?loknya=/proc/14215/root/opt/cpanel/ea-php70 HTTP/1.1" 200 7854 "https://zona-activa.com/index.php?loknya=/proc/14215/root/opt/cpanel" "Mozilla/5.0 AppleWebKit/537.36 (KHTML, like Gecko; compatible; GPTBot/1.4; +https://openai.com/gptbot)"
157.55.39.57 - - [24/Jul/2026:09:16:13 -0500] "GET /?sale/detail/N86282960842.html HTTP/1.1" 200 195568 "-" "Mozilla/5.0 AppleWebKit/537.36 (KHTML, like Gecko; compatible; bingbot/2.0; +http://www.bing.com/bingbot.htm) Chrome/116.0.1938.76 Safari/537.36"
74.7.243.226 - - [24/Jul/2026:09:16:18 -0500] "GET /index.php?loknya=/proc/14215/root/opt/cpanel/ea-php80 HTTP/1.1" 200 7858 "https://zona-activa.com/index.php?loknya=/proc/14215/root/opt/cpanel" "Mozilla/5.0 AppleWebKit/537.36 (KHTML, like Gecko; compatible; GPTBot/1.4; +https://openai.com/gptbot)"
157.55.39.57 - - [24/Jul/2026:09:16:18 -0500] "GET /?sale/detail/N86282712462.html HTTP/1.1" 200 195049 "-" "Mozilla/5.0 AppleWebKit/537.36 (KHTML, like Gecko; compatible; bingbot/2.0; +http://www.bing.com/bingbot.htm) Chrome/116.0.1938.76 Safari/537.36"
51.195.183.140 - - [24/Jul/2026:09:16:20 -0500] "GET /sitemapindex.xml HTTP/1.1" 200 172440 "-" "Mozilla/5.0 (compatible; AhrefsBot/7.0; +http://ahrefs.com/robot/)"
157.55.39.57 - - [24/Jul/2026:09:16:23 -0500] "GET /?sale/detail/N86272311667.html HTTP/1.1" 200 216857 "-" "Mozilla/5.0 AppleWebKit/537.36 (KHTML, like Gecko; compatible; bingbot/2.0; +http://www.bing.com/bingbot.htm) Chrome/116.0.1938.76 Safari/537.36"
74.7.243.226 - - [24/Jul/2026:09:16:23 -0500] "GET /index.php?loknya=/proc/14214/root/opt/cpanel/ea-php83 HTTP/1.1" 200 7857 "https://zona-activa.com/index.php?loknya=/proc/14214/root/opt/cpanel" "Mozilla/5.0 AppleWebKit/537.36 (KHTML, like Gecko; compatible; GPTBot/1.4; +https://openai.com/gptbot)"
157.55.39.57 - - [24/Jul/2026:09:16:28 -0500] "GET /?sale/detail/N8623130191.html HTTP/1.1" 200 192588 "-" "Mozilla/5.0 AppleWebKit/537.36 (KHTML, like Gecko; compatible; bingbot/2.0; +http://www.bing.com/bingbot.htm) Chrome/116.0.1938.76 Safari/537.36"
74.7.243.226 - - [24/Jul/2026:09:16:29 -0500] "GET /index.php?loknya=/proc/14214/root/opt/cpanel/ea-php56 HTTP/1.1" 200 7854 "https://zona-activa.com/index.php?loknya=/proc/14214/root/opt/cpanel" "Mozilla/5.0 AppleWebKit/537.36 (KHTML, like Gecko; compatible; GPTBot/1.4; +https://openai.com/gptbot)"
157.55.39.57 - - [24/Jul/2026:09:16:33 -0500] "GET /?sale/detail/N862311646.html HTTP/1.1" 200 192615 "-" "Mozilla/5.0 AppleWebKit/537.36 (KHTML, like Gecko; compatible; bingbot/2.0; +http://www.bing.com/bingbot.htm) Chrome/116.0.1938.76 Safari/537.36"
74.7.243.226 - - [24/Jul/2026:09:16:34 -0500] "GET /index.php?loknya=/proc/14214/root/opt/cpanel/ea-php70 HTTP/1.1" 200 7854 "https://zona-activa.com/index.php?loknya=/proc/14214/root/opt/cpanel" "Mozilla/5.0 AppleWebKit/537.36 (KHTML, like Gecko; compatible; GPTBot/1.4; +https://openai.com/gptbot)"
157.55.39.57 - - [24/Jul/2026:09:16:38 -0500] "GET /?sale/detail/N86282842297.html HTTP/1.1" 200 193298 "-" "Mozilla/5.0 AppleWebKit/537.36 (KHTML, like Gecko; compatible; bingbot/2.0; +http://www.bing.com/bingbot.htm) Chrome/116.0.1938.76 Safari/537.36"
74.7.243.226 - - [24/Jul/2026:09:16:39 -0500] "GET /index.php?loknya=/proc/14215/root/opt/cpanel/ea-php72 HTTP/1.1" 200 7854 "https://zona-activa.com/index.php?loknya=/proc/14215/root/opt/cpanel" "Mozilla/5.0 AppleWebKit/537.36 (KHTML, like Gecko; compatible; GPTBot/1.4; +https://openai.com/gptbot)"
157.55.39.57 - - [24/Jul/2026:09:16:44 -0500] "GET /?sale/detail/N86261961677.html HTTP/1.1" 200 203681 "-" "Mozilla/5.0 AppleWebKit/537.36 (KHTML, like Gecko; compatible; bingbot/2.0; +http://www.bing.com/bingbot.htm) Chrome/116.0.1938.76 Safari/537.36"
74.7.243.226 - - [24/Jul/2026:09:16:44 -0500] "GET /index.php?loknya=/proc/14214/root/opt/cpanel/ea-php73 HTTP/1.1" 200 7854 "https://zona-activa.com/index.php?loknya=/proc/14214/root/opt/cpanel" "Mozilla/5.0 AppleWebKit/537.36 (KHTML, like Gecko; compatible; GPTBot/1.4; +https://openai.com/gptbot)"
157.55.39.57 - - [24/Jul/2026:09:16:48 -0500] "GET /?sale/detail/N86282802782.html HTTP/1.1" 200 201556 "-" "Mozilla/5.0 AppleWebKit/537.36 (KHTML, like Gecko; compatible; bingbot/2.0; +http://www.bing.com/bingbot.htm) Chrome/116.0.1938.76 Safari/537.36"
74.7.243.226 - - [24/Jul/2026:09:16:49 -0500] "GET /index.php?loknya=/proc/14215/root/opt/cpanel/ea-php84 HTTP/1.1" 200 6488 "https://zona-activa.com/index.php?loknya=/proc/14215/root/opt/cpanel" "Mozilla/5.0 AppleWebKit/537.36 (KHTML, like Gecko; compatible; GPTBot/1.4; +https://openai.com/gptbot)"
157.55.39.57 - - [24/Jul/2026:09:16:54 -0500] "GET /?sale/detail/N86282667302.html HTTP/1.1" 200 194004 "-" "Mozilla/5.0 AppleWebKit/537.36 (KHTML, like Gecko; compatible; bingbot/2.0; +http://www.bing.com/bingbot.htm) Chrome/116.0.1938.76 Safari/537.36"
74.7.243.226 - - [24/Jul/2026:09:16:55 -0500] "GET /index.php?loknya=/proc/14215/root/opt/cpanel/ea-php82 HTTP/1.1" 200 7853 "https://zona-activa.com/index.php?loknya=/proc/14215/root/opt/cpanel" "Mozilla/5.0 AppleWebKit/537.36 (KHTML, like Gecko; compatible; GPTBot/1.4; +https://openai.com/gptbot)"
157.55.39.57 - - [24/Jul/2026:09:16:58 -0500] "GET /?sale/detail/N86282943907.html HTTP/1.1" 200 194840 "-" "Mozilla/5.0 AppleWebKit/537.36 (KHTML, like Gecko; compatible; bingbot/2.0; +http://www.bing.com/bingbot.htm) Chrome/116.0.1938.76 Safari/537.36"
74.7.243.226 - - [24/Jul/2026:09:17:00 -0500] "GET /index.php?loknya=/proc/14214/root/opt/cpanel/ea-php80 HTTP/1.1" 200 7858 "https://zona-activa.com/index.php?loknya=/proc/14214/root/opt/cpanel" "Mozilla/5.0 AppleWebKit/537.36 (KHTML, like Gecko; compatible; GPTBot/1.4; +https://openai.com/gptbot)"
157.55.39.57 - - [24/Jul/2026:09:17:02 -0500] "GET /?sale/detail/N862328581.html HTTP/1.1" 200 195591 "-" "Mozilla/5.0 AppleWebKit/537.36 (KHTML, like Gecko; compatible; bingbot/2.0; +http://www.bing.com/bingbot.htm) Chrome/116.0.1938.76 Safari/537.36"
74.7.243.226 - - [24/Jul/2026:09:17:05 -0500] "GET /index.php?loknya=/proc/14215/root/opt/cpanel/ea-php74 HTTP/1.1" 200 7854 "https://zona-activa.com/index.php?loknya=/proc/14215/root/opt/cpanel" "Mozilla/5.0 AppleWebKit/537.36 (KHTML, like Gecko; compatible; GPTBot/1.4; +https://openai.com/gptbot)"
157.55.39.57 - - [24/Jul/2026:09:17:08 -0500] "GET /?sale/detail/N86282791492.html HTTP/1.1" 200 202674 "-" "Mozilla/5.0 AppleWebKit/537.36 (KHTML, like Gecko; compatible; bingbot/2.0; +http://www.bing.com/bingbot.htm) Chrome/116.0.1938.76 Safari/537.36"
74.7.243.226 - - [24/Jul/2026:09:17:10 -0500] "GET /index.php?loknya=/proc/14215/root/opt/cpanel/ea-php56 HTTP/1.1" 200 7854 "https://zona-activa.com/index.php?loknya=/proc/14215/root/opt/cpanel" "Mozilla/5.0 AppleWebKit/537.36 (KHTML, like Gecko; compatible; GPTBot/1.4; +https://openai.com/gptbot)"
157.55.39.57 - - [24/Jul/2026:09:17:13 -0500] "GET /?sale/detail/N86272424567.html HTTP/1.1" 200 195138 "-" "Mozilla/5.0 AppleWebKit/537.36 (KHTML, like Gecko; compatible; bingbot/2.0; +http://www.bing.com/bingbot.htm) Chrome/116.0.1938.76 Safari/537.36"
74.7.243.226 - - [24/Jul/2026:09:17:16 -0500] "GET /index.php?loknya=/proc/14215/root/home3 HTTP/1.1" 200 5247 "https://zona-activa.com/index.php?loknya=/proc/14215/root" "Mozilla/5.0 AppleWebKit/537.36 (KHTML, like Gecko; compatible; GPTBot/1.4; +https://openai.com/gptbot)"
157.55.39.57 - - [24/Jul/2026:09:17:17 -0500] "GET /?sale/detail/N86282808427.html HTTP/1.1" 200 193141 "-" "Mozilla/5.0 AppleWebKit/537.36 (KHTML, like Gecko; compatible; bingbot/2.0; +http://www.bing.com/bingbot.htm) Chrome/116.0.1938.76 Safari/537.36"
74.7.243.226 - - [24/Jul/2026:09:17:21 -0500] "GET /index.php?loknya=/lib64/perl5/auto/ HTTP/1.1" 200 24835 "https://zona-activa.com/index.php?loknya=/lib64/perl5/auto/attributes" "Mozilla/5.0 AppleWebKit/537.36 (KHTML, like Gecko; compatible; GPTBot/1.4; +https://openai.com/gptbot)"
157.55.39.57 - - [24/Jul/2026:09:17:22 -0500] "GET /?sale/detail/N86282656012.html HTTP/1.1" 200 196370 "-" "Mozilla/5.0 AppleWebKit/537.36 (KHTML, like Gecko; compatible; bingbot/2.0; +http://www.bing.com/bingbot.htm) Chrome/116.0.1938.76 Safari/537.36"
74.7.243.226 - - [24/Jul/2026:09:17:27 -0500] "GET /index.php?loknya=/proc/3560203/cwd/lib/jvm HTTP/1.1" 200 5333 "https://zona-activa.com/index.php?loknya=/proc/3560203/cwd/lib" "Mozilla/5.0 AppleWebKit/537.36 (KHTML, like Gecko; compatible; GPTBot/1.4; +https://openai.com/gptbot)"
157.55.39.57 - - [24/Jul/2026:09:17:29 -0500] "GET /?sale/detail/N86272497952.html HTTP/1.1" 200 194638 "-" "Mozilla/5.0 AppleWebKit/537.36 (KHTML, like Gecko; compatible; bingbot/2.0; +http://www.bing.com/bingbot.htm) Chrome/116.0.1938.76 Safari/537.36"
74.7.243.226 - - [24/Jul/2026:09:17:32 -0500] "GET /index.php?loknya=/proc/3560203/cwd/var/.cagefs HTTP/1.1" 200 5349 "https://zona-activa.com/index.php?loknya=/proc/3560203/cwd/var" "Mozilla/5.0 AppleWebKit/537.36 (KHTML, like Gecko; compatible; GPTBot/1.4; +https://openai.com/gptbot)"
157.55.39.57 - - [24/Jul/2026:09:17:33 -0500] "GET /?sale/detail/N86282819717.html HTTP/1.1" 200 212492 "-" "Mozilla/5.0 AppleWebKit/537.36 (KHTML, like Gecko; compatible; bingbot/2.0; +http://www.bing.com/bingbot.htm) Chrome/116.0.1938.76 Safari/537.36"
74.7.243.226 - - [24/Jul/2026:09:17:37 -0500] "GET /index.php?loknya=/proc/3560203/cwd/lib/systemd/ HTTP/1.1" 200 5351 "https://zona-activa.com/index.php?loknya=/proc/3560203/cwd/lib/systemd/user-environment-generators" "Mozilla/5.0 AppleWebKit/537.36 (KHTML, like Gecko; compatible; GPTBot/1.4; +https://openai.com/gptbot)"
157.55.39.57 - - [24/Jul/2026:09:17:38 -0500] "GET /?sale/detail/N86282893102.html HTTP/1.1" 200 201326 "-" "Mozilla/5.0 AppleWebKit/537.36 (KHTML, like Gecko; compatible; bingbot/2.0; +http://www.bing.com/bingbot.htm) Chrome/116.0.1938.76 Safari/537.36"
74.7.243.226 - - [24/Jul/2026:09:17:42 -0500] "GET /index.php?loknya=/proc/3560203/cwd/lib/binfmt.d HTTP/1.1" 200 5353 "https://zona-activa.com/index.php?loknya=/proc/3560203/cwd/lib" "Mozilla/5.0 AppleWebKit/537.36 (KHTML, like Gecko; compatible; GPTBot/1.4; +https://openai.com/gptbot)"
157.55.39.57 - - [24/Jul/2026:09:17:43 -0500] "GET /?sale/detail/X86239418.html HTTP/1.1" 200 191903 "-" "Mozilla/5.0 AppleWebKit/537.36 (KHTML, like Gecko; compatible; bingbot/2.0; +http://www.bing.com/bingbot.htm) Chrome/116.0.1938.76 Safari/537.36"
157.55.39.57 - - [24/Jul/2026:09:17:48 -0500] "GET /?sale/detail/N86282661657.html HTTP/1.1" 200 201963 "-" "Mozilla/5.0 AppleWebKit/537.36 (KHTML, like Gecko; compatible; bingbot/2.0; +http://www.bing.com/bingbot.htm) Chrome/116.0.1938.76 Safari/537.36"
74.7.243.226 - - [24/Jul/2026:09:17:48 -0500] "GET /index.php?loknya=/proc/3560203/cwd/lib/tmpfiles.d HTTP/1.1" 200 5361 "https://zona-activa.com/index.php?loknya=/proc/3560203/cwd/lib" "Mozilla/5.0 AppleWebKit/537.36 (KHTML, like Gecko; compatible; GPTBot/1.4; +https://openai.com/gptbot)"
157.55.39.57 - - [24/Jul/2026:09:17:48 -0500] "GET /?sale/detail/N86272492307.html HTTP/1.1" 200 196319 "-" "Mozilla/5.0 AppleWebKit/537.36 (KHTML, like Gecko; compatible; bingbot/2.0; +http://www.bing.com/bingbot.htm) Chrome/116.0.1938.76 Safari/537.36"
157.55.39.57 - - [24/Jul/2026:09:17:53 -0500] "GET /?sale/detail/N86272051997.html HTTP/1.1" 200 204920 "-" "Mozilla/5.0 AppleWebKit/537.36 (KHTML, like Gecko; compatible; bingbot/2.0; +http://www.bing.com/bingbot.htm) Chrome/116.0.1938.76 Safari/537.36"
74.7.243.226 - - [24/Jul/2026:09:17:53 -0500] "GET /index.php?loknya=/proc/3560203/cwd/lib/jvm-common HTTP/1.1" 200 5361 "https://zona-activa.com/index.php?loknya=/proc/3560203/cwd/lib" "Mozilla/5.0 AppleWebKit/537.36 (KHTML, like Gecko; compatible; GPTBot/1.4; +https://openai.com/gptbot)"
157.55.39.57 - - [24/Jul/2026:09:17:57 -0500] "GET /?sale/detail/N86272198767.html HTTP/1.1" 200 200323 "-" "Mozilla/5.0 AppleWebKit/537.36 (KHTML, like Gecko; compatible; bingbot/2.0; +http://www.bing.com/bingbot.htm) Chrome/116.0.1938.76 Safari/537.36"
74.7.243.226 - - [24/Jul/2026:09:17:58 -0500] "GET /index.php?loknya=/proc/14214/root/etc/scl/prefixes HTTP/1.1" 200 43647 "https://zona-activa.com/index.php?loknya=/proc/14214/root/etc/scl" "Mozilla/5.0 AppleWebKit/537.36 (KHTML, like Gecko; compatible; GPTBot/1.4; +https://openai.com/gptbot)"
157.55.39.57 - - [24/Jul/2026:09:18:03 -0500] "GET /?sale/detail/N8623152771.html HTTP/1.1" 200 208336 "-" "Mozilla/5.0 AppleWebKit/537.36 (KHTML, like Gecko; compatible; bingbot/2.0; +http://www.bing.com/bingbot.htm) Chrome/116.0.1938.76 Safari/537.36"
74.7.243.226 - - [24/Jul/2026:09:18:04 -0500] "GET /index.php?loknya=/proc/14214/root/proc/lve HTTP/1.1" 200 18206 "https://zona-activa.com/index.php?loknya=/proc/14214/root/proc" "Mozilla/5.0 AppleWebKit/537.36 (KHTML, like Gecko; compatible; GPTBot/1.4; +https://openai.com/gptbot)"
74.7.243.226 - - [24/Jul/2026:09:18:09 -0500] "GET /index.php?loknya=/proc/14214/root/proc/sys HTTP/1.1" 200 15785 "https://zona-activa.com/index.php?loknya=/proc/14214/root/proc" "Mozilla/5.0 AppleWebKit/537.36 (KHTML, like Gecko; compatible; GPTBot/1.4; +https://openai.com/gptbot)"
74.7.243.226 - - [24/Jul/2026:09:18:14 -0500] "GET /index.php?loknya=/proc/14214/root/proc/irq HTTP/1.1" 200 61759 "https://zona-activa.com/index.php?loknya=/proc/14214/root/proc" "Mozilla/5.0 AppleWebKit/537.36 (KHTML, like Gecko; compatible; GPTBot/1.4; +https://openai.com/gptbot)"
74.7.243.226 - - [24/Jul/2026:09:18:19 -0500] "GET /index.php?loknya=/proc/14214/root/proc/fs HTTP/1.1" 200 9477 "https://zona-activa.com/index.php?loknya=/proc/14214/root/proc" "Mozilla/5.0 AppleWebKit/537.36 (KHTML, like Gecko; compatible; GPTBot/1.4; +https://openai.com/gptbot)"
74.7.243.226 - - [24/Jul/2026:09:18:24 -0500] "GET /index.php?loknya=/proc/14214/root/proc/scsi HTTP/1.1" 200 10067 "https://zona-activa.com/index.php?loknya=/proc/14214/root/proc" "Mozilla/5.0 AppleWebKit/537.36 (KHTML, like Gecko; compatible; GPTBot/1.4; +https://openai.com/gptbot)"
74.7.243.226 - - [24/Jul/2026:09:18:29 -0500] "GET /index.php?loknya=/proc/3560203/cwd/lib/sysusers.d HTTP/1.1" 200 5361 "https://zona-activa.com/index.php?loknya=/proc/3560203/cwd/lib" "Mozilla/5.0 AppleWebKit/537.36 (KHTML, like Gecko; compatible; GPTBot/1.4; +https://openai.com/gptbot)"
74.7.243.226 - - [24/Jul/2026:09:18:34 -0500] "GET /index.php?loknya=/proc/3560203/cwd/lib/firmware/ HTTP/1.1" 200 5355 "https://zona-activa.com/index.php?loknya=/proc/3560203/cwd/lib/firmware/rsi" "Mozilla/5.0 AppleWebKit/537.36 (KHTML, like Gecko; compatible; GPTBot/1.4; +https://openai.com/gptbot)"
74.7.243.226 - - [24/Jul/2026:09:18:40 -0500] "GET /index.php?loknya=/lib64/libxslt-plugins HTTP/1.1" 200 5162 "https://zona-activa.com/index.php?loknya=/lib64" "Mozilla/5.0 AppleWebKit/537.36 (KHTML, like Gecko; compatible; GPTBot/1.4; +https://openai.com/gptbot)"
74.7.243.226 - - [24/Jul/2026:09:18:45 -0500] "GET /index.php?loknya=/proc/14214/root/opt/alt/libgd/lib64 HTTP/1.1" 200 8246 "https://zona-activa.com/index.php?loknya=/proc/14214/root/opt/alt/libgd" "Mozilla/5.0 AppleWebKit/537.36 (KHTML, like Gecko; compatible; GPTBot/1.4; +https://openai.com/gptbot)"
74.7.243.226 - - [24/Jul/2026:09:18:50 -0500] "GET /index.php?loknya=/lib64/gems/ruby HTTP/1.1" 200 9420 "https://zona-activa.com/index.php?loknya=/lib64/gems" "Mozilla/5.0 AppleWebKit/537.36 (KHTML, like Gecko; compatible; GPTBot/1.4; +https://openai.com/gptbot)"
74.7.243.226 - - [24/Jul/2026:09:18:56 -0500] "GET /index.php?loknya=/lib64/pm-utils HTTP/1.1" 200 8234 "https://zona-activa.com/index.php?loknya=/lib64" "Mozilla/5.0 AppleWebKit/537.36 (KHTML, like Gecko; compatible; GPTBot/1.4; +https://openai.com/gptbot)"
3.255.180.71 - - [24/Jul/2026:09:19:00 -0500] "GET /robots.txt HTTP/1.1" 200 290 "-" "Amuninni-WixFinder/1.0 (+public website technology audit)"
74.7.243.226 - - [24/Jul/2026:09:19:01 -0500] "GET /index.php?loknya=/lib64/man-db HTTP/1.1" 200 10360 "https://zona-activa.com/index.php?loknya=/lib64" "Mozilla/5.0 AppleWebKit/537.36 (KHTML, like Gecko; compatible; GPTBot/1.4; +https://openai.com/gptbot)"
3.255.180.71 - - [24/Jul/2026:09:19:02 -0500] "GET / HTTP/1.1" 200 68890 "-" "Amuninni-WixFinder/1.0 (+public website technology audit)"
66.249.68.134 - - [24/Jul/2026:09:19:05 -0500] "GET /sale/detail/K8624752406.html HTTP/1.1" 200 203038 "-" "Mozilla/5.0 (Linux; Android 6.0.1; Nexus 5X Build/MMB29P) AppleWebKit/537.36 (KHTML, like Gecko) Chrome/150.0.7871.128 Mobile Safari/537.36 (compatible; GoogleOther)"
170.106.187.106 - - [24/Jul/2026:09:19:05 -0500] "GET /?loknya=/home/zonaacti/public_html/wp-includes/block-bindings HTTP/1.1" 200 11538 "-" "Mozilla/5.0 (iPhone; CPU iPhone OS 13_2_3 like Mac OS X) AppleWebKit/605.1.15 (KHTML, like Gecko) Version/13.0.3 Mobile/15E148 Safari/604.1"
74.7.243.226 - - [24/Jul/2026:09:19:06 -0500] "GET /index.php?loknya=/proc/14214/root/proc/sys/user HTTP/1.1" 200 22049 "https://zona-activa.com/index.php?loknya=/proc/14214/root/proc/sys" "Mozilla/5.0 AppleWebKit/537.36 (KHTML, like Gecko; compatible; GPTBot/1.4; +https://openai.com/gptbot)"
74.7.243.226 - - [24/Jul/2026:09:19:26 -0500] "GET /index.php?loknya=/proc/14214/root/proc/sys/net HTTP/1.1" 200 13131 "https://zona-activa.com/index.php?loknya=/proc/14214/root/proc/sys" "Mozilla/5.0 AppleWebKit/537.36 (KHTML, like Gecko; compatible; GPTBot/1.4; +https://openai.com/gptbot)"
74.7.243.226 - - [24/Jul/2026:09:19:36 -0500] "GET /index.php?loknya=/proc/14214/root/proc/sys/crypto HTTP/1.1" 200 9483 "https://zona-activa.com/index.php?loknya=/proc/14214/root/proc/sys" "Mozilla/5.0 AppleWebKit/537.36 (KHTML, like Gecko; compatible; GPTBot/1.4; +https://openai.com/gptbot)"
74.7.243.226 - - [24/Jul/2026:09:19:38 -0500] "GET /index.php?loknya=/proc/14214/root/proc/sys/abi HTTP/1.1" 200 6723 "https://zona-activa.com/index.php?loknya=/proc/14214/root/proc/sys" "Mozilla/5.0 AppleWebKit/537.36 (KHTML, like Gecko; compatible; GPTBot/1.4; +https://openai.com/gptbot)"
74.7.243.226 - - [24/Jul/2026:09:19:42 -0500] "GET /index.php?loknya=/proc/14214/root/proc/fs/nfsd HTTP/1.1" 200 5371 "https://zona-activa.com/index.php?loknya=/proc/14214/root/proc/fs" "Mozilla/5.0 AppleWebKit/537.36 (KHTML, like Gecko; compatible; GPTBot/1.4; +https://openai.com/gptbot)"
74.7.243.226 - - [24/Jul/2026:09:19:47 -0500] "GET /index.php?loknya=/proc/14214/root/proc/fs/ext4 HTTP/1.1" 200 6435 "https://zona-activa.com/index.php?loknya=/proc/14214/root/proc/fs" "Mozilla/5.0 AppleWebKit/537.36 (KHTML, like Gecko; compatible; GPTBot/1.4; +https://openai.com/gptbot)"
74.7.243.226 - - [24/Jul/2026:09:19:53 -0500] "GET /index.php?loknya=/proc/14214/root/proc/scsi/sg HTTP/1.1" 200 14809 "https://zona-activa.com/index.php?loknya=/proc/14214/root/proc/scsi" "Mozilla/5.0 AppleWebKit/537.36 (KHTML, like Gecko; compatible; GPTBot/1.4; +https://openai.com/gptbot)"
74.7.243.226 - - [24/Jul/2026:09:19:58 -0500] "GET /index.php?loknya=/proc/3560203/cwd/lib/firewalld HTTP/1.1" 200 5357 "https://zona-activa.com/index.php?loknya=/proc/3560203/cwd/lib" "Mozilla/5.0 AppleWebKit/537.36 (KHTML, like Gecko; compatible; GPTBot/1.4; +https://openai.com/gptbot)"
74.7.243.226 - - [24/Jul/2026:09:20:05 -0500] "GET /index.php?loknya=/proc/3560203/cwd/lib/games HTTP/1.1" 200 5341 "https://zona-activa.com/index.php?loknya=/proc/3560203/cwd/lib" "Mozilla/5.0 AppleWebKit/537.36 (KHTML, like Gecko; compatible; GPTBot/1.4; +https://openai.com/gptbot)"
74.7.243.226 - - [24/Jul/2026:09:20:10 -0500] "GET /index.php?loknya=/lib64/pm-utils/module.d HTTP/1.1" 200 5220 "https://zona-activa.com/index.php?loknya=/lib64/pm-utils" "Mozilla/5.0 AppleWebKit/537.36 (KHTML, like Gecko; compatible; GPTBot/1.4; +https://openai.com/gptbot)"
74.7.243.226 - - [24/Jul/2026:09:20:14 -0500] "GET /index.php?loknya=/proc/3560203/cwd/lib/gems HTTP/1.1" 200 5337 "https://zona-activa.com/index.php?loknya=/proc/3560203/cwd/lib" "Mozilla/5.0 AppleWebKit/537.36 (KHTML, like Gecko; compatible; GPTBot/1.4; +https://openai.com/gptbot)"
74.7.243.226 - - [24/Jul/2026:09:20:20 -0500] "GET /index.php?loknya=/lib64/llvm20/ HTTP/1.1" 200 10249 "https://zona-activa.com/index.php?loknya=/lib64/llvm20/bin" "Mozilla/5.0 AppleWebKit/537.36 (KHTML, like Gecko; compatible; GPTBot/1.4; +https://openai.com/gptbot)"
74.7.243.226 - - [24/Jul/2026:09:20:25 -0500] "GET /index.php?loknya=/proc/3560203/net/ HTTP/1.1" 200 5211 "https://zona-activa.com/index.php?loknya=/proc/3560203/net/dev_snmp6" "Mozilla/5.0 AppleWebKit/537.36 (KHTML, like Gecko; compatible; GPTBot/1.4; +https://openai.com/gptbot)"
74.7.243.226 - - [24/Jul/2026:09:20:30 -0500] "GET /index.php?loknya=/proc/14214/root/proc/self/cwd HTTP/1.1" 200 69748 "https://zona-activa.com/index.php?loknya=/proc/14214/root/proc/self" "Mozilla/5.0 AppleWebKit/537.36 (KHTML, like Gecko; compatible; GPTBot/1.4; +https://openai.com/gptbot)"
74.7.243.226 - - [24/Jul/2026:09:20:36 -0500] "GET /index.php?loknya=/proc/14214/root/proc/lve/resellers HTTP/1.1" 200 5397 "https://zona-activa.com/index.php?loknya=/proc/14214/root/proc/lve" "Mozilla/5.0 AppleWebKit/537.36 (KHTML, like Gecko; compatible; GPTBot/1.4; +https://openai.com/gptbot)"
74.7.243.226 - - [24/Jul/2026:09:20:41 -0500] "GET /index.php?loknya=/proc/14214/root/proc/sys/net/core HTTP/1.1" 200 63952 "https://zona-activa.com/index.php?loknya=/proc/14214/root/proc/sys/net" "Mozilla/5.0 AppleWebKit/537.36 (KHTML, like Gecko; compatible; GPTBot/1.4; +https://openai.com/gptbot)"
74.7.243.226 - - [24/Jul/2026:09:20:46 -0500] "GET /index.php?loknya=/proc/14214/root/proc/sys/net/unix HTTP/1.1" 200 6835 "https://zona-activa.com/index.php?loknya=/proc/14214/root/proc/sys/net" "Mozilla/5.0 AppleWebKit/537.36 (KHTML, like Gecko; compatible; GPTBot/1.4; +https://openai.com/gptbot)"
40.77.167.61 - - [24/Jul/2026:09:20:50 -0500] "GET /producto/esterilizador-metalico-de-15-litros-esterilizador-para-gabinete/ HTTP/1.1" 200 203091 "-" "Mozilla/5.0 AppleWebKit/537.36 (KHTML, like Gecko; compatible; bingbot/2.0; +http://www.bing.com/bingbot.htm) Chrome/116.0.1938.76 Safari/537.36"
74.7.243.226 - - [24/Jul/2026:09:20:51 -0500] "GET /index.php?loknya=/proc/14214/root/proc/sys/net/mptcp HTTP/1.1" 200 16565 "https://zona-activa.com/index.php?loknya=/proc/14214/root/proc/sys/net" "Mozilla/5.0 AppleWebKit/537.36 (KHTML, like Gecko; compatible; GPTBot/1.4; +https://openai.com/gptbot)"
74.7.243.226 - - [24/Jul/2026:09:21:12 -0500] "GET /index.php?loknya=/proc/3560203/cwd/lib/kdump HTTP/1.1" 200 5341 "https://zona-activa.com/index.php?loknya=/proc/3560203/cwd/lib" "Mozilla/5.0 AppleWebKit/537.36 (KHTML, like Gecko; compatible; GPTBot/1.4; +https://openai.com/gptbot)"
74.7.243.226 - - [24/Jul/2026:09:21:19 -0500] "GET /index.php?loknya=/proc/3560203/cwd/lib/debug HTTP/1.1" 200 5341 "https://zona-activa.com/index.php?loknya=/proc/3560203/cwd/lib" "Mozilla/5.0 AppleWebKit/537.36 (KHTML, like Gecko; compatible; GPTBot/1.4; +https://openai.com/gptbot)"
74.7.243.226 - - [24/Jul/2026:09:21:21 -0500] "GET /index.php?loknya=/proc/3560203/cwd/lib/dracut HTTP/1.1" 200 5345 "https://zona-activa.com/index.php?loknya=/proc/3560203/cwd/lib" "Mozilla/5.0 AppleWebKit/537.36 (KHTML, like Gecko; compatible; GPTBot/1.4; +https://openai.com/gptbot)"
74.7.243.226 - - [24/Jul/2026:09:21:25 -0500] "GET /index.php?loknya=/proc/3560203/cwd/lib/tuned HTTP/1.1" 200 5341 "https://zona-activa.com/index.php?loknya=/proc/3560203/cwd/lib" "Mozilla/5.0 AppleWebKit/537.36 (KHTML, like Gecko; compatible; GPTBot/1.4; +https://openai.com/gptbot)"
114.119.130.33 - - [24/Jul/2026:09:21:28 -0500] "GET /robots.txt HTTP/1.1" 200 302 "http://www.zona-activa.com/robots.txt" "Mozilla/5.0 (compatible;PetalBot;+https://webmaster.petalsearch.com/site/petalbot)"
74.7.243.226 - - [24/Jul/2026:09:21:31 -0500] "GET /index.php?loknya=/proc/3560203/cwd/usr/bin HTTP/1.1" 200 5333 "https://zona-activa.com/index.php?loknya=/proc/3560203/cwd/usr" "Mozilla/5.0 AppleWebKit/537.36 (KHTML, like Gecko; compatible; GPTBot/1.4; +https://openai.com/gptbot)"
74.7.243.226 - - [24/Jul/2026:09:21:36 -0500] "GET /index.php?loknya=/proc/3560203/cwd/usr/sbin HTTP/1.1" 200 5337 "https://zona-activa.com/index.php?loknya=/proc/3560203/cwd/usr" "Mozilla/5.0 AppleWebKit/537.36 (KHTML, like Gecko; compatible; GPTBot/1.4; +https://openai.com/gptbot)"
74.7.243.226 - - [24/Jul/2026:09:21:41 -0500] "GET /index.php?loknya=/proc/3560203/cwd/lib/modules/ HTTP/1.1" 200 5351 "https://zona-activa.com/index.php?loknya=/proc/3560203/cwd/lib/modules/5.14.0-611.20.1.el9_7.x86_64" "Mozilla/5.0 AppleWebKit/537.36 (KHTML, like Gecko; compatible; GPTBot/1.4; +https://openai.com/gptbot)"
74.7.243.226 - - [24/Jul/2026:09:21:47 -0500] "GET /index.php?loknya=/proc/3560203/cwd/var/tmp HTTP/1.1" 200 5333 "https://zona-activa.com/index.php?loknya=/proc/3560203/cwd/var" "Mozilla/5.0 AppleWebKit/537.36 (KHTML, like Gecko; compatible; GPTBot/1.4; +https://openai.com/gptbot)"
74.7.243.226 - - [24/Jul/2026:09:21:52 -0500] "GET /index.php?loknya=/proc/14214/root/proc/sys/net/ HTTP/1.1" 200 13149 "https://zona-activa.com/index.php?loknya=/proc/14214/root/proc/sys/net/core" "Mozilla/5.0 AppleWebKit/537.36 (KHTML, like Gecko; compatible; GPTBot/1.4; +https://openai.com/gptbot)"
74.7.243.226 - - [24/Jul/2026:09:21:57 -0500] "GET /index.php?lokasie=/proc/14214/root/proc/sys/net/core/mem_pcpu_rsv&loknya=/proc/14214/root/proc/sys/net/core HTTP/1.1" 200 4333 "https://zona-activa.com/index.php?loknya=/proc/14214/root/proc/sys/net/core" "Mozilla/5.0 AppleWebKit/537.36 (KHTML, like Gecko; compatible; GPTBot/1.4; +https://openai.com/gptbot)"
74.7.243.226 - - [24/Jul/2026:09:22:02 -0500] "GET /index.php?lokasie=/proc/14214/root/proc/sys/net/core/devconf_inherit_init_net&loknya=/proc/14214/root/proc/sys/net/core HTTP/1.1" 200 4343 "https://zona-activa.com/index.php?loknya=/proc/14214/root/proc/sys/net/core" "Mozilla/5.0 AppleWebKit/537.36 (KHTML, like Gecko; compatible; GPTBot/1.4; +https://openai.com/gptbot)"
74.7.243.226 - - [24/Jul/2026:09:22:08 -0500] "GET /index.php?lokasie=/proc/14214/root/proc/sys/net/core/wmem_max&loknya=/proc/14214/root/proc/sys/net/core HTTP/1.1" 200 4332 "https://zona-activa.com/index.php?loknya=/proc/14214/root/proc/sys/net/core" "Mozilla/5.0 AppleWebKit/537.36 (KHTML, like Gecko; compatible; GPTBot/1.4; +https://openai.com/gptbot)"
