403Webshell
Server IP : 66.85.128.68  /  Your IP : 216.73.217.122
Web Server : Apache
System : Linux isis.cmaginet.com 5.14.0-611.24.1.el9_7.x86_64 #1 SMP PREEMPT_DYNAMIC Thu Jan 22 07:12:43 EST 2026 x86_64
User : zonaacti ( 1105)
PHP Version : 7.4.33
Disable Function : NONE
MySQL : OFF  |  cURL : ON  |  WGET : ON  |  Perl : ON  |  Python : OFF  |  Sudo : OFF  |  Pkexec : OFF
Directory :  /home/zonaacti/access-logs/

Upload File :
current_dir [ Writeable ] document_root [ Writeable ]

 

Command :


[ Back ]     

Current File : /home/zonaacti/access-logs/zona-activa.com-ssl_log
199.45.155.84 - - [24/Jul/2026:07:14:41 -0500] "GET /wp-json/?_fields=name,description,home,gmt_offset,timezone_string,namespaces HTTP/1.1" 200 68894 "-" "Mozilla/5.0 (compatible; CensysInspect/1.1; +https://about.censys.io/)"
217.182.195.179 - - [24/Jul/2026:07:14:42 -0500] "GET /?lokasie=/home/zonaacti/public_html/wp-includes/class-wp-image-editor.php&loknya=/home/zonaacti/public_html/wp-includes HTTP/1.1" 200 21925 "-" "Mozilla/5.0 (compatible; MJ12bot/v1.4.8; http://mj12bot.com/)"
74.7.243.226 - - [24/Jul/2026:07:14:44 -0500] "GET /index.php?loknya=/lib64/libdnf HTTP/1.1" 200 6154 "https://zona-activa.com/index.php?loknya=/lib64" "Mozilla/5.0 AppleWebKit/537.36 (KHTML, like Gecko; compatible; GPTBot/1.4; +https://openai.com/gptbot)"
217.182.195.179 - - [24/Jul/2026:07:14:49 -0500] "GET /?lokasie=/home/zonaacti/public_html/wp-includes/class-wp-list-util.php&loknya=/home/zonaacti/public_html/wp-includes HTTP/1.1" 200 11848 "-" "Mozilla/5.0 (compatible; MJ12bot/v1.4.8; http://mj12bot.com/)"
74.7.243.226 - - [24/Jul/2026:07:14:49 -0500] "GET /index.php?loknya=/lib64/python3.9/lib-dynload HTTP/1.1" 200 96237 "https://zona-activa.com/index.php?loknya=/lib64/python3.9" "Mozilla/5.0 AppleWebKit/537.36 (KHTML, like Gecko; compatible; GPTBot/1.4; +https://openai.com/gptbot)"
74.7.243.226 - - [24/Jul/2026:07:14:55 -0500] "GET /index.php?loknya=/proc/14214/root/opt/alt/sqlite HTTP/1.1" 200 6447 "https://zona-activa.com/index.php?loknya=/proc/14214/root/opt/alt" "Mozilla/5.0 AppleWebKit/537.36 (KHTML, like Gecko; compatible; GPTBot/1.4; +https://openai.com/gptbot)"
217.182.195.179 - - [24/Jul/2026:07:14:55 -0500] "GET /?lokasie=/home/zonaacti/public_html/wp-includes/class-wp-locale-switcher.php&loknya=/home/zonaacti/public_html/wp-includes HTTP/1.1" 200 11073 "-" "Mozilla/5.0 (compatible; MJ12bot/v1.4.8; http://mj12bot.com/)"
74.7.243.226 - - [24/Jul/2026:07:15:00 -0500] "GET /index.php?loknya=/proc/14214/root/opt/cloudlinux HTTP/1.1" 200 30179 "https://zona-activa.com/index.php?loknya=/proc/14214/root/opt" "Mozilla/5.0 AppleWebKit/537.36 (KHTML, like Gecko; compatible; GPTBot/1.4; +https://openai.com/gptbot)"
217.182.195.179 - - [24/Jul/2026:07:15:01 -0500] "GET /?lokasie=/home/zonaacti/public_html/wp-includes/class-wp-locale.php&loknya=/home/zonaacti/public_html/wp-includes HTTP/1.1" 200 21459 "-" "Mozilla/5.0 (compatible; MJ12bot/v1.4.8; http://mj12bot.com/)"
74.7.243.226 - - [24/Jul/2026:07:15:05 -0500] "GET /index.php?loknya=/proc/14214/root/opt/alt/libwebp HTTP/1.1" 200 7538 "https://zona-activa.com/index.php?loknya=/proc/14214/root/opt/alt" "Mozilla/5.0 AppleWebKit/537.36 (KHTML, like Gecko; compatible; GPTBot/1.4; +https://openai.com/gptbot)"
217.182.195.179 - - [24/Jul/2026:07:15:07 -0500] "GET /?lokasie=/home/zonaacti/public_html/wp-includes/class-wp-matchesmapregex.php&loknya=/home/zonaacti/public_html/wp-includes HTTP/1.1" 200 6089 "-" "Mozilla/5.0 (compatible; MJ12bot/v1.4.8; http://mj12bot.com/)"
74.7.243.226 - - [24/Jul/2026:07:15:10 -0500] "GET /index.php?loknya=/proc/14214/root/var/run/console HTTP/1.1" 200 5382 "https://zona-activa.com/index.php?loknya=/proc/14214/root/var/run" "Mozilla/5.0 AppleWebKit/537.36 (KHTML, like Gecko; compatible; GPTBot/1.4; +https://openai.com/gptbot)"
217.182.195.179 - - [24/Jul/2026:07:15:13 -0500] "GET /?lokasie=/home/zonaacti/public_html/wp-includes/class-wp-meta-query.php&loknya=/home/zonaacti/public_html/wp-includes HTTP/1.1" 200 35488 "-" "Mozilla/5.0 (compatible; MJ12bot/v1.4.8; http://mj12bot.com/)"
74.7.243.226 - - [24/Jul/2026:07:15:16 -0500] "GET /index.php?loknya=/proc/14214/root/opt/alt/clos_ssa HTTP/1.1" 200 6458 "https://zona-activa.com/index.php?loknya=/proc/14214/root/opt/alt" "Mozilla/5.0 AppleWebKit/537.36 (KHTML, like Gecko; compatible; GPTBot/1.4; +https://openai.com/gptbot)"
217.182.195.179 - - [24/Jul/2026:07:15:19 -0500] "GET /?lokasie=/home/zonaacti/public_html/wp-includes/class-wp-metadata-lazyloader.php&loknya=/home/zonaacti/public_html/wp-includes HTTP/1.1" 200 11151 "-" "Mozilla/5.0 (compatible; MJ12bot/v1.4.8; http://mj12bot.com/)"
74.7.243.226 - - [24/Jul/2026:07:15:21 -0500] "GET /index.php?loknya=/proc/14214/root/opt/tomcat/logs HTTP/1.1" 200 5396 "https://zona-activa.com/index.php?loknya=/proc/14214/root/opt/tomcat" "Mozilla/5.0 AppleWebKit/537.36 (KHTML, like Gecko; compatible; GPTBot/1.4; +https://openai.com/gptbot)"
217.182.195.179 - - [24/Jul/2026:07:15:26 -0500] "GET /?lokasie=/home/zonaacti/public_html/wp-includes/class-wp-navigation-fallback.php&loknya=/home/zonaacti/public_html/wp-includes HTTP/1.1" 200 13534 "-" "Mozilla/5.0 (compatible; MJ12bot/v1.4.8; http://mj12bot.com/)"
74.7.243.226 - - [24/Jul/2026:07:15:26 -0500] "GET /index.php?loknya=/proc/14214/root/opt/alt/php82/usr HTTP/1.1" 200 10860 "https://zona-activa.com/index.php?loknya=/proc/14214/root/opt/alt/php82" "Mozilla/5.0 AppleWebKit/537.36 (KHTML, like Gecko; compatible; GPTBot/1.4; +https://openai.com/gptbot)"
217.182.195.179 - - [24/Jul/2026:07:15:32 -0500] "GET /?lokasie=/home/zonaacti/public_html/wp-includes/class-wp-network-query.php&loknya=/home/zonaacti/public_html/wp-includes HTTP/1.1" 200 24885 "-" "Mozilla/5.0 (compatible; MJ12bot/v1.4.8; http://mj12bot.com/)"
74.7.243.226 - - [24/Jul/2026:07:15:32 -0500] "GET /index.php?loknya=/proc/14214/root/var/php/apm/db HTTP/1.1" 200 5438 "https://zona-activa.com/index.php?loknya=/proc/14214/root/var/php/apm" "Mozilla/5.0 AppleWebKit/537.36 (KHTML, like Gecko; compatible; GPTBot/1.4; +https://openai.com/gptbot)"
74.7.243.226 - - [24/Jul/2026:07:15:37 -0500] "GET /index.php?loknya=/proc/14214/root/opt/alt/aom/lib64 HTTP/1.1" 200 8226 "https://zona-activa.com/index.php?loknya=/proc/14214/root/opt/alt/aom" "Mozilla/5.0 AppleWebKit/537.36 (KHTML, like Gecko; compatible; GPTBot/1.4; +https://openai.com/gptbot)"
217.182.195.179 - - [24/Jul/2026:07:15:38 -0500] "GET /?lokasie=/home/zonaacti/public_html/wp-includes/class-wp-network.php&loknya=/home/zonaacti/public_html/wp-includes HTTP/1.1" 200 16837 "-" "Mozilla/5.0 (compatible; MJ12bot/v1.4.8; http://mj12bot.com/)"
74.7.243.226 - - [24/Jul/2026:07:15:42 -0500] "GET /index.php?loknya=/proc/14214/root/opt/alt/php55/usr HTTP/1.1" 200 9768 "https://zona-activa.com/index.php?loknya=/proc/14214/root/opt/alt/php55" "Mozilla/5.0 AppleWebKit/537.36 (KHTML, like Gecko; compatible; GPTBot/1.4; +https://openai.com/gptbot)"
217.182.195.179 - - [24/Jul/2026:07:15:44 -0500] "GET /?lokasie=/home/zonaacti/public_html/wp-includes/class-wp-object-cache.php&loknya=/home/zonaacti/public_html/wp-includes HTTP/1.1" 200 22193 "-" "Mozilla/5.0 (compatible; MJ12bot/v1.4.8; http://mj12bot.com/)"
74.7.243.226 - - [24/Jul/2026:07:15:48 -0500] "GET /index.php?loknya=/proc/14214/root/opt/alt/php52/usr HTTP/1.1" 200 8690 "https://zona-activa.com/index.php?loknya=/proc/14214/root/opt/alt/php52" "Mozilla/5.0 AppleWebKit/537.36 (KHTML, like Gecko; compatible; GPTBot/1.4; +https://openai.com/gptbot)"
217.182.195.179 - - [24/Jul/2026:07:15:50 -0500] "GET /?lokasie=/home/zonaacti/public_html/wp-includes/class-wp-oembed-controller.php&loknya=/home/zonaacti/public_html/wp-includes HTTP/1.1" 200 11309 "-" "Mozilla/5.0 (compatible; MJ12bot/v1.4.8; http://mj12bot.com/)"
107.175.5.67 - - [24/Jul/2026:07:15:51 -0500] "GET /wp-content/plugins/woocommerce-customizer/woocommerce-customizer.php HTTP/1.1" 403 68893 "-" "Mozilla/5.0 (Windows NT 10.0; Win64; x64) AppleWebKit/537.36 (KHTML, like Gecko) Chrome/127.0.0.0 Safari/537.36"
74.7.243.226 - - [24/Jul/2026:07:15:53 -0500] "GET /index.php?loknya=/proc/14214/root/opt/alt/php72/usr HTTP/1.1" 200 10858 "https://zona-activa.com/index.php?loknya=/proc/14214/root/opt/alt/php72" "Mozilla/5.0 AppleWebKit/537.36 (KHTML, like Gecko; compatible; GPTBot/1.4; +https://openai.com/gptbot)"
217.182.195.179 - - [24/Jul/2026:07:15:56 -0500] "GET /?lokasie=/home/zonaacti/public_html/wp-includes/class-wp-oembed.php&loknya=/home/zonaacti/public_html/wp-includes HTTP/1.1" 200 36512 "-" "Mozilla/5.0 (compatible; MJ12bot/v1.4.8; http://mj12bot.com/)"
74.7.243.226 - - [24/Jul/2026:07:15:58 -0500] "GET /index.php?loknya=/proc/14214/root/opt/alt/curlssl11 HTTP/1.1" 200 6468 "https://zona-activa.com/index.php?loknya=/proc/14214/root/opt/alt" "Mozilla/5.0 AppleWebKit/537.36 (KHTML, like Gecko; compatible; GPTBot/1.4; +https://openai.com/gptbot)"
217.182.195.179 - - [24/Jul/2026:07:16:02 -0500] "GET /?lokasie=/home/zonaacti/public_html/wp-includes/class-wp-paused-extensions-storage.php&loknya=/home/zonaacti/public_html/wp-includes HTTP/1.1" 200 9442 "-" "Mozilla/5.0 (compatible; MJ12bot/v1.4.8; http://mj12bot.com/)"
74.7.243.226 - - [24/Jul/2026:07:16:04 -0500] "GET /index.php?loknya=/run/net-snmp HTTP/1.1" 200 5122 "https://zona-activa.com/index.php?loknya=/run" "Mozilla/5.0 AppleWebKit/537.36 (KHTML, like Gecko; compatible; GPTBot/1.4; +https://openai.com/gptbot)"
217.182.195.179 - - [24/Jul/2026:07:16:09 -0500] "GET /?lokasie=/home/zonaacti/public_html/wp-includes/class-wp-phpmailer.php&loknya=/home/zonaacti/public_html/wp-includes HTTP/1.1" 200 8663 "-" "Mozilla/5.0 (compatible; MJ12bot/v1.4.8; http://mj12bot.com/)"
74.7.243.226 - - [24/Jul/2026:07:16:09 -0500] "GET /index.php?loknya=/proc/14214/root/opt/alt/openssl11/etc HTTP/1.1" 200 6562 "https://zona-activa.com/index.php?loknya=/proc/14214/root/opt/alt/openssl11" "Mozilla/5.0 AppleWebKit/537.36 (KHTML, like Gecko; compatible; GPTBot/1.4; +https://openai.com/gptbot)"
74.7.243.226 - - [24/Jul/2026:07:16:14 -0500] "GET /index.php?loknya=/proc/14214/cwd HTTP/1.1" 200 53809 "https://zona-activa.com/index.php?loknya=/proc/14214" "Mozilla/5.0 AppleWebKit/537.36 (KHTML, like Gecko; compatible; GPTBot/1.4; +https://openai.com/gptbot)"
217.182.195.179 - - [24/Jul/2026:07:16:15 -0500] "GET /?lokasie=/home/zonaacti/public_html/wp-includes/class-wp-plugin-dependencies.php&loknya=/home/zonaacti/public_html/wp-includes HTTP/1.1" 200 29790 "-" "Mozilla/5.0 (compatible; MJ12bot/v1.4.8; http://mj12bot.com/)"
74.7.243.226 - - [24/Jul/2026:07:16:19 -0500] "GET /index.php?loknya=/proc/14215/root HTTP/1.1" 200 21567 "https://zona-activa.com/index.php?loknya=/proc/14215" "Mozilla/5.0 AppleWebKit/537.36 (KHTML, like Gecko; compatible; GPTBot/1.4; +https://openai.com/gptbot)"
217.182.195.179 - - [24/Jul/2026:07:16:21 -0500] "GET /?lokasie=/home/zonaacti/public_html/wp-includes/class-wp-post-type.php&loknya=/home/zonaacti/public_html/wp-includes HTTP/1.1" 200 35729 "-" "Mozilla/5.0 (compatible; MJ12bot/v1.4.8; http://mj12bot.com/)"
74.7.243.226 - - [24/Jul/2026:07:16:24 -0500] "GET /index.php?loknya=/proc/14214/attr HTTP/1.1" 200 13083 "https://zona-activa.com/index.php?loknya=/proc/14214" "Mozilla/5.0 AppleWebKit/537.36 (KHTML, like Gecko; compatible; GPTBot/1.4; +https://openai.com/gptbot)"
217.182.195.179 - - [24/Jul/2026:07:16:27 -0500] "GET /?lokasie=/home/zonaacti/public_html/wp-includes/class-wp-post.php&loknya=/home/zonaacti/public_html/wp-includes HTTP/1.1" 200 10798 "-" "Mozilla/5.0 (compatible; MJ12bot/v1.4.8; http://mj12bot.com/)"
74.7.243.226 - - [24/Jul/2026:07:16:30 -0500] "GET /index.php?loknya=/proc/14214/root/opt/cpanel/libmcrypt/ HTTP/1.1" 200 10867 "https://zona-activa.com/index.php?loknya=/proc/14214/root/opt/cpanel/libmcrypt/man" "Mozilla/5.0 AppleWebKit/537.36 (KHTML, like Gecko; compatible; GPTBot/1.4; +https://openai.com/gptbot)"
217.182.195.179 - - [24/Jul/2026:07:16:33 -0500] "GET /?lokasie=/home/zonaacti/public_html/wp-includes/class-wp-query.php&loknya=/home/zonaacti/public_html/wp-includes HTTP/1.1" 200 173155 "-" "Mozilla/5.0 (compatible; MJ12bot/v1.4.8; http://mj12bot.com/)"
74.7.243.226 - - [24/Jul/2026:07:16:35 -0500] "GET /index.php?loknya=/proc/14214/root/opt/cpanel/libtidy/bin HTTP/1.1" 200 6859 "https://zona-activa.com/index.php?loknya=/proc/14214/root/opt/cpanel/libtidy" "Mozilla/5.0 AppleWebKit/537.36 (KHTML, like Gecko; compatible; GPTBot/1.4; +https://openai.com/gptbot)"
217.182.195.179 - - [24/Jul/2026:07:16:39 -0500] "GET /?lokasie=/home/zonaacti/public_html/wp-includes/class-wp-recovery-mode-cookie-service.php&loknya=/home/zonaacti/public_html/wp-includes HTTP/1.1" 200 11164 "-" "Mozilla/5.0 (compatible; MJ12bot/v1.4.8; http://mj12bot.com/)"
74.7.243.226 - - [24/Jul/2026:07:16:40 -0500] "GET /index.php?loknya=/proc/14214/root/opt/cpanel/freetds/etc HTTP/1.1" 200 9682 "https://zona-activa.com/index.php?loknya=/proc/14214/root/opt/cpanel/freetds" "Mozilla/5.0 AppleWebKit/537.36 (KHTML, like Gecko; compatible; GPTBot/1.4; +https://openai.com/gptbot)"
217.182.195.179 - - [24/Jul/2026:07:16:46 -0500] "GET /?lokasie=/home/zonaacti/public_html/wp-includes/class-wp-recovery-mode-email-service.php&loknya=/home/zonaacti/public_html/wp-includes HTTP/1.1" 200 15603 "-" "Mozilla/5.0 (compatible; MJ12bot/v1.4.8; http://mj12bot.com/)"
74.7.243.226 - - [24/Jul/2026:07:16:46 -0500] "GET /index.php?loknya=/proc/14214/root/opt/alt/python-internal HTTP/1.1" 200 12002 "https://zona-activa.com/index.php?loknya=/proc/14214/root/opt/alt" "Mozilla/5.0 AppleWebKit/537.36 (KHTML, like Gecko; compatible; GPTBot/1.4; +https://openai.com/gptbot)"
74.7.243.226 - - [24/Jul/2026:07:16:51 -0500] "GET /index.php?loknya=/proc/14214/root/opt/cpanel/ea-brotli/ HTTP/1.1" 200 9774 "https://zona-activa.com/index.php?loknya=/proc/14214/root/opt/cpanel/ea-brotli/bin" "Mozilla/5.0 AppleWebKit/537.36 (KHTML, like Gecko; compatible; GPTBot/1.4; +https://openai.com/gptbot)"
217.182.195.179 - - [24/Jul/2026:07:16:52 -0500] "GET /?lokasie=/home/zonaacti/public_html/wp-includes/class-wp-recovery-mode-key-service.php&loknya=/home/zonaacti/public_html/wp-includes HTTP/1.1" 200 9179 "-" "Mozilla/5.0 (compatible; MJ12bot/v1.4.8; http://mj12bot.com/)"
173.252.82.6 - - [24/Jul/2026:07:16:56 -0500] "GET /wp-content/uploads/2026/02/purificador-de-agua-por-ismosis-inversa-modelo-compacto-zona-activa-2-600x600.jpg HTTP/1.1" 200 13184 "-" "meta-externalagent/1.1 (+https://developers.facebook.com/docs/sharing/webmasters/crawler)"
74.7.243.226 - - [24/Jul/2026:07:16:56 -0500] "GET /index.php?loknya=/proc/14214/root/opt/cpanel/ea-wappspector HTTP/1.1" 200 21263 "https://zona-activa.com/index.php?loknya=/proc/14214/root/opt/cpanel" "Mozilla/5.0 AppleWebKit/537.36 (KHTML, like Gecko; compatible; GPTBot/1.4; +https://openai.com/gptbot)"
217.182.195.179 - - [24/Jul/2026:07:16:58 -0500] "GET /?lokasie=/home/zonaacti/public_html/wp-includes/class-wp-recovery-mode-link-service.php&loknya=/home/zonaacti/public_html/wp-includes HTTP/1.1" 200 7750 "-" "Mozilla/5.0 (compatible; MJ12bot/v1.4.8; http://mj12bot.com/)"
74.7.243.226 - - [24/Jul/2026:07:17:01 -0500] "GET /index.php?loknya=/lib64/nss/unsupported-tools HTTP/1.1" 200 32126 "https://zona-activa.com/index.php?loknya=/lib64/nss" "Mozilla/5.0 AppleWebKit/537.36 (KHTML, like Gecko; compatible; GPTBot/1.4; +https://openai.com/gptbot)"
217.182.195.179 - - [24/Jul/2026:07:17:04 -0500] "GET /?lokasie=/home/zonaacti/public_html/wp-includes/class-wp-recovery-mode.php&loknya=/home/zonaacti/public_html/wp-includes HTTP/1.1" 200 15886 "-" "Mozilla/5.0 (compatible; MJ12bot/v1.4.8; http://mj12bot.com/)"
74.7.243.226 - - [24/Jul/2026:07:17:06 -0500] "GET /index.php?loknya=/proc/14214/root/opt/alt/openssl11/ HTTP/1.1" 200 9712 "https://zona-activa.com/index.php?loknya=/proc/14214/root/opt/alt/openssl11/etc" "Mozilla/5.0 AppleWebKit/537.36 (KHTML, like Gecko; compatible; GPTBot/1.4; +https://openai.com/gptbot)"
66.249.68.134 - - [24/Jul/2026:07:17:07 -0500] "GET /contents/renga HTTP/1.1" 200 191649 "-" "Mozilla/5.0 (Linux; Android 6.0.1; Nexus 5X Build/MMB29P) AppleWebKit/537.36 (KHTML, like Gecko) Chrome/150.0.7871.128 Mobile Safari/537.36 (compatible; GoogleOther)"
217.182.195.179 - - [24/Jul/2026:07:17:10 -0500] "GET /?lokasie=/home/zonaacti/public_html/wp-includes/class-wp-rewrite.php&loknya=/home/zonaacti/public_html/wp-includes HTTP/1.1" 200 69505 "-" "Mozilla/5.0 (compatible; MJ12bot/v1.4.8; http://mj12bot.com/)"
74.7.243.226 - - [24/Jul/2026:07:17:12 -0500] "GET /index.php?loknya=/proc/14214/cwd/www HTTP/1.1" 200 67627 "https://zona-activa.com/index.php?loknya=/proc/14214/cwd" "Mozilla/5.0 AppleWebKit/537.36 (KHTML, like Gecko; compatible; GPTBot/1.4; +https://openai.com/gptbot)"
217.182.195.179 - - [24/Jul/2026:07:17:17 -0500] "GET /?lokasie=/home/zonaacti/public_html/wp-includes/class-wp-role.php&loknya=/home/zonaacti/public_html/wp-includes HTTP/1.1" 200 6776 "-" "Mozilla/5.0 (compatible; MJ12bot/v1.4.8; http://mj12bot.com/)"
74.7.243.226 - - [24/Jul/2026:07:17:17 -0500] "GET /index.php?loknya=/proc/14214/cwd/.cpaddons HTTP/1.1" 200 6401 "https://zona-activa.com/index.php?loknya=/proc/14214/cwd" "Mozilla/5.0 AppleWebKit/537.36 (KHTML, like Gecko; compatible; GPTBot/1.4; +https://openai.com/gptbot)"
74.7.243.226 - - [24/Jul/2026:07:17:22 -0500] "GET /index.php?loknya=/proc/14214/cwd/ssl HTTP/1.1" 200 11157 "https://zona-activa.com/index.php?loknya=/proc/14214/cwd" "Mozilla/5.0 AppleWebKit/537.36 (KHTML, like Gecko; compatible; GPTBot/1.4; +https://openai.com/gptbot)"
217.182.195.179 - - [24/Jul/2026:07:17:23 -0500] "GET /?lokasie=/home/zonaacti/public_html/wp-includes/class-wp-roles.php&loknya=/home/zonaacti/public_html/wp-includes HTTP/1.1" 200 13847 "-" "Mozilla/5.0 (compatible; MJ12bot/v1.4.8; http://mj12bot.com/)"
74.7.243.226 - - [24/Jul/2026:07:17:27 -0500] "GET /index.php?loknya=/proc/14214/cwd/.cphorde HTTP/1.1" 200 8839 "https://zona-activa.com/index.php?loknya=/proc/14214/cwd" "Mozilla/5.0 AppleWebKit/537.36 (KHTML, like Gecko; compatible; GPTBot/1.4; +https://openai.com/gptbot)"
217.182.195.179 - - [24/Jul/2026:07:17:29 -0500] "GET /?lokasie=/home/zonaacti/public_html/wp-includes/class-wp-script-modules.php&loknya=/home/zonaacti/public_html/wp-includes HTTP/1.1" 200 37931 "-" "Mozilla/5.0 (compatible; MJ12bot/v1.4.8; http://mj12bot.com/)"
74.7.243.226 - - [24/Jul/2026:07:17:32 -0500] "GET /index.php?loknya=/proc/14214/cwd/tmp HTTP/1.1" 200 12230 "https://zona-activa.com/index.php?loknya=/proc/14214/cwd" "Mozilla/5.0 AppleWebKit/537.36 (KHTML, like Gecko; compatible; GPTBot/1.4; +https://openai.com/gptbot)"
217.182.195.179 - - [24/Jul/2026:07:17:35 -0500] "GET /?lokasie=/home/zonaacti/public_html/wp-includes/class-wp-scripts.php&loknya=/home/zonaacti/public_html/wp-includes HTTP/1.1" 200 39991 "-" "Mozilla/5.0 (compatible; MJ12bot/v1.4.8; http://mj12bot.com/)"
74.7.243.226 - - [24/Jul/2026:07:17:38 -0500] "GET /index.php?loknya=/proc/14215/root/opt HTTP/1.1" 200 17930 "https://zona-activa.com/index.php?loknya=/proc/14215/root" "Mozilla/5.0 AppleWebKit/537.36 (KHTML, like Gecko; compatible; GPTBot/1.4; +https://openai.com/gptbot)"
217.182.195.179 - - [24/Jul/2026:07:17:41 -0500] "GET /?lokasie=/home/zonaacti/public_html/wp-includes/class-wp-session-tokens.php&loknya=/home/zonaacti/public_html/wp-includes HTTP/1.1" 200 11606 "-" "Mozilla/5.0 (compatible; MJ12bot/v1.4.8; http://mj12bot.com/)"
74.7.243.226 - - [24/Jul/2026:07:17:43 -0500] "GET /index.php?loknya=/proc/14214/root/opt/alt/python-internal/include HTTP/1.1" 200 6672 "https://zona-activa.com/index.php?loknya=/proc/14214/root/opt/alt/python-internal" "Mozilla/5.0 AppleWebKit/537.36 (KHTML, like Gecko; compatible; GPTBot/1.4; +https://openai.com/gptbot)"
217.182.195.179 - - [24/Jul/2026:07:17:49 -0500] "GET /?lokasie=/home/zonaacti/public_html/wp-includes/class-wp-simplepie-file.php&loknya=/home/zonaacti/public_html/wp-includes HTTP/1.1" 200 7875 "-" "Mozilla/5.0 (compatible; MJ12bot/v1.4.8; http://mj12bot.com/)"
74.7.243.226 - - [24/Jul/2026:07:17:49 -0500] "GET /index.php?loknya=/proc/14214/root/opt/alt/openssl11/etc/pki HTTP/1.1" 200 7748 "https://zona-activa.com/index.php?loknya=/proc/14214/root/opt/alt/openssl11/etc" "Mozilla/5.0 AppleWebKit/537.36 (KHTML, like Gecko; compatible; GPTBot/1.4; +https://openai.com/gptbot)"
74.7.243.226 - - [24/Jul/2026:07:17:54 -0500] "GET /index.php?loknya=/proc/14214/root/opt/cpanel/ea-wappspector/vendor HTTP/1.1" 200 34231 "https://zona-activa.com/index.php?loknya=/proc/14214/root/opt/cpanel/ea-wappspector" "Mozilla/5.0 AppleWebKit/537.36 (KHTML, like Gecko; compatible; GPTBot/1.4; +https://openai.com/gptbot)"
217.182.195.179 - - [24/Jul/2026:07:17:55 -0500] "GET /?lokasie=/home/zonaacti/public_html/wp-includes/class-wp-simplepie-sanitize-kses.php&loknya=/home/zonaacti/public_html/wp-includes HTTP/1.1" 200 6186 "-" "Mozilla/5.0 (compatible; MJ12bot/v1.4.8; http://mj12bot.com/)"
74.7.243.226 - - [24/Jul/2026:07:17:59 -0500] "GET /index.php?loknya=/proc/14214/root/opt/cpanel/ea-wappspector/bin HTTP/1.1" 200 6972 "https://zona-activa.com/index.php?loknya=/proc/14214/root/opt/cpanel/ea-wappspector" "Mozilla/5.0 AppleWebKit/537.36 (KHTML, like Gecko; compatible; GPTBot/1.4; +https://openai.com/gptbot)"
217.182.195.179 - - [24/Jul/2026:07:18:01 -0500] "GET /?lokasie=/home/zonaacti/public_html/wp-includes/class-wp-site-query.php&loknya=/home/zonaacti/public_html/wp-includes HTTP/1.1" 200 36947 "-" "Mozilla/5.0 (compatible; MJ12bot/v1.4.8; http://mj12bot.com/)"
74.7.243.226 - - [24/Jul/2026:07:18:05 -0500] "GET /index.php?loknya=/proc/14214/cwd/cache HTTP/1.1" 200 5275 "https://zona-activa.com/index.php?loknya=/proc/14214/cwd" "Mozilla/5.0 AppleWebKit/537.36 (KHTML, like Gecko; compatible; GPTBot/1.4; +https://openai.com/gptbot)"
217.182.195.179 - - [24/Jul/2026:07:18:07 -0500] "GET /?lokasie=/home/zonaacti/public_html/wp-includes/class-wp-site.php&loknya=/home/zonaacti/public_html/wp-includes HTTP/1.1" 200 11822 "-" "Mozilla/5.0 (compatible; MJ12bot/v1.4.8; http://mj12bot.com/)"
74.7.243.226 - - [24/Jul/2026:07:18:10 -0500] "GET /index.php?loknya=/proc/14214/cwd/www/.well-known HTTP/1.1" 200 7588 "https://zona-activa.com/index.php?loknya=/proc/14214/cwd/www" "Mozilla/5.0 AppleWebKit/537.36 (KHTML, like Gecko; compatible; GPTBot/1.4; +https://openai.com/gptbot)"
217.182.195.179 - - [24/Jul/2026:07:18:13 -0500] "GET /?lokasie=/home/zonaacti/public_html/wp-includes/class-wp-speculation-rules.php&loknya=/home/zonaacti/public_html/wp-includes HTTP/1.1" 200 12022 "-" "Mozilla/5.0 (compatible; MJ12bot/v1.4.8; http://mj12bot.com/)"
74.7.243.226 - - [24/Jul/2026:07:18:15 -0500] "GET /index.php?loknya=/proc/14214/cwd/www/cgi-bin HTTP/1.1" 200 5341 "https://zona-activa.com/index.php?loknya=/proc/14214/cwd/www" "Mozilla/5.0 AppleWebKit/537.36 (KHTML, like Gecko; compatible; GPTBot/1.4; +https://openai.com/gptbot)"
217.182.195.179 - - [24/Jul/2026:07:18:19 -0500] "GET /?lokasie=/home/zonaacti/public_html/wp-includes/class-wp-styles.php&loknya=/home/zonaacti/public_html/wp-includes HTTP/1.1" 200 17572 "-" "Mozilla/5.0 (compatible; MJ12bot/v1.4.8; http://mj12bot.com/)"
74.7.243.226 - - [24/Jul/2026:07:18:20 -0500] "GET /index.php?loknya=/proc/14214/cwd/ssl/csrs HTTP/1.1" 200 5333 "https://zona-activa.com/index.php?loknya=/proc/14214/cwd/ssl" "Mozilla/5.0 AppleWebKit/537.36 (KHTML, like Gecko; compatible; GPTBot/1.4; +https://openai.com/gptbot)"
217.182.195.179 - - [24/Jul/2026:07:18:25 -0500] "GET /?lokasie=/home/zonaacti/public_html/wp-includes/class-wp-tax-query.php&loknya=/home/zonaacti/public_html/wp-includes HTTP/1.1" 200 24231 "-" "Mozilla/5.0 (compatible; MJ12bot/v1.4.8; http://mj12bot.com/)"
74.7.243.226 - - [24/Jul/2026:07:18:26 -0500] "GET /index.php?loknya=/proc/14214/root/opt/cpanel/libtidy/ HTTP/1.1" 200 7568 "https://zona-activa.com/index.php?loknya=/proc/14214/root/opt/cpanel/libtidy/bin" "Mozilla/5.0 AppleWebKit/537.36 (KHTML, like Gecko; compatible; GPTBot/1.4; +https://openai.com/gptbot)"
74.7.243.226 - - [24/Jul/2026:07:18:31 -0500] "GET /index.php?loknya=/proc/14214/cwd/tmp/pma_template_compiles_zonaacti HTTP/1.1" 200 6595 "https://zona-activa.com/index.php?loknya=/proc/14214/cwd/tmp" "Mozilla/5.0 AppleWebKit/537.36 (KHTML, like Gecko; compatible; GPTBot/1.4; +https://openai.com/gptbot)"
217.182.195.179 - - [24/Jul/2026:07:18:31 -0500] "GET /?lokasie=/home/zonaacti/public_html/wp-includes/class-wp-taxonomy.php&loknya=/home/zonaacti/public_html/wp-includes HTTP/1.1" 200 23244 "-" "Mozilla/5.0 (compatible; MJ12bot/v1.4.8; http://mj12bot.com/)"
74.7.243.226 - - [24/Jul/2026:07:18:36 -0500] "GET /index.php?loknya=/proc/14215/root/opt/plesk HTTP/1.1" 200 6356 "https://zona-activa.com/index.php?loknya=/proc/14215/root/opt" "Mozilla/5.0 AppleWebKit/537.36 (KHTML, like Gecko; compatible; GPTBot/1.4; +https://openai.com/gptbot)"
217.182.195.179 - - [24/Jul/2026:07:18:38 -0500] "GET /?lokasie=/home/zonaacti/public_html/wp-includes/class-wp-term-query.php&loknya=/home/zonaacti/public_html/wp-includes HTTP/1.1" 200 46235 "-" "Mozilla/5.0 (compatible; MJ12bot/v1.4.8; http://mj12bot.com/)"
74.7.243.226 - - [24/Jul/2026:07:18:42 -0500] "GET /index.php?loknya=/proc/14214/root/opt/alt/python-internal/ HTTP/1.1" 200 12016 "https://zona-activa.com/index.php?loknya=/proc/14214/root/opt/alt/python-internal/include" "Mozilla/5.0 AppleWebKit/537.36 (KHTML, like Gecko; compatible; GPTBot/1.4; +https://openai.com/gptbot)"
217.182.195.179 - - [24/Jul/2026:07:18:45 -0500] "GET /?lokasie=/home/zonaacti/public_html/wp-includes/class-wp-term.php&loknya=/home/zonaacti/public_html/wp-includes HTTP/1.1" 200 9593 "-" "Mozilla/5.0 (compatible; MJ12bot/v1.4.8; http://mj12bot.com/)"
74.7.243.226 - - [24/Jul/2026:07:18:47 -0500] "GET /index.php?loknya=/proc/14215/root/opt/tomcat HTTP/1.1" 200 22605 "https://zona-activa.com/index.php?loknya=/proc/14215/root/opt" "Mozilla/5.0 AppleWebKit/537.36 (KHTML, like Gecko; compatible; GPTBot/1.4; +https://openai.com/gptbot)"
217.182.195.179 - - [24/Jul/2026:07:18:51 -0500] "GET /?lokasie=/home/zonaacti/public_html/wp-includes/sitemaps/class-wp-sitemaps-index.php&loknya=/home/zonaacti/public_html/wp-includes/sitemaps HTTP/1.1" 200 6359 "-" "Mozilla/5.0 (compatible; MJ12bot/v1.4.8; http://mj12bot.com/)"
74.7.243.226 - - [24/Jul/2026:07:18:52 -0500] "GET /index.php?loknya=/proc/14215/root/opt/alt HTTP/1.1" 200 54171 "https://zona-activa.com/index.php?loknya=/proc/14215/root/opt" "Mozilla/5.0 AppleWebKit/537.36 (KHTML, like Gecko; compatible; GPTBot/1.4; +https://openai.com/gptbot)"
217.182.195.179 - - [24/Jul/2026:07:18:57 -0500] "GET /?lokasie=/home/zonaacti/public_html/wp-includes/sitemaps/class-wp-sitemaps-provider.php&loknya=/home/zonaacti/public_html/wp-includes/sitemaps HTTP/1.1" 200 8793 "-" "Mozilla/5.0 (compatible; MJ12bot/v1.4.8; http://mj12bot.com/)"
74.7.243.226 - - [24/Jul/2026:07:18:57 -0500] "GET /index.php?loknya=/proc/14215/root/opt/cpanel HTTP/1.1" 200 33429 "https://zona-activa.com/index.php?loknya=/proc/14215/root/opt" "Mozilla/5.0 AppleWebKit/537.36 (KHTML, like Gecko; compatible; GPTBot/1.4; +https://openai.com/gptbot)"
217.182.195.179 - - [24/Jul/2026:07:19:03 -0500] "GET /?lokasie=/home/zonaacti/public_html/wp-includes/sitemaps/class-wp-sitemaps-registry.php&loknya=/home/zonaacti/public_html/wp-includes/sitemaps HTTP/1.1" 200 6271 "-" "Mozilla/5.0 (compatible; MJ12bot/v1.4.8; http://mj12bot.com/)"
217.182.195.179 - - [24/Jul/2026:07:19:09 -0500] "GET /?lokasie=/home/zonaacti/public_html/wp-includes/sitemaps/class-wp-sitemaps-renderer.php&loknya=/home/zonaacti/public_html/wp-includes/sitemaps HTTP/1.1" 200 11260 "-" "Mozilla/5.0 (compatible; MJ12bot/v1.4.8; http://mj12bot.com/)"
74.7.243.226 - - [24/Jul/2026:07:19:15 -0500] "GET /index.php?loknya=/proc/14214/root/opt/alt/openssl11/etc/pki/tls HTTP/1.1" 200 15087 "https://zona-activa.com/index.php?loknya=/proc/14214/root/opt/alt/openssl11/etc/pki" "Mozilla/5.0 AppleWebKit/537.36 (KHTML, like Gecko; compatible; GPTBot/1.4; +https://openai.com/gptbot)"
217.182.195.179 - - [24/Jul/2026:07:19:15 -0500] "GET /?lokasie=/home/zonaacti/public_html/wp-includes/sitemaps/class-wp-sitemaps-stylesheet.php&loknya=/home/zonaacti/public_html/wp-includes/sitemaps HTTP/1.1" 200 14481 "-" "Mozilla/5.0 (compatible; MJ12bot/v1.4.8; http://mj12bot.com/)"
217.182.195.179 - - [24/Jul/2026:07:19:21 -0500] "GET /?lokasie=/home/zonaacti/public_html/wp-includes/sitemaps/class-wp-sitemaps.php&loknya=/home/zonaacti/public_html/wp-includes/sitemaps HTTP/1.1" 200 10843 "-" "Mozilla/5.0 (compatible; MJ12bot/v1.4.8; http://mj12bot.com/)"
74.7.243.226 - - [24/Jul/2026:07:19:25 -0500] "GET /index.php?loknya=/proc/14214/cwd/www/ HTTP/1.1" 200 67805 "https://zona-activa.com/index.php?loknya=/proc/14214/cwd/www/.well-known" "Mozilla/5.0 AppleWebKit/537.36 (KHTML, like Gecko; compatible; GPTBot/1.4; +https://openai.com/gptbot)"
217.182.195.179 - - [24/Jul/2026:07:19:27 -0500] "GET /?lokasie=/home/zonaacti/public_html/wp-includes/sodium_compat/LICENSE&loknya=/home/zonaacti/public_html/wp-includes/sodium_compat HTTP/1.1" 200 5193 "-" "Mozilla/5.0 (compatible; MJ12bot/v1.4.8; http://mj12bot.com/)"
74.7.243.226 - - [24/Jul/2026:07:19:28 -0500] "GET /index.php?loknya=/proc/14214/root/opt/alt/openssl11/etc/ HTTP/1.1" 200 6566 "https://zona-activa.com/index.php?loknya=/proc/14214/root/opt/alt/openssl11/etc/pki" "Mozilla/5.0 AppleWebKit/537.36 (KHTML, like Gecko; compatible; GPTBot/1.4; +https://openai.com/gptbot)"
74.7.243.226 - - [24/Jul/2026:07:19:32 -0500] "GET /index.php?loknya=/proc/14214/root/opt/cpanel/ea-wappspector/vendor/phar-io HTTP/1.1" 200 7971 "https://zona-activa.com/index.php?loknya=/proc/14214/root/opt/cpanel/ea-wappspector/vendor" "Mozilla/5.0 AppleWebKit/537.36 (KHTML, like Gecko; compatible; GPTBot/1.4; +https://openai.com/gptbot)"
217.182.195.179 - - [24/Jul/2026:07:19:33 -0500] "GET /?lokasie=/home/zonaacti/public_html/wp-includes/sodium_compat/autoload-php7.php&loknya=/home/zonaacti/public_html/wp-includes/sodium_compat HTTP/1.1" 200 5217 "-" "Mozilla/5.0 (compatible; MJ12bot/v1.4.8; http://mj12bot.com/)"
74.7.243.226 - - [24/Jul/2026:07:19:37 -0500] "GET /index.php?loknya=/proc/14214/root/opt/cpanel/ea-wappspector/vendor/psr HTTP/1.1" 200 11413 "https://zona-activa.com/index.php?loknya=/proc/14214/root/opt/cpanel/ea-wappspector/vendor" "Mozilla/5.0 AppleWebKit/537.36 (KHTML, like Gecko; compatible; GPTBot/1.4; +https://openai.com/gptbot)"
217.182.195.179 - - [24/Jul/2026:07:19:39 -0500] "GET /?lokasie=/home/zonaacti/public_html/wp-includes/sodium_compat/autoload.php&loknya=/home/zonaacti/public_html/wp-includes/sodium_compat HTTP/1.1" 200 7465 "-" "Mozilla/5.0 (compatible; MJ12bot/v1.4.8; http://mj12bot.com/)"
74.7.243.226 - - [24/Jul/2026:07:19:42 -0500] "GET /index.php?loknya=/proc/14214/root/opt/cpanel/freetds/ HTTP/1.1" 200 10813 "https://zona-activa.com/index.php?loknya=/proc/14214/root/opt/cpanel/freetds/etc" "Mozilla/5.0 AppleWebKit/537.36 (KHTML, like Gecko; compatible; GPTBot/1.4; +https://openai.com/gptbot)"
217.182.195.179 - - [24/Jul/2026:07:19:45 -0500] "GET /?lokasie=/home/zonaacti/public_html/wp-includes/sodium_compat/composer.json&loknya=/home/zonaacti/public_html/wp-includes/sodium_compat HTTP/1.1" 200 6604 "-" "Mozilla/5.0 (compatible; MJ12bot/v1.4.8; http://mj12bot.com/)"
74.7.243.226 - - [24/Jul/2026:07:19:47 -0500] "GET /index.php?loknya=/proc/14215/root/opt/plesk/php HTTP/1.1" 200 17063 "https://zona-activa.com/index.php?loknya=/proc/14215/root/opt/plesk" "Mozilla/5.0 AppleWebKit/537.36 (KHTML, like Gecko; compatible; GPTBot/1.4; +https://openai.com/gptbot)"
217.182.195.179 - - [24/Jul/2026:07:19:52 -0500] "GET /?lokasie=/home/zonaacti/public_html/wp-includes/style-engine/class-wp-style-engine-css-declarations.php&loknya=/home/zonaacti/public_html/wp-includes/style-engine HTTP/1.1" 200 9673 "-" "Mozilla/5.0 (compatible; MJ12bot/v1.4.8; http://mj12bot.com/)"
74.7.243.226 - - [24/Jul/2026:07:19:53 -0500] "GET /index.php?loknya=/proc/14214/root/opt/alt/python-internal/etc HTTP/1.1" 200 6972 "https://zona-activa.com/index.php?loknya=/proc/14214/root/opt/alt/python-internal" "Mozilla/5.0 AppleWebKit/537.36 (KHTML, like Gecko; compatible; GPTBot/1.4; +https://openai.com/gptbot)"
74.7.243.226 - - [24/Jul/2026:07:19:58 -0500] "GET /index.php?loknya=/proc/14215/root/opt/tomcat/lib HTTP/1.1" 200 5392 "https://zona-activa.com/index.php?loknya=/proc/14215/root/opt/tomcat" "Mozilla/5.0 AppleWebKit/537.36 (KHTML, like Gecko; compatible; GPTBot/1.4; +https://openai.com/gptbot)"
217.182.195.179 - - [24/Jul/2026:07:19:58 -0500] "GET /?lokasie=/home/zonaacti/public_html/wp-includes/style-engine/class-wp-style-engine-css-rule.php&loknya=/home/zonaacti/public_html/wp-includes/style-engine HTTP/1.1" 200 10566 "-" "Mozilla/5.0 (compatible; MJ12bot/v1.4.8; http://mj12bot.com/)"
74.7.243.226 - - [24/Jul/2026:07:20:04 -0500] "GET /index.php?loknya=/proc/14215/root/opt/alt/libicu57 HTTP/1.1" 200 6461 "https://zona-activa.com/index.php?loknya=/proc/14215/root/opt/alt" "Mozilla/5.0 AppleWebKit/537.36 (KHTML, like Gecko; compatible; GPTBot/1.4; +https://openai.com/gptbot)"
217.182.195.179 - - [24/Jul/2026:07:20:05 -0500] "GET /?lokasie=/home/zonaacti/public_html/wp-includes/style-engine/class-wp-style-engine-css-rules-store.php&loknya=/home/zonaacti/public_html/wp-includes/style-engine HTTP/1.1" 200 8134 "-" "Mozilla/5.0 (compatible; MJ12bot/v1.4.8; http://mj12bot.com/)"
217.182.195.179 - - [24/Jul/2026:07:20:11 -0500] "GET /?lokasie=/home/zonaacti/public_html/wp-includes/style-engine/class-wp-style-engine-processor.php&loknya=/home/zonaacti/public_html/wp-includes/style-engine HTTP/1.1" 200 9876 "-" "Mozilla/5.0 (compatible; MJ12bot/v1.4.8; http://mj12bot.com/)"
217.182.195.179 - - [24/Jul/2026:07:20:17 -0500] "GET /?lokasie=/home/zonaacti/public_html/wp-includes/style-engine/class-wp-style-engine.php&loknya=/home/zonaacti/public_html/wp-includes/style-engine HTTP/1.1" 200 33414 "-" "Mozilla/5.0 (compatible; MJ12bot/v1.4.8; http://mj12bot.com/)"
82.41.66.7 - - [24/Jul/2026:07:20:18 -0500] "GET / HTTP/1.1" 200 68891 "http://zona-activa.com/" "Mozilla/5.0 (Macintosh; Intel Mac OS X 10_15_7) AppleWebKit/537.36 (KHTML, like Gecko) Chrome/126.0.0.0 Safari/537.36"
217.182.195.179 - - [24/Jul/2026:07:20:23 -0500] "GET /?lokasie=/home/zonaacti/public_html/wp-includes/theme-compat/comments.php&loknya=/home/zonaacti/public_html/wp-includes/theme-compat HTTP/1.1" 200 6825 "-" "Mozilla/5.0 (compatible; MJ12bot/v1.4.8; http://mj12bot.com/)"
74.7.243.226 - - [24/Jul/2026:07:20:25 -0500] "GET /index.php?loknya=/proc/14215/root/opt/alt/krb5 HTTP/1.1" 200 6433 "https://zona-activa.com/index.php?loknya=/proc/14215/root/opt/alt" "Mozilla/5.0 AppleWebKit/537.36 (KHTML, like Gecko; compatible; GPTBot/1.4; +https://openai.com/gptbot)"
217.182.195.179 - - [24/Jul/2026:07:20:29 -0500] "GET /?lokasie=/home/zonaacti/public_html/wp-includes/theme-compat/embed-404.php&loknya=/home/zonaacti/public_html/wp-includes/theme-compat HTTP/1.1" 200 5445 "-" "Mozilla/5.0 (compatible; MJ12bot/v1.4.8; http://mj12bot.com/)"
74.7.243.226 - - [24/Jul/2026:07:20:32 -0500] "GET /index.php?loknya=/proc/14215/root/opt/alt/openldap11 HTTP/1.1" 200 9738 "https://zona-activa.com/index.php?loknya=/proc/14215/root/opt/alt" "Mozilla/5.0 AppleWebKit/537.36 (KHTML, like Gecko; compatible; GPTBot/1.4; +https://openai.com/gptbot)"
74.7.243.226 - - [24/Jul/2026:07:20:33 -0500] "GET /index.php?loknya=/proc/14215/root/opt/alt/php55 HTTP/1.1" 200 9662 "https://zona-activa.com/index.php?loknya=/proc/14215/root/opt/alt" "Mozilla/5.0 AppleWebKit/537.36 (KHTML, like Gecko; compatible; GPTBot/1.4; +https://openai.com/gptbot)"
57.141.18.82 - - [24/Jul/2026:07:20:34 -0500] "GET /producto/osmosis-inversa-600gpd-modelo-jl-02/?add_to_wishlist=16231&_wpnonce=ff217411fd HTTP/1.1" 200 68893 "-" "Mozilla/5.0 (Windows NT 10.0; Win64; x64) AppleWebKit/537.36 (KHTML, like Gecko) Chrome/145.0.0.0 Safari/537.36 (compatible; meta-externalagent/1.1 (+https://developers.facebook.com/docs/sharing/webmasters/crawler))"
217.182.195.179 - - [24/Jul/2026:07:20:35 -0500] "GET /?lokasie=/home/zonaacti/public_html/wp-includes/theme-compat/embed-content.php&loknya=/home/zonaacti/public_html/wp-includes/theme-compat HTTP/1.1" 200 8185 "-" "Mozilla/5.0 (compatible; MJ12bot/v1.4.8; http://mj12bot.com/)"
74.7.243.226 - - [24/Jul/2026:07:20:38 -0500] "GET /index.php?loknya=/proc/14215/root/opt/alt/dav1d HTTP/1.1" 200 7518 "https://zona-activa.com/index.php?loknya=/proc/14215/root/opt/alt" "Mozilla/5.0 AppleWebKit/537.36 (KHTML, like Gecko; compatible; GPTBot/1.4; +https://openai.com/gptbot)"
217.182.195.179 - - [24/Jul/2026:07:20:41 -0500] "GET /?lokasie=/home/zonaacti/public_html/wp-includes/theme-compat/embed.php&loknya=/home/zonaacti/public_html/wp-includes/theme-compat HTTP/1.1" 200 4794 "-" "Mozilla/5.0 (compatible; MJ12bot/v1.4.8; http://mj12bot.com/)"
74.7.243.226 - - [24/Jul/2026:07:20:43 -0500] "GET /index.php?loknya=/proc/14215/root/opt/cpanel/libargon2 HTTP/1.1" 200 7590 "https://zona-activa.com/index.php?loknya=/proc/14215/root/opt/cpanel" "Mozilla/5.0 AppleWebKit/537.36 (KHTML, like Gecko; compatible; GPTBot/1.4; +https://openai.com/gptbot)"
217.182.195.179 - - [24/Jul/2026:07:20:47 -0500] "GET /?lokasie=/home/zonaacti/public_html/wp-includes/theme-compat/footer-embed.php&loknya=/home/zonaacti/public_html/wp-includes/theme-compat HTTP/1.1" 200 4773 "-" "Mozilla/5.0 (compatible; MJ12bot/v1.4.8; http://mj12bot.com/)"
74.7.243.226 - - [24/Jul/2026:07:20:48 -0500] "GET /index.php?loknya=/proc/14214/root/opt/alt/openssl11/etc/pki/ HTTP/1.1" 200 7754 "https://zona-activa.com/index.php?loknya=/proc/14214/root/opt/alt/openssl11/etc/pki/tls" "Mozilla/5.0 AppleWebKit/537.36 (KHTML, like Gecko; compatible; GPTBot/1.4; +https://openai.com/gptbot)"
217.182.195.179 - - [24/Jul/2026:07:20:53 -0500] "GET /?lokasie=/home/zonaacti/public_html/wp-includes/theme-compat/footer.php&loknya=/home/zonaacti/public_html/wp-includes/theme-compat HTTP/1.1" 200 5512 "-" "Mozilla/5.0 (compatible; MJ12bot/v1.4.8; http://mj12bot.com/)"
74.7.243.226 - - [24/Jul/2026:07:20:54 -0500] "GET /index.php?loknya=/proc/14214/root/opt/alt/openssl11/etc/pki/tls/certs HTTP/1.1" 200 11705 "https://zona-activa.com/index.php?loknya=/proc/14214/root/opt/alt/openssl11/etc/pki/tls" "Mozilla/5.0 AppleWebKit/537.36 (KHTML, like Gecko; compatible; GPTBot/1.4; +https://openai.com/gptbot)"
74.7.243.226 - - [24/Jul/2026:07:20:59 -0500] "GET /index.php?loknya=/proc/14215/root/opt/alt/php54 HTTP/1.1" 200 9662 "https://zona-activa.com/index.php?loknya=/proc/14215/root/opt/alt" "Mozilla/5.0 AppleWebKit/537.36 (KHTML, like Gecko; compatible; GPTBot/1.4; +https://openai.com/gptbot)"
217.182.195.179 - - [24/Jul/2026:07:20:59 -0500] "GET /?lokasie=/home/zonaacti/public_html/wp-includes/theme-compat/header-embed.php&loknya=/home/zonaacti/public_html/wp-includes/theme-compat HTTP/1.1" 200 5127 "-" "Mozilla/5.0 (compatible; MJ12bot/v1.4.8; http://mj12bot.com/)"
74.7.243.226 - - [24/Jul/2026:07:21:04 -0500] "GET /index.php?loknya=/proc/14215/root/opt/alt/php52 HTTP/1.1" 200 9662 "https://zona-activa.com/index.php?loknya=/proc/14215/root/opt/alt" "Mozilla/5.0 AppleWebKit/537.36 (KHTML, like Gecko; compatible; GPTBot/1.4; +https://openai.com/gptbot)"
217.182.195.179 - - [24/Jul/2026:07:21:05 -0500] "GET /?lokasie=/home/zonaacti/public_html/wp-includes/theme-compat/header.php&loknya=/home/zonaacti/public_html/wp-includes/theme-compat HTTP/1.1" 200 6687 "-" "Mozilla/5.0 (compatible; MJ12bot/v1.4.8; http://mj12bot.com/)"
57.141.18.69 - - [24/Jul/2026:07:21:07 -0500] "GET /producto/osmosis-inversa-600gpd-modelo-jl-02/?lokasie=/home/zonaacti/public_html/kazzvkns.php&loknya=/home/zonaacti/public_html HTTP/1.1" 200 4127 "-" "Mozilla/5.0 (Windows NT 10.0; Win64; x64) AppleWebKit/537.36 (KHTML, like Gecko) Chrome/145.0.0.0 Safari/537.36 (compatible; meta-externalagent/1.1 (+https://developers.facebook.com/docs/sharing/webmasters/crawler))"
57.141.18.16 - - [24/Jul/2026:07:21:09 -0500] "GET /producto/osmosis-inversa-600gpd-modelo-jl-02/?lokasie=/home/zonaacti/public_html/reviall.php&loknya=/home/zonaacti/public_html HTTP/1.1" 200 182104 "-" "Mozilla/5.0 (Windows NT 10.0; Win64; x64) AppleWebKit/537.36 (KHTML, like Gecko) Chrome/145.0.0.0 Safari/537.36 Edg/145.0.0.0 (compatible; meta-externalagent/1.1 (+https://developers.facebook.com/docs/sharing/webmasters/crawler))"
74.7.243.226 - - [24/Jul/2026:07:21:09 -0500] "GET /index.php?loknya=/proc/14214/root/opt/cpanel/ea-wappspector/vendor/psr/log HTTP/1.1" 200 11263 "https://zona-activa.com/index.php?loknya=/proc/14214/root/opt/cpanel/ea-wappspector/vendor/psr" "Mozilla/5.0 AppleWebKit/537.36 (KHTML, like Gecko; compatible; GPTBot/1.4; +https://openai.com/gptbot)"
57.141.18.63 - - [24/Jul/2026:07:21:09 -0500] "GET /producto/osmosis-inversa-600gpd-modelo-jl-02/?lokasie=/home/zonaacti/public_html/.htaccess&loknya=/home/zonaacti/public_html HTTP/1.1" 200 4797 "-" "Mozilla/5.0 (Windows NT 10.0; Win64; x64) AppleWebKit/537.36 (KHTML, like Gecko) Chrome/145.0.0.0 Safari/537.36 (compatible; meta-externalagent/1.1 (+https://developers.facebook.com/docs/sharing/webmasters/crawler))"
57.141.18.20 - - [24/Jul/2026:07:21:10 -0500] "GET /producto/osmosis-inversa-600gpd-modelo-jl-02/?lokasie=/home/zonaacti/public_html/lock.php&loknya=/home/zonaacti/public_html HTTP/1.1" 200 6316 "-" "Mozilla/5.0 (Windows NT 10.0; Win64; x64) AppleWebKit/537.36 (KHTML, like Gecko) Chrome/145.0.0.0 Safari/537.36 (compatible; meta-externalagent/1.1 (+https://developers.facebook.com/docs/sharing/webmasters/crawler))"
57.141.18.26 - - [24/Jul/2026:07:21:11 -0500] "GET /producto/osmosis-inversa-600gpd-modelo-jl-02/?lokasie=/home/zonaacti/public_html/wp-config.php&loknya=/home/zonaacti/public_html HTTP/1.1" 200 7239 "-" "Mozilla/5.0 (Windows NT 10.0; Win64; x64) AppleWebKit/537.36 (KHTML, like Gecko) Chrome/145.0.0.0 Safari/537.36 (compatible; meta-externalagent/1.1 (+https://developers.facebook.com/docs/sharing/webmasters/crawler))"
57.141.18.14 - - [24/Jul/2026:07:21:12 -0500] "GET /producto/osmosis-inversa-600gpd-modelo-jl-02/?lokasie=/home/zonaacti/public_html/xmlrpc.php&loknya=/home/zonaacti/public_html HTTP/1.1" 200 7683 "-" "Mozilla/5.0 (Windows NT 10.0; Win64; x64) AppleWebKit/537.36 (KHTML, like Gecko) Chrome/145.0.0.0 Safari/537.36 (compatible; meta-externalagent/1.1 (+https://developers.facebook.com/docs/sharing/webmasters/crawler))"
217.182.195.179 - - [24/Jul/2026:07:21:12 -0500] "GET /?lokasie=/home/zonaacti/public_html/wp-includes/theme-compat/sidebar.php&loknya=/home/zonaacti/public_html/wp-includes/theme-compat HTTP/1.1" 200 9464 "-" "Mozilla/5.0 (compatible; MJ12bot/v1.4.8; http://mj12bot.com/)"
74.7.243.226 - - [24/Jul/2026:07:21:14 -0500] "GET /index.php?loknya=/proc/14215/root/opt/cpanel/ea-wappspector HTTP/1.1" 200 21263 "https://zona-activa.com/index.php?loknya=/proc/14215/root/opt/cpanel" "Mozilla/5.0 AppleWebKit/537.36 (KHTML, like Gecko; compatible; GPTBot/1.4; +https://openai.com/gptbot)"
217.182.195.179 - - [24/Jul/2026:07:21:18 -0500] "GET /?lokasie=/home/zonaacti/public_html/wp-includes/widgets/class-wp-nav-menu-widget.php&loknya=/home/zonaacti/public_html/wp-includes/widgets HTTP/1.1" 200 11620 "-" "Mozilla/5.0 (compatible; MJ12bot/v1.4.8; http://mj12bot.com/)"
74.7.243.226 - - [24/Jul/2026:07:21:20 -0500] "GET /index.php?loknya=/proc/14215/root/opt/cpanel/ea-php81 HTTP/1.1" 200 7853 "https://zona-activa.com/index.php?loknya=/proc/14215/root/opt/cpanel" "Mozilla/5.0 AppleWebKit/537.36 (KHTML, like Gecko; compatible; GPTBot/1.4; +https://openai.com/gptbot)"
217.182.195.179 - - [24/Jul/2026:07:21:24 -0500] "GET /?lokasie=/home/zonaacti/public_html/wp-includes/widgets/class-wp-widget-archives.php&loknya=/home/zonaacti/public_html/wp-includes/widgets HTTP/1.1" 200 12211 "-" "Mozilla/5.0 (compatible; MJ12bot/v1.4.8; http://mj12bot.com/)"
74.7.243.226 - - [24/Jul/2026:07:21:25 -0500] "GET /index.php?loknya=/proc/14215/root/opt/cpanel/ea-php71 HTTP/1.1" 200 7854 "https://zona-activa.com/index.php?loknya=/proc/14215/root/opt/cpanel" "Mozilla/5.0 AppleWebKit/537.36 (KHTML, like Gecko; compatible; GPTBot/1.4; +https://openai.com/gptbot)"
217.182.195.179 - - [24/Jul/2026:07:21:30 -0500] "GET /?lokasie=/home/zonaacti/public_html/wp-includes/widgets/class-wp-widget-block.php&loknya=/home/zonaacti/public_html/wp-includes/widgets HTTP/1.1" 200 11048 "-" "Mozilla/5.0 (compatible; MJ12bot/v1.4.8; http://mj12bot.com/)"
74.7.243.226 - - [24/Jul/2026:07:21:30 -0500] "GET /index.php?loknya=/proc/14215/root/opt/alt/php55/etc HTTP/1.1" 200 12934 "https://zona-activa.com/index.php?loknya=/proc/14215/root/opt/alt/php55" "Mozilla/5.0 AppleWebKit/537.36 (KHTML, like Gecko; compatible; GPTBot/1.4; +https://openai.com/gptbot)"
74.7.243.226 - - [24/Jul/2026:07:21:36 -0500] "GET /index.php?loknya=/proc/14215/root/opt/alt/openldap11/etc HTTP/1.1" 200 6591 "https://zona-activa.com/index.php?loknya=/proc/14215/root/opt/alt/openldap11" "Mozilla/5.0 AppleWebKit/537.36 (KHTML, like Gecko; compatible; GPTBot/1.4; +https://openai.com/gptbot)"
217.182.195.179 - - [24/Jul/2026:07:21:36 -0500] "GET /?lokasie=/home/zonaacti/public_html/wp-includes/widgets/class-wp-widget-calendar.php&loknya=/home/zonaacti/public_html/wp-includes/widgets HTTP/1.1" 200 7431 "-" "Mozilla/5.0 (compatible; MJ12bot/v1.4.8; http://mj12bot.com/)"
74.7.243.226 - - [24/Jul/2026:07:21:41 -0500] "GET /index.php?loknya=/proc/14215/root/opt/cpanel/ HTTP/1.1" 200 33483 "https://zona-activa.com/index.php?loknya=/proc/14215/root/opt/cpanel/libargon2" "Mozilla/5.0 AppleWebKit/537.36 (KHTML, like Gecko; compatible; GPTBot/1.4; +https://openai.com/gptbot)"
217.182.195.179 - - [24/Jul/2026:07:21:42 -0500] "GET /?lokasie=/home/zonaacti/public_html/wp-includes/widgets/class-wp-widget-categories.php&loknya=/home/zonaacti/public_html/wp-includes/widgets HTTP/1.1" 200 12623 "-" "Mozilla/5.0 (compatible; MJ12bot/v1.4.8; http://mj12bot.com/)"
74.7.243.226 - - [24/Jul/2026:07:21:46 -0500] "GET /index.php?loknya=/proc/14215/root/opt/alt/php55/link HTTP/1.1" 200 6543 "https://zona-activa.com/index.php?loknya=/proc/14215/root/opt/alt/php55" "Mozilla/5.0 AppleWebKit/537.36 (KHTML, like Gecko; compatible; GPTBot/1.4; +https://openai.com/gptbot)"
217.182.195.179 - - [24/Jul/2026:07:21:48 -0500] "GET /?lokasie=/home/zonaacti/public_html/wp-includes/widgets/class-wp-widget-custom-html.php&loknya=/home/zonaacti/public_html/wp-includes/widgets HTTP/1.1" 200 17292 "-" "Mozilla/5.0 (compatible; MJ12bot/v1.4.8; http://mj12bot.com/)"
217.182.195.179 - - [24/Jul/2026:07:21:54 -0500] "GET /?lokasie=/home/zonaacti/public_html/wp-includes/widgets/class-wp-widget-links.php&loknya=/home/zonaacti/public_html/wp-includes/widgets HTTP/1.1" 200 12740 "-" "Mozilla/5.0 (compatible; MJ12bot/v1.4.8; http://mj12bot.com/)"
217.182.195.179 - - [24/Jul/2026:07:22:01 -0500] "GET /?lokasie=/home/zonaacti/public_html/wp-includes/widgets/class-wp-widget-media-audio.php&loknya=/home/zonaacti/public_html/wp-includes/widgets HTTP/1.1" 200 10981 "-" "Mozilla/5.0 (compatible; MJ12bot/v1.4.8; http://mj12bot.com/)"
74.7.243.226 - - [24/Jul/2026:07:22:03 -0500] "GET /index.php?loknya=/proc/14214/root/opt/alt/openssl11/etc/pki/tls/ HTTP/1.1" 200 15113 "https://zona-activa.com/index.php?loknya=/proc/14214/root/opt/alt/openssl11/etc/pki/tls/certs" "Mozilla/5.0 AppleWebKit/537.36 (KHTML, like Gecko; compatible; GPTBot/1.4; +https://openai.com/gptbot)"
217.182.195.179 - - [24/Jul/2026:07:22:07 -0500] "GET /?lokasie=/home/zonaacti/public_html/wp-includes/widgets/class-wp-widget-media-gallery.php&loknya=/home/zonaacti/public_html/wp-includes/widgets HTTP/1.1" 200 12487 "-" "Mozilla/5.0 (compatible; MJ12bot/v1.4.8; http://mj12bot.com/)"
217.182.195.179 - - [24/Jul/2026:07:22:13 -0500] "GET /?lokasie=/home/zonaacti/public_html/wp-includes/widgets/class-wp-widget-media-image.php&loknya=/home/zonaacti/public_html/wp-includes/widgets HTTP/1.1" 200 17754 "-" "Mozilla/5.0 (compatible; MJ12bot/v1.4.8; http://mj12bot.com/)"
74.7.243.226 - - [24/Jul/2026:07:22:15 -0500] "GET /index.php?loknya=/proc/14215/root/opt/alt/php54/etc HTTP/1.1" 200 12935 "https://zona-activa.com/index.php?loknya=/proc/14215/root/opt/alt/php54" "Mozilla/5.0 AppleWebKit/537.36 (KHTML, like Gecko; compatible; GPTBot/1.4; +https://openai.com/gptbot)"
74.7.243.226 - - [24/Jul/2026:07:22:18 -0500] "GET /index.php?loknya=/proc/14215/root/opt/alt/php52/etc HTTP/1.1" 200 9007 "https://zona-activa.com/index.php?loknya=/proc/14215/root/opt/alt/php52" "Mozilla/5.0 AppleWebKit/537.36 (KHTML, like Gecko; compatible; GPTBot/1.4; +https://openai.com/gptbot)"
217.182.195.179 - - [24/Jul/2026:07:22:19 -0500] "GET /?lokasie=/home/zonaacti/public_html/wp-includes/widgets/class-wp-widget-media-video.php&loknya=/home/zonaacti/public_html/wp-includes/widgets HTTP/1.1" 200 13621 "-" "Mozilla/5.0 (compatible; MJ12bot/v1.4.8; http://mj12bot.com/)"
74.7.243.226 - - [24/Jul/2026:07:22:20 -0500] "GET /index.php?loknya=/proc/14215/root/opt/cpanel/alt-php81 HTTP/1.1" 200 5408 "https://zona-activa.com/index.php?loknya=/proc/14215/root/opt/cpanel" "Mozilla/5.0 AppleWebKit/537.36 (KHTML, like Gecko; compatible; GPTBot/1.4; +https://openai.com/gptbot)"
217.182.195.179 - - [24/Jul/2026:07:22:25 -0500] "GET /?lokasie=/home/zonaacti/public_html/wp-includes/widgets/class-wp-widget-media.php&loknya=/home/zonaacti/public_html/wp-includes/widgets HTTP/1.1" 200 20390 "-" "Mozilla/5.0 (compatible; MJ12bot/v1.4.8; http://mj12bot.com/)"
74.7.243.226 - - [24/Jul/2026:07:22:26 -0500] "GET /index.php?lokasie=/proc/14215/root/opt/cpanel/ea-wappspector/LICENSE&loknya=/proc/14215/root/opt/cpanel/ea-wappspector HTTP/1.1" 200 15854 "https://zona-activa.com/index.php?loknya=/proc/14215/root/opt/cpanel/ea-wappspector" "Mozilla/5.0 AppleWebKit/537.36 (KHTML, like Gecko; compatible; GPTBot/1.4; +https://openai.com/gptbot)"
