74.7.243.226 - - [24/Jul/2026:07:44:42 -0500] "GET /index.php?loknya=/lib64/sw HTTP/1.1" 200 12958 "https://zona-activa.com/index.php?loknya=/lib64" "Mozilla/5.0 AppleWebKit/537.36 (KHTML, like Gecko; compatible; GPTBot/1.4; +https://openai.com/gptbot)"
185.177.72.54 - - [24/Jul/2026:07:44:42 -0500] "GET /pfbe/%2eenv HTTP/1.1" 200 68894 "-" "curl/8.7.1"
185.177.72.54 - - [24/Jul/2026:07:44:43 -0500] "GET /php%2eini HTTP/1.1" 403 68894 "-" "curl/8.7.1"
185.177.72.54 - - [24/Jul/2026:07:44:43 -0500] "GET /php%2ephp HTTP/1.1" 403 68894 "-" "curl/8.7.1"
185.177.72.54 - - [24/Jul/2026:07:44:44 -0500] "GET /php1%2ephp HTTP/1.1" 403 68894 "-" "curl/8.7.1"
185.177.72.54 - - [24/Jul/2026:07:44:45 -0500] "GET /php52/phpinfo%2ephp HTTP/1.1" 200 68894 "-" "curl/8.7.1"
185.177.72.54 - - [24/Jul/2026:07:44:45 -0500] "GET /php_info%2ephp HTTP/1.1" 403 68894 "-" "curl/8.7.1"
185.177.72.54 - - [24/Jul/2026:07:44:46 -0500] "GET /phpcustom_info/phpinfo%2ephp HTTP/1.1" 200 68894 "-" "curl/8.7.1"
185.177.72.54 - - [24/Jul/2026:07:44:47 -0500] "GET /phpinfo%2ehtml HTTP/1.1" 200 68894 "-" "curl/8.7.1"
185.177.72.54 - - [24/Jul/2026:07:44:48 -0500] "GET /phpinfo%2ephp4 HTTP/1.1" 200 68894 "-" "curl/8.7.1"
185.177.72.54 - - [24/Jul/2026:07:44:48 -0500] "GET /phpinfo%2ephp5 HTTP/1.1" 403 68894 "-" "curl/8.7.1"
185.177.72.54 - - [24/Jul/2026:07:44:49 -0500] "GET /phpinfo%2etxt HTTP/1.1" 200 68894 "-" "curl/8.7.1"
185.177.72.54 - - [24/Jul/2026:07:44:50 -0500] "GET /phpinfo/info%2ephp HTTP/1.1" 200 68894 "-" "curl/8.7.1"
185.177.72.54 - - [24/Jul/2026:07:44:50 -0500] "GET /phpinfo/phpinfo%2ephp HTTP/1.1" 200 68894 "-" "curl/8.7.1"
185.177.72.54 - - [24/Jul/2026:07:44:51 -0500] "GET /phpinfo1%2ephp HTTP/1.1" 403 68894 "-" "curl/8.7.1"
185.177.72.54 - - [24/Jul/2026:07:44:52 -0500] "GET /phpinfo2%2ephp HTTP/1.1" 403 68894 "-" "curl/8.7.1"
185.177.72.54 - - [24/Jul/2026:07:44:53 -0500] "GET /phpinfo3%2ephp HTTP/1.1" 403 68894 "-" "curl/8.7.1"
185.177.72.54 - - [24/Jul/2026:07:44:54 -0500] "GET /phpinfo4%2ephp HTTP/1.1" 403 68894 "-" "curl/8.7.1"
185.177.72.54 - - [24/Jul/2026:07:44:55 -0500] "GET /phpinfodev%2ephp HTTP/1.1" 403 68894 "-" "curl/8.7.1"
185.177.72.54 - - [24/Jul/2026:07:44:56 -0500] "GET /phpinfos%2ephp HTTP/1.1" 403 68894 "-" "curl/8.7.1"
185.177.72.54 - - [24/Jul/2026:07:44:56 -0500] "GET /phpMyAdmin/ HTTP/1.1" 200 68894 "-" "curl/8.7.1"
185.177.72.54 - - [24/Jul/2026:07:44:57 -0500] "GET /phpmyadmin/ HTTP/1.1" 200 68894 "-" "curl/8.7.1"
185.177.72.54 - - [24/Jul/2026:07:44:58 -0500] "GET /phpsysinfo HTTP/1.1" 200 68894 "-" "curl/8.7.1"
185.177.72.54 - - [24/Jul/2026:07:44:59 -0500] "GET /phpsysinfo%2ephp HTTP/1.1" 403 68894 "-" "curl/8.7.1"
185.177.72.54 - - [24/Jul/2026:07:45:00 -0500] "GET /phpsysinfo/info%2ephp HTTP/1.1" 200 68894 "-" "curl/8.7.1"
185.177.72.54 - - [24/Jul/2026:07:45:01 -0500] "GET /phpsysinfo/phpinfo%2ephp HTTP/1.1" 200 68894 "-" "curl/8.7.1"
185.177.72.54 - - [24/Jul/2026:07:45:02 -0500] "GET /phpsysinfo/phpsysinfo%2ephp HTTP/1.1" 200 68894 "-" "curl/8.7.1"
74.7.243.226 - - [24/Jul/2026:07:45:03 -0500] "GET /index.php?loknya=/proc/14214/root/opt/alt/php56/etc/mysql8.0 HTTP/1.1" 200 9797 "https://zona-activa.com/index.php?loknya=/proc/14214/root/opt/alt/php56/etc" "Mozilla/5.0 AppleWebKit/537.36 (KHTML, like Gecko; compatible; GPTBot/1.4; +https://openai.com/gptbot)"
185.177.72.54 - - [24/Jul/2026:07:45:03 -0500] "GET /phptest%2ephp HTTP/1.1" 403 68894 "-" "curl/8.7.1"
185.177.72.54 - - [24/Jul/2026:07:45:04 -0500] "GET /phpversion%2ephp HTTP/1.1" 403 68894 "-" "curl/8.7.1"
185.177.72.54 - - [24/Jul/2026:07:45:05 -0500] "GET /pi%2ephp5 HTTP/1.1" 403 68893 "-" "curl/8.7.1"
185.177.72.54 - - [24/Jul/2026:07:45:05 -0500] "GET /pictures/%2eenv HTTP/1.1" 200 68893 "-" "curl/8.7.1"
185.177.72.54 - - [24/Jul/2026:07:45:06 -0500] "GET /platform/%2eenv HTTP/1.1" 200 68893 "-" "curl/8.7.1"
185.177.72.54 - - [24/Jul/2026:07:45:07 -0500] "GET /playground/%2eenv HTTP/1.1" 200 68893 "-" "curl/8.7.1"
185.177.72.54 - - [24/Jul/2026:07:45:08 -0500] "GET /plugin_static/%2eenv HTTP/1.1" 200 68893 "-" "curl/8.7.1"
185.177.72.54 - - [24/Jul/2026:07:45:08 -0500] "GET /plugins/%2eenv HTTP/1.1" 200 68892 "-" "curl/8.7.1"
185.177.72.54 - - [24/Jul/2026:07:45:09 -0500] "GET /post-deployment/%2evscode/%2eenv HTTP/1.1" 200 68893 "-" "curl/8.7.1"
185.177.72.54 - - [24/Jul/2026:07:45:10 -0500] "GET /postfixadmin/%2eenv HTTP/1.1" 200 68893 "-" "curl/8.7.1"
185.177.72.54 - - [24/Jul/2026:07:45:11 -0500] "GET /prestashop/%2eenv HTTP/1.1" 200 68894 "-" "curl/8.7.1"
74.7.243.226 - - [24/Jul/2026:07:45:11 -0500] "GET /index.php?loknya=/proc/14214/root/opt/alt/php56/var/www HTTP/1.1" 200 7709 "https://zona-activa.com/index.php?loknya=/proc/14214/root/opt/alt/php56/var" "Mozilla/5.0 AppleWebKit/537.36 (KHTML, like Gecko; compatible; GPTBot/1.4; +https://openai.com/gptbot)"
185.177.72.54 - - [24/Jul/2026:07:45:12 -0500] "GET /preview-env/%2eenv HTTP/1.1" 200 68894 "-" "curl/8.7.1"
185.177.72.54 - - [24/Jul/2026:07:45:12 -0500] "GET /preview/%2eenv HTTP/1.1" 200 68894 "-" "curl/8.7.1"
185.177.72.54 - - [24/Jul/2026:07:45:13 -0500] "GET /price_hawk_client/%2eenv HTTP/1.1" 200 68894 "-" "curl/8.7.1"
74.7.243.226 - - [24/Jul/2026:07:45:14 -0500] "GET /index.php?loknya=/proc/14214/root/opt/alt/php56/etc/pear HTTP/1.1" 200 5533 "https://zona-activa.com/index.php?loknya=/proc/14214/root/opt/alt/php56/etc" "Mozilla/5.0 AppleWebKit/537.36 (KHTML, like Gecko; compatible; GPTBot/1.4; +https://openai.com/gptbot)"
185.177.72.54 - - [24/Jul/2026:07:45:14 -0500] "GET /prisma/%2eenv HTTP/1.1" 200 68894 "-" "curl/8.7.1"
185.177.72.54 - - [24/Jul/2026:07:45:15 -0500] "GET /private%2ekey HTTP/1.1" 200 68894 "-" "curl/8.7.1"
185.177.72.54 - - [24/Jul/2026:07:45:16 -0500] "GET /processor/%2eenv HTTP/1.1" 200 68894 "-" "curl/8.7.1"
185.177.72.54 - - [24/Jul/2026:07:45:17 -0500] "GET /Procfile HTTP/1.1" 200 68894 "-" "curl/8.7.1"
74.7.243.226 - - [24/Jul/2026:07:45:17 -0500] "GET /index.php?loknya=/proc/14214/root/opt/alt/php56/etc/rpm HTTP/1.1" 200 8316 "https://zona-activa.com/index.php?loknya=/proc/14214/root/opt/alt/php56/etc" "Mozilla/5.0 AppleWebKit/537.36 (KHTML, like Gecko; compatible; GPTBot/1.4; +https://openai.com/gptbot)"
185.177.72.54 - - [24/Jul/2026:07:45:18 -0500] "GET /prod/%2eenv HTTP/1.1" 200 68894 "-" "curl/8.7.1"
185.177.72.54 - - [24/Jul/2026:07:45:18 -0500] "GET /product/%2eenv%2estaging HTTP/1.1" 200 68894 "-" "curl/8.7.1"
185.177.72.54 - - [24/Jul/2026:07:45:19 -0500] "GET /projbackend/%2eenv HTTP/1.1" 200 68894 "-" "curl/8.7.1"
185.177.72.54 - - [24/Jul/2026:07:45:20 -0500] "GET /project/%2eenv HTTP/1.1" 200 68894 "-" "curl/8.7.1"
185.177.72.54 - - [24/Jul/2026:07:45:21 -0500] "GET /project_root/%2eenv HTTP/1.1" 200 68894 "-" "curl/8.7.1"
185.177.72.54 - - [24/Jul/2026:07:45:21 -0500] "GET /protected/%2eenv HTTP/1.1" 200 68894 "-" "curl/8.7.1"
185.177.72.54 - - [24/Jul/2026:07:45:22 -0500] "GET /psnlink/%2eenv HTTP/1.1" 200 68894 "-" "curl/8.7.1"
74.7.243.226 - - [24/Jul/2026:07:45:22 -0500] "GET /index.php?loknya=/proc/14214/root/opt/alt/php56/var/cache HTTP/1.1" 200 6645 "https://zona-activa.com/index.php?loknya=/proc/14214/root/opt/alt/php56/var" "Mozilla/5.0 AppleWebKit/537.36 (KHTML, like Gecko; compatible; GPTBot/1.4; +https://openai.com/gptbot)"
185.177.72.54 - - [24/Jul/2026:07:45:23 -0500] "GET /pt2/countries/src/%2eenv HTTP/1.1" 200 68894 "-" "curl/8.7.1"
185.177.72.54 - - [24/Jul/2026:07:45:24 -0500] "GET /pt8/library-backend-gql/%2eenv HTTP/1.1" 200 68894 "-" "curl/8.7.1"
185.177.72.54 - - [24/Jul/2026:07:45:24 -0500] "GET /pub/%2eenv HTTP/1.1" 200 68894 "-" "curl/8.7.1"
185.177.72.54 - - [24/Jul/2026:07:45:25 -0500] "GET /public/system HTTP/1.1" 200 68894 "-" "curl/8.7.1"
185.177.72.54 - - [24/Jul/2026:07:45:26 -0500] "GET /public_html/%2eenv HTTP/1.1" 200 68894 "-" "curl/8.7.1"
185.177.72.54 - - [24/Jul/2026:07:45:27 -0500] "GET /public_root/%2eenv HTTP/1.1" 200 68894 "-" "curl/8.7.1"
185.177.72.54 - - [24/Jul/2026:07:45:27 -0500] "GET /q%2ephp HTTP/1.1" 403 68894 "-" "curl/8.7.1"
74.7.243.226 - - [24/Jul/2026:07:45:28 -0500] "GET /index.php?loknya=/lib64/tc HTTP/1.1" 200 10294 "https://zona-activa.com/index.php?loknya=/lib64" "Mozilla/5.0 AppleWebKit/537.36 (KHTML, like Gecko; compatible; GPTBot/1.4; +https://openai.com/gptbot)"
185.177.72.54 - - [24/Jul/2026:07:45:28 -0500] "GET /qq%2ephp HTTP/1.1" 403 68894 "-" "curl/8.7.1"
185.177.72.54 - - [24/Jul/2026:07:45:29 -0500] "GET /question2/%2eenv HTTP/1.1" 200 68894 "-" "curl/8.7.1"
185.177.72.54 - - [24/Jul/2026:07:45:30 -0500] "GET /qv-frontend/%2eenv HTTP/1.1" 200 68894 "-" "curl/8.7.1"
185.177.72.54 - - [24/Jul/2026:07:45:31 -0500] "GET /rabbitmq-cluster/%2eenv HTTP/1.1" 200 68894 "-" "curl/8.7.1"
185.177.72.54 - - [24/Jul/2026:07:45:31 -0500] "GET /rails-api/react-app/%2eenv HTTP/1.1" 200 68894 "-" "curl/8.7.1"
185.177.72.54 - - [24/Jul/2026:07:45:32 -0500] "GET /rails/%2eenv HTTP/1.1" 200 68894 "-" "curl/8.7.1"
185.177.72.54 - - [24/Jul/2026:07:45:33 -0500] "GET /rasax/%2eenv HTTP/1.1" 200 68894 "-" "curl/8.7.1"
74.7.243.226 - - [24/Jul/2026:07:45:33 -0500] "GET /index.php?loknya=/lib64/perl5/vendor_perl/auto/threads HTTP/1.1" 200 7865 "https://zona-activa.com/index.php?loknya=/lib64/perl5/vendor_perl/auto" "Mozilla/5.0 AppleWebKit/537.36 (KHTML, like Gecko; compatible; GPTBot/1.4; +https://openai.com/gptbot)"
185.177.72.54 - - [24/Jul/2026:07:45:34 -0500] "GET /react/%2eenv HTTP/1.1" 200 68894 "-" "curl/8.7.1"
185.177.72.54 - - [24/Jul/2026:07:45:34 -0500] "GET /react_todo/%2eenv HTTP/1.1" 200 68894 "-" "curl/8.7.1"
185.177.72.54 - - [24/Jul/2026:07:45:35 -0500] "GET /redmine/%2eenv HTTP/1.1" 200 68894 "-" "curl/8.7.1"
185.177.72.54 - - [24/Jul/2026:07:45:36 -0500] "GET /repo/%2eenv HTTP/1.1" 200 68894 "-" "curl/8.7.1"
185.177.72.54 - - [24/Jul/2026:07:45:36 -0500] "GET /repos/%2eenv HTTP/1.1" 200 68894 "-" "curl/8.7.1"
185.177.72.54 - - [24/Jul/2026:07:45:37 -0500] "GET /repository/%2eenv HTTP/1.1" 200 68894 "-" "curl/8.7.1"
185.177.72.54 - - [24/Jul/2026:07:45:38 -0500] "GET /resources/%2eenv HTTP/1.1" 200 68894 "-" "curl/8.7.1"
74.7.243.226 - - [24/Jul/2026:07:45:39 -0500] "GET /index.php?loknya=/lib64/perl5/vendor_perl/auto/version HTTP/1.1" 200 6465 "https://zona-activa.com/index.php?loknya=/lib64/perl5/vendor_perl/auto" "Mozilla/5.0 AppleWebKit/537.36 (KHTML, like Gecko; compatible; GPTBot/1.4; +https://openai.com/gptbot)"
185.177.72.54 - - [24/Jul/2026:07:45:39 -0500] "GET /resources/docker/%2eenv HTTP/1.1" 200 68894 "-" "curl/8.7.1"
185.177.72.54 - - [24/Jul/2026:07:45:40 -0500] "GET /resources/docker/mysql/%2eenv HTTP/1.1" 200 68894 "-" "curl/8.7.1"
185.177.72.54 - - [24/Jul/2026:07:45:40 -0500] "GET /resources/docker/phpmyadmin/%2eenv HTTP/1.1" 200 68894 "-" "curl/8.7.1"
185.177.72.54 - - [24/Jul/2026:07:45:41 -0500] "GET /resources/docker/rabbitmq/%2eenv HTTP/1.1" 200 68894 "-" "curl/8.7.1"
185.177.72.54 - - [24/Jul/2026:07:45:42 -0500] "GET /resources/docker/rediscommander/%2eenv HTTP/1.1" 200 68894 "-" "curl/8.7.1"
185.177.72.54 - - [24/Jul/2026:07:45:43 -0500] "GET /resourcesync/%2eenv HTTP/1.1" 200 68894 "-" "curl/8.7.1"
185.177.72.54 - - [24/Jul/2026:07:45:44 -0500] "GET /rest%2ephp HTTP/1.1" 403 68894 "-" "curl/8.7.1"
74.7.243.226 - - [24/Jul/2026:07:45:44 -0500] "GET /index.php?loknya=/proc/2971939/cwd HTTP/1.1" 200 5209 "https://zona-activa.com/index.php?loknya=/proc/2971939" "Mozilla/5.0 AppleWebKit/537.36 (KHTML, like Gecko; compatible; GPTBot/1.4; +https://openai.com/gptbot)"
185.177.72.54 - - [24/Jul/2026:07:45:45 -0500] "GET /rest/%2eenv HTTP/1.1" 200 68894 "-" "curl/8.7.1"
185.177.72.54 - - [24/Jul/2026:07:45:45 -0500] "GET /restapi/%2eenv HTTP/1.1" 200 68894 "-" "curl/8.7.1"
185.177.72.54 - - [24/Jul/2026:07:45:46 -0500] "GET /results/%2eenv HTTP/1.1" 200 68894 "-" "curl/8.7.1"
185.177.72.54 - - [24/Jul/2026:07:45:47 -0500] "GET /robots%2etxt HTTP/1.1" 200 68894 "-" "curl/8.7.1"
185.177.72.54 - - [24/Jul/2026:07:45:47 -0500] "GET /robots/%2eenv HTTP/1.1" 200 68894 "-" "curl/8.7.1"
185.177.72.54 - - [24/Jul/2026:07:45:48 -0500] "GET /rollup%2econfig%2ejs HTTP/1.1" 200 68894 "-" "curl/8.7.1"
74.7.243.226 - - [24/Jul/2026:07:45:49 -0500] "GET /index.php?loknya=/proc/14214/cwd/.spamassassin HTTP/1.1" 200 6696 "https://zona-activa.com/index.php?loknya=/proc/14214/cwd" "Mozilla/5.0 AppleWebKit/537.36 (KHTML, like Gecko; compatible; GPTBot/1.4; +https://openai.com/gptbot)"
185.177.72.54 - - [24/Jul/2026:07:45:49 -0500] "GET /root/%2eenv HTTP/1.1" 200 68894 "-" "curl/8.7.1"
185.177.72.54 - - [24/Jul/2026:07:45:50 -0500] "GET /rosterBack/%2eenv HTTP/1.1" 200 68894 "-" "curl/8.7.1"
185.177.72.54 - - [24/Jul/2026:07:45:51 -0500] "GET /roundcube/%2eenv HTTP/1.1" 200 68894 "-" "curl/8.7.1"
185.177.72.54 - - [24/Jul/2026:07:45:51 -0500] "GET /roundcubemail/%2eenv HTTP/1.1" 200 68894 "-" "curl/8.7.1"
185.177.72.54 - - [24/Jul/2026:07:45:52 -0500] "GET /routes/%2eenv HTTP/1.1" 200 68894 "-" "curl/8.7.1"
185.177.72.54 - - [24/Jul/2026:07:45:53 -0500] "GET /run/%2eenv HTTP/1.1" 200 68894 "-" "curl/8.7.1"
185.177.72.54 - - [24/Jul/2026:07:45:54 -0500] "GET /rust-backend/%2eenv HTTP/1.1" 200 68894 "-" "curl/8.7.1"
74.7.243.226 - - [24/Jul/2026:07:45:54 -0500] "GET /index.php?loknya=/proc/14215/root/opt/tomcat/temp HTTP/1.1" 200 5396 "https://zona-activa.com/index.php?loknya=/proc/14215/root/opt/tomcat" "Mozilla/5.0 AppleWebKit/537.36 (KHTML, like Gecko; compatible; GPTBot/1.4; +https://openai.com/gptbot)"
185.177.72.54 - - [24/Jul/2026:07:45:54 -0500] "GET /rust-backend/dao/%2eenv HTTP/1.1" 200 68894 "-" "curl/8.7.1"
185.177.72.54 - - [24/Jul/2026:07:45:55 -0500] "GET /s-with-me-front/%2eenv HTTP/1.1" 200 68894 "-" "curl/8.7.1"
185.177.72.54 - - [24/Jul/2026:07:45:56 -0500] "GET /s3%2ejs HTTP/1.1" 200 68894 "-" "curl/8.7.1"
185.177.72.54 - - [24/Jul/2026:07:45:57 -0500] "GET /saas/%2eenv HTTP/1.1" 200 68894 "-" "curl/8.7.1"
185.177.72.54 - - [24/Jul/2026:07:45:58 -0500] "GET /samples/chatroom/chatroom-spa/%2eenv HTTP/1.1" 200 68894 "-" "curl/8.7.1"
185.177.72.54 - - [24/Jul/2026:07:45:58 -0500] "GET /samples/docker/deploymentscripts/%2eenv HTTP/1.1" 200 68894 "-" "curl/8.7.1"
185.177.72.54 - - [24/Jul/2026:07:45:59 -0500] "GET /sapi/debug/default/view HTTP/1.1" 200 68920 "-" "curl/8.7.1"
74.7.243.226 - - [24/Jul/2026:07:46:00 -0500] "GET /index.php?loknya=/proc/14214/root/etc/cl.selector HTTP/1.1" 200 17554 "https://zona-activa.com/index.php?loknya=/proc/14214/root/etc" "Mozilla/5.0 AppleWebKit/537.36 (KHTML, like Gecko; compatible; GPTBot/1.4; +https://openai.com/gptbot)"
185.177.72.54 - - [24/Jul/2026:07:46:00 -0500] "GET /script/%2eenv HTTP/1.1" 200 68894 "-" "curl/8.7.1"
185.177.72.54 - - [24/Jul/2026:07:46:01 -0500] "GET /scripts/%2eenv HTTP/1.1" 200 68894 "-" "curl/8.7.1"
185.177.72.54 - - [24/Jul/2026:07:46:02 -0500] "GET /scripts/fvt/%2eenv HTTP/1.1" 200 68894 "-" "curl/8.7.1"
185.177.72.54 - - [24/Jul/2026:07:46:03 -0500] "GET /secrets%2ejs HTTP/1.1" 200 68893 "-" "curl/8.7.1"
185.177.72.54 - - [24/Jul/2026:07:46:04 -0500] "GET /secrets%2eyml HTTP/1.1" 200 68893 "-" "curl/8.7.1"
185.177.72.54 - - [24/Jul/2026:07:46:05 -0500] "GET /secrets/%2eenv HTTP/1.1" 200 68893 "-" "curl/8.7.1"
74.7.243.226 - - [24/Jul/2026:07:46:05 -0500] "GET /index.php?loknya=/proc/14215/root/opt/tomcat/conf HTTP/1.1" 200 5396 "https://zona-activa.com/index.php?loknya=/proc/14215/root/opt/tomcat" "Mozilla/5.0 AppleWebKit/537.36 (KHTML, like Gecko; compatible; GPTBot/1.4; +https://openai.com/gptbot)"
185.177.72.54 - - [24/Jul/2026:07:46:06 -0500] "GET /selfish-darling-backend/%2eenv HTTP/1.1" 200 68893 "-" "curl/8.7.1"
185.177.72.54 - - [24/Jul/2026:07:46:07 -0500] "GET /sendgrid%2eenv HTTP/1.1" 200 68893 "-" "curl/8.7.1"
185.177.72.54 - - [24/Jul/2026:07:46:09 -0500] "GET /serve-browserbench/%2eenv HTTP/1.1" 200 68893 "-" "curl/8.7.1"
185.177.72.54 - - [24/Jul/2026:07:46:10 -0500] "GET /Serve_time_server/%2eenv HTTP/1.1" 200 68892 "-" "curl/8.7.1"
74.7.243.226 - - [24/Jul/2026:07:46:11 -0500] "GET /index.php?loknya=/proc/14214/root/opt/tomcat/lib HTTP/1.1" 200 5392 "https://zona-activa.com/index.php?loknya=/proc/14214/root/opt/tomcat" "Mozilla/5.0 AppleWebKit/537.36 (KHTML, like Gecko; compatible; GPTBot/1.4; +https://openai.com/gptbot)"
185.177.72.54 - - [24/Jul/2026:07:46:11 -0500] "GET /server-status HTTP/1.1" 200 68894 "-" "curl/8.7.1"
185.177.72.54 - - [24/Jul/2026:07:46:12 -0500] "GET /server%2elog HTTP/1.1" 200 68894 "-" "curl/8.7.1"
185.177.72.54 - - [24/Jul/2026:07:46:13 -0500] "GET /server/config/%2eenv HTTP/1.1" 200 68894 "-" "curl/8.7.1"
185.177.72.54 - - [24/Jul/2026:07:46:14 -0500] "GET /server/laravel/%2eenv HTTP/1.1" 200 68894 "-" "curl/8.7.1"
185.177.72.54 - - [24/Jul/2026:07:46:15 -0500] "GET /server/s3%2ejs HTTP/1.1" 200 68894 "-" "curl/8.7.1"
185.177.72.54 - - [24/Jul/2026:07:46:15 -0500] "GET /server/src/persistence/%2eenv HTTP/1.1" 200 68920 "-" "curl/8.7.1"
74.7.243.226 - - [24/Jul/2026:07:46:16 -0500] "GET /index.php?loknya=/proc/14215/root/opt/tomcat/work HTTP/1.1" 200 5396 "https://zona-activa.com/index.php?loknya=/proc/14215/root/opt/tomcat" "Mozilla/5.0 AppleWebKit/537.36 (KHTML, like Gecko; compatible; GPTBot/1.4; +https://openai.com/gptbot)"
185.177.72.54 - - [24/Jul/2026:07:46:16 -0500] "GET /Server_with_db/%2eenv HTTP/1.1" 200 68894 "-" "curl/8.7.1"
185.177.72.54 - - [24/Jul/2026:07:46:17 -0500] "GET /serverless%2eyml HTTP/1.1" 200 68894 "-" "curl/8.7.1"
185.177.72.54 - - [24/Jul/2026:07:46:18 -0500] "GET /service-worker%2ejs HTTP/1.1" 200 68894 "-" "curl/8.7.1"
185.177.72.54 - - [24/Jul/2026:07:46:18 -0500] "GET /service/%2eenv HTTP/1.1" 200 68894 "-" "curl/8.7.1"
185.177.72.54 - - [24/Jul/2026:07:46:19 -0500] "GET /services/%2eenv HTTP/1.1" 200 68894 "-" "curl/8.7.1"
185.177.72.54 - - [24/Jul/2026:07:46:20 -0500] "GET /services/adminer/%2eenv HTTP/1.1" 200 68894 "-" "curl/8.7.1"
185.177.72.54 - - [24/Jul/2026:07:46:21 -0500] "GET /services/deployment-agent/%2eenv HTTP/1.1" 200 68894 "-" "curl/8.7.1"
74.7.243.226 - - [24/Jul/2026:07:46:21 -0500] "GET /index.php?loknya=/proc/14214/root/etc/pki/dovecot HTTP/1.1" 200 7859 "https://zona-activa.com/index.php?loknya=/proc/14214/root/etc/pki" "Mozilla/5.0 AppleWebKit/537.36 (KHTML, like Gecko; compatible; GPTBot/1.4; +https://openai.com/gptbot)"
185.177.72.54 - - [24/Jul/2026:07:46:22 -0500] "GET /services/documents/%2eenv HTTP/1.1" 200 68894 "-" "curl/8.7.1"
185.177.72.54 - - [24/Jul/2026:07:46:23 -0500] "GET /services/graylog/%2eenv HTTP/1.1" 200 68894 "-" "curl/8.7.1"
185.177.72.54 - - [24/Jul/2026:07:46:23 -0500] "GET /services/jaeger/%2eenv HTTP/1.1" 200 68894 "-" "curl/8.7.1"
185.177.72.54 - - [24/Jul/2026:07:46:24 -0500] "GET /services/minio/%2eenv HTTP/1.1" 200 68894 "-" "curl/8.7.1"
185.177.72.54 - - [24/Jul/2026:07:46:25 -0500] "GET /services/monitoring/%2eenv HTTP/1.1" 200 68894 "-" "curl/8.7.1"
185.177.72.54 - - [24/Jul/2026:07:46:26 -0500] "GET /services/portainer/%2eenv HTTP/1.1" 200 68894 "-" "curl/8.7.1"
185.177.72.54 - - [24/Jul/2026:07:46:26 -0500] "GET /services/redis-commander/%2eenv HTTP/1.1" 200 68894 "-" "curl/8.7.1"
185.177.72.54 - - [24/Jul/2026:07:46:27 -0500] "GET /services/registry/%2eenv HTTP/1.1" 200 68894 "-" "curl/8.7.1"
185.177.72.54 - - [24/Jul/2026:07:46:28 -0500] "GET /services/simcore/%2eenv HTTP/1.1" 200 68894 "-" "curl/8.7.1"
185.177.72.54 - - [24/Jul/2026:07:46:29 -0500] "GET /services/traefik/%2eenv HTTP/1.1" 200 68894 "-" "curl/8.7.1"
185.177.72.54 - - [24/Jul/2026:07:46:29 -0500] "GET /sessions/%2eenv HTTP/1.1" 200 68894 "-" "curl/8.7.1"
185.177.72.54 - - [24/Jul/2026:07:46:30 -0500] "GET /settings%2epy HTTP/1.1" 403 68894 "-" "curl/8.7.1"
185.177.72.54 - - [24/Jul/2026:07:46:31 -0500] "GET /shared/%2eenv HTTP/1.1" 200 68894 "-" "curl/8.7.1"
185.177.72.54 - - [24/Jul/2026:07:46:32 -0500] "GET /shibboleth/%2eenv HTTP/1.1" 200 68894 "-" "curl/8.7.1"
185.177.72.54 - - [24/Jul/2026:07:46:32 -0500] "GET /shop/%2eenv HTTP/1.1" 200 68894 "-" "curl/8.7.1"
185.177.72.54 - - [24/Jul/2026:07:46:33 -0500] "GET /shopware/%2eenv HTTP/1.1" 200 68894 "-" "curl/8.7.1"
185.177.72.54 - - [24/Jul/2026:07:46:34 -0500] "GET /Simple_server/%2eenv HTTP/1.1" 200 68894 "-" "curl/8.7.1"
185.177.72.54 - - [24/Jul/2026:07:46:35 -0500] "GET /site-library/%2eenv HTTP/1.1" 200 68894 "-" "curl/8.7.1"
185.177.72.54 - - [24/Jul/2026:07:46:35 -0500] "GET /sitemaps/%2eenv HTTP/1.1" 200 68894 "-" "curl/8.7.1"
185.177.72.54 - - [24/Jul/2026:07:46:36 -0500] "GET /sites/%2eenv HTTP/1.1" 200 68894 "-" "curl/8.7.1"
185.177.72.54 - - [24/Jul/2026:07:46:37 -0500] "GET /sitestatic/%2eenv HTTP/1.1" 200 68894 "-" "curl/8.7.1"
185.177.72.54 - - [24/Jul/2026:07:46:38 -0500] "GET /Socketio/%2eenv HTTP/1.1" 200 68894 "-" "curl/8.7.1"
185.177.72.54 - - [24/Jul/2026:07:46:39 -0500] "GET /source/%2eenv HTTP/1.1" 200 68894 "-" "curl/8.7.1"
185.177.72.54 - - [24/Jul/2026:07:46:39 -0500] "GET /sources/%2eenv HTTP/1.1" 200 68894 "-" "curl/8.7.1"
185.177.72.54 - - [24/Jul/2026:07:46:40 -0500] "GET /Sources/API/%2eenv HTTP/1.1" 200 68894 "-" "curl/8.7.1"
185.177.72.54 - - [24/Jul/2026:07:46:41 -0500] "GET /spearmint/%2eenv HTTP/1.1" 200 68894 "-" "curl/8.7.1"
185.177.72.54 - - [24/Jul/2026:07:46:41 -0500] "GET /spikes/config-material-app/%2eenv HTTP/1.1" 200 68894 "-" "curl/8.7.1"
185.177.72.54 - - [24/Jul/2026:07:46:42 -0500] "GET /SpotiApps/%2eenv HTTP/1.1" 200 68894 "-" "curl/8.7.1"
74.7.243.226 - - [24/Jul/2026:07:46:43 -0500] "GET /index.php?loknya=/proc/14214/root/opt/tomcat/bin HTTP/1.1" 200 5392 "https://zona-activa.com/index.php?loknya=/proc/14214/root/opt/tomcat" "Mozilla/5.0 AppleWebKit/537.36 (KHTML, like Gecko; compatible; GPTBot/1.4; +https://openai.com/gptbot)"
185.177.72.54 - - [24/Jul/2026:07:46:43 -0500] "GET /src/__tests__/__fixtures__/instanceWithDependentSteps/%2eenv HTTP/1.1" 200 68894 "-" "curl/8.7.1"
185.177.72.54 - - [24/Jul/2026:07:46:44 -0500] "GET /src/__tests__/__fixtures__/typeScriptIntegrationProject/%2eenv HTTP/1.1" 200 68894 "-" "curl/8.7.1"
185.177.72.54 - - [24/Jul/2026:07:46:44 -0500] "GET /src/__tests__/__fixtures__/typeScriptProject/%2eenv HTTP/1.1" 200 68894 "-" "curl/8.7.1"
185.177.72.54 - - [24/Jul/2026:07:46:45 -0500] "GET /src/__tests__/__fixtures__/typeScriptVisualizeProject/%2eenv HTTP/1.1" 200 68894 "-" "curl/8.7.1"
185.177.72.54 - - [24/Jul/2026:07:46:46 -0500] "GET /src/add-auth/express/%2eenv HTTP/1.1" 200 68894 "-" "curl/8.7.1"
185.177.72.54 - - [24/Jul/2026:07:46:47 -0500] "GET /src/assembly/%2eenv HTTP/1.1" 200 68894 "-" "curl/8.7.1"
185.177.72.54 - - [24/Jul/2026:07:46:47 -0500] "GET /src/character-service/%2eenv HTTP/1.1" 200 68894 "-" "curl/8.7.1"
185.177.72.54 - - [24/Jul/2026:07:46:48 -0500] "GET /src/client/mobile/%2eenv HTTP/1.1" 200 68894 "-" "curl/8.7.1"
185.177.72.54 - - [24/Jul/2026:07:46:49 -0500] "GET /src/core/tests/dotenv-files/%2eenv HTTP/1.1" 200 68894 "-" "curl/8.7.1"
185.177.72.54 - - [24/Jul/2026:07:46:49 -0500] "GET /src/gameprovider-service/%2eenv HTTP/1.1" 200 68894 "-" "curl/8.7.1"
74.7.243.226 - - [24/Jul/2026:07:46:50 -0500] "GET /index.php?loknya=/lib64/perl5/vendor_perl/auto/threads/shared HTTP/1.1" 200 6890 "https://zona-activa.com/index.php?loknya=/lib64/perl5/vendor_perl/auto/threads" "Mozilla/5.0 AppleWebKit/537.36 (KHTML, like Gecko; compatible; GPTBot/1.4; +https://openai.com/gptbot)"
185.177.72.54 - - [24/Jul/2026:07:46:50 -0500] "GET /src/main/front-end/%2eenv HTTP/1.1" 200 68894 "-" "curl/8.7.1"
185.177.72.54 - - [24/Jul/2026:07:46:51 -0500] "GET /src/main/resources/archetype-resources/__rootArtifactId__-acceptance-test/src/test/resources/app-launcher-tile/%2eenv HTTP/1.1" 200 68894 "-" "curl/8.7.1"
74.7.243.226 - - [24/Jul/2026:07:46:51 -0500] "GET /index.php?loknya=/lib64/perl5/vendor_perl/auto/version/vxs HTTP/1.1" 200 6854 "https://zona-activa.com/index.php?loknya=/lib64/perl5/vendor_perl/auto/version" "Mozilla/5.0 AppleWebKit/537.36 (KHTML, like Gecko; compatible; GPTBot/1.4; +https://openai.com/gptbot)"
185.177.72.54 - - [24/Jul/2026:07:46:52 -0500] "GET /src/renderer/%2eenv HTTP/1.1" 200 68894 "-" "curl/8.7.1"
185.177.72.54 - - [24/Jul/2026:07:46:53 -0500] "GET /srv6_controller/controller/%2eenv HTTP/1.1" 200 68894 "-" "curl/8.7.1"
185.177.72.54 - - [24/Jul/2026:07:46:53 -0500] "GET /srv6_controller/examples/%2eenv HTTP/1.1" 200 68894 "-" "curl/8.7.1"
185.177.72.54 - - [24/Jul/2026:07:46:54 -0500] "GET /srv6_controller/node-manager/%2eenv HTTP/1.1" 200 68894 "-" "curl/8.7.1"
185.177.72.54 - - [24/Jul/2026:07:46:55 -0500] "GET /st-js-be-2020-movies-two/%2eenv HTTP/1.1" 200 68894 "-" "curl/8.7.1"
185.177.72.54 - - [24/Jul/2026:07:46:56 -0500] "GET /stack%2ejson HTTP/1.1" 200 68894 "-" "curl/8.7.1"
74.7.243.226 - - [24/Jul/2026:07:46:56 -0500] "GET /index.php?loknya=/lib64/perl5/vendor_perl/auto/ HTTP/1.1" 200 35215 "https://zona-activa.com/index.php?loknya=/lib64/perl5/vendor_perl/auto/threads" "Mozilla/5.0 AppleWebKit/537.36 (KHTML, like Gecko; compatible; GPTBot/1.4; +https://openai.com/gptbot)"
185.177.72.54 - - [24/Jul/2026:07:46:56 -0500] "GET /stackato-pkg/%2eenv HTTP/1.1" 200 68894 "-" "curl/8.7.1"
185.177.72.54 - - [24/Jul/2026:07:46:57 -0500] "GET /stag/%2eenv HTTP/1.1" 200 68894 "-" "curl/8.7.1"
185.177.72.54 - - [24/Jul/2026:07:46:58 -0500] "GET /staging-api/ HTTP/1.1" 200 68894 "-" "curl/8.7.1"
185.177.72.54 - - [24/Jul/2026:07:46:58 -0500] "GET /staging/ HTTP/1.1" 200 68894 "-" "curl/8.7.1"
185.177.72.54 - - [24/Jul/2026:07:46:59 -0500] "GET /staging/api/%2eenv HTTP/1.1" 200 68894 "-" "curl/8.7.1"
185.177.72.54 - - [24/Jul/2026:07:47:00 -0500] "GET /staging/backend/%2eenv HTTP/1.1" 200 68894 "-" "curl/8.7.1"
185.177.72.54 - - [24/Jul/2026:07:47:01 -0500] "GET /staging/frontend/%2eenv HTTP/1.1" 200 68894 "-" "curl/8.7.1"
74.7.243.226 - - [24/Jul/2026:07:47:01 -0500] "GET /index.php?loknya=/lib64/perl5/vendor_perl/common HTTP/1.1" 200 8016 "https://zona-activa.com/index.php?loknya=/lib64/perl5/vendor_perl" "Mozilla/5.0 AppleWebKit/537.36 (KHTML, like Gecko; compatible; GPTBot/1.4; +https://openai.com/gptbot)"
185.177.72.54 - - [24/Jul/2026:07:47:02 -0500] "GET /static-collected/%2eenv HTTP/1.1" 200 68894 "-" "curl/8.7.1"
185.177.72.54 - - [24/Jul/2026:07:47:03 -0500] "GET /static-html/%2eenv HTTP/1.1" 200 68894 "-" "curl/8.7.1"
185.177.72.54 - - [24/Jul/2026:07:47:04 -0500] "GET /static-root/%2eenv HTTP/1.1" 200 68893 "-" "curl/8.7.1"
43.165.197.116 - - [24/Jul/2026:07:47:04 -0500] "GET / HTTP/1.1" 200 68894 "http://zona-activa.com" "Mozilla/5.0 (iPhone; CPU iPhone OS 13_2_3 like Mac OS X) AppleWebKit/605.1.15 (KHTML, like Gecko) Version/13.0.3 Mobile/15E148 Safari/604.1"
185.177.72.54 - - [24/Jul/2026:07:47:04 -0500] "GET /static/%2eenv HTTP/1.1" 200 68893 "-" "curl/8.7.1"
185.177.72.54 - - [24/Jul/2026:07:47:05 -0500] "GET /static/js/*%2echunk%2ejs HTTP/1.1" 200 68893 "-" "curl/8.7.1"
185.177.72.54 - - [24/Jul/2026:07:47:06 -0500] "GET /static/js/main%2e11bc02d8%2echunk%2ejs HTTP/1.1" 200 68893 "-" "curl/8.7.1"
74.7.243.226 - - [24/Jul/2026:07:47:07 -0500] "GET /index.php?loknya=/proc/14214/root/var/lve/lveinfo.ver.cagefs HTTP/1.1" 200 6843 "https://zona-activa.com/index.php?loknya=/proc/14214/root/var/lve" "Mozilla/5.0 AppleWebKit/537.36 (KHTML, like Gecko; compatible; GPTBot/1.4; +https://openai.com/gptbot)"
185.177.72.54 - - [24/Jul/2026:07:47:07 -0500] "GET /static/js/main%2e1b34ee2a%2ejs HTTP/1.1" 200 68893 "-" "curl/8.7.1"
185.177.72.54 - - [24/Jul/2026:07:47:08 -0500] "GET /static/js/main%2e335d17a0%2ejs HTTP/1.1" 200 68893 "-" "curl/8.7.1"
185.177.72.54 - - [24/Jul/2026:07:47:09 -0500] "GET /static/js/main%2e36e5ec99%2ejs HTTP/1.1" 200 68893 "-" "curl/8.7.1"
185.177.72.54 - - [24/Jul/2026:07:47:09 -0500] "GET /static/js/main%2e48389ac6%2ejs HTTP/1.1" 200 68893 "-" "curl/8.7.1"
185.177.72.54 - - [24/Jul/2026:07:47:10 -0500] "GET /static/js/main%2e4aa2819f%2ejs HTTP/1.1" 200 68894 "-" "curl/8.7.1"
185.177.72.54 - - [24/Jul/2026:07:47:11 -0500] "GET /static/js/main%2e602cea98%2echunk%2ejs HTTP/1.1" 200 68894 "-" "curl/8.7.1"
185.177.72.54 - - [24/Jul/2026:07:47:12 -0500] "GET /static/js/main%2e87c766e3%2ejs HTTP/1.1" 200 68894 "-" "curl/8.7.1"
185.177.72.54 - - [24/Jul/2026:07:47:13 -0500] "GET /static/js/main%2e89c971fa%2ejs HTTP/1.1" 200 68894 "-" "curl/8.7.1"
185.177.72.54 - - [24/Jul/2026:07:47:14 -0500] "GET /static/js/main%2e8c18b542%2ejs HTTP/1.1" 200 68894 "-" "curl/8.7.1"
74.7.243.226 - - [24/Jul/2026:07:47:14 -0500] "GET /index.php?loknya=/proc/14214/root/var/run/ea-passenger-runtime HTTP/1.1" 200 19415245 "https://zona-activa.com/index.php?loknya=/proc/14214/root/var/run" "Mozilla/5.0 AppleWebKit/537.36 (KHTML, like Gecko; compatible; GPTBot/1.4; +https://openai.com/gptbot)"
185.177.72.54 - - [24/Jul/2026:07:47:14 -0500] "GET /static/js/main%2ebfa51071%2ejs HTTP/1.1" 200 68894 "-" "curl/8.7.1"
185.177.72.54 - - [24/Jul/2026:07:47:15 -0500] "GET /static/js/main%2eef8ecb99%2echunk%2ejs HTTP/1.1" 200 68894 "-" "curl/8.7.1"
185.177.72.54 - - [24/Jul/2026:07:47:16 -0500] "GET /static_prod/%2eenv HTTP/1.1" 200 68894 "-" "curl/8.7.1"
74.7.243.226 - - [24/Jul/2026:07:47:17 -0500] "GET /index.php?loknya=/proc/14215/root/opt/alt/openssl11/bin HTTP/1.1" 200 8246 "https://zona-activa.com/index.php?loknya=/proc/14215/root/opt/alt/openssl11" "Mozilla/5.0 AppleWebKit/537.36 (KHTML, like Gecko; compatible; GPTBot/1.4; +https://openai.com/gptbot)"
185.177.72.54 - - [24/Jul/2026:07:47:17 -0500] "GET /static_root/%2eenv HTTP/1.1" 200 68894 "-" "curl/8.7.1"
185.177.72.54 - - [24/Jul/2026:07:47:18 -0500] "GET /static_user/%2eenv HTTP/1.1" 200 68894 "-" "curl/8.7.1"
185.177.72.54 - - [24/Jul/2026:07:47:19 -0500] "GET /staticfiles/%2eenv HTTP/1.1" 200 68894 "-" "curl/8.7.1"
185.177.72.54 - - [24/Jul/2026:07:47:19 -0500] "GET /stats/%2eenv HTTP/1.1" 200 68894 "-" "curl/8.7.1"
185.177.72.54 - - [24/Jul/2026:07:47:20 -0500] "GET /storage/%2eenv HTTP/1.1" 200 68894 "-" "curl/8.7.1"
185.177.72.54 - - [24/Jul/2026:07:47:21 -0500] "GET /storage/%2eenv%2elocal HTTP/1.1" 200 68894 "-" "curl/8.7.1"
74.7.243.226 - - [24/Jul/2026:07:47:22 -0500] "GET /index.php?loknya=/proc/14215/root/opt/alt/php84 HTTP/1.1" 200 9662 "https://zona-activa.com/index.php?loknya=/proc/14215/root/opt/alt" "Mozilla/5.0 AppleWebKit/537.36 (KHTML, like Gecko; compatible; GPTBot/1.4; +https://openai.com/gptbot)"
185.177.72.54 - - [24/Jul/2026:07:47:22 -0500] "GET /storage/debugbar/*%2ejson HTTP/1.1" 200 68894 "-" "curl/8.7.1"
185.177.72.54 - - [24/Jul/2026:07:47:23 -0500] "GET /strapi/%2eenv HTTP/1.1" 200 68894 "-" "curl/8.7.1"
57.141.18.89 - - [24/Jul/2026:07:47:23 -0500] "GET /producto/purificador-de-agua-por-osmosis-inversa-modelo-compacto-600gpd-modelo-jl-02/?lokasie=/home/zonaacti/public_html/index.php&loknya=/home/zonaacti/public_html HTTP/1.1" 200 22010 "-" "Mozilla/5.0 (Windows NT 10.0; Win64; x64) AppleWebKit/537.36 (KHTML, like Gecko) Chrome/145.0.0.0 Safari/537.36 (compatible; meta-externalagent/1.1 (+https://developers.facebook.com/docs/sharing/webmasters/crawler))"
185.177.72.54 - - [24/Jul/2026:07:47:24 -0500] "GET /style/%2eenv HTTP/1.1" 200 68894 "-" "curl/8.7.1"
185.177.72.54 - - [24/Jul/2026:07:47:24 -0500] "GET /styles/%2eenv HTTP/1.1" 200 68894 "-" "curl/8.7.1"
185.177.72.54 - - [24/Jul/2026:07:47:25 -0500] "GET /stylesheets/%2eenv HTTP/1.1" 200 68894 "-" "curl/8.7.1"
185.177.72.54 - - [24/Jul/2026:07:47:26 -0500] "GET /swagger/ HTTP/1.1" 200 68894 "-" "curl/8.7.1"
185.177.72.54 - - [24/Jul/2026:07:47:27 -0500] "GET /symfony/%2eenv HTTP/1.1" 200 68894 "-" "curl/8.7.1"
74.7.243.226 - - [24/Jul/2026:07:47:27 -0500] "GET /index.php?loknya=/proc/14214/root/opt/alt/php70 HTTP/1.1" 200 9662 "https://zona-activa.com/index.php?loknya=/proc/14214/root/opt/alt" "Mozilla/5.0 AppleWebKit/537.36 (KHTML, like Gecko; compatible; GPTBot/1.4; +https://openai.com/gptbot)"
185.177.72.54 - - [24/Jul/2026:07:47:28 -0500] "GET /system-config/%2eenv HTTP/1.1" 200 68894 "-" "curl/8.7.1"
185.177.72.54 - - [24/Jul/2026:07:47:29 -0500] "GET /system/%2eenv HTTP/1.1" 200 68894 "-" "curl/8.7.1"
185.177.72.54 - - [24/Jul/2026:07:47:29 -0500] "GET /system/config HTTP/1.1" 200 68894 "-" "curl/8.7.1"
185.177.72.54 - - [24/Jul/2026:07:47:30 -0500] "GET /system/phpinfo%2ephp HTTP/1.1" 200 68894 "-" "curl/8.7.1"
185.177.72.54 - - [24/Jul/2026:07:47:31 -0500] "GET /target/%2eenv HTTP/1.1" 200 68894 "-" "curl/8.7.1"
185.177.72.54 - - [24/Jul/2026:07:47:32 -0500] "GET /temanr10/%2eenv HTTP/1.1" 200 68894 "-" "curl/8.7.1"
74.7.243.226 - - [24/Jul/2026:07:47:32 -0500] "GET /index.php?loknya=/proc/14215/root/opt/alt/php81 HTTP/1.1" 200 9662 "https://zona-activa.com/index.php?loknya=/proc/14215/root/opt/alt" "Mozilla/5.0 AppleWebKit/537.36 (KHTML, like Gecko; compatible; GPTBot/1.4; +https://openai.com/gptbot)"
185.177.72.54 - - [24/Jul/2026:07:47:33 -0500] "GET /temanr9/%2eenv HTTP/1.1" 200 68894 "-" "curl/8.7.1"
185.177.72.54 - - [24/Jul/2026:07:47:33 -0500] "GET /temp%2ephp HTTP/1.1" 403 68894 "-" "curl/8.7.1"
185.177.72.54 - - [24/Jul/2026:07:47:34 -0500] "GET /temp/%2eenv HTTP/1.1" 200 68894 "-" "curl/8.7.1"
185.177.72.54 - - [24/Jul/2026:07:47:35 -0500] "GET /template/%2eenv HTTP/1.1" 200 68894 "-" "curl/8.7.1"
185.177.72.54 - - [24/Jul/2026:07:47:36 -0500] "GET /templates/%2eenv HTTP/1.1" 200 68894 "-" "curl/8.7.1"
185.177.72.54 - - [24/Jul/2026:07:47:36 -0500] "GET /test HTTP/1.1" 200 68894 "-" "curl/8.7.1"
185.177.72.54 - - [24/Jul/2026:07:47:37 -0500] "GET /test-api/ HTTP/1.1" 200 68894 "-" "curl/8.7.1"
74.7.243.226 - - [24/Jul/2026:07:47:37 -0500] "GET /index.php?loknya=/proc/14215/root/opt/alt/php82 HTTP/1.1" 200 9662 "https://zona-activa.com/index.php?loknya=/proc/14215/root/opt/alt" "Mozilla/5.0 AppleWebKit/537.36 (KHTML, like Gecko; compatible; GPTBot/1.4; +https://openai.com/gptbot)"
185.177.72.54 - - [24/Jul/2026:07:47:38 -0500] "GET /test-network/%2eenv HTTP/1.1" 200 68894 "-" "curl/8.7.1"
185.177.72.54 - - [24/Jul/2026:07:47:39 -0500] "GET /test-network/addOrg3/%2eenv HTTP/1.1" 200 68894 "-" "curl/8.7.1"
185.177.72.54 - - [24/Jul/2026:07:47:39 -0500] "GET /test/ HTTP/1.1" 200 68894 "-" "curl/8.7.1"
185.177.72.54 - - [24/Jul/2026:07:47:40 -0500] "GET /test/aries-js-worker/fixtures/%2eenv HTTP/1.1" 200 68894 "-" "curl/8.7.1"
185.177.72.54 - - [24/Jul/2026:07:47:41 -0500] "GET /test/bdd/fixtures/adapter-rest/%2eenv HTTP/1.1" 200 68894 "-" "curl/8.7.1"
185.177.72.54 - - [24/Jul/2026:07:47:41 -0500] "GET /test/bdd/fixtures/agent-rest/%2eenv HTTP/1.1" 200 68894 "-" "curl/8.7.1"
185.177.72.54 - - [24/Jul/2026:07:47:42 -0500] "GET /test/bdd/fixtures/couchdb/%2eenv HTTP/1.1" 200 68894 "-" "curl/8.7.1"
74.7.243.226 - - [24/Jul/2026:07:47:43 -0500] "GET /index.php?loknya=/proc/14214/root/opt/alt/php83 HTTP/1.1" 200 9662 "https://zona-activa.com/index.php?loknya=/proc/14214/root/opt/alt" "Mozilla/5.0 AppleWebKit/537.36 (KHTML, like Gecko; compatible; GPTBot/1.4; +https://openai.com/gptbot)"
185.177.72.54 - - [24/Jul/2026:07:47:43 -0500] "GET /test/bdd/fixtures/demo/%2eenv HTTP/1.1" 200 68894 "-" "curl/8.7.1"
185.177.72.54 - - [24/Jul/2026:07:47:44 -0500] "GET /test/bdd/fixtures/demo/openapi/%2eenv HTTP/1.1" 200 68894 "-" "curl/8.7.1"
185.177.72.54 - - [24/Jul/2026:07:47:44 -0500] "GET /test/bdd/fixtures/did-method-rest/%2eenv HTTP/1.1" 200 68894 "-" "curl/8.7.1"
185.177.72.54 - - [24/Jul/2026:07:47:45 -0500] "GET /test/bdd/fixtures/did-rest/%2eenv HTTP/1.1" 200 68894 "-" "curl/8.7.1"
185.177.72.54 - - [24/Jul/2026:07:47:46 -0500] "GET /test/bdd/fixtures/edv-rest/%2eenv HTTP/1.1" 200 68894 "-" "curl/8.7.1"
185.177.72.54 - - [24/Jul/2026:07:47:47 -0500] "GET /test/bdd/fixtures/openapi-demo/%2eenv HTTP/1.1" 200 68894 "-" "curl/8.7.1"
185.177.72.54 - - [24/Jul/2026:07:47:47 -0500] "GET /test/bdd/fixtures/sidetree-mock/%2eenv HTTP/1.1" 200 68894 "-" "curl/8.7.1"
74.7.243.226 - - [24/Jul/2026:07:47:48 -0500] "GET /index.php?loknya=/proc/14214/root/etc/pki/dovecot/certs HTTP/1.1" 200 6891 "https://zona-activa.com/index.php?loknya=/proc/14214/root/etc/pki/dovecot" "Mozilla/5.0 AppleWebKit/537.36 (KHTML, like Gecko; compatible; GPTBot/1.4; +https://openai.com/gptbot)"
185.177.72.54 - - [24/Jul/2026:07:47:48 -0500] "GET /test/bdd/fixtures/universalresolver/%2eenv HTTP/1.1" 200 68894 "-" "curl/8.7.1"
185.177.72.54 - - [24/Jul/2026:07:47:49 -0500] "GET /test/bdd/fixtures/vc-rest/%2eenv HTTP/1.1" 200 68894 "-" "curl/8.7.1"
185.177.72.54 - - [24/Jul/2026:07:47:50 -0500] "GET /test/fixtures/%2eenv HTTP/1.1" 200 68894 "-" "curl/8.7.1"
185.177.72.54 - - [24/Jul/2026:07:47:51 -0500] "GET /test/fixtures/app_types/node/%2eenv HTTP/1.1" 200 68894 "-" "curl/8.7.1"
185.177.72.54 - - [24/Jul/2026:07:47:51 -0500] "GET /test/fixtures/app_types/rails/%2eenv HTTP/1.1" 200 68894 "-" "curl/8.7.1"
185.177.72.54 - - [24/Jul/2026:07:47:52 -0500] "GET /test/fixtures/node_path/%2eenv HTTP/1.1" 200 68894 "-" "curl/8.7.1"
185.177.72.54 - - [24/Jul/2026:07:47:53 -0500] "GET /test/integration/env-config/app/%2eenv HTTP/1.1" 200 68920 "-" "curl/8.7.1"
74.7.243.226 - - [24/Jul/2026:07:47:53 -0500] "GET /index.php?loknya=/lib64/perl5/vendor_perl/auto/threads/ HTTP/1.1" 200 7873 "https://zona-activa.com/index.php?loknya=/lib64/perl5/vendor_perl/auto/threads/shared" "Mozilla/5.0 AppleWebKit/537.36 (KHTML, like Gecko; compatible; GPTBot/1.4; +https://openai.com/gptbot)"
185.177.72.54 - - [24/Jul/2026:07:47:54 -0500] "GET /test0%2ephp HTTP/1.1" 403 68894 "-" "curl/8.7.1"
185.177.72.54 - - [24/Jul/2026:07:47:54 -0500] "GET /test1 HTTP/1.1" 200 68894 "-" "curl/8.7.1"
185.177.72.54 - - [24/Jul/2026:07:47:55 -0500] "GET /test1%2ephp HTTP/1.1" 403 68894 "-" "curl/8.7.1"
185.177.72.54 - - [24/Jul/2026:07:47:56 -0500] "GET /test123%2ephp HTTP/1.1" 403 68894 "-" "curl/8.7.1"
185.177.72.54 - - [24/Jul/2026:07:47:56 -0500] "GET /test2%2ephp HTTP/1.1" 403 68894 "-" "curl/8.7.1"
185.177.72.54 - - [24/Jul/2026:07:47:57 -0500] "GET /test3%2ephp HTTP/1.1" 403 68894 "-" "curl/8.7.1"
185.177.72.54 - - [24/Jul/2026:07:47:58 -0500] "GET /test4%2ephp HTTP/1.1" 403 68894 "-" "curl/8.7.1"
185.177.72.54 - - [24/Jul/2026:07:47:59 -0500] "GET /test5%2ephp HTTP/1.1" 403 68894 "-" "curl/8.7.1"
74.7.243.226 - - [24/Jul/2026:07:47:59 -0500] "GET /index.php?loknya=/lib64/perl5/vendor_perl/auto/version/ HTTP/1.1" 200 6469 "https://zona-activa.com/index.php?loknya=/lib64/perl5/vendor_perl/auto/version/vxs" "Mozilla/5.0 AppleWebKit/537.36 (KHTML, like Gecko; compatible; GPTBot/1.4; +https://openai.com/gptbot)"
185.177.72.54 - - [24/Jul/2026:07:48:00 -0500] "GET /test6%2ephp HTTP/1.1" 403 68894 "-" "curl/8.7.1"
185.177.72.54 - - [24/Jul/2026:07:48:00 -0500] "GET /test7%2ephp HTTP/1.1" 403 68894 "-" "curl/8.7.1"
185.177.72.54 - - [24/Jul/2026:07:48:01 -0500] "GET /test8%2ephp HTTP/1.1" 403 68894 "-" "curl/8.7.1"
185.177.72.54 - - [24/Jul/2026:07:48:02 -0500] "GET /test9%2ephp HTTP/1.1" 403 68892 "-" "curl/8.7.1"
185.177.72.54 - - [24/Jul/2026:07:48:03 -0500] "GET /test_info%2ephp HTTP/1.1" 403 68893 "-" "curl/8.7.1"
185.177.72.54 - - [24/Jul/2026:07:48:04 -0500] "GET /test_info1%2ephp HTTP/1.1" 403 68893 "-" "curl/8.7.1"
74.7.243.226 - - [24/Jul/2026:07:48:04 -0500] "GET /index.php?loknya=/proc/14215/root/opt/alt/php56 HTTP/1.1" 200 9662 "https://zona-activa.com/index.php?loknya=/proc/14215/root/opt/alt" "Mozilla/5.0 AppleWebKit/537.36 (KHTML, like Gecko; compatible; GPTBot/1.4; +https://openai.com/gptbot)"
185.177.72.54 - - [24/Jul/2026:07:48:05 -0500] "GET /test_info2%2ephp HTTP/1.1" 403 68893 "-" "curl/8.7.1"
185.177.72.54 - - [24/Jul/2026:07:48:06 -0500] "GET /test_info3%2ephp HTTP/1.1" 403 68893 "-" "curl/8.7.1"
185.177.72.54 - - [24/Jul/2026:07:48:07 -0500] "GET /test_info4%2ephp HTTP/1.1" 403 68893 "-" "curl/8.7.1"
57.141.18.59 - - [24/Jul/2026:07:48:08 -0500] "GET /producto/fuente-de-agua-en-acero-inoxidable-bebedero-de-agua-en-acero-inoxidable-con-purificador-de-agua-5-etapas-y-sistema-de-enfriamiento/?add_to_wishlist=72&_wpnonce=498d81b5af&add-to-cart=71 HTTP/1.1" 200 68893 "-" "Mozilla/5.0 (Windows NT 10.0; Win64; x64) AppleWebKit/537.36 (KHTML, like Gecko) Chrome/145.0.0.0 Safari/537.36 (compatible; meta-externalagent/1.1 (+https://developers.facebook.com/docs/sharing/webmasters/crawler))"
185.177.72.54 - - [24/Jul/2026:07:48:08 -0500] "GET /test_info5%2ephp HTTP/1.1" 403 68894 "-" "curl/8.7.1"
74.7.243.226 - - [24/Jul/2026:07:48:10 -0500] "GET /index.php?loknya=/proc/14215/root/opt/alt/php74 HTTP/1.1" 200 9662 "https://zona-activa.com/index.php?loknya=/proc/14215/root/opt/alt" "Mozilla/5.0 AppleWebKit/537.36 (KHTML, like Gecko; compatible; GPTBot/1.4; +https://openai.com/gptbot)"
185.177.72.54 - - [24/Jul/2026:07:48:10 -0500] "GET /test_phpinfo%2ephp HTTP/1.1" 403 68894 "-" "curl/8.7.1"
185.177.72.54 - - [24/Jul/2026:07:48:11 -0500] "GET /test_phpinfo1%2ephp HTTP/1.1" 403 68894 "-" "curl/8.7.1"
185.177.72.54 - - [24/Jul/2026:07:48:12 -0500] "GET /test_phpinfo2%2ephp HTTP/1.1" 403 68894 "-" "curl/8.7.1"
185.177.72.54 - - [24/Jul/2026:07:48:12 -0500] "GET /test_phpinfo3%2ephp HTTP/1.1" 403 68894 "-" "curl/8.7.1"
185.177.72.54 - - [24/Jul/2026:07:48:13 -0500] "GET /test_phpinfo4%2ephp HTTP/1.1" 403 68894 "-" "curl/8.7.1"
185.177.72.54 - - [24/Jul/2026:07:48:14 -0500] "GET /test_phpinfo5%2ephp HTTP/1.1" 403 68894 "-" "curl/8.7.1"
74.7.243.226 - - [24/Jul/2026:07:48:15 -0500] "GET /index.php?lokasie=/proc/14214/root/var/run/ea-passenger-runtime/passenger-error-8dP8i1.html&loknya=/proc/14214/root/var/run/ea-passenger-runtime HTTP/1.1" 200 4323 "https://zona-activa.com/index.php?loknya=/proc/14214/root/var/run/ea-passenger-runtime" "Mozilla/5.0 AppleWebKit/537.36 (KHTML, like Gecko; compatible; GPTBot/1.4; +https://openai.com/gptbot)"
185.177.72.54 - - [24/Jul/2026:07:48:15 -0500] "GET /tester%2ephp HTTP/1.1" 403 68894 "-" "curl/8.7.1"
185.177.72.54 - - [24/Jul/2026:07:48:15 -0500] "GET /testfiles/%2eenv HTTP/1.1" 200 68894 "-" "curl/8.7.1"
185.177.72.54 - - [24/Jul/2026:07:48:16 -0500] "GET /testing%2ephp HTTP/1.1" 403 68894 "-" "curl/8.7.1"
185.177.72.54 - - [24/Jul/2026:07:48:17 -0500] "GET /testing/ HTTP/1.1" 200 68894 "-" "curl/8.7.1"
185.177.72.54 - - [24/Jul/2026:07:48:18 -0500] "GET /testing/%2eenv HTTP/1.1" 200 68894 "-" "curl/8.7.1"
185.177.72.54 - - [24/Jul/2026:07:48:18 -0500] "GET /testing/docker/%2eenv HTTP/1.1" 200 68894 "-" "curl/8.7.1"
185.177.72.54 - - [24/Jul/2026:07:48:19 -0500] "GET /tests/%2eenv HTTP/1.1" 200 68894 "-" "curl/8.7.1"
74.7.243.226 - - [24/Jul/2026:07:48:20 -0500] "GET /index.php?lokasie=/proc/14214/root/var/run/ea-passenger-runtime/passenger-error-jjvz0l.html&loknya=/proc/14214/root/var/run/ea-passenger-runtime HTTP/1.1" 200 4323 "https://zona-activa.com/index.php?loknya=/proc/14214/root/var/run/ea-passenger-runtime" "Mozilla/5.0 AppleWebKit/537.36 (KHTML, like Gecko; compatible; GPTBot/1.4; +https://openai.com/gptbot)"
185.177.72.54 - - [24/Jul/2026:07:48:20 -0500] "GET /Tests/Application/%2eenv HTTP/1.1" 200 68894 "-" "curl/8.7.1"
185.177.72.54 - - [24/Jul/2026:07:48:21 -0500] "GET /tests/default_settings/v10%2e0/%2eenv HTTP/1.1" 200 68894 "-" "curl/8.7.1"
185.177.72.54 - - [24/Jul/2026:07:48:21 -0500] "GET /tests/default_settings/v11%2e0/%2eenv HTTP/1.1" 200 68894 "-" "curl/8.7.1"
185.177.72.54 - - [24/Jul/2026:07:48:22 -0500] "GET /tests/default_settings/v12%2e0/%2eenv HTTP/1.1" 200 68894 "-" "curl/8.7.1"
185.177.72.54 - - [24/Jul/2026:07:48:23 -0500] "GET /tests/default_settings/v13%2e0/%2eenv HTTP/1.1" 200 68894 "-" "curl/8.7.1"
185.177.72.54 - - [24/Jul/2026:07:48:24 -0500] "GET /tests/default_settings/v7%2e0/%2eenv HTTP/1.1" 200 68894 "-" "curl/8.7.1"
185.177.72.54 - - [24/Jul/2026:07:48:25 -0500] "GET /tests/default_settings/v8%2e0/%2eenv HTTP/1.1" 200 68894 "-" "curl/8.7.1"
74.7.243.226 - - [24/Jul/2026:07:48:25 -0500] "GET /index.php?lokasie=/proc/14214/root/var/run/ea-passenger-runtime/passenger-error-DnteTA.html&loknya=/proc/14214/root/var/run/ea-passenger-runtime HTTP/1.1" 200 4323 "https://zona-activa.com/index.php?loknya=/proc/14214/root/var/run/ea-passenger-runtime" "Mozilla/5.0 AppleWebKit/537.36 (KHTML, like Gecko; compatible; GPTBot/1.4; +https://openai.com/gptbot)"
185.177.72.54 - - [24/Jul/2026:07:48:26 -0500] "GET /tests/default_settings/v9%2e0/%2eenv HTTP/1.1" 200 68894 "-" "curl/8.7.1"
185.177.72.54 - - [24/Jul/2026:07:48:27 -0500] "GET /tests/drupal-test/%2eenv HTTP/1.1" 200 68894 "-" "curl/8.7.1"
185.177.72.54 - - [24/Jul/2026:07:48:27 -0500] "GET /tests/Integration/Environment/%2eenv HTTP/1.1" 200 68894 "-" "curl/8.7.1"
185.177.72.54 - - [24/Jul/2026:07:48:28 -0500] "GET /tests/todo-react/%2eenv HTTP/1.1" 200 68894 "-" "curl/8.7.1"
185.177.72.54 - - [24/Jul/2026:07:48:29 -0500] "GET /testwork_json/%2eenv HTTP/1.1" 200 68894 "-" "curl/8.7.1"
185.177.72.54 - - [24/Jul/2026:07:48:30 -0500] "GET /theme/%2eenv HTTP/1.1" 200 68894 "-" "curl/8.7.1"
185.177.72.54 - - [24/Jul/2026:07:48:30 -0500] "GET /theme_static/%2eenv HTTP/1.1" 200 68894 "-" "curl/8.7.1"
74.7.243.226 - - [24/Jul/2026:07:48:31 -0500] "GET /index.php?lokasie=/proc/14214/root/var/run/ea-passenger-runtime/passenger-error-tdgWaw.html&loknya=/proc/14214/root/var/run/ea-passenger-runtime HTTP/1.1" 200 4323 "https://zona-activa.com/index.php?loknya=/proc/14214/root/var/run/ea-passenger-runtime" "Mozilla/5.0 AppleWebKit/537.36 (KHTML, like Gecko; compatible; GPTBot/1.4; +https://openai.com/gptbot)"
185.177.72.54 - - [24/Jul/2026:07:48:31 -0500] "GET /thumb/%2eenv HTTP/1.1" 200 68894 "-" "curl/8.7.1"
185.177.72.54 - - [24/Jul/2026:07:48:32 -0500] "GET /thumbs/%2eenv HTTP/1.1" 200 68894 "-" "curl/8.7.1"
185.177.72.54 - - [24/Jul/2026:07:48:33 -0500] "GET /tiedostot/%2eenv HTTP/1.1" 200 68894 "-" "curl/8.7.1"
185.177.72.54 - - [24/Jul/2026:07:48:34 -0500] "GET /time%2ephp HTTP/1.1" 403 68894 "-" "curl/8.7.1"
185.177.72.54 - - [24/Jul/2026:07:48:34 -0500] "GET /tmp/%2eenv HTTP/1.1" 200 68894 "-" "curl/8.7.1"
185.177.72.54 - - [24/Jul/2026:07:48:35 -0500] "GET /tmp/config/%2eenv HTTP/1.1" 200 68894 "-" "curl/8.7.1"
74.7.243.226 - - [24/Jul/2026:07:48:36 -0500] "GET /index.php?lokasie=/proc/14214/root/var/run/ea-passenger-runtime/passenger-error-yploDV.html&loknya=/proc/14214/root/var/run/ea-passenger-runtime HTTP/1.1" 200 4323 "https://zona-activa.com/index.php?loknya=/proc/14214/root/var/run/ea-passenger-runtime" "Mozilla/5.0 AppleWebKit/537.36 (KHTML, like Gecko; compatible; GPTBot/1.4; +https://openai.com/gptbot)"
185.177.72.54 - - [24/Jul/2026:07:48:36 -0500] "GET /tmp/logs HTTP/1.1" 200 68894 "-" "curl/8.7.1"
185.177.72.54 - - [24/Jul/2026:07:48:37 -0500] "GET /token%2ephp HTTP/1.1" 403 68894 "-" "curl/8.7.1"
185.177.72.54 - - [24/Jul/2026:07:48:37 -0500] "GET /tool/view/phpinfo%2eview%2ephp HTTP/1.1" 200 68894 "-" "curl/8.7.1"
185.177.72.54 - - [24/Jul/2026:07:48:38 -0500] "GET /tools/%2eenv HTTP/1.1" 200 68894 "-" "curl/8.7.1"
185.177.72.54 - - [24/Jul/2026:07:48:39 -0500] "GET /Travel_form/%2eenv HTTP/1.1" 200 68894 "-" "curl/8.7.1"
185.177.72.54 - - [24/Jul/2026:07:48:40 -0500] "GET /ts/prime/%2eenv HTTP/1.1" 200 68894 "-" "curl/8.7.1"
185.177.72.54 - - [24/Jul/2026:07:48:40 -0500] "GET /tz%2ephp HTTP/1.1" 403 68894 "-" "curl/8.7.1"
74.7.243.226 - - [24/Jul/2026:07:48:41 -0500] "GET /index.php?lokasie=/proc/14214/root/var/run/ea-passenger-runtime/passenger-error-CkGtek.html&loknya=/proc/14214/root/var/run/ea-passenger-runtime HTTP/1.1" 200 4323 "https://zona-activa.com/index.php?loknya=/proc/14214/root/var/run/ea-passenger-runtime" "Mozilla/5.0 AppleWebKit/537.36 (KHTML, like Gecko; compatible; GPTBot/1.4; +https://openai.com/gptbot)"
185.177.72.54 - - [24/Jul/2026:07:48:41 -0500] "GET /u%2ephp HTTP/1.1" 403 68894 "-" "curl/8.7.1"
185.177.72.54 - - [24/Jul/2026:07:48:42 -0500] "GET /ubuntu/%2eenv HTTP/1.1" 200 68894 "-" "curl/8.7.1"
185.177.72.54 - - [24/Jul/2026:07:48:43 -0500] "GET /ui/%2eenv HTTP/1.1" 200 68894 "-" "curl/8.7.1"
185.177.72.54 - - [24/Jul/2026:07:48:43 -0500] "GET /unixtime/%2eenv HTTP/1.1" 200 68894 "-" "curl/8.7.1"
185.177.72.54 - - [24/Jul/2026:07:48:44 -0500] "GET /unsplash-downloader/%2eenv HTTP/1.1" 200 68894 "-" "curl/8.7.1"
185.177.72.54 - - [24/Jul/2026:07:48:45 -0500] "GET /up%2ephp HTTP/1.1" 403 68894 "-" "curl/8.7.1"
185.177.72.54 - - [24/Jul/2026:07:48:45 -0500] "GET /upfiles/%2eenv HTTP/1.1" 200 68894 "-" "curl/8.7.1"
74.7.243.226 - - [24/Jul/2026:07:48:46 -0500] "GET /index.php?lokasie=/proc/14214/root/var/run/ea-passenger-runtime/passenger-error-rZzwnl.html&loknya=/proc/14214/root/var/run/ea-passenger-runtime HTTP/1.1" 200 4323 "https://zona-activa.com/index.php?loknya=/proc/14214/root/var/run/ea-passenger-runtime" "Mozilla/5.0 AppleWebKit/537.36 (KHTML, like Gecko; compatible; GPTBot/1.4; +https://openai.com/gptbot)"
185.177.72.54 - - [24/Jul/2026:07:48:46 -0500] "GET /upload/%2eenv HTTP/1.1" 200 68894 "-" "curl/8.7.1"
185.177.72.54 - - [24/Jul/2026:07:48:47 -0500] "GET /uploads/%2eenv HTTP/1.1" 200 68894 "-" "curl/8.7.1"
185.177.72.54 - - [24/Jul/2026:07:48:48 -0500] "GET /urlmem-app/%2eenv HTTP/1.1" 200 68894 "-" "curl/8.7.1"
185.177.72.54 - - [24/Jul/2026:07:48:48 -0500] "GET /user/%2eenv%2estaging HTTP/1.1" 200 68894 "-" "curl/8.7.1"
185.177.72.54 - - [24/Jul/2026:07:48:49 -0500] "GET /user/login HTTP/1.1" 200 68894 "-" "curl/8.7.1"
185.177.72.54 - - [24/Jul/2026:07:48:50 -0500] "GET /User_info/%2eenv HTTP/1.1" 200 68894 "-" "curl/8.7.1"
185.177.72.54 - - [24/Jul/2026:07:48:50 -0500] "GET /v1/%2eenv HTTP/1.1" 200 68894 "-" "curl/8.7.1"
185.177.72.54 - - [24/Jul/2026:07:48:51 -0500] "GET /v1/admin/ HTTP/1.1" 200 68894 "-" "curl/8.7.1"
74.7.243.226 - - [24/Jul/2026:07:48:51 -0500] "GET /index.php?lokasie=/proc/14214/root/var/run/ea-passenger-runtime/passenger-error-vHsafH.html&loknya=/proc/14214/root/var/run/ea-passenger-runtime HTTP/1.1" 200 4323 "https://zona-activa.com/index.php?loknya=/proc/14214/root/var/run/ea-passenger-runtime" "Mozilla/5.0 AppleWebKit/537.36 (KHTML, like Gecko; compatible; GPTBot/1.4; +https://openai.com/gptbot)"
185.177.72.54 - - [24/Jul/2026:07:48:52 -0500] "GET /v1/debug/ HTTP/1.1" 200 68894 "-" "curl/8.7.1"
185.177.72.54 - - [24/Jul/2026:07:48:53 -0500] "GET /v1/private/ HTTP/1.1" 200 68894 "-" "curl/8.7.1"
185.177.72.54 - - [24/Jul/2026:07:48:53 -0500] "GET /v2/%2eenv HTTP/1.1" 200 68894 "-" "curl/8.7.1"
