185.177.72.54 - - [24/Jul/2026:07:36:48 -0500] "GET /_next/static/chunks/pages/_app-d25b242610000153a081%2ejs HTTP/1.1" 200 68894 "-" "curl/8.7.1"
185.177.72.54 - - [24/Jul/2026:07:36:48 -0500] "GET /_next/static/chunks/webpack-[hash]%2ejs HTTP/1.1" 200 68894 "-" "curl/8.7.1"
185.177.72.54 - - [24/Jul/2026:07:36:49 -0500] "GET /_static/%2eenv HTTP/1.1" 200 68894 "-" "curl/8.7.1"
185.177.72.54 - - [24/Jul/2026:07:36:50 -0500] "GET /a%2ephp HTTP/1.1" 403 68894 "-" "curl/8.7.1"
185.177.72.54 - - [24/Jul/2026:07:36:50 -0500] "GET /acme-challenge/%2eenv HTTP/1.1" 200 68894 "-" "curl/8.7.1"
185.177.72.54 - - [24/Jul/2026:07:36:51 -0500] "GET /acme/%2eenv HTTP/1.1" 200 68894 "-" "curl/8.7.1"
74.7.243.226 - - [24/Jul/2026:07:36:51 -0500] "GET /index.php?loknya=/lib64/libdnf/plugins HTTP/1.1" 200 6516 "https://zona-activa.com/index.php?loknya=/lib64/libdnf" "Mozilla/5.0 AppleWebKit/537.36 (KHTML, like Gecko; compatible; GPTBot/1.4; +https://openai.com/gptbot)"
185.177.72.54 - - [24/Jul/2026:07:36:52 -0500] "GET /acme_challenges/%2eenv HTTP/1.1" 200 68894 "-" "curl/8.7.1"
185.177.72.54 - - [24/Jul/2026:07:36:53 -0500] "GET /actions-server/%2eenv HTTP/1.1" 200 68894 "-" "curl/8.7.1"
185.177.72.54 - - [24/Jul/2026:07:36:53 -0500] "GET /actuator/ HTTP/1.1" 200 68894 "-" "curl/8.7.1"
185.177.72.54 - - [24/Jul/2026:07:36:54 -0500] "GET /admin-api/ HTTP/1.1" 200 68894 "-" "curl/8.7.1"
185.177.72.54 - - [24/Jul/2026:07:36:55 -0500] "GET /admin-app/%2eenv HTTP/1.1" 200 68894 "-" "curl/8.7.1"
185.177.72.54 - - [24/Jul/2026:07:36:56 -0500] "GET /admin-panel/%2eenv HTTP/1.1" 200 68894 "-" "curl/8.7.1"
185.177.72.54 - - [24/Jul/2026:07:36:56 -0500] "GET /admin%2ephp HTTP/1.1" 403 68920 "-" "curl/8.7.1"
74.7.243.226 - - [24/Jul/2026:07:36:57 -0500] "GET /index.php?loknya=/proc/14215/fdinfo HTTP/1.1" 200 6470 "https://zona-activa.com/index.php?loknya=/proc/14215" "Mozilla/5.0 AppleWebKit/537.36 (KHTML, like Gecko; compatible; GPTBot/1.4; +https://openai.com/gptbot)"
185.177.72.54 - - [24/Jul/2026:07:36:57 -0500] "GET /admin/ HTTP/1.1" 200 68894 "-" "curl/8.7.1"
185.177.72.54 - - [24/Jul/2026:07:36:58 -0500] "GET /admin/info%2ephp HTTP/1.1" 200 68894 "-" "curl/8.7.1"
185.177.72.54 - - [24/Jul/2026:07:36:59 -0500] "GET /adminapp/%2eenv HTTP/1.1" 200 68894 "-" "curl/8.7.1"
185.177.72.54 - - [24/Jul/2026:07:36:59 -0500] "GET /adminer%2ephp HTTP/1.1" 403 68894 "-" "curl/8.7.1"
185.177.72.54 - - [24/Jul/2026:07:37:00 -0500] "GET /adminer/%2eenv HTTP/1.1" 200 68894 "-" "curl/8.7.1"
185.177.72.54 - - [24/Jul/2026:07:37:01 -0500] "GET /administrator/ HTTP/1.1" 200 68894 "-" "curl/8.7.1"
74.7.243.226 - - [24/Jul/2026:07:37:03 -0500] "GET /index.php?loknya=/proc/58153/fdinfo HTTP/1.1" 200 34642 "https://zona-activa.com/index.php?loknya=/proc/58153" "Mozilla/5.0 AppleWebKit/537.36 (KHTML, like Gecko; compatible; GPTBot/1.4; +https://openai.com/gptbot)"
185.177.72.54 - - [24/Jul/2026:07:37:03 -0500] "GET /adminphp%2ephp' HTTP/1.1" 200 68894 "-" "curl/8.7.1"
185.177.72.54 - - [24/Jul/2026:07:37:03 -0500] "GET /agora/%2eenv HTTP/1.1" 200 68894 "-" "curl/8.7.1"
185.177.72.54 - - [24/Jul/2026:07:37:04 -0500] "GET /alpha/%2eenv HTTP/1.1" 200 68894 "-" "curl/8.7.1"
185.177.72.54 - - [24/Jul/2026:07:37:05 -0500] "GET /anaconda/%2eenv HTTP/1.1" 200 68894 "-" "curl/8.7.1"
185.177.72.54 - - [24/Jul/2026:07:37:06 -0500] "GET /apache%2ephp HTTP/1.1" 403 68894 "-" "curl/8.7.1"
185.177.72.54 - - [24/Jul/2026:07:37:06 -0500] "GET /apache/i%2ephp HTTP/1.1" 200 68894 "-" "curl/8.7.1"
74.7.243.226 - - [24/Jul/2026:07:37:07 -0500] "GET /index.php?loknya=/proc/14214/root/opt/cpanel/libargon2 HTTP/1.1" 200 7590 "https://zona-activa.com/index.php?loknya=/proc/14214/root/opt/cpanel" "Mozilla/5.0 AppleWebKit/537.36 (KHTML, like Gecko; compatible; GPTBot/1.4; +https://openai.com/gptbot)"
185.177.72.54 - - [24/Jul/2026:07:37:07 -0500] "GET /apache/info%2ephp HTTP/1.1" 200 68894 "-" "curl/8.7.1"
185.177.72.54 - - [24/Jul/2026:07:37:08 -0500] "GET /apache/phpinfo%2ephp HTTP/1.1" 200 68894 "-" "curl/8.7.1"
185.177.72.54 - - [24/Jul/2026:07:37:09 -0500] "GET /apache2%2ephp HTTP/1.1" 403 68894 "-" "curl/8.7.1"
185.177.72.54 - - [24/Jul/2026:07:37:10 -0500] "GET /apc%2ephp HTTP/1.1" 403 68894 "-" "curl/8.7.1"
185.177.72.54 - - [24/Jul/2026:07:37:11 -0500] "GET /api-server/%2eenv HTTP/1.1" 200 68894 "-" "curl/8.7.1"
185.177.72.54 - - [24/Jul/2026:07:37:12 -0500] "GET /api/%2eenv%2eback HTTP/1.1" 200 68894 "-" "curl/8.7.1"
74.7.243.226 - - [24/Jul/2026:07:37:13 -0500] "GET /index.php?loknya=/proc/14214/root/opt/alt/php82/link HTTP/1.1" 200 6543 "https://zona-activa.com/index.php?loknya=/proc/14214/root/opt/alt/php82" "Mozilla/5.0 AppleWebKit/537.36 (KHTML, like Gecko; compatible; GPTBot/1.4; +https://openai.com/gptbot)"
185.177.72.54 - - [24/Jul/2026:07:37:13 -0500] "GET /api/%2eenv%2eexample HTTP/1.1" 200 68894 "-" "curl/8.7.1"
185.177.72.54 - - [24/Jul/2026:07:37:14 -0500] "GET /api/%2eenv%2esample HTTP/1.1" 200 68894 "-" "curl/8.7.1"
185.177.72.54 - - [24/Jul/2026:07:37:14 -0500] "GET /api/%2eenv%2esave HTTP/1.1" 200 68894 "-" "curl/8.7.1"
185.177.72.54 - - [24/Jul/2026:07:37:15 -0500] "GET /api/debug HTTP/1.1" 200 68894 "-" "curl/8.7.1"
185.177.72.54 - - [24/Jul/2026:07:37:16 -0500] "GET /api/docs/ HTTP/1.1" 200 68894 "-" "curl/8.7.1"
185.177.72.54 - - [24/Jul/2026:07:37:17 -0500] "GET /api/env HTTP/1.1" 200 68894 "-" "curl/8.7.1"
185.177.72.54 - - [24/Jul/2026:07:37:17 -0500] "GET /api/info%2ephp HTTP/1.1" 200 68894 "-" "curl/8.7.1"
74.7.243.226 - - [24/Jul/2026:07:37:18 -0500] "GET /index.php?loknya=/proc/14215/root/opt/alt/php54/var HTTP/1.1" 200 7600 "https://zona-activa.com/index.php?loknya=/proc/14215/root/opt/alt/php54" "Mozilla/5.0 AppleWebKit/537.36 (KHTML, like Gecko; compatible; GPTBot/1.4; +https://openai.com/gptbot)"
185.177.72.54 - - [24/Jul/2026:07:37:18 -0500] "GET /api/internal/ HTTP/1.1" 200 68894 "-" "curl/8.7.1"
185.177.72.54 - - [24/Jul/2026:07:37:19 -0500] "GET /api/keys HTTP/1.1" 200 68894 "-" "curl/8.7.1"
185.177.72.54 - - [24/Jul/2026:07:37:20 -0500] "GET /api/private/ HTTP/1.1" 200 68894 "-" "curl/8.7.1"
185.177.72.54 - - [24/Jul/2026:07:37:20 -0500] "GET /api/src/%2eenv HTTP/1.1" 200 68894 "-" "curl/8.7.1"
185.177.72.54 - - [24/Jul/2026:07:37:21 -0500] "GET /api/v1/%2eenv HTTP/1.1" 200 68894 "-" "curl/8.7.1"
185.177.72.54 - - [24/Jul/2026:07:37:22 -0500] "GET /api/v1/debug HTTP/1.1" 200 68894 "-" "curl/8.7.1"
185.177.72.54 - - [24/Jul/2026:07:37:22 -0500] "GET /api/v2/%2eenv HTTP/1.1" 200 68894 "-" "curl/8.7.1"
74.7.243.226 - - [24/Jul/2026:07:37:23 -0500] "GET /index.php?loknya=/proc/14215/root/opt/alt/php80/etc HTTP/1.1" 200 30693 "https://zona-activa.com/index.php?loknya=/proc/14215/root/opt/alt/php80" "Mozilla/5.0 AppleWebKit/537.36 (KHTML, like Gecko; compatible; GPTBot/1.4; +https://openai.com/gptbot)"
185.177.72.54 - - [24/Jul/2026:07:37:23 -0500] "GET /apis/%2eenv HTTP/1.1" 200 68894 "-" "curl/8.7.1"
185.177.72.54 - - [24/Jul/2026:07:37:24 -0500] "GET /app-7d66de919618d3830635%2ejs HTTP/1.1" 200 68894 "-" "curl/8.7.1"
185.177.72.54 - - [24/Jul/2026:07:37:25 -0500] "GET /app-order-client/%2eenv HTTP/1.1" 200 68894 "-" "curl/8.7.1"
185.177.72.54 - - [24/Jul/2026:07:37:25 -0500] "GET /app%2eyaml HTTP/1.1" 200 68894 "-" "curl/8.7.1"
185.177.72.54 - - [24/Jul/2026:07:37:26 -0500] "GET /app/%2eenv%2eexample HTTP/1.1" 200 68894 "-" "curl/8.7.1"
185.177.72.54 - - [24/Jul/2026:07:37:27 -0500] "GET /app/%2eenv%2esample HTTP/1.1" 200 68894 "-" "curl/8.7.1"
185.177.72.54 - - [24/Jul/2026:07:37:28 -0500] "GET /app/%2eenv%2esave HTTP/1.1" 200 68894 "-" "curl/8.7.1"
74.7.243.226 - - [24/Jul/2026:07:37:28 -0500] "GET /index.php?loknya=/proc/14214/root/opt/alt/php73/var HTTP/1.1" 200 8682 "https://zona-activa.com/index.php?loknya=/proc/14214/root/opt/alt/php73" "Mozilla/5.0 AppleWebKit/537.36 (KHTML, like Gecko; compatible; GPTBot/1.4; +https://openai.com/gptbot)"
185.177.72.54 - - [24/Jul/2026:07:37:29 -0500] "GET /app//%2eenv%2eback HTTP/1.1" 200 68894 "-" "curl/8.7.1"
185.177.72.54 - - [24/Jul/2026:07:37:30 -0500] "GET /app/client/%2eenv HTTP/1.1" 200 68894 "-" "curl/8.7.1"
185.177.72.54 - - [24/Jul/2026:07:37:30 -0500] "GET /app/code/community/Nosto/Tagging/%2eenv HTTP/1.1" 200 68894 "-" "curl/8.7.1"
185.177.72.54 - - [24/Jul/2026:07:37:31 -0500] "GET /app/config%2ejs HTTP/1.1" 200 68894 "-" "curl/8.7.1"
185.177.72.54 - - [24/Jul/2026:07:37:32 -0500] "GET /app/config/%2eenv HTTP/1.1" 200 68894 "-" "curl/8.7.1"
185.177.72.54 - - [24/Jul/2026:07:37:33 -0500] "GET /app/config/dev/%2eenv HTTP/1.1" 200 68894 "-" "curl/8.7.1"
74.7.243.226 - - [24/Jul/2026:07:37:33 -0500] "GET /index.php?loknya=/proc/14214/root/opt/plesk/ HTTP/1.1" 200 6360 "https://zona-activa.com/index.php?loknya=/proc/14214/root/opt/plesk/php" "Mozilla/5.0 AppleWebKit/537.36 (KHTML, like Gecko; compatible; GPTBot/1.4; +https://openai.com/gptbot)"
185.177.72.54 - - [24/Jul/2026:07:37:33 -0500] "GET /app/frontend/%2eenv HTTP/1.1" 200 68894 "-" "curl/8.7.1"
185.177.72.54 - - [24/Jul/2026:07:37:34 -0500] "GET /app/info HTTP/1.1" 200 68894 "-" "curl/8.7.1"
185.177.72.54 - - [24/Jul/2026:07:37:35 -0500] "GET /app/info%2ephp HTTP/1.1" 200 68894 "-" "curl/8.7.1"
185.177.72.54 - - [24/Jul/2026:07:37:36 -0500] "GET /app1-static/%2eenv HTTP/1.1" 200 68894 "-" "curl/8.7.1"
40.77.167.0 - - [24/Jul/2026:07:37:36 -0500] "GET /page/5/?dgwt_wcas=1&post_type=product&s HTTP/1.1" 200 193518 "-" "Mozilla/5.0 AppleWebKit/537.36 (KHTML, like Gecko; compatible; bingbot/2.0; +http://www.bing.com/bingbot.htm) Chrome/116.0.1938.76 Safari/537.36"
185.177.72.54 - - [24/Jul/2026:07:37:36 -0500] "GET /app2-static/%2eenv HTTP/1.1" 200 68894 "-" "curl/8.7.1"
185.177.72.54 - - [24/Jul/2026:07:37:37 -0500] "GET /app_dir/%2eenv HTTP/1.1" 200 68893 "-" "curl/8.7.1"
185.177.72.54 - - [24/Jul/2026:07:37:38 -0500] "GET /app_nginx_static_path/%2eenv HTTP/1.1" 200 68893 "-" "curl/8.7.1"
74.7.243.226 - - [24/Jul/2026:07:37:38 -0500] "GET /index.php?loknya=/proc/14214/root/opt/alt/php53/var HTTP/1.1" 200 7600 "https://zona-activa.com/index.php?loknya=/proc/14214/root/opt/alt/php53" "Mozilla/5.0 AppleWebKit/537.36 (KHTML, like Gecko; compatible; GPTBot/1.4; +https://openai.com/gptbot)"
185.177.72.54 - - [24/Jul/2026:07:37:39 -0500] "GET /application/%2eenv%2esample HTTP/1.1" 200 68893 "-" "curl/8.7.1"
185.177.72.54 - - [24/Jul/2026:07:37:39 -0500] "GET /application/%2eenv%2esave HTTP/1.1" 200 68892 "-" "curl/8.7.1"
185.177.72.54 - - [24/Jul/2026:07:37:40 -0500] "GET /apps/%2eenv HTTP/1.1" 200 68893 "-" "curl/8.7.1"
185.177.72.54 - - [24/Jul/2026:07:37:41 -0500] "GET /apps/client/%2eenv HTTP/1.1" 200 68893 "-" "curl/8.7.1"
185.177.72.54 - - [24/Jul/2026:07:37:42 -0500] "GET /Archipel/%2eenv HTTP/1.1" 200 68893 "-" "curl/8.7.1"
154.80.43.178 - - [24/Jul/2026:07:37:42 -0500] "GET /producto/bebedero-de-agua-en-acero-inoxidable-con-sistema-de-enfriamiento/?_wpnonce=498d81b5af&add_to_wishlist=73 HTTP/1.1" 200 68893 "-" "Mozilla/5.0 (Macintosh; Intel Mac OS X 10_14_6) AppleWebKit/537.36 (KHTML, like Gecko) Brave Chrome/77.0.3865.90 Safari/537.36"
185.177.72.54 - - [24/Jul/2026:07:37:43 -0500] "GET /asdf%2ephp HTTP/1.1" 403 68893 "-" "curl/8.7.1"
185.177.72.54 - - [24/Jul/2026:07:37:44 -0500] "GET /asset_img/%2eenv HTTP/1.1" 200 68894 "-" "curl/8.7.1"
74.7.243.226 - - [24/Jul/2026:07:37:44 -0500] "GET /index.php?loknya=/proc/14214/root/opt/alt/php72/var HTTP/1.1" 200 8682 "https://zona-activa.com/index.php?loknya=/proc/14214/root/opt/alt/php72" "Mozilla/5.0 AppleWebKit/537.36 (KHTML, like Gecko; compatible; GPTBot/1.4; +https://openai.com/gptbot)"
185.177.72.54 - - [24/Jul/2026:07:37:44 -0500] "GET /assets/%2eenv HTTP/1.1" 200 68894 "-" "curl/8.7.1"
185.177.72.54 - - [24/Jul/2026:07:37:45 -0500] "GET /assets/index-[hash]%2ejs HTTP/1.1" 200 68894 "-" "curl/8.7.1"
185.177.72.54 - - [24/Jul/2026:07:37:46 -0500] "GET /assets/index-[hash]%2emjs HTTP/1.1" 200 68894 "-" "curl/8.7.1"
185.177.72.54 - - [24/Jul/2026:07:37:47 -0500] "GET /assets/index-GquDNGwd%2ejs HTTP/1.1" 200 68894 "-" "curl/8.7.1"
185.177.72.54 - - [24/Jul/2026:07:37:47 -0500] "GET /assets/js/app%2ef8ec9fb3%2ejs HTTP/1.1" 200 68894 "-" "curl/8.7.1"
185.177.72.54 - - [24/Jul/2026:07:37:48 -0500] "GET /assets/js/app%2ejs HTTP/1.1" 200 68894 "-" "curl/8.7.1"
74.7.243.226 - - [24/Jul/2026:07:37:49 -0500] "GET /index.php?loknya=/proc/14214/root/opt/alt/php71/var HTTP/1.1" 200 8682 "https://zona-activa.com/index.php?loknya=/proc/14214/root/opt/alt/php71" "Mozilla/5.0 AppleWebKit/537.36 (KHTML, like Gecko; compatible; GPTBot/1.4; +https://openai.com/gptbot)"
185.177.72.54 - - [24/Jul/2026:07:37:49 -0500] "GET /assets/vendor-[hash]%2ejs HTTP/1.1" 200 68894 "-" "curl/8.7.1"
185.177.72.54 - - [24/Jul/2026:07:37:50 -0500] "GET /Assignment3/%2eenv HTTP/1.1" 200 68894 "-" "curl/8.7.1"
185.177.72.54 - - [24/Jul/2026:07:37:50 -0500] "GET /Assignment4/%2eenv HTTP/1.1" 200 68894 "-" "curl/8.7.1"
185.177.72.54 - - [24/Jul/2026:07:37:51 -0500] "GET /audio/%2eenv HTTP/1.1" 200 68894 "-" "curl/8.7.1"
185.177.72.54 - - [24/Jul/2026:07:37:52 -0500] "GET /aws-secret%2ejson HTTP/1.1" 200 68894 "-" "curl/8.7.1"
185.177.72.54 - - [24/Jul/2026:07:37:53 -0500] "GET /aws%2eyml HTTP/1.1" 200 68894 "-" "curl/8.7.1"
185.177.72.54 - - [24/Jul/2026:07:37:54 -0500] "GET /aws/%2eenv HTTP/1.1" 200 68894 "-" "curl/8.7.1"
74.7.243.226 - - [24/Jul/2026:07:37:54 -0500] "GET /index.php?loknya=/proc/14214/root/opt/alt/php53/etc HTTP/1.1" 200 12935 "https://zona-activa.com/index.php?loknya=/proc/14214/root/opt/alt/php53" "Mozilla/5.0 AppleWebKit/537.36 (KHTML, like Gecko; compatible; GPTBot/1.4; +https://openai.com/gptbot)"
185.177.72.54 - - [24/Jul/2026:07:37:55 -0500] "GET /azure/%2eenv HTTP/1.1" 200 68894 "-" "curl/8.7.1"
185.177.72.54 - - [24/Jul/2026:07:37:56 -0500] "GET /babel-plugin-dotenv/test/fixtures/as-alias/%2eenv HTTP/1.1" 200 68894 "-" "curl/8.7.1"
185.177.72.54 - - [24/Jul/2026:07:37:57 -0500] "GET /babel-plugin-dotenv/test/fixtures/default/%2eenv HTTP/1.1" 200 68894 "-" "curl/8.7.1"
185.177.72.54 - - [24/Jul/2026:07:37:57 -0500] "GET /babel-plugin-dotenv/test/fixtures/dev-env/%2eenv HTTP/1.1" 200 68894 "-" "curl/8.7.1"
185.177.72.54 - - [24/Jul/2026:07:37:58 -0500] "GET /babel-plugin-dotenv/test/fixtures/empty-values/%2eenv HTTP/1.1" 200 68894 "-" "curl/8.7.1"
185.177.72.54 - - [24/Jul/2026:07:37:59 -0500] "GET /babel-plugin-dotenv/test/fixtures/filename/%2eenv HTTP/1.1" 200 68894 "-" "curl/8.7.1"
74.7.243.226 - - [24/Jul/2026:07:37:59 -0500] "GET /index.php?loknya=/proc/14215/root/opt/alt/php55/var HTTP/1.1" 200 7600 "https://zona-activa.com/index.php?loknya=/proc/14215/root/opt/alt/php55" "Mozilla/5.0 AppleWebKit/537.36 (KHTML, like Gecko; compatible; GPTBot/1.4; +https://openai.com/gptbot)"
185.177.72.54 - - [24/Jul/2026:07:38:00 -0500] "GET /babel-plugin-dotenv/test/fixtures/override-value/%2eenv HTTP/1.1" 200 68894 "-" "curl/8.7.1"
185.177.72.54 - - [24/Jul/2026:07:38:00 -0500] "GET /babel-plugin-dotenv/test/fixtures/prod-env/%2eenv HTTP/1.1" 200 68894 "-" "curl/8.7.1"
185.177.72.54 - - [24/Jul/2026:07:38:01 -0500] "GET /back-end/app/%2eenv HTTP/1.1" 200 68894 "-" "curl/8.7.1"
185.177.72.54 - - [24/Jul/2026:07:38:02 -0500] "GET /back/%2eenv HTTP/1.1" 200 68894 "-" "curl/8.7.1"
185.177.72.54 - - [24/Jul/2026:07:38:03 -0500] "GET /backend/%2eenv%2elocal HTTP/1.1" 200 68894 "-" "curl/8.7.1"
185.177.72.54 - - [24/Jul/2026:07:38:04 -0500] "GET /backend/config/%2eenv HTTP/1.1" 200 68894 "-" "curl/8.7.1"
74.7.243.226 - - [24/Jul/2026:07:38:05 -0500] "GET /index.php?loknya=/proc/14214/root/opt/alt/php73/etc HTTP/1.1" 200 32130 "https://zona-activa.com/index.php?loknya=/proc/14214/root/opt/alt/php73" "Mozilla/5.0 AppleWebKit/537.36 (KHTML, like Gecko; compatible; GPTBot/1.4; +https://openai.com/gptbot)"
185.177.72.54 - - [24/Jul/2026:07:38:05 -0500] "GET /backend/debug HTTP/1.1" 200 68894 "-" "curl/8.7.1"
185.177.72.54 - - [24/Jul/2026:07:38:06 -0500] "GET /backend/src/%2eenv HTTP/1.1" 200 68894 "-" "curl/8.7.1"
185.177.72.54 - - [24/Jul/2026:07:38:07 -0500] "GET /backendfinaltest/%2eenv HTTP/1.1" 200 68894 "-" "curl/8.7.1"
185.177.72.54 - - [24/Jul/2026:07:38:08 -0500] "GET /backup%2etar%2egz HTTP/1.1" 200 68894 "-" "curl/8.7.1"
74.7.243.226 - - [24/Jul/2026:07:38:10 -0500] "GET /index.php?loknya=/proc/14215/root/opt/alt/php52/link HTTP/1.1" 200 6543 "https://zona-activa.com/index.php?loknya=/proc/14215/root/opt/alt/php52" "Mozilla/5.0 AppleWebKit/537.36 (KHTML, like Gecko; compatible; GPTBot/1.4; +https://openai.com/gptbot)"
185.177.72.54 - - [24/Jul/2026:07:38:10 -0500] "GET /backup%2ezip HTTP/1.1" 200 68894 "-" "curl/8.7.1"
185.177.72.54 - - [24/Jul/2026:07:38:11 -0500] "GET /base_dir/%2eenv HTTP/1.1" 200 68894 "-" "curl/8.7.1"
185.177.72.54 - - [24/Jul/2026:07:38:12 -0500] "GET /basic-network/%2eenv HTTP/1.1" 200 68894 "-" "curl/8.7.1"
185.177.72.54 - - [24/Jul/2026:07:38:13 -0500] "GET /bgoldd/%2eenv HTTP/1.1" 200 68894 "-" "curl/8.7.1"
185.177.72.54 - - [24/Jul/2026:07:38:13 -0500] "GET /bitcoind/%2eenv HTTP/1.1" 200 68894 "-" "curl/8.7.1"
185.177.72.54 - - [24/Jul/2026:07:38:14 -0500] "GET /blankon/%2eenv HTTP/1.1" 200 68920 "-" "curl/8.7.1"
74.7.243.226 - - [24/Jul/2026:07:38:15 -0500] "GET /index.php?loknya=/proc/14215/root/opt/alt/php54/var/www HTTP/1.1" 200 6623 "https://zona-activa.com/index.php?loknya=/proc/14215/root/opt/alt/php54/var" "Mozilla/5.0 AppleWebKit/537.36 (KHTML, like Gecko; compatible; GPTBot/1.4; +https://openai.com/gptbot)"
185.177.72.54 - - [24/Jul/2026:07:38:15 -0500] "GET /blob/%2eenv HTTP/1.1" 200 68894 "-" "curl/8.7.1"
185.177.72.54 - - [24/Jul/2026:07:38:16 -0500] "GET /blog/%2eenv HTTP/1.1" 200 68894 "-" "curl/8.7.1"
185.177.72.54 - - [24/Jul/2026:07:38:17 -0500] "GET /blogs/%2eenv HTTP/1.1" 200 68894 "-" "curl/8.7.1"
185.177.72.54 - - [24/Jul/2026:07:38:18 -0500] "GET /blue/%2eenv HTTP/1.1" 200 68894 "-" "curl/8.7.1"
185.177.72.54 - - [24/Jul/2026:07:38:19 -0500] "GET /bookchain-client/%2eenv HTTP/1.1" 200 68894 "-" "curl/8.7.1"
185.177.72.54 - - [24/Jul/2026:07:38:19 -0500] "GET /Booking/Default%2easpx HTTP/1.1" 200 68920 "-" "curl/8.7.1"
74.7.243.226 - - [24/Jul/2026:07:38:20 -0500] "GET /index.php?loknya=/proc/14215/root/opt/alt/php80/etc/rpm HTTP/1.1" 200 8321 "https://zona-activa.com/index.php?loknya=/proc/14215/root/opt/alt/php80/etc" "Mozilla/5.0 AppleWebKit/537.36 (KHTML, like Gecko; compatible; GPTBot/1.4; +https://openai.com/gptbot)"
185.177.72.54 - - [24/Jul/2026:07:38:20 -0500] "GET /bootstrap/%2eenv HTTP/1.1" 200 68894 "-" "curl/8.7.1"
185.177.72.54 - - [24/Jul/2026:07:38:21 -0500] "GET /boxes/oracle-vagrant-boxes/ContainerRegistry/%2eenv HTTP/1.1" 200 68894 "-" "curl/8.7.1"
185.177.72.54 - - [24/Jul/2026:07:38:22 -0500] "GET /boxes/oracle-vagrant-boxes/Kubernetes/%2eenv HTTP/1.1" 200 68894 "-" "curl/8.7.1"
185.177.72.54 - - [24/Jul/2026:07:38:22 -0500] "GET /boxes/oracle-vagrant-boxes/OLCNE/%2eenv HTTP/1.1" 200 68894 "-" "curl/8.7.1"
185.177.72.54 - - [24/Jul/2026:07:38:23 -0500] "GET /bucoffea/%2eenv HTTP/1.1" 200 68894 "-" "curl/8.7.1"
185.177.72.54 - - [24/Jul/2026:07:38:24 -0500] "GET /build%2ephp HTTP/1.1" 403 68894 "-" "curl/8.7.1"
185.177.72.54 - - [24/Jul/2026:07:38:25 -0500] "GET /build/ HTTP/1.1" 200 68894 "-" "curl/8.7.1"
74.7.243.226 - - [24/Jul/2026:07:38:25 -0500] "GET /index.php?loknya=/proc/14214/root/opt/alt/php73/var/www HTTP/1.1" 200 6615 "https://zona-activa.com/index.php?loknya=/proc/14214/root/opt/alt/php73/var" "Mozilla/5.0 AppleWebKit/537.36 (KHTML, like Gecko; compatible; GPTBot/1.4; +https://openai.com/gptbot)"
185.177.72.54 - - [24/Jul/2026:07:38:25 -0500] "GET /build/%2eenv HTTP/1.1" 200 68894 "-" "curl/8.7.1"
185.177.72.54 - - [24/Jul/2026:07:38:26 -0500] "GET /build/_app/immutable/chunks/[chunk]%2e[hash]%2ejs HTTP/1.1" 200 68894 "-" "curl/8.7.1"
185.177.72.54 - - [24/Jul/2026:07:38:27 -0500] "GET /build/_app/immutable/entry/app%2e[hash]%2ejs HTTP/1.1" 200 68894 "-" "curl/8.7.1"
185.177.72.54 - - [24/Jul/2026:07:38:28 -0500] "GET /build/entry%2eclient-[hash]%2ejs HTTP/1.1" 200 68894 "-" "curl/8.7.1"
185.177.72.54 - - [24/Jul/2026:07:38:28 -0500] "GET /build/main%2eba0c34b7%2ejs HTTP/1.1" 200 68894 "-" "curl/8.7.1"
185.177.72.54 - - [24/Jul/2026:07:38:29 -0500] "GET /build/routes/index-[hash]%2ejs HTTP/1.1" 200 68894 "-" "curl/8.7.1"
185.177.72.54 - - [24/Jul/2026:07:38:30 -0500] "GET /cache%2ephp HTTP/1.1" 403 68894 "-" "curl/8.7.1"
185.177.72.54 - - [24/Jul/2026:07:38:31 -0500] "GET /cardea/backend/%2eenv HTTP/1.1" 200 68894 "-" "curl/8.7.1"
74.7.243.226 - - [24/Jul/2026:07:38:31 -0500] "GET /index.php?loknya=/proc/14215/root/opt/alt/php54/var/lib HTTP/1.1" 200 6619 "https://zona-activa.com/index.php?loknya=/proc/14215/root/opt/alt/php54/var" "Mozilla/5.0 AppleWebKit/537.36 (KHTML, like Gecko; compatible; GPTBot/1.4; +https://openai.com/gptbot)"
185.177.72.54 - - [24/Jul/2026:07:38:32 -0500] "GET /cdw-backend/%2eenv HTTP/1.1" 200 68894 "-" "curl/8.7.1"
185.177.72.54 - - [24/Jul/2026:07:38:33 -0500] "GET /cgi-bin/%2eenv HTTP/1.1" 200 68894 "-" "curl/8.7.1"
185.177.72.54 - - [24/Jul/2026:07:38:34 -0500] "GET /cgi-bin/pass%2etxt HTTP/1.1" 200 68894 "-" "curl/8.7.1"
185.177.72.54 - - [24/Jul/2026:07:38:35 -0500] "GET /ch2-mytodo/%2eenv HTTP/1.1" 200 68894 "-" "curl/8.7.1"
185.177.72.54 - - [24/Jul/2026:07:38:36 -0500] "GET /ch6-mytodo/%2eenv HTTP/1.1" 200 68894 "-" "curl/8.7.1"
74.7.243.226 - - [24/Jul/2026:07:38:36 -0500] "GET /index.php?loknya=/proc/14214/root/opt/alt/php53/var/www HTTP/1.1" 200 6623 "https://zona-activa.com/index.php?loknya=/proc/14214/root/opt/alt/php53/var" "Mozilla/5.0 AppleWebKit/537.36 (KHTML, like Gecko; compatible; GPTBot/1.4; +https://openai.com/gptbot)"
185.177.72.54 - - [24/Jul/2026:07:38:36 -0500] "GET /ch6a-mytodo/%2eenv HTTP/1.1" 200 68894 "-" "curl/8.7.1"
185.177.72.54 - - [24/Jul/2026:07:38:37 -0500] "GET /ch7-mytodo/%2eenv HTTP/1.1" 200 68894 "-" "curl/8.7.1"
185.177.72.54 - - [24/Jul/2026:07:38:38 -0500] "GET /ch7a-mytodo/%2eenv HTTP/1.1" 200 68894 "-" "curl/8.7.1"
185.177.72.54 - - [24/Jul/2026:07:38:39 -0500] "GET /ch8-mytodo/%2eenv HTTP/1.1" 200 68894 "-" "curl/8.7.1"
185.177.72.54 - - [24/Jul/2026:07:38:39 -0500] "GET /ch8a-mytodo/%2eenv HTTP/1.1" 200 68894 "-" "curl/8.7.1"
185.177.72.54 - - [24/Jul/2026:07:38:40 -0500] "GET /ch8b-mytodo/%2eenv HTTP/1.1" 200 68894 "-" "curl/8.7.1"
74.7.243.226 - - [24/Jul/2026:07:38:41 -0500] "GET /index.php?loknya=/proc/14214/root/opt/alt/php72/var/www HTTP/1.1" 200 6615 "https://zona-activa.com/index.php?loknya=/proc/14214/root/opt/alt/php72/var" "Mozilla/5.0 AppleWebKit/537.36 (KHTML, like Gecko; compatible; GPTBot/1.4; +https://openai.com/gptbot)"
185.177.72.54 - - [24/Jul/2026:07:38:41 -0500] "GET /Chai/%2eenv HTTP/1.1" 200 68893 "-" "curl/8.7.1"
185.177.72.54 - - [24/Jul/2026:07:38:42 -0500] "GET /challenge/%2eenv HTTP/1.1" 200 68893 "-" "curl/8.7.1"
185.177.72.54 - - [24/Jul/2026:07:38:43 -0500] "GET /challenges/%2eenv HTTP/1.1" 200 68893 "-" "curl/8.7.1"
185.177.72.54 - - [24/Jul/2026:07:38:43 -0500] "GET /charts/liveObjects/%2eenv HTTP/1.1" 200 68893 "-" "curl/8.7.1"
185.177.72.54 - - [24/Jul/2026:07:38:44 -0500] "GET /chat-client/%2eenv HTTP/1.1" 200 68892 "-" "curl/8.7.1"
185.177.72.54 - - [24/Jul/2026:07:38:45 -0500] "GET /chiminey/%2eenv HTTP/1.1" 200 68893 "-" "curl/8.7.1"
185.177.72.54 - - [24/Jul/2026:07:38:46 -0500] "GET /chunk-B2FODB4I%2ejs HTTP/1.1" 200 68894 "-" "curl/8.7.1"
74.7.243.226 - - [24/Jul/2026:07:38:46 -0500] "GET /index.php?loknya=/proc/14214/root/opt/alt/php71/var/www HTTP/1.1" 200 6615 "https://zona-activa.com/index.php?loknya=/proc/14214/root/opt/alt/php71/var" "Mozilla/5.0 AppleWebKit/537.36 (KHTML, like Gecko; compatible; GPTBot/1.4; +https://openai.com/gptbot)"
185.177.72.54 - - [24/Jul/2026:07:38:47 -0500] "GET /ci/%2eenv HTTP/1.1" 200 68894 "-" "curl/8.7.1"
185.177.72.54 - - [24/Jul/2026:07:38:47 -0500] "GET /client-app/%2eenv HTTP/1.1" 200 68894 "-" "curl/8.7.1"
185.177.72.54 - - [24/Jul/2026:07:38:48 -0500] "GET /client/mutual-fund-app/%2eenv HTTP/1.1" 200 68894 "-" "curl/8.7.1"
185.177.72.54 - - [24/Jul/2026:07:38:49 -0500] "GET /client/src/%2eenv HTTP/1.1" 200 68894 "-" "curl/8.7.1"
185.177.72.54 - - [24/Jul/2026:07:38:49 -0500] "GET /ClientApp/%2eenv HTTP/1.1" 200 68894 "-" "curl/8.7.1"
185.177.72.54 - - [24/Jul/2026:07:38:50 -0500] "GET /clld_dir/%2eenv HTTP/1.1" 200 68894 "-" "curl/8.7.1"
185.177.72.54 - - [24/Jul/2026:07:38:51 -0500] "GET /cloud/%2eenv HTTP/1.1" 200 68894 "-" "curl/8.7.1"
74.7.243.226 - - [24/Jul/2026:07:38:51 -0500] "GET /index.php?loknya=/proc/14214/root/opt/alt/php72/var/lib HTTP/1.1" 200 7709 "https://zona-activa.com/index.php?loknya=/proc/14214/root/opt/alt/php72/var" "Mozilla/5.0 AppleWebKit/537.36 (KHTML, like Gecko; compatible; GPTBot/1.4; +https://openai.com/gptbot)"
185.177.72.54 - - [24/Jul/2026:07:38:52 -0500] "GET /cmd/testdata/expected/dot_env/%2eenv HTTP/1.1" 200 68894 "-" "curl/8.7.1"
185.177.72.54 - - [24/Jul/2026:07:38:53 -0500] "GET /code/api/%2eenv HTTP/1.1" 200 68894 "-" "curl/8.7.1"
185.177.72.54 - - [24/Jul/2026:07:38:53 -0500] "GET /code/web/%2eenv HTTP/1.1" 200 68894 "-" "curl/8.7.1"
185.177.72.54 - - [24/Jul/2026:07:38:54 -0500] "GET /CodeGolf%2eWeb/ClientApp/%2eenv HTTP/1.1" 200 68894 "-" "curl/8.7.1"
185.177.72.54 - - [24/Jul/2026:07:38:55 -0500] "GET /codenames-frontend/%2eenv HTTP/1.1" 200 68894 "-" "curl/8.7.1"
185.177.72.54 - - [24/Jul/2026:07:38:56 -0500] "GET /collab-connect-web-application/server/%2eenv HTTP/1.1" 200 68920 "-" "curl/8.7.1"
57.141.18.84 - - [24/Jul/2026:07:38:56 -0500] "GET /producto/esterilizador-de-calor-de-10litros-con-luz-uvc-germicida-equipo-de-desinfeccion-lampara-de-desinfeccion-uvc-esterilizacion-gabinete-spa-toallas-esterilizacion-con-ozono-modelo-jfmx-10-2/?add_to_wishlist=16404&_wpnonce=d4e2beec47 HTTP/1.1" 200 68893 "-" "Mozilla/5.0 (Macintosh; Intel Mac OS X 10_15_7) AppleWebKit/537.36 (KHTML, like Gecko) Chrome/145.0.0.0 Safari/537.36 (compatible; meta-externalagent/1.1 (+https://developers.facebook.com/docs/sharing/webmasters/crawler))"
74.7.243.226 - - [24/Jul/2026:07:38:57 -0500] "GET /index.php?loknya=/proc/14215/root/opt/alt/php55/var/www HTTP/1.1" 200 6623 "https://zona-activa.com/index.php?loknya=/proc/14215/root/opt/alt/php55/var" "Mozilla/5.0 AppleWebKit/537.36 (KHTML, like Gecko; compatible; GPTBot/1.4; +https://openai.com/gptbot)"
185.177.72.54 - - [24/Jul/2026:07:38:57 -0500] "GET /collected_static/%2eenv HTTP/1.1" 200 68894 "-" "curl/8.7.1"
185.177.72.54 - - [24/Jul/2026:07:38:58 -0500] "GET /community/%2eenv HTTP/1.1" 200 68894 "-" "curl/8.7.1"
185.177.72.54 - - [24/Jul/2026:07:38:58 -0500] "GET /compose/%2eenv HTTP/1.1" 200 68894 "-" "curl/8.7.1"
185.177.72.54 - - [24/Jul/2026:07:38:59 -0500] "GET /config%2ejs HTTP/1.1" 200 68894 "-" "curl/8.7.1"
185.177.72.54 - - [24/Jul/2026:07:39:00 -0500] "GET /config%2eyaml HTTP/1.1" 200 68894 "-" "curl/8.7.1"
185.177.72.54 - - [24/Jul/2026:07:39:01 -0500] "GET /config/%2eenv%2edev HTTP/1.1" 200 68894 "-" "curl/8.7.1"
74.7.243.226 - - [24/Jul/2026:07:39:02 -0500] "GET /index.php?loknya=/proc/14214/root/opt/alt/php73/etc/pear HTTP/1.1" 200 5533 "https://zona-activa.com/index.php?loknya=/proc/14214/root/opt/alt/php73/etc" "Mozilla/5.0 AppleWebKit/537.36 (KHTML, like Gecko; compatible; GPTBot/1.4; +https://openai.com/gptbot)"
185.177.72.54 - - [24/Jul/2026:07:39:02 -0500] "GET /config/%2eenv%2elocal HTTP/1.1" 200 68894 "-" "curl/8.7.1"
66.249.68.135 - - [24/Jul/2026:07:39:03 -0500] "GET /?sale/detail/Y8623473594.html HTTP/1.1" 200 201216 "-" "Mozilla/5.0 (Linux; Android 6.0.1; Nexus 5X Build/MMB29P) AppleWebKit/537.36 (KHTML, like Gecko) Chrome/150.0.7871.128 Mobile Safari/537.36 (compatible; GoogleOther)"
185.177.72.54 - - [24/Jul/2026:07:39:03 -0500] "GET /config/%2eenv%2eproduction HTTP/1.1" 200 68894 "-" "curl/8.7.1"
185.177.72.54 - - [24/Jul/2026:07:39:04 -0500] "GET /config/aws%2eyml HTTP/1.1" 200 68894 "-" "curl/8.7.1"
185.177.72.54 - - [24/Jul/2026:07:39:05 -0500] "GET /config/cache%2ephp HTTP/1.1" 200 68894 "-" "curl/8.7.1"
185.177.72.54 - - [24/Jul/2026:07:39:06 -0500] "GET /config/config%2eenv HTTP/1.1" 200 68894 "-" "curl/8.7.1"
185.177.72.54 - - [24/Jul/2026:07:39:07 -0500] "GET /config/config%2eyml HTTP/1.1" 200 68894 "-" "curl/8.7.1"
74.7.243.226 - - [24/Jul/2026:07:39:07 -0500] "GET /index.php?loknya=/proc/14214/root/opt/alt/php73/etc/newrelic HTTP/1.1" 200 6970 "https://zona-activa.com/index.php?loknya=/proc/14214/root/opt/alt/php73/etc" "Mozilla/5.0 AppleWebKit/537.36 (KHTML, like Gecko; compatible; GPTBot/1.4; +https://openai.com/gptbot)"
185.177.72.54 - - [24/Jul/2026:07:39:08 -0500] "GET /config/default%2ejson HTTP/1.1" 200 68894 "-" "curl/8.7.1"
185.177.72.54 - - [24/Jul/2026:07:39:08 -0500] "GET /config/keys%2eyml HTTP/1.1" 200 68894 "-" "curl/8.7.1"
185.177.72.54 - - [24/Jul/2026:07:39:09 -0500] "GET /config/production%2ejson HTTP/1.1" 200 68894 "-" "curl/8.7.1"
185.177.72.54 - - [24/Jul/2026:07:39:10 -0500] "GET /config/secrets%2eyml HTTP/1.1" 200 68894 "-" "curl/8.7.1"
185.177.72.54 - - [24/Jul/2026:07:39:11 -0500] "GET /config/settings%2epy HTTP/1.1" 200 68894 "-" "curl/8.7.1"
185.177.72.54 - - [24/Jul/2026:07:39:11 -0500] "GET /ContainerRegistry/%2eenv HTTP/1.1" 200 68894 "-" "curl/8.7.1"
74.7.243.226 - - [24/Jul/2026:07:39:12 -0500] "GET /index.php?loknya=/proc/14214/root/opt/alt/php73/etc/rpm HTTP/1.1" 200 8316 "https://zona-activa.com/index.php?loknya=/proc/14214/root/opt/alt/php73/etc" "Mozilla/5.0 AppleWebKit/537.36 (KHTML, like Gecko; compatible; GPTBot/1.4; +https://openai.com/gptbot)"
185.177.72.54 - - [24/Jul/2026:07:39:12 -0500] "GET /containers/%2eenv HTTP/1.1" 200 68894 "-" "curl/8.7.1"
185.177.72.54 - - [24/Jul/2026:07:39:13 -0500] "GET /content/%2eenv HTTP/1.1" 200 68894 "-" "curl/8.7.1"
185.177.72.54 - - [24/Jul/2026:07:39:14 -0500] "GET /control/%2eenv HTTP/1.1" 200 68894 "-" "curl/8.7.1"
185.177.72.54 - - [24/Jul/2026:07:39:15 -0500] "GET /core/app/%2eenv HTTP/1.1" 200 68894 "-" "curl/8.7.1"
185.177.72.54 - - [24/Jul/2026:07:39:16 -0500] "GET /core/Datavase/%2eenv HTTP/1.1" 200 68894 "-" "curl/8.7.1"
185.177.72.54 - - [24/Jul/2026:07:39:16 -0500] "GET /core/persistence/%2eenv HTTP/1.1" 200 68894 "-" "curl/8.7.1"
185.177.72.54 - - [24/Jul/2026:07:39:17 -0500] "GET /core/src/main/resources/org/jobrunr/dashboard/frontend/%2eenv HTTP/1.1" 200 68894 "-" "curl/8.7.1"
74.7.243.226 - - [24/Jul/2026:07:39:18 -0500] "GET /index.php?loknya=/proc/14214/root/opt/alt/php71/var/lib HTTP/1.1" 200 7709 "https://zona-activa.com/index.php?loknya=/proc/14214/root/opt/alt/php71/var" "Mozilla/5.0 AppleWebKit/537.36 (KHTML, like Gecko; compatible; GPTBot/1.4; +https://openai.com/gptbot)"
185.177.72.54 - - [24/Jul/2026:07:39:18 -0500] "GET /counterblockd/%2eenv HTTP/1.1" 200 68894 "-" "curl/8.7.1"
185.177.72.54 - - [24/Jul/2026:07:39:19 -0500] "GET /counterwallet/%2eenv HTTP/1.1" 200 68894 "-" "curl/8.7.1"
185.177.72.54 - - [24/Jul/2026:07:39:20 -0500] "GET /cp/%2eenv HTTP/1.1" 200 68894 "-" "curl/8.7.1"
185.177.72.54 - - [24/Jul/2026:07:39:21 -0500] "GET /cronlab/%2eenv HTTP/1.1" 200 68894 "-" "curl/8.7.1"
185.177.72.54 - - [24/Jul/2026:07:39:22 -0500] "GET /cryo_project/%2eenv HTTP/1.1" 200 68894 "-" "curl/8.7.1"
185.177.72.54 - - [24/Jul/2026:07:39:23 -0500] "GET /css/%2eenv HTTP/1.1" 200 68894 "-" "curl/8.7.1"
74.7.243.226 - - [24/Jul/2026:07:39:24 -0500] "GET /index.php?loknya=/proc/14215/root/opt/alt/php55/var/lib HTTP/1.1" 200 6619 "https://zona-activa.com/index.php?loknya=/proc/14215/root/opt/alt/php55/var" "Mozilla/5.0 AppleWebKit/537.36 (KHTML, like Gecko; compatible; GPTBot/1.4; +https://openai.com/gptbot)"
185.177.72.54 - - [24/Jul/2026:07:39:24 -0500] "GET /custom/%2eenv HTTP/1.1" 200 68894 "-" "curl/8.7.1"
185.177.72.54 - - [24/Jul/2026:07:39:25 -0500] "GET /d/%2eenv HTTP/1.1" 200 68894 "-" "curl/8.7.1"
185.177.72.54 - - [24/Jul/2026:07:39:26 -0500] "GET /dashboard/i%2ephp HTTP/1.1" 200 68894 "-" "curl/8.7.1"
185.177.72.54 - - [24/Jul/2026:07:39:27 -0500] "GET /dashboard/info%2ephp HTTP/1.1" 200 68894 "-" "curl/8.7.1"
185.177.72.54 - - [24/Jul/2026:07:39:27 -0500] "GET /dashboard/phpinfo%2ephp HTTP/1.1" 200 68894 "-" "curl/8.7.1"
185.177.72.54 - - [24/Jul/2026:07:39:28 -0500] "GET /dashboard/test%2ephp HTTP/1.1" 200 68894 "-" "curl/8.7.1"
74.7.243.226 - - [24/Jul/2026:07:39:28 -0500] "GET /index.php?loknya=/proc/14214/root/opt/alt/php81/var HTTP/1.1" 200 8682 "https://zona-activa.com/index.php?loknya=/proc/14214/root/opt/alt/php81" "Mozilla/5.0 AppleWebKit/537.36 (KHTML, like Gecko; compatible; GPTBot/1.4; +https://openai.com/gptbot)"
185.177.72.54 - - [24/Jul/2026:07:39:29 -0500] "GET /data/%2eenv HTTP/1.1" 200 68894 "-" "curl/8.7.1"
185.177.72.54 - - [24/Jul/2026:07:39:30 -0500] "GET /database/%2eenv HTTP/1.1" 200 68894 "-" "curl/8.7.1"
185.177.72.54 - - [24/Jul/2026:07:39:31 -0500] "GET /dataset1/%2eenv HTTP/1.1" 200 68894 "-" "curl/8.7.1"
185.177.72.54 - - [24/Jul/2026:07:39:31 -0500] "GET /dataset2/%2eenv HTTP/1.1" 200 68894 "-" "curl/8.7.1"
185.177.72.54 - - [24/Jul/2026:07:39:32 -0500] "GET /db-admin/ HTTP/1.1" 200 68894 "-" "curl/8.7.1"
185.177.72.54 - - [24/Jul/2026:07:39:33 -0500] "GET /db%2ephp HTTP/1.1" 403 68894 "-" "curl/8.7.1"
74.7.243.226 - - [24/Jul/2026:07:39:34 -0500] "GET /index.php?loknya=/proc/14214/root/opt/alt/php74/var HTTP/1.1" 200 8682 "https://zona-activa.com/index.php?loknya=/proc/14214/root/opt/alt/php74" "Mozilla/5.0 AppleWebKit/537.36 (KHTML, like Gecko; compatible; GPTBot/1.4; +https://openai.com/gptbot)"
185.177.72.54 - - [24/Jul/2026:07:39:34 -0500] "GET /db%2esql HTTP/1.1" 200 68894 "-" "curl/8.7.1"
185.177.72.54 - - [24/Jul/2026:07:39:34 -0500] "GET /db_backup%2esql HTTP/1.1" 200 68894 "-" "curl/8.7.1"
185.177.72.54 - - [24/Jul/2026:07:39:35 -0500] "GET /debug HTTP/1.1" 200 68894 "-" "curl/8.7.1"
185.177.72.54 - - [24/Jul/2026:07:39:36 -0500] "GET /debug%2ejson HTTP/1.1" 200 68894 "-" "curl/8.7.1"
185.177.72.54 - - [24/Jul/2026:07:39:37 -0500] "GET /debug%2elog HTTP/1.1" 200 68894 "-" "curl/8.7.1"
185.177.72.54 - - [24/Jul/2026:07:39:37 -0500] "GET /debug%2ephp HTTP/1.1" 403 68894 "-" "curl/8.7.1"
185.177.72.54 - - [24/Jul/2026:07:39:39 -0500] "GET /debug/default/view HTTP/1.1" 200 68894 "-" "curl/8.7.1"
74.7.243.226 - - [24/Jul/2026:07:39:39 -0500] "GET /index.php?loknya=/proc/14214/root/opt/alt/php71/usr HTTP/1.1" 200 10858 "https://zona-activa.com/index.php?loknya=/proc/14214/root/opt/alt/php71" "Mozilla/5.0 AppleWebKit/537.36 (KHTML, like Gecko; compatible; GPTBot/1.4; +https://openai.com/gptbot)"
185.177.72.54 - - [24/Jul/2026:07:39:39 -0500] "GET /debug/default/view%2ehtml HTTP/1.1" 200 68894 "-" "curl/8.7.1"
185.177.72.54 - - [24/Jul/2026:07:39:40 -0500] "GET /debug/default/view?panel=config HTTP/1.1" 200 68894 "-" "curl/8.7.1"
185.177.72.54 - - [24/Jul/2026:07:39:41 -0500] "GET /default/%2eenv HTTP/1.1" 200 68894 "-" "curl/8.7.1"
185.177.72.54 - - [24/Jul/2026:07:39:42 -0500] "GET /delivery/%2eenv HTTP/1.1" 200 68894 "-" "curl/8.7.1"
185.177.72.54 - - [24/Jul/2026:07:39:43 -0500] "GET /demo-app/%2eenv HTTP/1.1" 200 68894 "-" "curl/8.7.1"
185.177.72.54 - - [24/Jul/2026:07:39:44 -0500] "GET /demo/%2eenv HTTP/1.1" 200 68893 "-" "curl/8.7.1"
74.7.243.226 - - [24/Jul/2026:07:39:44 -0500] "GET /index.php?loknya=/proc/14214/root/opt/alt/php81/usr HTTP/1.1" 200 10860 "https://zona-activa.com/index.php?loknya=/proc/14214/root/opt/alt/php81" "Mozilla/5.0 AppleWebKit/537.36 (KHTML, like Gecko; compatible; GPTBot/1.4; +https://openai.com/gptbot)"
185.177.72.54 - - [24/Jul/2026:07:39:45 -0500] "GET /dep%2ephp HTTP/1.1" 403 68893 "-" "curl/8.7.1"
185.177.72.54 - - [24/Jul/2026:07:39:45 -0500] "GET /deploy%2ephp HTTP/1.1" 403 68893 "-" "curl/8.7.1"
185.177.72.54 - - [24/Jul/2026:07:39:46 -0500] "GET /deploy/%2eenv HTTP/1.1" 200 68893 "-" "curl/8.7.1"
185.177.72.54 - - [24/Jul/2026:07:39:47 -0500] "GET /deployment-config%2ejson HTTP/1.1" 200 68893 "-" "curl/8.7.1"
185.177.72.54 - - [24/Jul/2026:07:39:47 -0500] "GET /dev-api/ HTTP/1.1" 200 68893 "-" "curl/8.7.1"
185.177.72.54 - - [24/Jul/2026:07:39:48 -0500] "GET /dev-env/%2eenv HTTP/1.1" 200 68893 "-" "curl/8.7.1"
74.7.243.226 - - [24/Jul/2026:07:39:49 -0500] "GET /index.php?loknya=/proc/14214/root/opt/alt/php84/usr HTTP/1.1" 200 10860 "https://zona-activa.com/index.php?loknya=/proc/14214/root/opt/alt/php84" "Mozilla/5.0 AppleWebKit/537.36 (KHTML, like Gecko; compatible; GPTBot/1.4; +https://openai.com/gptbot)"
185.177.72.54 - - [24/Jul/2026:07:39:49 -0500] "GET /dev%2ephp HTTP/1.1" 200 68892 "-" "curl/8.7.1"
185.177.72.54 - - [24/Jul/2026:07:39:50 -0500] "GET /dev/%2eenv%2elocal HTTP/1.1" 200 68894 "-" "curl/8.7.1"
185.177.72.54 - - [24/Jul/2026:07:39:51 -0500] "GET /dev_env/%2eenv HTTP/1.1" 200 68894 "-" "curl/8.7.1"
185.177.72.54 - - [24/Jul/2026:07:39:52 -0500] "GET /developer%2ephp HTTP/1.1" 403 68894 "-" "curl/8.7.1"
185.177.72.54 - - [24/Jul/2026:07:39:52 -0500] "GET /developer/%2eenv HTTP/1.1" 200 68894 "-" "curl/8.7.1"
185.177.72.54 - - [24/Jul/2026:07:39:53 -0500] "GET /developerslv/%2eenv HTTP/1.1" 200 68894 "-" "curl/8.7.1"
185.177.72.54 - - [24/Jul/2026:07:39:54 -0500] "GET /development/%2eenv HTTP/1.1" 200 68894 "-" "curl/8.7.1"
74.7.243.226 - - [24/Jul/2026:07:39:55 -0500] "GET /index.php?loknya=/proc/14214/root/opt/alt/php52/link HTTP/1.1" 200 6543 "https://zona-activa.com/index.php?loknya=/proc/14214/root/opt/alt/php52" "Mozilla/5.0 AppleWebKit/537.36 (KHTML, like Gecko; compatible; GPTBot/1.4; +https://openai.com/gptbot)"
185.177.72.54 - - [24/Jul/2026:07:39:55 -0500] "GET /devs%2ephp HTTP/1.1" 403 68894 "-" "curl/8.7.1"
185.177.72.54 - - [24/Jul/2026:07:39:56 -0500] "GET /devtools HTTP/1.1" 200 68894 "-" "curl/8.7.1"
185.177.72.54 - - [24/Jul/2026:07:39:57 -0500] "GET /directories/%2eenv HTTP/1.1" 200 68894 "-" "curl/8.7.1"
185.177.72.54 - - [24/Jul/2026:07:39:58 -0500] "GET /dist/%2eenv HTTP/1.1" 200 68894 "-" "curl/8.7.1"
185.177.72.54 - - [24/Jul/2026:07:39:58 -0500] "GET /dist/js/app%2e[hash]%2ejs HTTP/1.1" 200 68894 "-" "curl/8.7.1"
185.177.72.54 - - [24/Jul/2026:07:39:59 -0500] "GET /django-blog/%2eenv HTTP/1.1" 200 68894 "-" "curl/8.7.1"
74.7.243.226 - - [24/Jul/2026:07:40:00 -0500] "GET /index.php?loknya=/proc/14214/root/opt/alt/php73/etc/ HTTP/1.1" 200 32188 "https://zona-activa.com/index.php?loknya=/proc/14214/root/opt/alt/php73/etc/pear" "Mozilla/5.0 AppleWebKit/537.36 (KHTML, like Gecko; compatible; GPTBot/1.4; +https://openai.com/gptbot)"
185.177.72.54 - - [24/Jul/2026:07:40:00 -0500] "GET /django/%2eenv HTTP/1.1" 200 68894 "-" "curl/8.7.1"
185.177.72.54 - - [24/Jul/2026:07:40:01 -0500] "GET /django_project_path/%2eenv HTTP/1.1" 200 68894 "-" "curl/8.7.1"
111.225.148.71 - - [24/Jul/2026:07:40:03 -0500] "GET / HTTP/1.1" 200 68895 "-" "Mozilla/5.0 (Linux; Android 5.0) AppleWebKit/537.36 (KHTML, like Gecko) Mobile Safari/537.36 (compatible; Bytespider; https://zhanzhang.toutiao.com/)"
110.249.201.87 - - [24/Jul/2026:07:40:03 -0500] "GET /wp-content/uploads/2026/06/1-esterilizador-por-calor-seco-de-alta-temperatura-360B-300x300.png HTTP/1.1" 200 29997 "-" "Mozilla/5.0 (Linux; Android 5.0) AppleWebKit/537.36 (KHTML, like Gecko) Mobile Safari/537.36 (compatible; Bytespider; https://zhanzhang.toutiao.com/)"
185.177.72.54 - - [24/Jul/2026:07:40:03 -0500] "GET /doc/%2eenv HTTP/1.1" 200 68894 "-" "curl/8.7.1"
185.177.72.54 - - [24/Jul/2026:07:40:06 -0500] "GET /docker-compose%2eyml HTTP/1.1" 200 68894 "-" "curl/8.7.1"
74.7.243.226 - - [24/Jul/2026:07:40:06 -0500] "GET /index.php?loknya=/proc/14214/root/opt/alt/php55/var HTTP/1.1" 200 7600 "https://zona-activa.com/index.php?loknya=/proc/14214/root/opt/alt/php55" "Mozilla/5.0 AppleWebKit/537.36 (KHTML, like Gecko; compatible; GPTBot/1.4; +https://openai.com/gptbot)"
185.177.72.54 - - [24/Jul/2026:07:40:09 -0500] "GET /docker-compose/%2eenv HTTP/1.1" 200 68894 "-" "curl/8.7.1"
185.177.72.54 - - [24/Jul/2026:07:40:11 -0500] "GET /docker-compose/platform/%2eenv HTTP/1.1" 200 68894 "-" "curl/8.7.1"
74.7.243.226 - - [24/Jul/2026:07:40:11 -0500] "GET /index.php?loknya=/proc/14214/root/opt/alt/php55/link HTTP/1.1" 200 6543 "https://zona-activa.com/index.php?loknya=/proc/14214/root/opt/alt/php55" "Mozilla/5.0 AppleWebKit/537.36 (KHTML, like Gecko; compatible; GPTBot/1.4; +https://openai.com/gptbot)"
185.177.72.54 - - [24/Jul/2026:07:40:12 -0500] "GET /docker-elk/%2eenv HTTP/1.1" 200 68894 "-" "curl/8.7.1"
185.177.72.54 - - [24/Jul/2026:07:40:13 -0500] "GET /docker-network-healthcheck/%2eenv HTTP/1.1" 200 68894 "-" "curl/8.7.1"
185.177.72.54 - - [24/Jul/2026:07:40:14 -0500] "GET /docker-node-mongo-redis/%2eenv HTTP/1.1" 200 68894 "-" "curl/8.7.1"
74.7.243.226 - - [24/Jul/2026:07:40:16 -0500] "GET /index.php?loknya=/proc/14215/root/opt/alt/php70/etc HTTP/1.1" 200 32134 "https://zona-activa.com/index.php?loknya=/proc/14215/root/opt/alt/php70" "Mozilla/5.0 AppleWebKit/537.36 (KHTML, like Gecko; compatible; GPTBot/1.4; +https://openai.com/gptbot)"
185.177.72.54 - - [24/Jul/2026:07:40:16 -0500] "GET /docker/compose/withMongo/%2eenv HTTP/1.1" 200 68894 "-" "curl/8.7.1"
185.177.72.54 - - [24/Jul/2026:07:40:17 -0500] "GET /docker/compose/withPostgres/%2eenv HTTP/1.1" 200 68894 "-" "curl/8.7.1"
185.177.72.54 - - [24/Jul/2026:07:40:18 -0500] "GET /docker/database/%2eenv HTTP/1.1" 200 68894 "-" "curl/8.7.1"
185.177.72.54 - - [24/Jul/2026:07:40:18 -0500] "GET /docker/db/%2eenv HTTP/1.1" 200 68894 "-" "curl/8.7.1"
185.177.72.54 - - [24/Jul/2026:07:40:19 -0500] "GET /docker/dev/%2eenv HTTP/1.1" 200 68894 "-" "curl/8.7.1"
185.177.72.54 - - [24/Jul/2026:07:40:20 -0500] "GET /docker/examples/compose/%2eenv HTTP/1.1" 200 68894 "-" "curl/8.7.1"
74.7.243.226 - - [24/Jul/2026:07:40:21 -0500] "GET /index.php?loknya=/proc/14214/root/opt/alt/php53/link HTTP/1.1" 200 6543 "https://zona-activa.com/index.php?loknya=/proc/14214/root/opt/alt/php53" "Mozilla/5.0 AppleWebKit/537.36 (KHTML, like Gecko; compatible; GPTBot/1.4; +https://openai.com/gptbot)"
185.177.72.54 - - [24/Jul/2026:07:40:21 -0500] "GET /docker/postgres/%2eenv HTTP/1.1" 200 68894 "-" "curl/8.7.1"
185.177.72.54 - - [24/Jul/2026:07:40:22 -0500] "GET /docker/webdav/%2eenv HTTP/1.1" 200 68894 "-" "curl/8.7.1"
185.177.72.54 - - [24/Jul/2026:07:40:23 -0500] "GET /docs/%2eenv HTTP/1.1" 200 68894 "-" "curl/8.7.1"
185.177.72.54 - - [24/Jul/2026:07:40:23 -0500] "GET /dodoswap-client/%2eenv HTTP/1.1" 200 68894 "-" "curl/8.7.1"
185.177.72.54 - - [24/Jul/2026:07:40:24 -0500] "GET /dotfiles/%2eenv HTTP/1.1" 200 68894 "-" "curl/8.7.1"
185.177.72.54 - - [24/Jul/2026:07:40:25 -0500] "GET /download/%2eenv HTTP/1.1" 200 68894 "-" "curl/8.7.1"
74.7.243.226 - - [24/Jul/2026:07:40:26 -0500] "GET /index.php?loknya=/proc/14214/root/opt/alt/php81/var/www HTTP/1.1" 200 6615 "https://zona-activa.com/index.php?loknya=/proc/14214/root/opt/alt/php81/var" "Mozilla/5.0 AppleWebKit/537.36 (KHTML, like Gecko; compatible; GPTBot/1.4; +https://openai.com/gptbot)"
185.177.72.54 - - [24/Jul/2026:07:40:27 -0500] "GET /downloads/%2eenv HTTP/1.1" 200 68894 "-" "curl/8.7.1"
185.177.72.54 - - [24/Jul/2026:07:40:28 -0500] "GET /drupal/%2eenv HTTP/1.1" 200 68894 "-" "curl/8.7.1"
185.177.72.54 - - [24/Jul/2026:07:40:29 -0500] "GET /dump%2esql HTTP/1.1" 200 68894 "-" "curl/8.7.1"
185.177.72.54 - - [24/Jul/2026:07:40:30 -0500] "GET /e2e/%2eenv HTTP/1.1" 200 68894 "-" "curl/8.7.1"
74.7.243.226 - - [24/Jul/2026:07:40:31 -0500] "GET /index.php?loknya=/proc/14214/root/opt/alt/php74/var/www HTTP/1.1" 200 6615 "https://zona-activa.com/index.php?loknya=/proc/14214/root/opt/alt/php74/var" "Mozilla/5.0 AppleWebKit/537.36 (KHTML, like Gecko; compatible; GPTBot/1.4; +https://openai.com/gptbot)"
185.177.72.54 - - [24/Jul/2026:07:40:32 -0500] "GET /en/%2eenv HTTP/1.1" 200 68894 "-" "curl/8.7.1"
185.177.72.54 - - [24/Jul/2026:07:40:33 -0500] "GET /engine/%2eenv HTTP/1.1" 200 68894 "-" "curl/8.7.1"
92.119.36.68 - - [24/Jul/2026:07:40:33 -0500] "GET /contactenos/ HTTP/1.1" 200 68893 "-" "Mozilla/5.0 (Macintosh; Intel Mac OS X 10_15_7) AppleWebKit/537.36 (KHTML, like Gecko) Chrome/144.0.0.0 Safari/537.36"
185.177.72.54 - - [24/Jul/2026:07:40:34 -0500] "GET /env%2eexample HTTP/1.1" 200 68894 "-" "curl/8.7.1"
185.177.72.54 - - [24/Jul/2026:07:40:35 -0500] "GET /env%2esave HTTP/1.1" 200 68894 "-" "curl/8.7.1"
185.177.72.54 - - [24/Jul/2026:07:40:35 -0500] "GET /env%2etemplate HTTP/1.1" 200 68894 "-" "curl/8.7.1"
185.177.72.54 - - [24/Jul/2026:07:40:36 -0500] "GET /env/dockers/mariadb-test/%2eenv HTTP/1.1" 200 68894 "-" "curl/8.7.1"
74.7.243.226 - - [24/Jul/2026:07:40:36 -0500] "GET /index.php?loknya=/proc/14214/root/opt/alt/php81/var/lib HTTP/1.1" 200 7709 "https://zona-activa.com/index.php?loknya=/proc/14214/root/opt/alt/php81/var" "Mozilla/5.0 AppleWebKit/537.36 (KHTML, like Gecko; compatible; GPTBot/1.4; +https://openai.com/gptbot)"
185.177.72.54 - - [24/Jul/2026:07:40:37 -0500] "GET /env/dockers/php-apache/%2eenv HTTP/1.1" 200 68894 "-" "curl/8.7.1"
185.177.72.54 - - [24/Jul/2026:07:40:38 -0500] "GET /env/example/%2eenv HTTP/1.1" 200 68894 "-" "curl/8.7.1"
185.177.72.54 - - [24/Jul/2026:07:40:38 -0500] "GET /env/template/%2eenv HTTP/1.1" 200 68894 "-" "curl/8.7.1"
92.119.36.62 - - [24/Jul/2026:07:40:39 -0500] "GET /contactenos/?lokasie=/home/zonaacti/public_html/.htaccess&loknya=/home/zonaacti/public_html HTTP/1.1" 200 4797 "https://zona-activa.com/contactenos/" "Mozilla/5.0 (Macintosh; Intel Mac OS X 10_15_7) AppleWebKit/537.36 (KHTML, like Gecko) Chrome/144.0.0.0 Safari/537.36"
185.177.72.54 - - [24/Jul/2026:07:40:39 -0500] "GET /environments/local/%2eenv HTTP/1.1" 200 68894 "-" "curl/8.7.1"
185.177.72.54 - - [24/Jul/2026:07:40:40 -0500] "GET /environments/production/%2eenv HTTP/1.1" 200 68894 "-" "curl/8.7.1"
110.249.201.103 - - [24/Jul/2026:07:40:41 -0500] "GET /producto/filtros-de-recambio-para-osmosis-inversa-1000gpd-modelo-europa/ HTTP/1.1" 200 68896 "-" "Mozilla/5.0 (Linux; Android 5.0) AppleWebKit/537.36 (KHTML, like Gecko) Mobile Safari/537.36 (compatible; Bytespider; https://zhanzhang.toutiao.com/)"
185.177.72.54 - - [24/Jul/2026:07:40:41 -0500] "GET /envs/%2eenv HTTP/1.1" 200 68894 "-" "curl/8.7.1"
74.7.243.226 - - [24/Jul/2026:07:40:42 -0500] "GET /index.php?loknya=/proc/14214/root/opt/alt/php74/var/lib HTTP/1.1" 200 7709 "https://zona-activa.com/index.php?loknya=/proc/14214/root/opt/alt/php74/var" "Mozilla/5.0 AppleWebKit/537.36 (KHTML, like Gecko; compatible; GPTBot/1.4; +https://openai.com/gptbot)"
185.177.72.54 - - [24/Jul/2026:07:40:42 -0500] "GET /error%2elog HTTP/1.1" 200 68894 "-" "curl/8.7.1"
185.177.72.54 - - [24/Jul/2026:07:40:43 -0500] "GET /error/%2eenv HTTP/1.1" 200 68894 "-" "curl/8.7.1"
185.177.72.54 - - [24/Jul/2026:07:40:44 -0500] "GET /errors/%2eenv HTTP/1.1" 200 68894 "-" "curl/8.7.1"
185.177.72.54 - - [24/Jul/2026:07:40:44 -0500] "GET /example/%2eenv HTTP/1.1" 200 68894 "-" "curl/8.7.1"
92.119.36.57 - - [24/Jul/2026:07:40:46 -0500] "GET /contactenos/?lokasie=/home/zonaacti/public_html/ORVX-TPA7JQ.php&loknya=/home/zonaacti/public_html HTTP/1.1" 200 186558 "https://zona-activa.com/contactenos/" "Mozilla/5.0 (Macintosh; Intel Mac OS X 10_15_7) AppleWebKit/537.36 (KHTML, like Gecko) Chrome/144.0.0.0 Safari/537.36"
185.177.72.54 - - [24/Jul/2026:07:40:46 -0500] "GET /example02-golang-package/import-underscore/%2eenv HTTP/1.1" 200 68894 "-" "curl/8.7.1"
74.7.243.226 - - [24/Jul/2026:07:40:47 -0500] "GET /index.php?loknya=/proc/14215/root/opt/alt/php83/etc HTTP/1.1" 200 30703 "https://zona-activa.com/index.php?loknya=/proc/14215/root/opt/alt/php83" "Mozilla/5.0 AppleWebKit/537.36 (KHTML, like Gecko; compatible; GPTBot/1.4; +https://openai.com/gptbot)"
185.177.72.54 - - [24/Jul/2026:07:40:47 -0500] "GET /example27-how-to-load-env/sample01/%2eenv HTTP/1.1" 200 68894 "-" "curl/8.7.1"
185.177.72.54 - - [24/Jul/2026:07:40:48 -0500] "GET /example27-how-to-load-env/sample02/%2eenv HTTP/1.1" 200 68894 "-" "curl/8.7.1"
185.177.72.54 - - [24/Jul/2026:07:40:49 -0500] "GET /examples/%2eenv HTTP/1.1" 200 68894 "-" "curl/8.7.1"
185.177.72.54 - - [24/Jul/2026:07:40:49 -0500] "GET /examples/01-simple-model/%2eenv HTTP/1.1" 200 68894 "-" "curl/8.7.1"
185.177.72.54 - - [24/Jul/2026:07:40:50 -0500] "GET /examples/02-complex-example/%2eenv HTTP/1.1" 200 68894 "-" "curl/8.7.1"
185.177.72.54 - - [24/Jul/2026:07:40:51 -0500] "GET /examples/03-one-to-many-relationship/%2eenv HTTP/1.1" 200 68894 "-" "curl/8.7.1"
185.177.72.54 - - [24/Jul/2026:07:40:52 -0500] "GET /examples/04-many-to-many-relationship/%2eenv HTTP/1.1" 200 68894 "-" "curl/8.7.1"
74.7.243.226 - - [24/Jul/2026:07:40:52 -0500] "GET /index.php?loknya=/proc/14214/root/opt/alt/php73/link HTTP/1.1" 200 6543 "https://zona-activa.com/index.php?loknya=/proc/14214/root/opt/alt/php73" "Mozilla/5.0 AppleWebKit/537.36 (KHTML, like Gecko; compatible; GPTBot/1.4; +https://openai.com/gptbot)"
185.177.72.54 - - [24/Jul/2026:07:40:53 -0500] "GET /examples/05-migrations/%2eenv HTTP/1.1" 200 68894 "-" "curl/8.7.1"
92.119.36.104 - - [24/Jul/2026:07:40:54 -0500] "GET /contactenos/?lokasie=/home/zonaacti/public_html/ORVX-xAgbDG.php&loknya=/home/zonaacti/public_html HTTP/1.1" 200 413091 "https://zona-activa.com/contactenos/" "Mozilla/5.0 (Macintosh; Intel Mac OS X 10_15_7) AppleWebKit/537.36 (KHTML, like Gecko) Chrome/144.0.0.0 Safari/537.36"
185.177.72.54 - - [24/Jul/2026:07:40:54 -0500] "GET /examples/06-base-service/%2eenv HTTP/1.1" 200 68893 "-" "curl/8.7.1"
185.177.72.54 - - [24/Jul/2026:07:40:55 -0500] "GET /examples/07-feature-flags/%2eenv HTTP/1.1" 200 68893 "-" "curl/8.7.1"
185.177.72.54 - - [24/Jul/2026:07:40:55 -0500] "GET /examples/08-performance/%2eenv HTTP/1.1" 200 68893 "-" "curl/8.7.1"
185.177.72.54 - - [24/Jul/2026:07:40:56 -0500] "GET /examples/09-production/%2eenv HTTP/1.1" 200 68893 "-" "curl/8.7.1"
185.177.72.54 - - [24/Jul/2026:07:40:57 -0500] "GET /examples/10-subscriptions/%2eenv HTTP/1.1" 200 68893 "-" "curl/8.7.1"
74.7.243.226 - - [24/Jul/2026:07:40:57 -0500] "GET /index.php?loknya=/proc/14215/root/opt/alt/php54/link HTTP/1.1" 200 6543 "https://zona-activa.com/index.php?loknya=/proc/14215/root/opt/alt/php54" "Mozilla/5.0 AppleWebKit/537.36 (KHTML, like Gecko; compatible; GPTBot/1.4; +https://openai.com/gptbot)"
