74.7.243.226 - - [24/Jul/2026:12:27:03 -0500] "GET /index.php?loknya=/opt/cpanel/ea-php80/root/var/run HTTP/1.1" 200 6495 "https://zona-activa.com/index.php?loknya=/opt/cpanel/ea-php80/root/var" "Mozilla/5.0 AppleWebKit/537.36 (KHTML, like Gecko; compatible; GPTBot/1.4; +https://openai.com/gptbot)"
74.7.243.226 - - [24/Jul/2026:12:27:09 -0500] "GET /index.php?loknya=/opt/cpanel/ea-php71/root/var/lib/misc HTTP/1.1" 200 5488 "https://zona-activa.com/index.php?loknya=/opt/cpanel/ea-php71/root/var/lib" "Mozilla/5.0 AppleWebKit/537.36 (KHTML, like Gecko; compatible; GPTBot/1.4; +https://openai.com/gptbot)"
43.153.19.83 - - [24/Jul/2026:12:27:11 -0500] "GET /%5B%5E?loknya=/ HTTP/1.1" 200 20668 "-" "Mozilla/5.0 (iPhone; CPU iPhone OS 13_2_3 like Mac OS X) AppleWebKit/605.1.15 (KHTML, like Gecko) Version/13.0.3 Mobile/15E148 Safari/604.1"
74.7.243.226 - - [24/Jul/2026:12:27:14 -0500] "GET /index.php?loknya=/opt/cpanel/ea-php71/root/var/lib/pear HTTP/1.1" 200 14333 "https://zona-activa.com/index.php?loknya=/opt/cpanel/ea-php71/root/var/lib" "Mozilla/5.0 AppleWebKit/537.36 (KHTML, like Gecko; compatible; GPTBot/1.4; +https://openai.com/gptbot)"
66.249.68.134 - - [24/Jul/2026:12:27:16 -0500] "GET /?sale/detail/A86272217048.html HTTP/1.1" 200 200630 "-" "Mozilla/5.0 (Linux; Android 6.0.1; Nexus 5X Build/MMB29P) AppleWebKit/537.36 (KHTML, like Gecko) Chrome/150.0.7871.128 Mobile Safari/537.36 (compatible; GoogleOther)"
74.7.243.226 - - [24/Jul/2026:12:27:19 -0500] "GET /index.php?loknya=/opt/cpanel/ea-php70/root/var/lib/pear HTTP/1.1" 200 14333 "https://zona-activa.com/index.php?loknya=/opt/cpanel/ea-php70/root/var/lib" "Mozilla/5.0 AppleWebKit/537.36 (KHTML, like Gecko; compatible; GPTBot/1.4; +https://openai.com/gptbot)"
160.250.51.62 - - [24/Jul/2026:12:27:23 -0500] "GET /producto/purificador-de-agua-osmosis-inversa-ro-50-gpd-modelo-jl-2/?_wpnonce=2407ae0936&add_to_wishlist=105 HTTP/1.1" 200 68891 "-" "Mozilla/5.0 (Macintosh; Intel Mac OS X 10_13_4) AppleWebKit/537.36 (KHTML, like Gecko) Chrome/65.0.3325.19 Safari/537.36"
74.7.243.226 - - [24/Jul/2026:12:27:25 -0500] "GET /index.php?loknya=/opt/cpanel/ea-php83/root/etc/xdg/autostart HTTP/1.1" 200 5507 "https://zona-activa.com/index.php?loknya=/opt/cpanel/ea-php83/root/etc/xdg" "Mozilla/5.0 AppleWebKit/537.36 (KHTML, like Gecko; compatible; GPTBot/1.4; +https://openai.com/gptbot)"
74.7.243.226 - - [24/Jul/2026:12:27:30 -0500] "GET /index.php?loknya=/opt/cpanel/ea-php80/root/media HTTP/1.1" 200 5343 "https://zona-activa.com/index.php?loknya=/opt/cpanel/ea-php80/root" "Mozilla/5.0 AppleWebKit/537.36 (KHTML, like Gecko; compatible; GPTBot/1.4; +https://openai.com/gptbot)"
74.7.243.226 - - [24/Jul/2026:12:27:35 -0500] "GET /index.php?loknya=/opt/cpanel/ea-php73/root/var/lib HTTP/1.1" 200 9726 "https://zona-activa.com/index.php?loknya=/opt/cpanel/ea-php73/root/var" "Mozilla/5.0 AppleWebKit/537.36 (KHTML, like Gecko; compatible; GPTBot/1.4; +https://openai.com/gptbot)"
74.7.243.226 - - [24/Jul/2026:12:27:40 -0500] "GET /index.php?loknya=/opt/cpanel/ea-php73/root/var/log HTTP/1.1" 200 6522 "https://zona-activa.com/index.php?loknya=/opt/cpanel/ea-php73/root/var" "Mozilla/5.0 AppleWebKit/537.36 (KHTML, like Gecko; compatible; GPTBot/1.4; +https://openai.com/gptbot)"
74.7.243.226 - - [24/Jul/2026:12:27:45 -0500] "GET /index.php?loknya=/opt/cpanel/ea-php81/root/etc/xdg HTTP/1.1" 200 6496 "https://zona-activa.com/index.php?loknya=/opt/cpanel/ea-php81/root/etc" "Mozilla/5.0 AppleWebKit/537.36 (KHTML, like Gecko; compatible; GPTBot/1.4; +https://openai.com/gptbot)"
74.7.243.226 - - [24/Jul/2026:12:27:50 -0500] "GET /index.php?loknya=/opt/cpanel/ea-php74/root/usr/etc HTTP/1.1" 200 5407 "https://zona-activa.com/index.php?loknya=/opt/cpanel/ea-php74/root/usr" "Mozilla/5.0 AppleWebKit/537.36 (KHTML, like Gecko; compatible; GPTBot/1.4; +https://openai.com/gptbot)"
74.7.243.226 - - [24/Jul/2026:12:27:56 -0500] "GET /index.php?loknya=/opt/cpanel/ea-php56/root/media HTTP/1.1" 200 5343 "https://zona-activa.com/index.php?loknya=/opt/cpanel/ea-php56/root" "Mozilla/5.0 AppleWebKit/537.36 (KHTML, like Gecko; compatible; GPTBot/1.4; +https://openai.com/gptbot)"
74.7.243.226 - - [24/Jul/2026:12:28:02 -0500] "GET /index.php?loknya=/opt/cpanel/ea-php81/root/var/lib HTTP/1.1" 200 9723 "https://zona-activa.com/index.php?loknya=/opt/cpanel/ea-php81/root/var" "Mozilla/5.0 AppleWebKit/537.36 (KHTML, like Gecko; compatible; GPTBot/1.4; +https://openai.com/gptbot)"
74.7.243.226 - - [24/Jul/2026:12:28:07 -0500] "GET /index.php?loknya=/opt/cpanel/ea-php71/root/var/lib/ HTTP/1.1" 200 9736 "https://zona-activa.com/index.php?loknya=/opt/cpanel/ea-php71/root/var/lib/misc" "Mozilla/5.0 AppleWebKit/537.36 (KHTML, like Gecko; compatible; GPTBot/1.4; +https://openai.com/gptbot)"
74.7.243.226 - - [24/Jul/2026:12:28:12 -0500] "GET /index.php?loknya=/opt/cpanel/ea-php71/root/var/lib/pear/pkgxml HTTP/1.1" 200 12787 "https://zona-activa.com/index.php?loknya=/opt/cpanel/ea-php71/root/var/lib/pear" "Mozilla/5.0 AppleWebKit/537.36 (KHTML, like Gecko; compatible; GPTBot/1.4; +https://openai.com/gptbot)"
74.7.243.226 - - [24/Jul/2026:12:28:16 -0500] "GET /index.php?loknya=/opt/cpanel/ea-php70/root/var/lib/pear/pkgxml HTTP/1.1" 200 12787 "https://zona-activa.com/index.php?loknya=/opt/cpanel/ea-php70/root/var/lib/pear" "Mozilla/5.0 AppleWebKit/537.36 (KHTML, like Gecko; compatible; GPTBot/1.4; +https://openai.com/gptbot)"
74.7.243.226 - - [24/Jul/2026:12:28:22 -0500] "GET /index.php?loknya=/opt/cpanel/ea-php71/root/var/lib/pear/.channels HTTP/1.1" 200 12523 "https://zona-activa.com/index.php?loknya=/opt/cpanel/ea-php71/root/var/lib/pear" "Mozilla/5.0 AppleWebKit/537.36 (KHTML, like Gecko; compatible; GPTBot/1.4; +https://openai.com/gptbot)"
57.141.18.123 - - [24/Jul/2026:12:28:22 -0500] "GET /producto/osmosis-inversa-sin-bomba-75gpd-de-color-5-etapas-sin-electricidad-modelo-jl-09/?add_to_wishlist=16259&_wpnonce=d5b1e38211&add-to-cart=119 HTTP/1.1" 200 68891 "-" "Mozilla/5.0 (Macintosh; Intel Mac OS X 10_15_7) AppleWebKit/537.36 (KHTML, like Gecko) Chrome/145.0.0.0 Safari/537.36 (compatible; meta-externalagent/1.1 (+https://developers.facebook.com/docs/sharing/webmasters/crawler))"
74.7.243.226 - - [24/Jul/2026:12:28:27 -0500] "GET /index.php?loknya=/opt/cpanel/ea-php70/root/var/lib/pear/.channels HTTP/1.1" 200 12523 "https://zona-activa.com/index.php?loknya=/opt/cpanel/ea-php70/root/var/lib/pear" "Mozilla/5.0 AppleWebKit/537.36 (KHTML, like Gecko; compatible; GPTBot/1.4; +https://openai.com/gptbot)"
74.7.243.226 - - [24/Jul/2026:12:28:32 -0500] "GET /index.php?loknya=/opt/cpanel/ea-php73/root/var/lib/pear HTTP/1.1" 200 14333 "https://zona-activa.com/index.php?loknya=/opt/cpanel/ea-php73/root/var/lib" "Mozilla/5.0 AppleWebKit/537.36 (KHTML, like Gecko; compatible; GPTBot/1.4; +https://openai.com/gptbot)"
74.7.243.226 - - [24/Jul/2026:12:28:38 -0500] "GET /index.php?loknya=/opt/cpanel/ea-php72/root/var/adm HTTP/1.1" 200 5407 "https://zona-activa.com/index.php?loknya=/opt/cpanel/ea-php72/root/var" "Mozilla/5.0 AppleWebKit/537.36 (KHTML, like Gecko; compatible; GPTBot/1.4; +https://openai.com/gptbot)"
74.7.243.226 - - [24/Jul/2026:12:28:43 -0500] "GET /index.php?loknya=/opt/cpanel/ea-php81/root/etc/xdg/autostart HTTP/1.1" 200 5507 "https://zona-activa.com/index.php?loknya=/opt/cpanel/ea-php81/root/etc/xdg" "Mozilla/5.0 AppleWebKit/537.36 (KHTML, like Gecko; compatible; GPTBot/1.4; +https://openai.com/gptbot)"
74.7.243.226 - - [24/Jul/2026:12:28:48 -0500] "GET /index.php?loknya=/opt/cpanel/ea-php73/root/etc/xdg HTTP/1.1" 200 6497 "https://zona-activa.com/index.php?loknya=/opt/cpanel/ea-php73/root/etc" "Mozilla/5.0 AppleWebKit/537.36 (KHTML, like Gecko; compatible; GPTBot/1.4; +https://openai.com/gptbot)"
74.7.243.226 - - [24/Jul/2026:12:28:53 -0500] "GET /index.php?loknya=/opt/cpanel/ea-php71/root/var/log HTTP/1.1" 200 6522 "https://zona-activa.com/index.php?loknya=/opt/cpanel/ea-php71/root/var" "Mozilla/5.0 AppleWebKit/537.36 (KHTML, like Gecko; compatible; GPTBot/1.4; +https://openai.com/gptbot)"
74.7.243.226 - - [24/Jul/2026:12:28:59 -0500] "GET /index.php?loknya=/opt/cpanel/ea-php81/root/var/lib/pear HTTP/1.1" 200 14333 "https://zona-activa.com/index.php?loknya=/opt/cpanel/ea-php81/root/var/lib" "Mozilla/5.0 AppleWebKit/537.36 (KHTML, like Gecko; compatible; GPTBot/1.4; +https://openai.com/gptbot)"
74.7.243.226 - - [24/Jul/2026:12:29:04 -0500] "GET /index.php?loknya=/opt/cpanel/ea-php71/root/etc/xdg HTTP/1.1" 200 6497 "https://zona-activa.com/index.php?loknya=/opt/cpanel/ea-php71/root/etc" "Mozilla/5.0 AppleWebKit/537.36 (KHTML, like Gecko; compatible; GPTBot/1.4; +https://openai.com/gptbot)"
74.7.243.226 - - [24/Jul/2026:12:29:09 -0500] "GET /index.php?loknya=/opt/cpanel/ea-php81/root/media HTTP/1.1" 200 5343 "https://zona-activa.com/index.php?loknya=/opt/cpanel/ea-php81/root" "Mozilla/5.0 AppleWebKit/537.36 (KHTML, like Gecko; compatible; GPTBot/1.4; +https://openai.com/gptbot)"
74.7.243.226 - - [24/Jul/2026:12:29:14 -0500] "GET /index.php?loknya=/opt/cpanel/ea-php74/root/var/run HTTP/1.1" 200 6520 "https://zona-activa.com/index.php?loknya=/opt/cpanel/ea-php74/root/var" "Mozilla/5.0 AppleWebKit/537.36 (KHTML, like Gecko; compatible; GPTBot/1.4; +https://openai.com/gptbot)"
74.7.243.226 - - [24/Jul/2026:12:29:19 -0500] "GET /index.php?loknya=/opt/cpanel/ea-php56/root/var/run HTTP/1.1" 200 6520 "https://zona-activa.com/index.php?loknya=/opt/cpanel/ea-php56/root/var" "Mozilla/5.0 AppleWebKit/537.36 (KHTML, like Gecko; compatible; GPTBot/1.4; +https://openai.com/gptbot)"
74.7.243.226 - - [24/Jul/2026:12:29:25 -0500] "GET /index.php?lokasie=/opt/cpanel/ea-php70/root/var/lib/pear/.channels/pecl.php.net.reg&loknya=/opt/cpanel/ea-php70/root/var/lib/pear/.channels HTTP/1.1" 200 5278 "https://zona-activa.com/index.php?loknya=/opt/cpanel/ea-php70/root/var/lib/pear/.channels" "Mozilla/5.0 AppleWebKit/537.36 (KHTML, like Gecko; compatible; GPTBot/1.4; +https://openai.com/gptbot)"
74.7.243.226 - - [24/Jul/2026:12:29:30 -0500] "GET /index.php?loknya=/opt/cpanel/ea-php73/root/var/lib/pear/pkgxml HTTP/1.1" 200 12787 "https://zona-activa.com/index.php?loknya=/opt/cpanel/ea-php73/root/var/lib/pear" "Mozilla/5.0 AppleWebKit/537.36 (KHTML, like Gecko; compatible; GPTBot/1.4; +https://openai.com/gptbot)"
74.7.243.226 - - [24/Jul/2026:12:29:35 -0500] "GET /index.php?loknya=/opt/cpanel/ea-php73/root/var/lib/pear/.channels HTTP/1.1" 200 12523 "https://zona-activa.com/index.php?loknya=/opt/cpanel/ea-php73/root/var/lib/pear" "Mozilla/5.0 AppleWebKit/537.36 (KHTML, like Gecko; compatible; GPTBot/1.4; +https://openai.com/gptbot)"
74.7.243.226 - - [24/Jul/2026:12:29:40 -0500] "GET /index.php?loknya=/opt/cpanel/ea-php81/root/var/adm HTTP/1.1" 200 5407 "https://zona-activa.com/index.php?loknya=/opt/cpanel/ea-php81/root/var" "Mozilla/5.0 AppleWebKit/537.36 (KHTML, like Gecko; compatible; GPTBot/1.4; +https://openai.com/gptbot)"
74.7.243.226 - - [24/Jul/2026:12:29:45 -0500] "GET /index.php?loknya=/opt/cpanel/ea-php73/root/etc/xdg/autostart HTTP/1.1" 200 5507 "https://zona-activa.com/index.php?loknya=/opt/cpanel/ea-php73/root/etc/xdg" "Mozilla/5.0 AppleWebKit/537.36 (KHTML, like Gecko; compatible; GPTBot/1.4; +https://openai.com/gptbot)"
74.7.243.226 - - [24/Jul/2026:12:29:50 -0500] "GET /index.php?loknya=/opt/cpanel/ea-php72/root/usr/tmp HTTP/1.1" 200 6501 "https://zona-activa.com/index.php?loknya=/opt/cpanel/ea-php72/root/usr" "Mozilla/5.0 AppleWebKit/537.36 (KHTML, like Gecko; compatible; GPTBot/1.4; +https://openai.com/gptbot)"
74.7.243.226 - - [24/Jul/2026:12:29:55 -0500] "GET /index.php?loknya=/opt/cpanel/ea-php81/root/var/lib/pear/.registry HTTP/1.1" 200 16396 "https://zona-activa.com/index.php?loknya=/opt/cpanel/ea-php81/root/var/lib/pear" "Mozilla/5.0 AppleWebKit/537.36 (KHTML, like Gecko; compatible; GPTBot/1.4; +https://openai.com/gptbot)"
74.7.243.226 - - [24/Jul/2026:12:30:01 -0500] "GET /index.php?loknya=/opt/cpanel/ea-php81/root/var/lib/pear/pkgxml HTTP/1.1" 200 12787 "https://zona-activa.com/index.php?loknya=/opt/cpanel/ea-php81/root/var/lib/pear" "Mozilla/5.0 AppleWebKit/537.36 (KHTML, like Gecko; compatible; GPTBot/1.4; +https://openai.com/gptbot)"
74.7.243.226 - - [24/Jul/2026:12:30:07 -0500] "GET /index.php?loknya=/opt/cpanel/ea-php81/root/var/lib/pear/.channels HTTP/1.1" 200 12523 "https://zona-activa.com/index.php?loknya=/opt/cpanel/ea-php81/root/var/lib/pear" "Mozilla/5.0 AppleWebKit/537.36 (KHTML, like Gecko; compatible; GPTBot/1.4; +https://openai.com/gptbot)"
74.7.243.226 - - [24/Jul/2026:12:30:12 -0500] "GET /index.php?loknya=/opt/cpanel/ea-php71/root/etc/xdg/autostart HTTP/1.1" 200 5507 "https://zona-activa.com/index.php?loknya=/opt/cpanel/ea-php71/root/etc/xdg" "Mozilla/5.0 AppleWebKit/537.36 (KHTML, like Gecko; compatible; GPTBot/1.4; +https://openai.com/gptbot)"
66.249.68.136 - - [24/Jul/2026:12:30:14 -0500] "GET /?sale/detail/A86272165676.html HTTP/1.1" 200 194263 "-" "Mozilla/5.0 (Linux; Android 6.0.1; Nexus 5X Build/MMB29P) AppleWebKit/537.36 (KHTML, like Gecko) Chrome/150.0.7871.128 Mobile Safari/537.36 (compatible; GoogleOther)"
74.7.243.226 - - [24/Jul/2026:12:30:16 -0500] "GET /index.php?loknya=/opt/cpanel/ea-php72/root/var/tmp HTTP/1.1" 200 6501 "https://zona-activa.com/index.php?loknya=/opt/cpanel/ea-php72/root/var" "Mozilla/5.0 AppleWebKit/537.36 (KHTML, like Gecko; compatible; GPTBot/1.4; +https://openai.com/gptbot)"
74.7.243.226 - - [24/Jul/2026:12:30:21 -0500] "GET /index.php?loknya=/opt/cpanel/ea-php80/root/var/lib HTTP/1.1" 200 9738 "https://zona-activa.com/index.php?loknya=/opt/cpanel/ea-php80/root/var" "Mozilla/5.0 AppleWebKit/537.36 (KHTML, like Gecko; compatible; GPTBot/1.4; +https://openai.com/gptbot)"
74.7.243.226 - - [24/Jul/2026:12:30:27 -0500] "GET /index.php?loknya=/opt/cpanel/ea-php56/root/etc/xdg HTTP/1.1" 200 6497 "https://zona-activa.com/index.php?loknya=/opt/cpanel/ea-php56/root/etc" "Mozilla/5.0 AppleWebKit/537.36 (KHTML, like Gecko; compatible; GPTBot/1.4; +https://openai.com/gptbot)"
74.7.243.226 - - [24/Jul/2026:12:30:32 -0500] "GET /index.php?loknya=/opt/cpanel/ea-php56/root/var/lib HTTP/1.1" 200 9726 "https://zona-activa.com/index.php?loknya=/opt/cpanel/ea-php56/root/var" "Mozilla/5.0 AppleWebKit/537.36 (KHTML, like Gecko; compatible; GPTBot/1.4; +https://openai.com/gptbot)"
74.7.243.226 - - [24/Jul/2026:12:30:37 -0500] "GET /index.php?loknya=/opt/cpanel/ea-php74/root/var/lib HTTP/1.1" 200 9726 "https://zona-activa.com/index.php?loknya=/opt/cpanel/ea-php74/root/var" "Mozilla/5.0 AppleWebKit/537.36 (KHTML, like Gecko; compatible; GPTBot/1.4; +https://openai.com/gptbot)"
74.7.243.226 - - [24/Jul/2026:12:30:42 -0500] "GET /index.php?loknya=/opt/cpanel/ea-php56/root/var/log HTTP/1.1" 200 6522 "https://zona-activa.com/index.php?loknya=/opt/cpanel/ea-php56/root/var" "Mozilla/5.0 AppleWebKit/537.36 (KHTML, like Gecko; compatible; GPTBot/1.4; +https://openai.com/gptbot)"
74.7.243.226 - - [24/Jul/2026:12:30:48 -0500] "GET /index.php?loknya=/opt/cpanel/ea-php74/root/var/log HTTP/1.1" 200 6522 "https://zona-activa.com/index.php?loknya=/opt/cpanel/ea-php74/root/var" "Mozilla/5.0 AppleWebKit/537.36 (KHTML, like Gecko; compatible; GPTBot/1.4; +https://openai.com/gptbot)"
57.141.18.9 - - [24/Jul/2026:12:30:49 -0500] "GET /producto/osmosis-inversa-600gpd-modelo-jl-07/?lokasie=/home/zonaacti/public_html/cugpauee.php&loknya=/home/zonaacti/public_html HTTP/1.1" 200 179917 "-" "Mozilla/5.0 (Windows NT 10.0; Win64; x64; rv:147.0) Gecko/20100101 Firefox/147.0 (compatible; meta-externalagent/1.1 (+https://developers.facebook.com/docs/sharing/webmasters/crawler))"
74.7.243.226 - - [24/Jul/2026:12:30:53 -0500] "GET /index.php?loknya=/opt/cpanel/ea-php80/root/var/tmp HTTP/1.1" 200 6501 "https://zona-activa.com/index.php?loknya=/opt/cpanel/ea-php80/root/var" "Mozilla/5.0 AppleWebKit/537.36 (KHTML, like Gecko; compatible; GPTBot/1.4; +https://openai.com/gptbot)"
74.7.243.226 - - [24/Jul/2026:12:30:59 -0500] "GET /index.php?loknya=/opt/cpanel/ea-php70/root/var/log HTTP/1.1" 200 6522 "https://zona-activa.com/index.php?loknya=/opt/cpanel/ea-php70/root/var" "Mozilla/5.0 AppleWebKit/537.36 (KHTML, like Gecko; compatible; GPTBot/1.4; +https://openai.com/gptbot)"
74.7.243.226 - - [24/Jul/2026:12:31:04 -0500] "GET /index.php?loknya=/opt/cpanel/ea-php83/root/usr/tmp HTTP/1.1" 200 6502 "https://zona-activa.com/index.php?loknya=/opt/cpanel/ea-php83/root/usr" "Mozilla/5.0 AppleWebKit/537.36 (KHTML, like Gecko; compatible; GPTBot/1.4; +https://openai.com/gptbot)"
74.7.243.226 - - [24/Jul/2026:12:31:09 -0500] "GET /index.php?loknya=/opt/cpanel/ea-php70/root/var/nis HTTP/1.1" 200 5407 "https://zona-activa.com/index.php?loknya=/opt/cpanel/ea-php70/root/var" "Mozilla/5.0 AppleWebKit/537.36 (KHTML, like Gecko; compatible; GPTBot/1.4; +https://openai.com/gptbot)"
74.7.243.226 - - [24/Jul/2026:12:31:15 -0500] "GET /index.php?loknya=/opt/cpanel/ea-php81/root/var/log HTTP/1.1" 200 6491 "https://zona-activa.com/index.php?loknya=/opt/cpanel/ea-php81/root/var" "Mozilla/5.0 AppleWebKit/537.36 (KHTML, like Gecko; compatible; GPTBot/1.4; +https://openai.com/gptbot)"
74.7.243.226 - - [24/Jul/2026:12:31:20 -0500] "GET /index.php?loknya=/opt/cpanel/ea-php80/root/var/lib/pear HTTP/1.1" 200 14333 "https://zona-activa.com/index.php?loknya=/opt/cpanel/ea-php80/root/var/lib" "Mozilla/5.0 AppleWebKit/537.36 (KHTML, like Gecko; compatible; GPTBot/1.4; +https://openai.com/gptbot)"
74.7.243.226 - - [24/Jul/2026:12:31:25 -0500] "GET /index.php?loknya=/opt/cpanel/ea-php56/root/etc/xdg/autostart HTTP/1.1" 200 5507 "https://zona-activa.com/index.php?loknya=/opt/cpanel/ea-php56/root/etc/xdg" "Mozilla/5.0 AppleWebKit/537.36 (KHTML, like Gecko; compatible; GPTBot/1.4; +https://openai.com/gptbot)"
74.7.243.226 - - [24/Jul/2026:12:31:30 -0500] "GET /index.php?loknya=/opt/cpanel/ea-php56/root/var/lib/pear HTTP/1.1" 200 14333 "https://zona-activa.com/index.php?loknya=/opt/cpanel/ea-php56/root/var/lib" "Mozilla/5.0 AppleWebKit/537.36 (KHTML, like Gecko; compatible; GPTBot/1.4; +https://openai.com/gptbot)"
74.7.243.226 - - [24/Jul/2026:12:31:35 -0500] "GET /index.php?loknya=/opt/cpanel/ea-php74/root/var/lib/pear HTTP/1.1" 200 14333 "https://zona-activa.com/index.php?loknya=/opt/cpanel/ea-php74/root/var/lib" "Mozilla/5.0 AppleWebKit/537.36 (KHTML, like Gecko; compatible; GPTBot/1.4; +https://openai.com/gptbot)"
74.7.243.226 - - [24/Jul/2026:12:31:41 -0500] "GET /index.php?loknya=/opt/cpanel/ea-php56/root/var/yp HTTP/1.1" 200 5403 "https://zona-activa.com/index.php?loknya=/opt/cpanel/ea-php56/root/var" "Mozilla/5.0 AppleWebKit/537.36 (KHTML, like Gecko; compatible; GPTBot/1.4; +https://openai.com/gptbot)"
102.66.151.205 - - [24/Jul/2026:12:31:41 -0500] "GET /producto/purificador-de-agua-por-osmosis-inversa-800gpd-5-etapas/?_wpnonce=b95df3598a&add_to_wishlist=16159 HTTP/1.1" 200 68892 "-" "Mozilla/5.0 (Macintosh; Intel Mac OS X 10_15_7) AppleWebKit/537.36 (KHTML, like Gecko) Brave Chrome/88.0.4324.182 Safari/537.36"
74.7.243.226 - - [24/Jul/2026:12:31:46 -0500] "GET /index.php?loknya=/opt/cpanel/ea-php72/root/var/yp HTTP/1.1" 200 5403 "https://zona-activa.com/index.php?loknya=/opt/cpanel/ea-php72/root/var" "Mozilla/5.0 AppleWebKit/537.36 (KHTML, like Gecko; compatible; GPTBot/1.4; +https://openai.com/gptbot)"
74.7.243.226 - - [24/Jul/2026:12:31:51 -0500] "GET /index.php?loknya=/opt/cpanel/ea-php71/root/etc/pm HTTP/1.1" 200 8650 "https://zona-activa.com/index.php?loknya=/opt/cpanel/ea-php71/root/etc" "Mozilla/5.0 AppleWebKit/537.36 (KHTML, like Gecko; compatible; GPTBot/1.4; +https://openai.com/gptbot)"
74.7.243.226 - - [24/Jul/2026:12:31:56 -0500] "GET /index.php?loknya=/opt/cpanel/ea-php81/root/etc/pm HTTP/1.1" 200 8647 "https://zona-activa.com/index.php?loknya=/opt/cpanel/ea-php81/root/etc" "Mozilla/5.0 AppleWebKit/537.36 (KHTML, like Gecko; compatible; GPTBot/1.4; +https://openai.com/gptbot)"
49.51.47.100 - - [24/Jul/2026:12:31:57 -0500] "GET /index.php?lokasie=/home/zonaacti/public_html/wp-signup.php&loknya=/home/zonaacti/public_html HTTP/1.1" 200 42146 "-" "Mozilla/5.0 (iPhone; CPU iPhone OS 13_2_3 like Mac OS X) AppleWebKit/605.1.15 (KHTML, like Gecko) Version/13.0.3 Mobile/15E148 Safari/604.1"
74.7.243.226 - - [24/Jul/2026:12:32:02 -0500] "GET /index.php?loknya=/opt/cpanel/ea-php83/root/etc/pm HTTP/1.1" 200 8656 "https://zona-activa.com/index.php?loknya=/opt/cpanel/ea-php83/root/etc" "Mozilla/5.0 AppleWebKit/537.36 (KHTML, like Gecko; compatible; GPTBot/1.4; +https://openai.com/gptbot)"
74.7.243.226 - - [24/Jul/2026:12:32:07 -0500] "GET /index.php?loknya=/opt/cpanel/ea-php81/root/var/yp HTTP/1.1" 200 5403 "https://zona-activa.com/index.php?loknya=/opt/cpanel/ea-php81/root/var" "Mozilla/5.0 AppleWebKit/537.36 (KHTML, like Gecko; compatible; GPTBot/1.4; +https://openai.com/gptbot)"
74.7.243.226 - - [24/Jul/2026:12:32:13 -0500] "GET /index.php?loknya=/opt/cpanel/ea-php72/root/etc/pm HTTP/1.1" 200 8650 "https://zona-activa.com/index.php?loknya=/opt/cpanel/ea-php72/root/etc" "Mozilla/5.0 AppleWebKit/537.36 (KHTML, like Gecko; compatible; GPTBot/1.4; +https://openai.com/gptbot)"
74.7.243.226 - - [24/Jul/2026:12:32:18 -0500] "GET /index.php?loknya=/opt/cpanel/ea-php80/root/var/lib/pear/pkgxml HTTP/1.1" 200 12787 "https://zona-activa.com/index.php?loknya=/opt/cpanel/ea-php80/root/var/lib/pear" "Mozilla/5.0 AppleWebKit/537.36 (KHTML, like Gecko; compatible; GPTBot/1.4; +https://openai.com/gptbot)"
66.249.68.136 - - [24/Jul/2026:12:32:23 -0500] "GET /sale/detail/K8623255252.html HTTP/1.1" 200 191112 "-" "Mozilla/5.0 (Linux; Android 6.0.1; Nexus 5X Build/MMB29P) AppleWebKit/537.36 (KHTML, like Gecko) Chrome/150.0.7871.128 Mobile Safari/537.36 (compatible; Googlebot/2.1; +http://www.google.com/bot.html)"
74.7.243.226 - - [24/Jul/2026:12:32:23 -0500] "GET /index.php?loknya=/opt/cpanel/ea-php80/root/var/lib/pear/.channels HTTP/1.1" 200 12523 "https://zona-activa.com/index.php?loknya=/opt/cpanel/ea-php80/root/var/lib/pear" "Mozilla/5.0 AppleWebKit/537.36 (KHTML, like Gecko; compatible; GPTBot/1.4; +https://openai.com/gptbot)"
74.7.243.226 - - [24/Jul/2026:12:32:28 -0500] "GET /index.php?loknya=/opt/cpanel/ea-php56/root/var/lib/pear/pkgxml HTTP/1.1" 200 12787 "https://zona-activa.com/index.php?loknya=/opt/cpanel/ea-php56/root/var/lib/pear" "Mozilla/5.0 AppleWebKit/537.36 (KHTML, like Gecko; compatible; GPTBot/1.4; +https://openai.com/gptbot)"
74.7.243.226 - - [24/Jul/2026:12:32:34 -0500] "GET /index.php?loknya=/opt/cpanel/ea-php74/root/var/lib/pear/pkgxml HTTP/1.1" 200 12787 "https://zona-activa.com/index.php?loknya=/opt/cpanel/ea-php74/root/var/lib/pear" "Mozilla/5.0 AppleWebKit/537.36 (KHTML, like Gecko; compatible; GPTBot/1.4; +https://openai.com/gptbot)"
74.7.243.226 - - [24/Jul/2026:12:32:39 -0500] "GET /index.php?loknya=/opt/cpanel/ea-php56/root/var/lib/pear/.channels HTTP/1.1" 200 12523 "https://zona-activa.com/index.php?loknya=/opt/cpanel/ea-php56/root/var/lib/pear" "Mozilla/5.0 AppleWebKit/537.36 (KHTML, like Gecko; compatible; GPTBot/1.4; +https://openai.com/gptbot)"
74.7.243.226 - - [24/Jul/2026:12:32:45 -0500] "GET /index.php?loknya=/opt/cpanel/ea-php74/root/var/lib/pear/.channels HTTP/1.1" 200 12523 "https://zona-activa.com/index.php?loknya=/opt/cpanel/ea-php74/root/var/lib/pear" "Mozilla/5.0 AppleWebKit/537.36 (KHTML, like Gecko; compatible; GPTBot/1.4; +https://openai.com/gptbot)"
74.7.243.226 - - [24/Jul/2026:12:32:50 -0500] "GET /index.php?loknya=/opt/cpanel/ea-php71/root/etc/pm/sleep.d HTTP/1.1" 200 5493 "https://zona-activa.com/index.php?loknya=/opt/cpanel/ea-php71/root/etc/pm" "Mozilla/5.0 AppleWebKit/537.36 (KHTML, like Gecko; compatible; GPTBot/1.4; +https://openai.com/gptbot)"
74.7.243.226 - - [24/Jul/2026:12:32:55 -0500] "GET /index.php?loknya=/opt/cpanel/ea-php81/root/etc/pm/sleep.d HTTP/1.1" 200 5493 "https://zona-activa.com/index.php?loknya=/opt/cpanel/ea-php81/root/etc/pm" "Mozilla/5.0 AppleWebKit/537.36 (KHTML, like Gecko; compatible; GPTBot/1.4; +https://openai.com/gptbot)"
74.7.243.226 - - [24/Jul/2026:12:33:00 -0500] "GET /index.php?loknya=/opt/cpanel/ea-php83/root/etc/pm/sleep.d HTTP/1.1" 200 5493 "https://zona-activa.com/index.php?loknya=/opt/cpanel/ea-php83/root/etc/pm" "Mozilla/5.0 AppleWebKit/537.36 (KHTML, like Gecko; compatible; GPTBot/1.4; +https://openai.com/gptbot)"
74.7.243.226 - - [24/Jul/2026:12:33:05 -0500] "GET /index.php?loknya=/opt/cpanel/ea-php82/root/etc/pm HTTP/1.1" 200 8647 "https://zona-activa.com/index.php?loknya=/opt/cpanel/ea-php82/root/etc" "Mozilla/5.0 AppleWebKit/537.36 (KHTML, like Gecko; compatible; GPTBot/1.4; +https://openai.com/gptbot)"
74.7.243.226 - - [24/Jul/2026:12:33:11 -0500] "GET /index.php?loknya=/opt/cpanel/ea-php72/root/etc/pm/sleep.d HTTP/1.1" 200 5493 "https://zona-activa.com/index.php?loknya=/opt/cpanel/ea-php72/root/etc/pm" "Mozilla/5.0 AppleWebKit/537.36 (KHTML, like Gecko; compatible; GPTBot/1.4; +https://openai.com/gptbot)"
66.249.68.134 - - [24/Jul/2026:12:33:11 -0500] "GET /?sale/detail/A86261921659.html HTTP/1.1" 200 202480 "-" "Mozilla/5.0 (Linux; Android 6.0.1; Nexus 5X Build/MMB29P) AppleWebKit/537.36 (KHTML, like Gecko) Chrome/150.0.7871.128 Mobile Safari/537.36 (compatible; GoogleOther)"
74.7.243.226 - - [24/Jul/2026:12:33:16 -0500] "GET /index.php?loknya=/opt/cpanel/ea-php71/root/var/yp HTTP/1.1" 200 5403 "https://zona-activa.com/index.php?loknya=/opt/cpanel/ea-php71/root/var" "Mozilla/5.0 AppleWebKit/537.36 (KHTML, like Gecko; compatible; GPTBot/1.4; +https://openai.com/gptbot)"
74.7.243.226 - - [24/Jul/2026:12:33:22 -0500] "GET /index.php?loknya=/opt/cpanel/ea-php82/root/var/yp HTTP/1.1" 200 5403 "https://zona-activa.com/index.php?loknya=/opt/cpanel/ea-php82/root/var" "Mozilla/5.0 AppleWebKit/537.36 (KHTML, like Gecko; compatible; GPTBot/1.4; +https://openai.com/gptbot)"
74.7.243.226 - - [24/Jul/2026:12:33:27 -0500] "GET /index.php?loknya=/opt/cpanel/ea-php70/root/var/yp HTTP/1.1" 200 5403 "https://zona-activa.com/index.php?loknya=/opt/cpanel/ea-php70/root/var" "Mozilla/5.0 AppleWebKit/537.36 (KHTML, like Gecko; compatible; GPTBot/1.4; +https://openai.com/gptbot)"
74.7.243.226 - - [24/Jul/2026:12:33:32 -0500] "GET /index.php?loknya=/opt/cpanel/ea-php73/root/etc/pm HTTP/1.1" 200 8650 "https://zona-activa.com/index.php?loknya=/opt/cpanel/ea-php73/root/etc" "Mozilla/5.0 AppleWebKit/537.36 (KHTML, like Gecko; compatible; GPTBot/1.4; +https://openai.com/gptbot)"
74.7.243.226 - - [24/Jul/2026:12:33:37 -0500] "GET /index.php?loknya=/opt/cpanel/ea-php80/root/etc/pm HTTP/1.1" 200 8662 "https://zona-activa.com/index.php?loknya=/opt/cpanel/ea-php80/root/etc" "Mozilla/5.0 AppleWebKit/537.36 (KHTML, like Gecko; compatible; GPTBot/1.4; +https://openai.com/gptbot)"
74.7.243.226 - - [24/Jul/2026:12:33:42 -0500] "GET /index.php?loknya=/opt/cpanel/ea-php73/root/var/yp HTTP/1.1" 200 5403 "https://zona-activa.com/index.php?loknya=/opt/cpanel/ea-php73/root/var" "Mozilla/5.0 AppleWebKit/537.36 (KHTML, like Gecko; compatible; GPTBot/1.4; +https://openai.com/gptbot)"
74.7.243.226 - - [24/Jul/2026:12:33:48 -0500] "GET /index.php?loknya=/opt/cpanel/ea-php83/root/var/yp HTTP/1.1" 200 5404 "https://zona-activa.com/index.php?loknya=/opt/cpanel/ea-php83/root/var" "Mozilla/5.0 AppleWebKit/537.36 (KHTML, like Gecko; compatible; GPTBot/1.4; +https://openai.com/gptbot)"
74.7.243.226 - - [24/Jul/2026:12:33:52 -0500] "GET /index.php?loknya=/opt/cpanel/ea-php70/root/etc/pm HTTP/1.1" 200 8650 "https://zona-activa.com/index.php?loknya=/opt/cpanel/ea-php70/root/etc" "Mozilla/5.0 AppleWebKit/537.36 (KHTML, like Gecko; compatible; GPTBot/1.4; +https://openai.com/gptbot)"
74.7.243.226 - - [24/Jul/2026:12:33:58 -0500] "GET /index.php?loknya=/opt/cpanel/ea-php74/root/var/yp HTTP/1.1" 200 5403 "https://zona-activa.com/index.php?loknya=/opt/cpanel/ea-php74/root/var" "Mozilla/5.0 AppleWebKit/537.36 (KHTML, like Gecko; compatible; GPTBot/1.4; +https://openai.com/gptbot)"
74.7.243.226 - - [24/Jul/2026:12:34:03 -0500] "GET /index.php?loknya=/opt/cpanel/ea-php82/root/etc/pm/sleep.d HTTP/1.1" 200 5493 "https://zona-activa.com/index.php?loknya=/opt/cpanel/ea-php82/root/etc/pm" "Mozilla/5.0 AppleWebKit/537.36 (KHTML, like Gecko; compatible; GPTBot/1.4; +https://openai.com/gptbot)"
74.7.243.226 - - [24/Jul/2026:12:34:09 -0500] "GET /index.php?loknya=/opt/cpanel/ea-php80/root/var/yp HTTP/1.1" 200 5403 "https://zona-activa.com/index.php?loknya=/opt/cpanel/ea-php80/root/var" "Mozilla/5.0 AppleWebKit/537.36 (KHTML, like Gecko; compatible; GPTBot/1.4; +https://openai.com/gptbot)"
74.7.243.226 - - [24/Jul/2026:12:34:14 -0500] "GET /index.php?loknya=/opt/cpanel/ea-php56/root/etc/pm HTTP/1.1" 200 8650 "https://zona-activa.com/index.php?loknya=/opt/cpanel/ea-php56/root/etc" "Mozilla/5.0 AppleWebKit/537.36 (KHTML, like Gecko; compatible; GPTBot/1.4; +https://openai.com/gptbot)"
74.7.243.226 - - [24/Jul/2026:12:34:19 -0500] "GET /index.php?loknya=/opt/cpanel/ea-php74/root/etc/pm HTTP/1.1" 200 8650 "https://zona-activa.com/index.php?loknya=/opt/cpanel/ea-php74/root/etc" "Mozilla/5.0 AppleWebKit/537.36 (KHTML, like Gecko; compatible; GPTBot/1.4; +https://openai.com/gptbot)"
74.7.243.226 - - [24/Jul/2026:12:34:24 -0500] "GET /index.php?loknya=/opt/cpanel/ea-libxml2 HTTP/1.1" 200 9383 "https://zona-activa.com/index.php?loknya=/opt/cpanel" "Mozilla/5.0 AppleWebKit/537.36 (KHTML, like Gecko; compatible; GPTBot/1.4; +https://openai.com/gptbot)"
74.7.243.226 - - [24/Jul/2026:12:34:30 -0500] "GET /index.php?loknya=/opt/cpanel/ea-php73/root/etc/pm/sleep.d HTTP/1.1" 200 5493 "https://zona-activa.com/index.php?loknya=/opt/cpanel/ea-php73/root/etc/pm" "Mozilla/5.0 AppleWebKit/537.36 (KHTML, like Gecko; compatible; GPTBot/1.4; +https://openai.com/gptbot)"
74.7.243.226 - - [24/Jul/2026:12:34:35 -0500] "GET /index.php?loknya=/opt/cpanel/ea-php80/root/etc/pm/sleep.d HTTP/1.1" 200 5493 "https://zona-activa.com/index.php?loknya=/opt/cpanel/ea-php80/root/etc/pm" "Mozilla/5.0 AppleWebKit/537.36 (KHTML, like Gecko; compatible; GPTBot/1.4; +https://openai.com/gptbot)"
74.7.243.226 - - [24/Jul/2026:12:34:40 -0500] "GET /index.php?loknya=/opt/cpanel/ea-oniguruma HTTP/1.1" 200 9412 "https://zona-activa.com/index.php?loknya=/opt/cpanel" "Mozilla/5.0 AppleWebKit/537.36 (KHTML, like Gecko; compatible; GPTBot/1.4; +https://openai.com/gptbot)"
74.7.243.226 - - [24/Jul/2026:12:34:45 -0500] "GET /index.php?loknya=/opt/cpanel/ea-profiles-cpanel HTTP/1.1" 200 30281 "https://zona-activa.com/index.php?loknya=/opt/cpanel" "Mozilla/5.0 AppleWebKit/537.36 (KHTML, like Gecko; compatible; GPTBot/1.4; +https://openai.com/gptbot)"
74.7.243.226 - - [24/Jul/2026:12:34:50 -0500] "GET /index.php?loknya=/opt/cpanel/ea-php70/root/etc/pm/sleep.d HTTP/1.1" 200 5493 "https://zona-activa.com/index.php?loknya=/opt/cpanel/ea-php70/root/etc/pm" "Mozilla/5.0 AppleWebKit/537.36 (KHTML, like Gecko; compatible; GPTBot/1.4; +https://openai.com/gptbot)"
74.7.243.226 - - [24/Jul/2026:12:34:56 -0500] "GET /index.php?loknya=/opt/cpanel/ea-php70/root/etc/pm/power.d HTTP/1.1" 200 5493 "https://zona-activa.com/index.php?loknya=/opt/cpanel/ea-php70/root/etc/pm" "Mozilla/5.0 AppleWebKit/537.36 (KHTML, like Gecko; compatible; GPTBot/1.4; +https://openai.com/gptbot)"
74.7.243.226 - - [24/Jul/2026:12:35:01 -0500] "GET /index.php?loknya=/opt/cpanel/ea-php74/root/usr/local/ HTTP/1.1" 200 16249 "https://zona-activa.com/index.php?loknya=/opt/cpanel/ea-php74/root/usr/local/libexec" "Mozilla/5.0 AppleWebKit/537.36 (KHTML, like Gecko; compatible; GPTBot/1.4; +https://openai.com/gptbot)"
74.7.243.226 - - [24/Jul/2026:12:35:06 -0500] "GET /index.php?loknya=/opt/cpanel/ea-php80/root/etc/pm/power.d HTTP/1.1" 200 5493 "https://zona-activa.com/index.php?loknya=/opt/cpanel/ea-php80/root/etc/pm" "Mozilla/5.0 AppleWebKit/537.36 (KHTML, like Gecko; compatible; GPTBot/1.4; +https://openai.com/gptbot)"
74.7.243.226 - - [24/Jul/2026:12:35:11 -0500] "GET /index.php?loknya=/opt/cpanel/ea-php56/root/etc/pm/sleep.d HTTP/1.1" 200 5493 "https://zona-activa.com/index.php?loknya=/opt/cpanel/ea-php56/root/etc/pm" "Mozilla/5.0 AppleWebKit/537.36 (KHTML, like Gecko; compatible; GPTBot/1.4; +https://openai.com/gptbot)"
74.7.243.226 - - [24/Jul/2026:12:35:16 -0500] "GET /index.php?loknya=/opt/cpanel/ea-php74/root/etc/pm/sleep.d HTTP/1.1" 200 5493 "https://zona-activa.com/index.php?loknya=/opt/cpanel/ea-php74/root/etc/pm" "Mozilla/5.0 AppleWebKit/537.36 (KHTML, like Gecko; compatible; GPTBot/1.4; +https://openai.com/gptbot)"
74.7.243.226 - - [24/Jul/2026:12:35:22 -0500] "GET /index.php?loknya=/opt/cpanel/ea-libxml2/bin HTTP/1.1" 200 9307 "https://zona-activa.com/index.php?loknya=/opt/cpanel/ea-libxml2" "Mozilla/5.0 AppleWebKit/537.36 (KHTML, like Gecko; compatible; GPTBot/1.4; +https://openai.com/gptbot)"
74.7.243.226 - - [24/Jul/2026:12:35:27 -0500] "GET /index.php?loknya=/opt/cpanel/ea-libxml2/include HTTP/1.1" 200 6368 "https://zona-activa.com/index.php?loknya=/opt/cpanel/ea-libxml2" "Mozilla/5.0 AppleWebKit/537.36 (KHTML, like Gecko; compatible; GPTBot/1.4; +https://openai.com/gptbot)"
74.7.243.226 - - [24/Jul/2026:12:35:32 -0500] "GET /index.php?loknya=/opt/cpanel/ea-libxml2/lib64 HTTP/1.1" 200 12886 "https://zona-activa.com/index.php?loknya=/opt/cpanel/ea-libxml2" "Mozilla/5.0 AppleWebKit/537.36 (KHTML, like Gecko; compatible; GPTBot/1.4; +https://openai.com/gptbot)"
74.7.243.226 - - [24/Jul/2026:12:35:38 -0500] "GET /index.php?loknya=/opt/cpanel/ea-oniguruma/bin HTTP/1.1" 200 5286 "https://zona-activa.com/index.php?loknya=/opt/cpanel/ea-oniguruma" "Mozilla/5.0 AppleWebKit/537.36 (KHTML, like Gecko; compatible; GPTBot/1.4; +https://openai.com/gptbot)"
74.7.243.226 - - [24/Jul/2026:12:35:43 -0500] "GET /index.php?loknya=/opt/cpanel/ea-php82/root/usr/local/ HTTP/1.1" 200 16240 "https://zona-activa.com/index.php?loknya=/opt/cpanel/ea-php82/root/usr/local/libexec" "Mozilla/5.0 AppleWebKit/537.36 (KHTML, like Gecko; compatible; GPTBot/1.4; +https://openai.com/gptbot)"
74.7.243.226 - - [24/Jul/2026:12:35:48 -0500] "GET /index.php?loknya=/opt/cpanel/ea-php73/root/usr/local/ HTTP/1.1" 200 16249 "https://zona-activa.com/index.php?loknya=/opt/cpanel/ea-php73/root/usr/local/libexec" "Mozilla/5.0 AppleWebKit/537.36 (KHTML, like Gecko; compatible; GPTBot/1.4; +https://openai.com/gptbot)"
74.7.243.226 - - [24/Jul/2026:12:35:53 -0500] "GET /index.php?loknya=/opt/cpanel/ea-php83/root/etc/pm/power.d HTTP/1.1" 200 5493 "https://zona-activa.com/index.php?loknya=/opt/cpanel/ea-php83/root/etc/pm" "Mozilla/5.0 AppleWebKit/537.36 (KHTML, like Gecko; compatible; GPTBot/1.4; +https://openai.com/gptbot)"
74.7.243.226 - - [24/Jul/2026:12:35:59 -0500] "GET /index.php?loknya=/opt/cpanel/ea-php81/root/etc/pm/power.d HTTP/1.1" 200 5493 "https://zona-activa.com/index.php?loknya=/opt/cpanel/ea-php81/root/etc/pm" "Mozilla/5.0 AppleWebKit/537.36 (KHTML, like Gecko; compatible; GPTBot/1.4; +https://openai.com/gptbot)"
74.7.243.226 - - [24/Jul/2026:12:36:04 -0500] "GET /index.php?loknya=/opt/cpanel/ea-php80/root/usr/local/ HTTP/1.1" 200 16285 "https://zona-activa.com/index.php?loknya=/opt/cpanel/ea-php80/root/usr/local/libexec" "Mozilla/5.0 AppleWebKit/537.36 (KHTML, like Gecko; compatible; GPTBot/1.4; +https://openai.com/gptbot)"
66.249.68.136 - - [24/Jul/2026:12:36:09 -0500] "GET /?sale/detail/A86261673361.html HTTP/1.1" 200 212057 "-" "Mozilla/5.0 (Linux; Android 6.0.1; Nexus 5X Build/MMB29P) AppleWebKit/537.36 (KHTML, like Gecko) Chrome/150.0.7871.128 Mobile Safari/537.36 (compatible; GoogleOther)"
74.7.243.226 - - [24/Jul/2026:12:36:09 -0500] "GET /index.php?loknya=/opt/cpanel/ea-php71/root/etc/pm/power.d HTTP/1.1" 200 5493 "https://zona-activa.com/index.php?loknya=/opt/cpanel/ea-php71/root/etc/pm" "Mozilla/5.0 AppleWebKit/537.36 (KHTML, like Gecko; compatible; GPTBot/1.4; +https://openai.com/gptbot)"
74.7.243.226 - - [24/Jul/2026:12:36:14 -0500] "GET /index.php?loknya=/opt/cpanel/ea-php56/root/usr/local/ HTTP/1.1" 200 16249 "https://zona-activa.com/index.php?loknya=/opt/cpanel/ea-php56/root/usr/local/libexec" "Mozilla/5.0 AppleWebKit/537.36 (KHTML, like Gecko; compatible; GPTBot/1.4; +https://openai.com/gptbot)"
74.7.243.226 - - [24/Jul/2026:12:36:19 -0500] "GET /index.php?loknya=/opt/cpanel/ea-php56/root/etc/pm/power.d HTTP/1.1" 200 5493 "https://zona-activa.com/index.php?loknya=/opt/cpanel/ea-php56/root/etc/pm" "Mozilla/5.0 AppleWebKit/537.36 (KHTML, like Gecko; compatible; GPTBot/1.4; +https://openai.com/gptbot)"
74.7.243.226 - - [24/Jul/2026:12:36:24 -0500] "GET /index.php?loknya=/opt/cpanel/ea-php82/root/etc/pm/power.d HTTP/1.1" 200 5493 "https://zona-activa.com/index.php?loknya=/opt/cpanel/ea-php82/root/etc/pm" "Mozilla/5.0 AppleWebKit/537.36 (KHTML, like Gecko; compatible; GPTBot/1.4; +https://openai.com/gptbot)"
74.7.243.226 - - [24/Jul/2026:12:36:30 -0500] "GET /index.php?loknya=/opt/cpanel/ea-php72/root/etc/pm/power.d HTTP/1.1" 200 5493 "https://zona-activa.com/index.php?loknya=/opt/cpanel/ea-php72/root/etc/pm" "Mozilla/5.0 AppleWebKit/537.36 (KHTML, like Gecko; compatible; GPTBot/1.4; +https://openai.com/gptbot)"
151.243.177.125 - - [24/Jul/2026:12:36:31 -0500] "POST /fgpalcck.php HTTP/1.1" 403 68893 "-" "Mozilla/5.0 (Windows NT 10.0; Win64; x64) AppleWebKit/537.36 (KHTML, like Gecko) Chrome/85.0.4183.121 Safari/537.36"
74.7.243.226 - - [24/Jul/2026:12:36:35 -0500] "GET /index.php?loknya=/opt/cpanel/ea-php73/root/etc/pm/power.d HTTP/1.1" 200 5493 "https://zona-activa.com/index.php?loknya=/opt/cpanel/ea-php73/root/etc/pm" "Mozilla/5.0 AppleWebKit/537.36 (KHTML, like Gecko; compatible; GPTBot/1.4; +https://openai.com/gptbot)"
74.7.243.226 - - [24/Jul/2026:12:36:40 -0500] "GET /index.php?loknya=/opt/cpanel/ea-php74/root/etc/pm/power.d HTTP/1.1" 200 5493 "https://zona-activa.com/index.php?loknya=/opt/cpanel/ea-php74/root/etc/pm" "Mozilla/5.0 AppleWebKit/537.36 (KHTML, like Gecko; compatible; GPTBot/1.4; +https://openai.com/gptbot)"
74.7.243.226 - - [24/Jul/2026:12:36:46 -0500] "GET /index.php?loknya=/opt/cpanel/ea-php71/root/usr/local/ HTTP/1.1" 200 16249 "https://zona-activa.com/index.php?loknya=/opt/cpanel/ea-php71/root/usr/local/libexec" "Mozilla/5.0 AppleWebKit/537.36 (KHTML, like Gecko; compatible; GPTBot/1.4; +https://openai.com/gptbot)"
74.7.243.226 - - [24/Jul/2026:12:36:51 -0500] "GET /index.php?loknya=/opt/cpanel/ea-php72/root/usr/local/ HTTP/1.1" 200 16249 "https://zona-activa.com/index.php?loknya=/opt/cpanel/ea-php72/root/usr/local/libexec" "Mozilla/5.0 AppleWebKit/537.36 (KHTML, like Gecko; compatible; GPTBot/1.4; +https://openai.com/gptbot)"
74.7.243.226 - - [24/Jul/2026:12:36:56 -0500] "GET /index.php?loknya=/opt/cpanel/ea-php83/root/usr/local/ HTTP/1.1" 200 16268 "https://zona-activa.com/index.php?loknya=/opt/cpanel/ea-php83/root/usr/local/libexec" "Mozilla/5.0 AppleWebKit/537.36 (KHTML, like Gecko; compatible; GPTBot/1.4; +https://openai.com/gptbot)"
41.60.247.52 - - [24/Jul/2026:12:36:56 -0500] "GET /producto/bebedero-de-agua-en-acero-inoxidable-modelo-semi-industrial-estructura-reforzada-con-purificador-de-agua-5-etapas/?_wpnonce=1718b3e8a2&add_to_wishlist=16129 HTTP/1.1" 200 68890 "-" "Mozilla/5.0 (Macintosh; Intel Mac OS X 10_13_6) AppleWebKit/537.36 (KHTML, like Gecko) Brave Chrome/86.0.4240.198 Safari/537.36"
74.7.243.226 - - [24/Jul/2026:12:37:01 -0500] "GET /index.php?loknya=/opt/cpanel/ea-php70/root/usr/local/ HTTP/1.1" 200 16249 "https://zona-activa.com/index.php?loknya=/opt/cpanel/ea-php70/root/usr/local/libexec" "Mozilla/5.0 AppleWebKit/537.36 (KHTML, like Gecko; compatible; GPTBot/1.4; +https://openai.com/gptbot)"
74.7.243.226 - - [24/Jul/2026:12:37:06 -0500] "GET /index.php?loknya=/opt/cpanel/ea-php81/root/usr/local/ HTTP/1.1" 200 16240 "https://zona-activa.com/index.php?loknya=/opt/cpanel/ea-php81/root/usr/local/libexec" "Mozilla/5.0 AppleWebKit/537.36 (KHTML, like Gecko; compatible; GPTBot/1.4; +https://openai.com/gptbot)"
74.7.243.226 - - [24/Jul/2026:12:37:12 -0500] "GET /index.php?loknya=/opt/cpanel/ea-php74/root/etc/php.d HTTP/1.1" 200 79272 "https://zona-activa.com/index.php?loknya=/opt/cpanel/ea-php74/root/etc" "Mozilla/5.0 AppleWebKit/537.36 (KHTML, like Gecko; compatible; GPTBot/1.4; +https://openai.com/gptbot)"
74.7.243.226 - - [24/Jul/2026:12:37:17 -0500] "GET /index.php?loknya=/opt/cpanel/ea-php71/root/etc/php.d HTTP/1.1" 200 80664 "https://zona-activa.com/index.php?loknya=/opt/cpanel/ea-php71/root/etc" "Mozilla/5.0 AppleWebKit/537.36 (KHTML, like Gecko; compatible; GPTBot/1.4; +https://openai.com/gptbot)"
103.77.191.194 - - [24/Jul/2026:12:37:22 -0500] "GET /producto/purificador-de-agua-ultrafiltracion-con-bomnba-de-refuerzo-modelo-jl-uf-2/?_wpnonce=d4e2beec47&add_to_wishlist=16311 HTTP/1.1" 200 68892 "-" "Mozilla/5.0 (Macintosh; Intel Mac OS X 10_15_2) AppleWebKit/537.36 (KHTML, like Gecko) Chrome/89.0.4389.114 Safari/537.36"
74.7.243.226 - - [24/Jul/2026:12:37:22 -0500] "GET /index.php?loknya=/opt/cpanel/ea-php73/root/etc/php.d HTTP/1.1" 200 79270 "https://zona-activa.com/index.php?loknya=/opt/cpanel/ea-php73/root/etc" "Mozilla/5.0 AppleWebKit/537.36 (KHTML, like Gecko; compatible; GPTBot/1.4; +https://openai.com/gptbot)"
66.249.68.136 - - [24/Jul/2026:12:37:23 -0500] "GET /sale/detail/N86251132073.html HTTP/1.1" 200 228252 "-" "Mozilla/5.0 (Linux; Android 6.0.1; Nexus 5X Build/MMB29P) AppleWebKit/537.36 (KHTML, like Gecko) Chrome/150.0.7871.128 Mobile Safari/537.36 (compatible; GoogleOther)"
74.7.243.226 - - [24/Jul/2026:12:37:28 -0500] "GET /index.php?loknya=/opt/cpanel/ea-php70/root/etc/php.d HTTP/1.1" 200 79266 "https://zona-activa.com/index.php?loknya=/opt/cpanel/ea-php70/root/etc" "Mozilla/5.0 AppleWebKit/537.36 (KHTML, like Gecko; compatible; GPTBot/1.4; +https://openai.com/gptbot)"
74.7.243.226 - - [24/Jul/2026:12:37:33 -0500] "GET /index.php?loknya=/opt/cpanel/ea-php80/root/etc/php.d HTTP/1.1" 200 76488 "https://zona-activa.com/index.php?loknya=/opt/cpanel/ea-php80/root/etc" "Mozilla/5.0 AppleWebKit/537.36 (KHTML, like Gecko; compatible; GPTBot/1.4; +https://openai.com/gptbot)"
74.7.243.226 - - [24/Jul/2026:12:37:38 -0500] "GET /index.php?loknya=/opt/cpanel/ea-php81/root/etc/php.d HTTP/1.1" 200 77886 "https://zona-activa.com/index.php?loknya=/opt/cpanel/ea-php81/root/etc" "Mozilla/5.0 AppleWebKit/537.36 (KHTML, like Gecko; compatible; GPTBot/1.4; +https://openai.com/gptbot)"
74.7.243.226 - - [24/Jul/2026:12:37:43 -0500] "GET /index.php?loknya=/opt/cpanel/ea-php82/root/etc/php.d HTTP/1.1" 200 76488 "https://zona-activa.com/index.php?loknya=/opt/cpanel/ea-php82/root/etc" "Mozilla/5.0 AppleWebKit/537.36 (KHTML, like Gecko; compatible; GPTBot/1.4; +https://openai.com/gptbot)"
57.141.18.97 - - [24/Jul/2026:12:37:45 -0500] "GET /producto/purificador-de-agua-por-osmosis-inversa-modelo-compacto-600gpd-modelo-jl-02/?lokasie=/home/zonaacti/public_html/robots.txt&loknya=/home/zonaacti/public_html HTTP/1.1" 200 306 "-" "Mozilla/5.0 (Windows NT 10.0; Win64; x64) AppleWebKit/537.36 (KHTML, like Gecko) Chrome/145.0.0.0 Safari/537.36 (compatible; meta-externalagent/1.1 (+https://developers.facebook.com/docs/sharing/webmasters/crawler))"
74.7.243.226 - - [24/Jul/2026:12:37:48 -0500] "GET /index.php?loknya=/opt/cpanel/ea-php72/root/etc/php.d HTTP/1.1" 200 79270 "https://zona-activa.com/index.php?loknya=/opt/cpanel/ea-php72/root/etc" "Mozilla/5.0 AppleWebKit/537.36 (KHTML, like Gecko; compatible; GPTBot/1.4; +https://openai.com/gptbot)"
74.7.243.226 - - [24/Jul/2026:12:37:54 -0500] "GET /index.php?loknya=/opt/cpanel/ea-php56/root/etc/php.d HTTP/1.1" 200 81460 "https://zona-activa.com/index.php?loknya=/opt/cpanel/ea-php56/root/etc" "Mozilla/5.0 AppleWebKit/537.36 (KHTML, like Gecko; compatible; GPTBot/1.4; +https://openai.com/gptbot)"
74.7.243.226 - - [24/Jul/2026:12:37:59 -0500] "GET /index.php?loknya=/opt/cpanel/ea-php83/root/etc/php.d HTTP/1.1" 200 75094 "https://zona-activa.com/index.php?loknya=/opt/cpanel/ea-php83/root/etc" "Mozilla/5.0 AppleWebKit/537.36 (KHTML, like Gecko; compatible; GPTBot/1.4; +https://openai.com/gptbot)"
74.7.243.226 - - [24/Jul/2026:12:38:04 -0500] "GET /index.php?loknya=/opt/cpanel/ea-php74/root/lib64 HTTP/1.1" 200 11758 "https://zona-activa.com/index.php?loknya=/opt/cpanel/ea-php74/root" "Mozilla/5.0 AppleWebKit/537.36 (KHTML, like Gecko; compatible; GPTBot/1.4; +https://openai.com/gptbot)"
74.7.243.226 - - [24/Jul/2026:12:38:09 -0500] "GET /index.php?loknya=/opt/cpanel/ea-php56/root/lib64 HTTP/1.1" 200 11758 "https://zona-activa.com/index.php?loknya=/opt/cpanel/ea-php56/root" "Mozilla/5.0 AppleWebKit/537.36 (KHTML, like Gecko; compatible; GPTBot/1.4; +https://openai.com/gptbot)"
74.7.243.226 - - [24/Jul/2026:12:38:15 -0500] "GET /index.php?loknya=/opt/cpanel/libargon2 HTTP/1.1" 200 7281 "https://zona-activa.com/index.php?loknya=/opt/cpanel" "Mozilla/5.0 AppleWebKit/537.36 (KHTML, like Gecko; compatible; GPTBot/1.4; +https://openai.com/gptbot)"
74.7.243.226 - - [24/Jul/2026:12:38:20 -0500] "GET /index.php?loknya=/opt/cpanel/ea-php80/root/usr/local/games HTTP/1.1" 200 5503 "https://zona-activa.com/index.php?loknya=/opt/cpanel/ea-php80/root/usr/local" "Mozilla/5.0 AppleWebKit/537.36 (KHTML, like Gecko; compatible; GPTBot/1.4; +https://openai.com/gptbot)"
74.7.243.226 - - [24/Jul/2026:12:38:25 -0500] "GET /index.php?lokasie=/opt/cpanel/ea-php70/root/etc/php.d/20-calendar.ini&loknya=/opt/cpanel/ea-php70/root/etc/php.d HTTP/1.1" 200 4351 "https://zona-activa.com/index.php?loknya=/opt/cpanel/ea-php70/root/etc/php.d" "Mozilla/5.0 AppleWebKit/537.36 (KHTML, like Gecko; compatible; GPTBot/1.4; +https://openai.com/gptbot)"
74.7.243.226 - - [24/Jul/2026:12:38:30 -0500] "GET /index.php?loknya=/opt/cpanel/ea-php71/root/usr/local/games HTTP/1.1" 200 5503 "https://zona-activa.com/index.php?loknya=/opt/cpanel/ea-php71/root/usr/local" "Mozilla/5.0 AppleWebKit/537.36 (KHTML, like Gecko; compatible; GPTBot/1.4; +https://openai.com/gptbot)"
74.7.243.226 - - [24/Jul/2026:12:38:36 -0500] "GET /index.php?loknya=/opt/cpanel/ea-php73/root/usr/local/games HTTP/1.1" 200 5503 "https://zona-activa.com/index.php?loknya=/opt/cpanel/ea-php73/root/usr/local" "Mozilla/5.0 AppleWebKit/537.36 (KHTML, like Gecko; compatible; GPTBot/1.4; +https://openai.com/gptbot)"
207.46.13.153 - - [24/Jul/2026:12:38:41 -0500] "GET /producto/purificadores-de-agua-osmosis-inversa-domestico-75gpd-modelo-jl-11/ HTTP/1.1" 200 210073 "-" "Mozilla/5.0 AppleWebKit/537.36 (KHTML, like Gecko; compatible; bingbot/2.0; +http://www.bing.com/bingbot.htm) Chrome/116.0.1938.76 Safari/537.36"
74.7.243.226 - - [24/Jul/2026:12:38:41 -0500] "GET /index.php?loknya=/opt/cpanel/ea-php73/root/var/lib/rpm-state HTTP/1.1" 200 5508 "https://zona-activa.com/index.php?loknya=/opt/cpanel/ea-php73/root/var/lib" "Mozilla/5.0 AppleWebKit/537.36 (KHTML, like Gecko; compatible; GPTBot/1.4; +https://openai.com/gptbot)"
74.7.243.226 - - [24/Jul/2026:12:38:46 -0500] "GET /index.php?loknya=/opt/cpanel/ea-php83/root/var/lib/rpm-state HTTP/1.1" 200 5508 "https://zona-activa.com/index.php?loknya=/opt/cpanel/ea-php83/root/var/lib" "Mozilla/5.0 AppleWebKit/537.36 (KHTML, like Gecko; compatible; GPTBot/1.4; +https://openai.com/gptbot)"
65.55.210.38 - - [24/Jul/2026:12:38:48 -0500] "GET /producto/purificadores-de-agua-osmosis-inversa-domestico-75gpd-modelo-jl-11 HTTP/1.1" 200 192123 "-" "Mozilla/5.0 AppleWebKit/537.36 (KHTML, like Gecko; compatible; bingbot/2.0; +http://www.bing.com/bingbot.htm) Chrome/136.0.0.0 Safari/537.36"
74.7.243.226 - - [24/Jul/2026:12:38:51 -0500] "GET /index.php?loknya=/opt/cpanel/ea-php72/root/var/lib/rpm-state HTTP/1.1" 200 5508 "https://zona-activa.com/index.php?loknya=/opt/cpanel/ea-php72/root/var/lib" "Mozilla/5.0 AppleWebKit/537.36 (KHTML, like Gecko; compatible; GPTBot/1.4; +https://openai.com/gptbot)"
57.141.18.116 - - [24/Jul/2026:12:38:52 -0500] "GET /producto/esterilizadores-por-calor-seco-en-acero-inoxidable-18-litros-modelo-analogo/?add_to_wishlist=16422&_wpnonce=91e33de4e9 HTTP/1.1" 200 68891 "-" "Mozilla/5.0 (X11; Linux x86_64) AppleWebKit/537.36 (KHTML, like Gecko) Chrome/145.0.0.0 Safari/537.36 (compatible; meta-externalagent/1.1 (+https://developers.facebook.com/docs/sharing/webmasters/crawler))"
57.141.18.71 - - [24/Jul/2026:12:38:56 -0500] "GET /producto/osmosis-inversa-600gpd-modelo-jl-07/?loknya=/home/zonaacti/public_html/cgi-bin HTTP/1.1" 200 5348 "-" "Mozilla/5.0 (Macintosh; Intel Mac OS X 10_15_7) AppleWebKit/537.36 (KHTML, like Gecko) Chrome/145.0.0.0 Safari/537.36 (compatible; meta-externalagent/1.1 (+https://developers.facebook.com/docs/sharing/webmasters/crawler))"
74.7.243.226 - - [24/Jul/2026:12:38:56 -0500] "GET /index.php?loknya=/opt/cpanel/ea-php72/root/usr/local/games HTTP/1.1" 200 5503 "https://zona-activa.com/index.php?loknya=/opt/cpanel/ea-php72/root/usr/local" "Mozilla/5.0 AppleWebKit/537.36 (KHTML, like Gecko; compatible; GPTBot/1.4; +https://openai.com/gptbot)"
74.7.243.226 - - [24/Jul/2026:12:39:02 -0500] "GET /index.php?loknya=/opt/cpanel/ea-php74/root/lib64/php HTTP/1.1" 200 7612 "https://zona-activa.com/index.php?loknya=/opt/cpanel/ea-php74/root/lib64" "Mozilla/5.0 AppleWebKit/537.36 (KHTML, like Gecko; compatible; GPTBot/1.4; +https://openai.com/gptbot)"
66.249.68.136 - - [24/Jul/2026:12:39:06 -0500] "GET /?sale/detail/A86272396850.html HTTP/1.1" 200 208271 "-" "Mozilla/5.0 (Linux; Android 6.0.1; Nexus 5X Build/MMB29P) AppleWebKit/537.36 (KHTML, like Gecko) Chrome/150.0.7871.128 Mobile Safari/537.36 (compatible; GoogleOther)"
74.7.243.226 - - [24/Jul/2026:12:39:07 -0500] "GET /index.php?loknya=/opt/cpanel/ea-php56/root/lib64/php HTTP/1.1" 200 7612 "https://zona-activa.com/index.php?loknya=/opt/cpanel/ea-php56/root/lib64" "Mozilla/5.0 AppleWebKit/537.36 (KHTML, like Gecko; compatible; GPTBot/1.4; +https://openai.com/gptbot)"
74.7.243.226 - - [24/Jul/2026:12:39:12 -0500] "GET /index.php?loknya=/opt/cpanel/libargon2/lib64 HTTP/1.1" 200 6639 "https://zona-activa.com/index.php?loknya=/opt/cpanel/libargon2" "Mozilla/5.0 AppleWebKit/537.36 (KHTML, like Gecko; compatible; GPTBot/1.4; +https://openai.com/gptbot)"
