74.7.243.226 - - [24/Jul/2026:08:37:57 -0500] "GET /index.php?loknya=/proc/14214/root/opt/alt/php52/link/conf HTTP/1.1" 200 6977 "https://zona-activa.com/index.php?loknya=/proc/14214/root/opt/alt/php52/link" "Mozilla/5.0 AppleWebKit/537.36 (KHTML, like Gecko; compatible; GPTBot/1.4; +https://openai.com/gptbot)"
74.7.243.226 - - [24/Jul/2026:08:38:03 -0500] "GET /index.php?loknya=/proc/14214/root/opt/alt/php74/link/conf HTTP/1.1" 200 7010 "https://zona-activa.com/index.php?loknya=/proc/14214/root/opt/alt/php74/link" "Mozilla/5.0 AppleWebKit/537.36 (KHTML, like Gecko; compatible; GPTBot/1.4; +https://openai.com/gptbot)"
74.7.243.226 - - [24/Jul/2026:08:38:08 -0500] "GET /index.php?loknya=/proc/14215/root/opt/alt/php74/link/conf HTTP/1.1" 200 7010 "https://zona-activa.com/index.php?loknya=/proc/14215/root/opt/alt/php74/link" "Mozilla/5.0 AppleWebKit/537.36 (KHTML, like Gecko; compatible; GPTBot/1.4; +https://openai.com/gptbot)"
74.7.243.226 - - [24/Jul/2026:08:38:13 -0500] "GET /index.php?loknya=/proc/14215/root/opt/alt/php83/etc/pear HTTP/1.1" 200 5533 "https://zona-activa.com/index.php?loknya=/proc/14215/root/opt/alt/php83/etc" "Mozilla/5.0 AppleWebKit/537.36 (KHTML, like Gecko; compatible; GPTBot/1.4; +https://openai.com/gptbot)"
74.7.243.226 - - [24/Jul/2026:08:38:18 -0500] "GET /index.php?loknya=/proc/14214/root/opt/alt/php84/link/conf HTTP/1.1" 200 8385 "https://zona-activa.com/index.php?loknya=/proc/14214/root/opt/alt/php84/link" "Mozilla/5.0 AppleWebKit/537.36 (KHTML, like Gecko; compatible; GPTBot/1.4; +https://openai.com/gptbot)"
74.7.243.226 - - [24/Jul/2026:08:38:23 -0500] "GET /index.php?loknya=/proc/14215/root/opt/alt/php84/link/conf HTTP/1.1" 200 8385 "https://zona-activa.com/index.php?loknya=/proc/14215/root/opt/alt/php84/link" "Mozilla/5.0 AppleWebKit/537.36 (KHTML, like Gecko; compatible; GPTBot/1.4; +https://openai.com/gptbot)"
74.7.243.226 - - [24/Jul/2026:08:38:29 -0500] "GET /index.php?loknya=/proc/14215/root/opt/alt/php81/var/cache HTTP/1.1" 200 6645 "https://zona-activa.com/index.php?loknya=/proc/14215/root/opt/alt/php81/var" "Mozilla/5.0 AppleWebKit/537.36 (KHTML, like Gecko; compatible; GPTBot/1.4; +https://openai.com/gptbot)"
74.7.243.226 - - [24/Jul/2026:08:38:34 -0500] "GET /index.php?loknya=/proc/14214/root/opt/alt/php72/var/cache HTTP/1.1" 200 6645 "https://zona-activa.com/index.php?loknya=/proc/14214/root/opt/alt/php72/var" "Mozilla/5.0 AppleWebKit/537.36 (KHTML, like Gecko; compatible; GPTBot/1.4; +https://openai.com/gptbot)"
74.7.243.226 - - [24/Jul/2026:08:38:39 -0500] "GET /index.php?loknya=/proc/14214/root/opt/alt/php71/link/conf HTTP/1.1" 200 8378 "https://zona-activa.com/index.php?loknya=/proc/14214/root/opt/alt/php71/link" "Mozilla/5.0 AppleWebKit/537.36 (KHTML, like Gecko; compatible; GPTBot/1.4; +https://openai.com/gptbot)"
74.7.243.226 - - [24/Jul/2026:08:38:44 -0500] "GET /index.php?loknya=/proc/14214/root/opt/alt/php71/var/cache HTTP/1.1" 200 6645 "https://zona-activa.com/index.php?loknya=/proc/14214/root/opt/alt/php71/var" "Mozilla/5.0 AppleWebKit/537.36 (KHTML, like Gecko; compatible; GPTBot/1.4; +https://openai.com/gptbot)"
74.7.243.226 - - [24/Jul/2026:08:38:50 -0500] "GET /index.php?loknya=/proc/14214/root/opt/alt/php83/link/conf HTTP/1.1" 200 8385 "https://zona-activa.com/index.php?loknya=/proc/14214/root/opt/alt/php83/link" "Mozilla/5.0 AppleWebKit/537.36 (KHTML, like Gecko; compatible; GPTBot/1.4; +https://openai.com/gptbot)"
74.7.243.226 - - [24/Jul/2026:08:38:55 -0500] "GET /index.php?loknya=/proc/14214/root/opt/alt/php54/link/conf HTTP/1.1" 200 6977 "https://zona-activa.com/index.php?loknya=/proc/14214/root/opt/alt/php54/link" "Mozilla/5.0 AppleWebKit/537.36 (KHTML, like Gecko; compatible; GPTBot/1.4; +https://openai.com/gptbot)"
74.7.243.226 - - [24/Jul/2026:08:39:01 -0500] "GET /index.php?loknya=/proc/14215/root/opt/alt/php80/etc/pear HTTP/1.1" 200 5533 "https://zona-activa.com/index.php?loknya=/proc/14215/root/opt/alt/php80/etc" "Mozilla/5.0 AppleWebKit/537.36 (KHTML, like Gecko; compatible; GPTBot/1.4; +https://openai.com/gptbot)"
74.7.243.226 - - [24/Jul/2026:08:39:06 -0500] "GET /index.php?loknya=/proc/14214/root/opt/alt/php70/link/conf HTTP/1.1" 200 8378 "https://zona-activa.com/index.php?loknya=/proc/14214/root/opt/alt/php70/link" "Mozilla/5.0 AppleWebKit/537.36 (KHTML, like Gecko; compatible; GPTBot/1.4; +https://openai.com/gptbot)"
4.184.121.217 - - [24/Jul/2026:08:39:08 -0500] "GET /wp-content/plugins/hellopress/wp_filemanager.php HTTP/1.1" 200 68893 "-" "-"
4.184.121.217 - - [24/Jul/2026:08:39:09 -0500] "GET /this_is_a_new_hello_world.php HTTP/1.1" 403 68893 "-" "-"
4.184.121.217 - - [24/Jul/2026:08:39:10 -0500] "GET /mac.php HTTP/1.1" 403 68893 "-" "-"
74.7.243.226 - - [24/Jul/2026:08:39:11 -0500] "GET /index.php?loknya=/proc/14214/root/opt/alt/php84/var/cache HTTP/1.1" 200 6645 "https://zona-activa.com/index.php?loknya=/proc/14214/root/opt/alt/php84/var" "Mozilla/5.0 AppleWebKit/537.36 (KHTML, like Gecko; compatible; GPTBot/1.4; +https://openai.com/gptbot)"
4.184.121.217 - - [24/Jul/2026:08:39:11 -0500] "GET /echkm.php?p= HTTP/1.1" 200 68894 "-" "-"
4.184.121.217 - - [24/Jul/2026:08:39:12 -0500] "GET /red.php HTTP/1.1" 403 68894 "-" "-"
4.184.121.217 - - [24/Jul/2026:08:39:13 -0500] "GET /bootstrap.php?p= HTTP/1.1" 403 68894 "-" "-"
4.184.121.217 - - [24/Jul/2026:08:39:14 -0500] "GET /edit.php HTTP/1.1" 403 68894 "-" "-"
4.184.121.217 - - [24/Jul/2026:08:39:15 -0500] "GET /fpwch.php HTTP/1.1" 403 68894 "-" "-"
74.7.243.226 - - [24/Jul/2026:08:39:17 -0500] "GET /index.php?loknya=/proc/14214/root/opt/alt/php55/link/conf HTTP/1.1" 200 6977 "https://zona-activa.com/index.php?loknya=/proc/14214/root/opt/alt/php55/link" "Mozilla/5.0 AppleWebKit/537.36 (KHTML, like Gecko; compatible; GPTBot/1.4; +https://openai.com/gptbot)"
4.184.121.217 - - [24/Jul/2026:08:39:17 -0500] "GET /wicked.php HTTP/1.1" 403 68894 "-" "-"
4.184.121.217 - - [24/Jul/2026:08:39:18 -0500] "GET /biufile.php HTTP/1.1" 403 68894 "-" "-"
4.184.121.217 - - [24/Jul/2026:08:39:19 -0500] "GET /dp.php HTTP/1.1" 403 68894 "-" "-"
4.184.121.217 - - [24/Jul/2026:08:39:20 -0500] "GET /www.php HTTP/1.1" 403 68894 "-" "-"
4.184.121.217 - - [24/Jul/2026:08:39:21 -0500] "GET /sixxis.php HTTP/1.1" 403 68894 "-" "-"
74.7.243.226 - - [24/Jul/2026:08:39:22 -0500] "GET /index.php?lokasie=/proc/14215/root/opt/alt/php84/link/conf/mysqli.ini&loknya=/proc/14215/root/opt/alt/php84/link/conf HTTP/1.1" 200 4476 "https://zona-activa.com/index.php?loknya=/proc/14215/root/opt/alt/php84/link/conf" "Mozilla/5.0 AppleWebKit/537.36 (KHTML, like Gecko; compatible; GPTBot/1.4; +https://openai.com/gptbot)"
4.184.121.217 - - [24/Jul/2026:08:39:22 -0500] "GET /ops.php HTTP/1.1" 403 68894 "-" "-"
4.184.121.217 - - [24/Jul/2026:08:39:23 -0500] "GET /adminfuns.php HTTP/1.1" 403 68894 "-" "-"
4.184.121.217 - - [24/Jul/2026:08:39:24 -0500] "GET /xstelth.php HTTP/1.1" 403 68894 "-" "-"
4.184.121.217 - - [24/Jul/2026:08:39:25 -0500] "GET /images.php HTTP/1.1" 403 68894 "-" "-"
4.184.121.217 - - [24/Jul/2026:08:39:26 -0500] "GET /BDKR28WP.php HTTP/1.1" 403 68894 "-" "-"
74.7.243.226 - - [24/Jul/2026:08:39:27 -0500] "GET /index.php?loknya=/proc/14214/root/opt/alt/php80/link/conf HTTP/1.1" 200 8384 "https://zona-activa.com/index.php?loknya=/proc/14214/root/opt/alt/php80/link" "Mozilla/5.0 AppleWebKit/537.36 (KHTML, like Gecko; compatible; GPTBot/1.4; +https://openai.com/gptbot)"
4.184.121.217 - - [24/Jul/2026:08:39:27 -0500] "GET /b3.php HTTP/1.1" 403 68894 "-" "-"
74.7.243.226 - - [24/Jul/2026:08:39:32 -0500] "GET /index.php?loknya=/proc/14215/root/opt/alt/php82/link/conf HTTP/1.1" 200 8385 "https://zona-activa.com/index.php?loknya=/proc/14215/root/opt/alt/php82/link" "Mozilla/5.0 AppleWebKit/537.36 (KHTML, like Gecko; compatible; GPTBot/1.4; +https://openai.com/gptbot)"
74.7.243.226 - - [24/Jul/2026:08:39:37 -0500] "GET /index.php?loknya=/proc/14215/root/opt/alt/php73/etc/pear HTTP/1.1" 200 5533 "https://zona-activa.com/index.php?loknya=/proc/14215/root/opt/alt/php73/etc" "Mozilla/5.0 AppleWebKit/537.36 (KHTML, like Gecko; compatible; GPTBot/1.4; +https://openai.com/gptbot)"
74.7.243.226 - - [24/Jul/2026:08:39:43 -0500] "GET /index.php?loknya=/proc/14215/root/opt/alt/php71/link/conf HTTP/1.1" 200 8378 "https://zona-activa.com/index.php?loknya=/proc/14215/root/opt/alt/php71/link" "Mozilla/5.0 AppleWebKit/537.36 (KHTML, like Gecko; compatible; GPTBot/1.4; +https://openai.com/gptbot)"
74.7.243.226 - - [24/Jul/2026:08:40:04 -0500] "GET /index.php?loknya=/proc/14215/root/opt/alt/php81/link/conf HTTP/1.1" 200 8385 "https://zona-activa.com/index.php?loknya=/proc/14215/root/opt/alt/php81/link" "Mozilla/5.0 AppleWebKit/537.36 (KHTML, like Gecko; compatible; GPTBot/1.4; +https://openai.com/gptbot)"
43.166.239.145 - - [24/Jul/2026:08:40:10 -0500] "GET /?lokasie=/home/zonaacti/public_html/wp-config.php&loknya=/home/zonaacti/public_html HTTP/1.1" 200 7241 "-" "Mozilla/5.0 (iPhone; CPU iPhone OS 13_2_3 like Mac OS X) AppleWebKit/605.1.15 (KHTML, like Gecko) Version/13.0.3 Mobile/15E148 Safari/604.1"
57.141.18.77 - - [24/Jul/2026:08:40:11 -0500] "GET /producto/osmosis-inversa-purepro-m800-flujo-directo-400gpd/?add_to_wishlist=16210&_wpnonce=d4e2beec47 HTTP/1.1" 200 68893 "-" "Mozilla/5.0 (Windows NT 10.0; Win64; x64) AppleWebKit/537.36 (KHTML, like Gecko) Chrome/145.0.0.0 Safari/537.36 (compatible; meta-externalagent/1.1 (+https://developers.facebook.com/docs/sharing/webmasters/crawler))"
74.7.243.226 - - [24/Jul/2026:08:40:12 -0500] "GET /index.php?loknya=/lib64/ruby/vendor_ruby HTTP/1.1" 200 5208 "https://zona-activa.com/index.php?loknya=/lib64/ruby" "Mozilla/5.0 AppleWebKit/537.36 (KHTML, like Gecko; compatible; GPTBot/1.4; +https://openai.com/gptbot)"
74.7.243.226 - - [24/Jul/2026:08:40:13 -0500] "GET /index.php?loknya=/proc/14214/root/opt/cpanel/ea-wappspector/vendor/phar-io/version/src/exceptions HTTP/1.1" 200 15858 "https://zona-activa.com/index.php?loknya=/proc/14214/root/opt/cpanel/ea-wappspector/vendor/phar-io/version/src" "Mozilla/5.0 AppleWebKit/537.36 (KHTML, like Gecko; compatible; GPTBot/1.4; +https://openai.com/gptbot)"
74.7.243.226 - - [24/Jul/2026:08:40:18 -0500] "GET /index.php?loknya=/proc/14214/root/opt/cpanel/ea-wappspector/vendor/phar-io/version/src/constraints HTTP/1.1" 200 20856 "https://zona-activa.com/index.php?loknya=/proc/14214/root/opt/cpanel/ea-wappspector/vendor/phar-io/version/src" "Mozilla/5.0 AppleWebKit/537.36 (KHTML, like Gecko; compatible; GPTBot/1.4; +https://openai.com/gptbot)"
74.7.243.226 - - [24/Jul/2026:08:40:23 -0500] "GET /index.php?loknya=/proc/14214/root/opt/alt/curlssl11/usr HTTP/1.1" 200 8750 "https://zona-activa.com/index.php?loknya=/proc/14214/root/opt/alt/curlssl11" "Mozilla/5.0 AppleWebKit/537.36 (KHTML, like Gecko; compatible; GPTBot/1.4; +https://openai.com/gptbot)"
74.7.243.226 - - [24/Jul/2026:08:40:28 -0500] "GET /index.php?loknya=/proc/14214/cwd/.cpanel HTTP/1.1" 200 18796 "https://zona-activa.com/index.php?loknya=/proc/14214/cwd" "Mozilla/5.0 AppleWebKit/537.36 (KHTML, like Gecko; compatible; GPTBot/1.4; +https://openai.com/gptbot)"
74.7.243.226 - - [24/Jul/2026:08:40:33 -0500] "GET /index.php?loknya=/proc/3560203/task HTTP/1.1" 200 5213 "https://zona-activa.com/index.php?loknya=/proc/3560203" "Mozilla/5.0 AppleWebKit/537.36 (KHTML, like Gecko; compatible; GPTBot/1.4; +https://openai.com/gptbot)"
74.7.243.226 - - [24/Jul/2026:08:40:38 -0500] "GET /index.php?loknya=/proc/2971939/task HTTP/1.1" 200 5213 "https://zona-activa.com/index.php?loknya=/proc/2971939" "Mozilla/5.0 AppleWebKit/537.36 (KHTML, like Gecko; compatible; GPTBot/1.4; +https://openai.com/gptbot)"
74.7.243.226 - - [24/Jul/2026:08:40:44 -0500] "GET /index.php?loknya=/proc/14214/root/opt/alt/openssl11/bin HTTP/1.1" 200 8246 "https://zona-activa.com/index.php?loknya=/proc/14214/root/opt/alt/openssl11" "Mozilla/5.0 AppleWebKit/537.36 (KHTML, like Gecko; compatible; GPTBot/1.4; +https://openai.com/gptbot)"
74.7.243.226 - - [24/Jul/2026:08:40:49 -0500] "GET /index.php?loknya=/proc/14215/root/opt/alt/openssl11/etc HTTP/1.1" 200 6562 "https://zona-activa.com/index.php?loknya=/proc/14215/root/opt/alt/openssl11" "Mozilla/5.0 AppleWebKit/537.36 (KHTML, like Gecko; compatible; GPTBot/1.4; +https://openai.com/gptbot)"
74.7.243.226 - - [24/Jul/2026:08:40:55 -0500] "GET /index.php?loknya=/proc/2971939/fdinfo HTTP/1.1" 200 5221 "https://zona-activa.com/index.php?loknya=/proc/2971939" "Mozilla/5.0 AppleWebKit/537.36 (KHTML, like Gecko; compatible; GPTBot/1.4; +https://openai.com/gptbot)"
74.7.243.226 - - [24/Jul/2026:08:40:59 -0500] "GET /index.php?loknya=/proc/3560203/fdinfo HTTP/1.1" 200 5221 "https://zona-activa.com/index.php?loknya=/proc/3560203" "Mozilla/5.0 AppleWebKit/537.36 (KHTML, like Gecko; compatible; GPTBot/1.4; +https://openai.com/gptbot)"
74.7.243.226 - - [24/Jul/2026:08:41:05 -0500] "GET /index.php?loknya=/lib64/python3.9/lib2to3 HTTP/1.1" 200 28707 "https://zona-activa.com/index.php?loknya=/lib64/python3.9" "Mozilla/5.0 AppleWebKit/537.36 (KHTML, like Gecko; compatible; GPTBot/1.4; +https://openai.com/gptbot)"
74.7.243.226 - - [24/Jul/2026:08:41:10 -0500] "GET /index.php?lokasie=/proc/14214/root/opt/cpanel/ea-wappspector/vendor/phar-io/version/src/exceptions/NoBuildMetaDataException.php&loknya=/proc/14214/root/opt/cpanel/ea-wappspector/vendor/phar-io/version/src/exceptions HTTP/1.1" 200 4967 "https://zona-activa.com/index.php?loknya=/proc/14214/root/opt/cpanel/ea-wappspector/vendor/phar-io/version/src/exceptions" "Mozilla/5.0 AppleWebKit/537.36 (KHTML, like Gecko; compatible; GPTBot/1.4; +https://openai.com/gptbot)"
74.7.243.226 - - [24/Jul/2026:08:41:15 -0500] "GET /index.php?loknya=/proc/14214/root/opt/cpanel/ea-wappspector/vendor/phar-io/version/src/ HTTP/1.1" 200 17673 "https://zona-activa.com/index.php?loknya=/proc/14214/root/opt/cpanel/ea-wappspector/vendor/phar-io/version/src/exceptions" "Mozilla/5.0 AppleWebKit/537.36 (KHTML, like Gecko; compatible; GPTBot/1.4; +https://openai.com/gptbot)"
74.7.243.226 - - [24/Jul/2026:08:41:20 -0500] "GET /index.php?loknya=/proc/14214/root/opt/alt/curlssl11/ HTTP/1.1" 200 6472 "https://zona-activa.com/index.php?loknya=/proc/14214/root/opt/alt/curlssl11/usr" "Mozilla/5.0 AppleWebKit/537.36 (KHTML, like Gecko; compatible; GPTBot/1.4; +https://openai.com/gptbot)"
74.7.243.226 - - [24/Jul/2026:08:41:26 -0500] "GET /index.php?loknya=/proc/14214/cwd/.cpanel/icals HTTP/1.1" 200 6762 "https://zona-activa.com/index.php?loknya=/proc/14214/cwd/.cpanel" "Mozilla/5.0 AppleWebKit/537.36 (KHTML, like Gecko; compatible; GPTBot/1.4; +https://openai.com/gptbot)"
74.7.243.226 - - [24/Jul/2026:08:41:31 -0500] "GET /index.php?loknya=/proc/14214/cwd/.cpanel/caches HTTP/1.1" 200 9031 "https://zona-activa.com/index.php?loknya=/proc/14214/cwd/.cpanel" "Mozilla/5.0 AppleWebKit/537.36 (KHTML, like Gecko; compatible; GPTBot/1.4; +https://openai.com/gptbot)"
74.7.243.226 - - [24/Jul/2026:08:41:36 -0500] "GET /index.php?loknya=/proc/14214/cwd/.cpanel/vcards HTTP/1.1" 200 6770 "https://zona-activa.com/index.php?loknya=/proc/14214/cwd/.cpanel" "Mozilla/5.0 AppleWebKit/537.36 (KHTML, like Gecko; compatible; GPTBot/1.4; +https://openai.com/gptbot)"
74.7.243.226 - - [24/Jul/2026:08:41:41 -0500] "GET /index.php?loknya=/proc/14214/cwd/.cpanel/nvdata HTTP/1.1" 200 12525 "https://zona-activa.com/index.php?loknya=/proc/14214/cwd/.cpanel" "Mozilla/5.0 AppleWebKit/537.36 (KHTML, like Gecko; compatible; GPTBot/1.4; +https://openai.com/gptbot)"
74.7.243.226 - - [24/Jul/2026:08:41:47 -0500] "GET /index.php?loknya=/proc/14215/root/opt/alt/openssl11/etc/pki HTTP/1.1" 200 7748 "https://zona-activa.com/index.php?loknya=/proc/14215/root/opt/alt/openssl11/etc" "Mozilla/5.0 AppleWebKit/537.36 (KHTML, like Gecko; compatible; GPTBot/1.4; +https://openai.com/gptbot)"
74.7.243.226 - - [24/Jul/2026:08:41:52 -0500] "GET /index.php?loknya=/proc/14214/cwd/.cphorde/meta HTTP/1.1" 200 11081 "https://zona-activa.com/index.php?loknya=/proc/14214/cwd/.cphorde" "Mozilla/5.0 AppleWebKit/537.36 (KHTML, like Gecko; compatible; GPTBot/1.4; +https://openai.com/gptbot)"
74.7.243.226 - - [24/Jul/2026:08:41:58 -0500] "GET /index.php?loknya=/proc/14214/cwd/ssl/certs HTTP/1.1" 200 15646 "https://zona-activa.com/index.php?loknya=/proc/14214/cwd/ssl" "Mozilla/5.0 AppleWebKit/537.36 (KHTML, like Gecko; compatible; GPTBot/1.4; +https://openai.com/gptbot)"
74.7.243.226 - - [24/Jul/2026:08:42:04 -0500] "GET /index.php?loknya=/lib64/python3.9/lib2to3/pgen2 HTTP/1.1" 200 18608 "https://zona-activa.com/index.php?loknya=/lib64/python3.9/lib2to3" "Mozilla/5.0 AppleWebKit/537.36 (KHTML, like Gecko; compatible; GPTBot/1.4; +https://openai.com/gptbot)"
74.7.243.226 - - [24/Jul/2026:08:42:09 -0500] "GET /index.php?loknya=/proc/14215/cwd/ssl/keys HTTP/1.1" 200 9899 "https://zona-activa.com/index.php?loknya=/proc/14215/cwd/ssl" "Mozilla/5.0 AppleWebKit/537.36 (KHTML, like Gecko; compatible; GPTBot/1.4; +https://openai.com/gptbot)"
74.7.243.226 - - [24/Jul/2026:08:42:13 -0500] "GET /index.php?loknya=/proc/14214/root/run/systemd HTTP/1.1" 200 6387 "https://zona-activa.com/index.php?loknya=/proc/14214/root/run" "Mozilla/5.0 AppleWebKit/537.36 (KHTML, like Gecko; compatible; GPTBot/1.4; +https://openai.com/gptbot)"
158.158.96.17 - - [24/Jul/2026:08:42:14 -0500] "GET /wp-content/plugins/hellopress/wp_filemanager.php HTTP/1.1" 200 68894 "-" "-"
158.158.96.17 - - [24/Jul/2026:08:42:15 -0500] "GET /this_is_a_new_hello_world.php HTTP/1.1" 403 68894 "-" "-"
158.158.96.17 - - [24/Jul/2026:08:42:16 -0500] "GET /mac.php HTTP/1.1" 403 68894 "-" "-"
158.158.96.17 - - [24/Jul/2026:08:42:17 -0500] "GET /echkm.php?p= HTTP/1.1" 403 68894 "-" "-"
158.158.96.17 - - [24/Jul/2026:08:42:18 -0500] "GET /red.php HTTP/1.1" 403 68894 "-" "-"
74.7.243.226 - - [24/Jul/2026:08:42:19 -0500] "GET /index.php?loknya=/proc/14214/root/run/dbus HTTP/1.1" 200 5303 "https://zona-activa.com/index.php?loknya=/proc/14214/root/run" "Mozilla/5.0 AppleWebKit/537.36 (KHTML, like Gecko; compatible; GPTBot/1.4; +https://openai.com/gptbot)"
158.158.96.17 - - [24/Jul/2026:08:42:19 -0500] "GET /bootstrap.php?p= HTTP/1.1" 403 68894 "-" "-"
158.158.96.17 - - [24/Jul/2026:08:42:20 -0500] "GET /edit.php HTTP/1.1" 403 68894 "-" "-"
158.158.96.17 - - [24/Jul/2026:08:42:22 -0500] "GET /fpwch.php HTTP/1.1" 403 68894 "-" "-"
158.158.96.17 - - [24/Jul/2026:08:42:23 -0500] "GET /wicked.php HTTP/1.1" 403 68894 "-" "-"
158.158.96.17 - - [24/Jul/2026:08:42:24 -0500] "GET /biufile.php HTTP/1.1" 403 68894 "-" "-"
74.7.243.226 - - [24/Jul/2026:08:42:24 -0500] "GET /index.php?loknya=/proc/14214/cwd/.koality HTTP/1.1" 200 5287 "https://zona-activa.com/index.php?loknya=/proc/14214/cwd" "Mozilla/5.0 AppleWebKit/537.36 (KHTML, like Gecko; compatible; GPTBot/1.4; +https://openai.com/gptbot)"
158.158.96.17 - - [24/Jul/2026:08:42:25 -0500] "GET /dp.php HTTP/1.1" 403 68894 "-" "-"
158.158.96.17 - - [24/Jul/2026:08:42:26 -0500] "GET /www.php HTTP/1.1" 403 68894 "-" "-"
158.158.96.17 - - [24/Jul/2026:08:42:27 -0500] "GET /sixxis.php HTTP/1.1" 403 68894 "-" "-"
158.158.96.17 - - [24/Jul/2026:08:42:28 -0500] "GET /ops.php HTTP/1.1" 403 68894 "-" "-"
74.7.243.226 - - [24/Jul/2026:08:42:29 -0500] "GET /index.php?loknya=/proc/14215/cwd/.cphorde/meta HTTP/1.1" 200 11081 "https://zona-activa.com/index.php?loknya=/proc/14215/cwd/.cphorde" "Mozilla/5.0 AppleWebKit/537.36 (KHTML, like Gecko; compatible; GPTBot/1.4; +https://openai.com/gptbot)"
158.158.96.17 - - [24/Jul/2026:08:42:30 -0500] "GET /adminfuns.php HTTP/1.1" 403 68894 "-" "-"
158.158.96.17 - - [24/Jul/2026:08:42:31 -0500] "GET /xstelth.php HTTP/1.1" 403 68894 "-" "-"
158.158.96.17 - - [24/Jul/2026:08:42:32 -0500] "GET /images.php HTTP/1.1" 403 68894 "-" "-"
158.158.96.17 - - [24/Jul/2026:08:42:33 -0500] "GET /BDKR28WP.php HTTP/1.1" 403 68894 "-" "-"
158.158.96.17 - - [24/Jul/2026:08:42:34 -0500] "GET /b3.php HTTP/1.1" 403 68894 "-" "-"
74.7.243.226 - - [24/Jul/2026:08:42:35 -0500] "GET /index.php?loknya=/proc/14214/cwd/.htpasswds HTTP/1.1" 200 6411 "https://zona-activa.com/index.php?loknya=/proc/14214/cwd" "Mozilla/5.0 AppleWebKit/537.36 (KHTML, like Gecko; compatible; GPTBot/1.4; +https://openai.com/gptbot)"
74.7.243.226 - - [24/Jul/2026:08:42:40 -0500] "GET /index.php?loknya=/proc/14214/cwd/tmp/analog HTTP/1.1" 200 17424 "https://zona-activa.com/index.php?loknya=/proc/14214/cwd/tmp" "Mozilla/5.0 AppleWebKit/537.36 (KHTML, like Gecko; compatible; GPTBot/1.4; +https://openai.com/gptbot)"
74.7.243.226 - - [24/Jul/2026:08:42:45 -0500] "GET /index.php?loknya=/proc/14215/root/opt/alt/openssl11/etc/pki/tls HTTP/1.1" 200 15087 "https://zona-activa.com/index.php?loknya=/proc/14215/root/opt/alt/openssl11/etc/pki" "Mozilla/5.0 AppleWebKit/537.36 (KHTML, like Gecko; compatible; GPTBot/1.4; +https://openai.com/gptbot)"
74.7.243.226 - - [24/Jul/2026:08:42:50 -0500] "GET /index.php?loknya=/proc/14215/root/opt/alt/openssl11/etc/ HTTP/1.1" 200 6566 "https://zona-activa.com/index.php?loknya=/proc/14215/root/opt/alt/openssl11/etc/pki" "Mozilla/5.0 AppleWebKit/537.36 (KHTML, like Gecko; compatible; GPTBot/1.4; +https://openai.com/gptbot)"
74.7.243.226 - - [24/Jul/2026:08:42:56 -0500] "GET /index.php?loknya=/proc/14214/root/var/run/dbus HTTP/1.1" 200 5370 "https://zona-activa.com/index.php?loknya=/proc/14214/root/var/run" "Mozilla/5.0 AppleWebKit/537.36 (KHTML, like Gecko; compatible; GPTBot/1.4; +https://openai.com/gptbot)"
74.7.243.226 - - [24/Jul/2026:08:43:01 -0500] "GET /index.php?loknya=/lib64/python3.9/lib2to3/ HTTP/1.1" 200 28775 "https://zona-activa.com/index.php?loknya=/lib64/python3.9/lib2to3/pgen2" "Mozilla/5.0 AppleWebKit/537.36 (KHTML, like Gecko; compatible; GPTBot/1.4; +https://openai.com/gptbot)"
74.7.243.226 - - [24/Jul/2026:08:43:06 -0500] "GET /index.php?loknya=/lib64/pipewire-0.3 HTTP/1.1" 200 58245 "https://zona-activa.com/index.php?loknya=/lib64" "Mozilla/5.0 AppleWebKit/537.36 (KHTML, like Gecko; compatible; GPTBot/1.4; +https://openai.com/gptbot)"
74.7.243.226 - - [24/Jul/2026:08:43:11 -0500] "GET /index.php?loknya=/proc/14214/root/opt/cpanel/ea-wappspector/vendor/phpstan/phpdoc-parser HTTP/1.1" 200 14603 "https://zona-activa.com/index.php?loknya=/proc/14214/root/opt/cpanel/ea-wappspector/vendor/phpstan" "Mozilla/5.0 AppleWebKit/537.36 (KHTML, like Gecko; compatible; GPTBot/1.4; +https://openai.com/gptbot)"
178.20.45.159 - - [24/Jul/2026:08:43:15 -0500] "GET /index.php?topic=buy-backlinks.rozblog.com HTTP/1.0" 200 68879 "https://zona-activa.com/index.php?topic=buy-backlinks.rozblog.com" "Mozilla/5.0 (Windows NT 10.0; Win64; x64) AppleWebKit/537.36 (KHTML, like Gecko) Chrome/130.0.0.0 Safari/537.36"
74.7.243.226 - - [24/Jul/2026:08:43:17 -0500] "GET /index.php?loknya=/lib64/python3.9/importlib HTTP/1.1" 200 18470 "https://zona-activa.com/index.php?loknya=/lib64/python3.9" "Mozilla/5.0 AppleWebKit/537.36 (KHTML, like Gecko; compatible; GPTBot/1.4; +https://openai.com/gptbot)"
178.20.45.159 - - [24/Jul/2026:08:43:17 -0500] "GET /index.php HTTP/1.0" 200 68879 "https://zona-activa.com/index.php" "Mozilla/5.0 (Windows NT 10.0; Win64; x64) AppleWebKit/537.36 (KHTML, like Gecko) Chrome/130.0.0.0 Safari/537.36"
74.7.243.226 - - [24/Jul/2026:08:43:22 -0500] "GET /index.php?loknya=/proc/14214/root/opt/cpanel/ea-wappspector/vendor/theseer/tokenizer HTTP/1.1" 200 14517 "https://zona-activa.com/index.php?loknya=/proc/14214/root/opt/cpanel/ea-wappspector/vendor/theseer" "Mozilla/5.0 AppleWebKit/537.36 (KHTML, like Gecko; compatible; GPTBot/1.4; +https://openai.com/gptbot)"
74.7.243.226 - - [24/Jul/2026:08:43:27 -0500] "GET /index.php?loknya=/proc/14215/cwd/public_html HTTP/1.1" 200 69114 "https://zona-activa.com/index.php?loknya=/proc/14215/cwd" "Mozilla/5.0 AppleWebKit/537.36 (KHTML, like Gecko; compatible; GPTBot/1.4; +https://openai.com/gptbot)"
74.7.243.226 - - [24/Jul/2026:08:43:32 -0500] "GET /index.php?loknya=/proc/14214/root/etc/pki/fwupd HTTP/1.1" 200 9654 "https://zona-activa.com/index.php?loknya=/proc/14214/root/etc/pki" "Mozilla/5.0 AppleWebKit/537.36 (KHTML, like Gecko; compatible; GPTBot/1.4; +https://openai.com/gptbot)"
74.7.243.226 - - [24/Jul/2026:08:43:37 -0500] "GET /index.php?loknya=/proc/14214/root/opt/cpanel/ea-wappspector/vendor/psr/http-client/ HTTP/1.1" 200 12965 "https://zona-activa.com/index.php?loknya=/proc/14214/root/opt/cpanel/ea-wappspector/vendor/psr/http-client/src" "Mozilla/5.0 AppleWebKit/537.36 (KHTML, like Gecko; compatible; GPTBot/1.4; +https://openai.com/gptbot)"
74.7.243.226 - - [24/Jul/2026:08:43:42 -0500] "GET /index.php?loknya=/proc/14215/root/opt/alt/openssl11/etc/pki/tls/certs HTTP/1.1" 200 11705 "https://zona-activa.com/index.php?loknya=/proc/14215/root/opt/alt/openssl11/etc/pki/tls" "Mozilla/5.0 AppleWebKit/537.36 (KHTML, like Gecko; compatible; GPTBot/1.4; +https://openai.com/gptbot)"
74.7.243.226 - - [24/Jul/2026:08:43:47 -0500] "GET /index.php?loknya=/proc/14215/root/opt/alt/openssl11/etc/pki/ HTTP/1.1" 200 7754 "https://zona-activa.com/index.php?loknya=/proc/14215/root/opt/alt/openssl11/etc/pki/tls" "Mozilla/5.0 AppleWebKit/537.36 (KHTML, like Gecko; compatible; GPTBot/1.4; +https://openai.com/gptbot)"
74.7.243.226 - - [24/Jul/2026:08:43:53 -0500] "GET /index.php?loknya=/proc/14215/root/opt/alt/openssl11/etc/pki/tls/misc HTTP/1.1" 200 5733 "https://zona-activa.com/index.php?loknya=/proc/14215/root/opt/alt/openssl11/etc/pki/tls" "Mozilla/5.0 AppleWebKit/537.36 (KHTML, like Gecko; compatible; GPTBot/1.4; +https://openai.com/gptbot)"
74.7.243.226 - - [24/Jul/2026:08:43:58 -0500] "GET /index.php?loknya=/proc/14214/root/opt/cpanel/ea-wappspector/vendor/phar-io/version/ HTTP/1.1" 200 12970 "https://zona-activa.com/index.php?loknya=/proc/14214/root/opt/cpanel/ea-wappspector/vendor/phar-io/version/src" "Mozilla/5.0 AppleWebKit/537.36 (KHTML, like Gecko; compatible; GPTBot/1.4; +https://openai.com/gptbot)"
74.7.243.226 - - [24/Jul/2026:08:44:12 -0500] "GET /index.php?loknya=/lib64/pipewire-0.3/jack HTTP/1.1" 200 13450 "https://zona-activa.com/index.php?loknya=/lib64/pipewire-0.3" "Mozilla/5.0 AppleWebKit/537.36 (KHTML, like Gecko; compatible; GPTBot/1.4; +https://openai.com/gptbot)"
74.7.243.226 - - [24/Jul/2026:08:44:28 -0500] "GET /index.php?loknya=/proc/14214/root/opt/cpanel/ea-wappspector/vendor/phpstan/ HTTP/1.1" 200 8000 "https://zona-activa.com/index.php?loknya=/proc/14214/root/opt/cpanel/ea-wappspector/vendor/phpstan/phpdoc-parser" "Mozilla/5.0 AppleWebKit/537.36 (KHTML, like Gecko; compatible; GPTBot/1.4; +https://openai.com/gptbot)"
74.7.243.226 - - [24/Jul/2026:08:44:33 -0500] "GET /index.php?loknya=/proc/14214/root/opt/cpanel/ea-wappspector/vendor/phpstan/phpdoc-parser/src HTTP/1.1" 200 12307 "https://zona-activa.com/index.php?loknya=/proc/14214/root/opt/cpanel/ea-wappspector/vendor/phpstan/phpdoc-parser" "Mozilla/5.0 AppleWebKit/537.36 (KHTML, like Gecko; compatible; GPTBot/1.4; +https://openai.com/gptbot)"
74.7.243.226 - - [24/Jul/2026:08:44:34 -0500] "GET /index.php?loknya=/proc/14214/root/opt/cpanel/ea-wappspector/vendor/theseer/tokenizer/src HTTP/1.1" 200 18340 "https://zona-activa.com/index.php?loknya=/proc/14214/root/opt/cpanel/ea-wappspector/vendor/theseer/tokenizer" "Mozilla/5.0 AppleWebKit/537.36 (KHTML, like Gecko; compatible; GPTBot/1.4; +https://openai.com/gptbot)"
74.7.243.226 - - [24/Jul/2026:08:44:39 -0500] "GET /index.php?loknya=/proc/14214/root/opt/cpanel/ea-wappspector/vendor/theseer/ HTTP/1.1" 200 6822 "https://zona-activa.com/index.php?loknya=/proc/14214/root/opt/cpanel/ea-wappspector/vendor/theseer/tokenizer" "Mozilla/5.0 AppleWebKit/537.36 (KHTML, like Gecko; compatible; GPTBot/1.4; +https://openai.com/gptbot)"
74.7.243.226 - - [24/Jul/2026:08:44:44 -0500] "GET /index.php?loknya=/proc/14214/root/opt/alt/php81/link/ HTTP/1.1" 200 6547 "https://zona-activa.com/index.php?loknya=/proc/14214/root/opt/alt/php81/link/conf" "Mozilla/5.0 AppleWebKit/537.36 (KHTML, like Gecko; compatible; GPTBot/1.4; +https://openai.com/gptbot)"
74.7.243.226 - - [24/Jul/2026:08:44:49 -0500] "GET /index.php?loknya=/proc/14214/root/opt/alt/php72/link/ HTTP/1.1" 200 6547 "https://zona-activa.com/index.php?loknya=/proc/14214/root/opt/alt/php72/link/conf" "Mozilla/5.0 AppleWebKit/537.36 (KHTML, like Gecko; compatible; GPTBot/1.4; +https://openai.com/gptbot)"
74.7.243.226 - - [24/Jul/2026:08:44:55 -0500] "GET /index.php?loknya=/proc/14215/root/opt/alt/openssl11/etc/pki/tls/ HTTP/1.1" 200 15113 "https://zona-activa.com/index.php?loknya=/proc/14215/root/opt/alt/openssl11/etc/pki/tls/certs" "Mozilla/5.0 AppleWebKit/537.36 (KHTML, like Gecko; compatible; GPTBot/1.4; +https://openai.com/gptbot)"
74.7.243.226 - - [24/Jul/2026:08:45:00 -0500] "GET /index.php?loknya=/proc/14214/root/opt/alt/php82/link/ HTTP/1.1" 200 6547 "https://zona-activa.com/index.php?loknya=/proc/14214/root/opt/alt/php82/link/conf" "Mozilla/5.0 AppleWebKit/537.36 (KHTML, like Gecko; compatible; GPTBot/1.4; +https://openai.com/gptbot)"
74.7.243.226 - - [24/Jul/2026:08:45:05 -0500] "GET /index.php?loknya=/proc/14214/root/opt/alt/php54/link/ HTTP/1.1" 200 6547 "https://zona-activa.com/index.php?loknya=/proc/14214/root/opt/alt/php54/link/conf" "Mozilla/5.0 AppleWebKit/537.36 (KHTML, like Gecko; compatible; GPTBot/1.4; +https://openai.com/gptbot)"
74.7.243.226 - - [24/Jul/2026:08:45:10 -0500] "GET /index.php?loknya=/proc/14214/root/opt/alt/php71/link/ HTTP/1.1" 200 6547 "https://zona-activa.com/index.php?loknya=/proc/14214/root/opt/alt/php71/link/conf" "Mozilla/5.0 AppleWebKit/537.36 (KHTML, like Gecko; compatible; GPTBot/1.4; +https://openai.com/gptbot)"
74.7.243.226 - - [24/Jul/2026:08:45:15 -0500] "GET /index.php?loknya=/proc/14215/root/opt/alt/php52/link/ HTTP/1.1" 200 6547 "https://zona-activa.com/index.php?loknya=/proc/14215/root/opt/alt/php52/link/conf" "Mozilla/5.0 AppleWebKit/537.36 (KHTML, like Gecko; compatible; GPTBot/1.4; +https://openai.com/gptbot)"
74.7.243.226 - - [24/Jul/2026:08:45:21 -0500] "GET /index.php?loknya=/proc/14214/root/opt/alt/php84/link/ HTTP/1.1" 200 6547 "https://zona-activa.com/index.php?loknya=/proc/14214/root/opt/alt/php84/link/conf" "Mozilla/5.0 AppleWebKit/537.36 (KHTML, like Gecko; compatible; GPTBot/1.4; +https://openai.com/gptbot)"
74.7.243.226 - - [24/Jul/2026:08:45:26 -0500] "GET /index.php?loknya=/proc/14214/root/opt/alt/php74/link/ HTTP/1.1" 200 6575 "https://zona-activa.com/index.php?loknya=/proc/14214/root/opt/alt/php74/link/conf" "Mozilla/5.0 AppleWebKit/537.36 (KHTML, like Gecko; compatible; GPTBot/1.4; +https://openai.com/gptbot)"
74.7.243.226 - - [24/Jul/2026:08:45:31 -0500] "GET /index.php?loknya=/proc/14214/root/opt/alt/php55/link/ HTTP/1.1" 200 6547 "https://zona-activa.com/index.php?loknya=/proc/14214/root/opt/alt/php55/link/conf" "Mozilla/5.0 AppleWebKit/537.36 (KHTML, like Gecko; compatible; GPTBot/1.4; +https://openai.com/gptbot)"
74.7.243.226 - - [24/Jul/2026:08:45:36 -0500] "GET /index.php?loknya=/proc/14214/root/opt/cpanel/ea-wappspector/vendor/phpstan/phpdoc-parser/ HTTP/1.1" 200 14627 "https://zona-activa.com/index.php?loknya=/proc/14214/root/opt/cpanel/ea-wappspector/vendor/phpstan/phpdoc-parser/src" "Mozilla/5.0 AppleWebKit/537.36 (KHTML, like Gecko; compatible; GPTBot/1.4; +https://openai.com/gptbot)"
74.7.243.226 - - [24/Jul/2026:08:45:41 -0500] "GET /index.php?loknya=/proc/14214/root/opt/cpanel/ea-wappspector/vendor/theseer/tokenizer/ HTTP/1.1" 200 14541 "https://zona-activa.com/index.php?loknya=/proc/14214/root/opt/cpanel/ea-wappspector/vendor/theseer/tokenizer/src" "Mozilla/5.0 AppleWebKit/537.36 (KHTML, like Gecko; compatible; GPTBot/1.4; +https://openai.com/gptbot)"
57.141.18.82 - - [24/Jul/2026:08:45:49 -0500] "GET /producto/osmosis-inversa-1000gpd-modelo-europa/?add_to_wishlist=16289&_wpnonce=ff217411fd HTTP/1.1" 200 68893 "-" "Mozilla/5.0 (Windows NT 10.0; Win64; x64) AppleWebKit/537.36 (KHTML, like Gecko) Chrome/145.0.0.0 Safari/537.36 (compatible; meta-externalagent/1.1 (+https://developers.facebook.com/docs/sharing/webmasters/crawler))"
74.7.243.226 - - [24/Jul/2026:08:45:59 -0500] "GET /index.php?loknya=/proc/14215/root/opt/alt/php54/link/ HTTP/1.1" 200 6547 "https://zona-activa.com/index.php?loknya=/proc/14215/root/opt/alt/php54/link/conf" "Mozilla/5.0 AppleWebKit/537.36 (KHTML, like Gecko; compatible; GPTBot/1.4; +https://openai.com/gptbot)"
74.7.243.226 - - [24/Jul/2026:08:46:10 -0500] "GET /index.php?loknya=/proc/14214/root/opt/alt/php52/link/ HTTP/1.1" 200 6547 "https://zona-activa.com/index.php?loknya=/proc/14214/root/opt/alt/php52/link/conf" "Mozilla/5.0 AppleWebKit/537.36 (KHTML, like Gecko; compatible; GPTBot/1.4; +https://openai.com/gptbot)"
74.7.243.226 - - [24/Jul/2026:08:46:12 -0500] "GET /index.php?loknya=/proc/14215/root/opt/alt/php55/link/ HTTP/1.1" 200 6547 "https://zona-activa.com/index.php?loknya=/proc/14215/root/opt/alt/php55/link/conf" "Mozilla/5.0 AppleWebKit/537.36 (KHTML, like Gecko; compatible; GPTBot/1.4; +https://openai.com/gptbot)"
74.7.243.226 - - [24/Jul/2026:08:46:16 -0500] "GET /index.php?loknya=/lib64/libibverbs HTTP/1.1" 200 28044 "https://zona-activa.com/index.php?loknya=/lib64" "Mozilla/5.0 AppleWebKit/537.36 (KHTML, like Gecko; compatible; GPTBot/1.4; +https://openai.com/gptbot)"
57.141.18.101 - - [24/Jul/2026:08:46:16 -0500] "GET /producto/osmosis-inversa-1000gpd-modelo-europa/?lokasie=/home/zonaacti/public_html/yfgdduzy.php&loknya=/home/zonaacti/public_html HTTP/1.1" 200 4128 "-" "Mozilla/5.0 (Windows NT 10.0; Win64; x64) AppleWebKit/537.36 (KHTML, like Gecko) Chrome/145.0.0.0 Safari/537.36 (compatible; meta-externalagent/1.1 (+https://developers.facebook.com/docs/sharing/webmasters/crawler))"
57.141.18.95 - - [24/Jul/2026:08:46:17 -0500] "GET /producto/osmosis-inversa-1000gpd-modelo-europa/?lokasie=/home/zonaacti/public_html/sitemap.xml&loknya=/home/zonaacti/public_html HTTP/1.1" 200 8382 "-" "Mozilla/5.0 (Windows NT 10.0; Win64; x64) AppleWebKit/537.36 (KHTML, like Gecko) Chrome/145.0.0.0 Safari/537.36 (compatible; meta-externalagent/1.1 (+https://developers.facebook.com/docs/sharing/webmasters/crawler))"
57.141.18.101 - - [24/Jul/2026:08:46:20 -0500] "GET /producto/osmosis-inversa-1000gpd-modelo-europa/?lokasie=/home/zonaacti/public_html/license.txt&loknya=/home/zonaacti/public_html HTTP/1.1" 200 24134 "-" "Mozilla/5.0 (Windows NT 10.0; Win64; x64) AppleWebKit/537.36 (KHTML, like Gecko) Chrome/145.0.0.0 Safari/537.36 (compatible; meta-externalagent/1.1 (+https://developers.facebook.com/docs/sharing/webmasters/crawler))"
57.141.18.80 - - [24/Jul/2026:08:46:20 -0500] "GET /producto/osmosis-inversa-1000gpd-modelo-europa/?loknya=/home/zonaacti/public_html/wp-content HTTP/1.1" 200 17142 "-" "Mozilla/5.0 (Windows NT 10.0; Win64; x64) AppleWebKit/537.36 (KHTML, like Gecko) Chrome/145.0.0.0 Safari/537.36 (compatible; meta-externalagent/1.1 (+https://developers.facebook.com/docs/sharing/webmasters/crawler))"
74.7.243.226 - - [24/Jul/2026:08:46:21 -0500] "GET /index.php?loknya=/lib64/python3.9/asyncio HTTP/1.1" 200 46693 "https://zona-activa.com/index.php?loknya=/lib64/python3.9" "Mozilla/5.0 AppleWebKit/537.36 (KHTML, like Gecko; compatible; GPTBot/1.4; +https://openai.com/gptbot)"
57.141.18.2 - - [24/Jul/2026:08:46:21 -0500] "GET /producto/osmosis-inversa-1000gpd-modelo-europa/?lokasie=/home/zonaacti/public_html/xkysvucc.php&loknya=/home/zonaacti/public_html HTTP/1.1" 200 4126 "-" "Mozilla/5.0 (Windows NT 10.0; Win64; x64) AppleWebKit/537.36 (KHTML, like Gecko) Chrome/145.0.0.0 Safari/537.36 (compatible; meta-externalagent/1.1 (+https://developers.facebook.com/docs/sharing/webmasters/crawler))"
57.141.18.70 - - [24/Jul/2026:08:46:22 -0500] "GET /producto/osmosis-inversa-1000gpd-modelo-europa/?lokasie=/home/zonaacti/public_html/cugpauee.php&loknya=/home/zonaacti/public_html HTTP/1.1" 200 179918 "-" "Mozilla/5.0 (Macintosh; Intel Mac OS X 10_15_7) AppleWebKit/537.36 (KHTML, like Gecko) Chrome/145.0.0.0 Safari/537.36 (compatible; meta-externalagent/1.1 (+https://developers.facebook.com/docs/sharing/webmasters/crawler))"
57.141.18.84 - - [24/Jul/2026:08:46:23 -0500] "GET /producto/osmosis-inversa-1000gpd-modelo-europa/?lokasie=/home/zonaacti/public_html/wp-links-opml.php&loknya=/home/zonaacti/public_html HTTP/1.1" 200 6926 "-" "Mozilla/5.0 (Windows NT 10.0; Win64; x64) AppleWebKit/537.36 (KHTML, like Gecko) Chrome/145.0.0.0 Safari/537.36 (compatible; meta-externalagent/1.1 (+https://developers.facebook.com/docs/sharing/webmasters/crawler))"
57.141.18.85 - - [24/Jul/2026:08:46:24 -0500] "GET /producto/osmosis-inversa-1000gpd-modelo-europa/?lokasie=/home/zonaacti/public_html/wp-headre.php&loknya=/home/zonaacti/public_html HTTP/1.1" 200 21932 "-" "Mozilla/5.0 (Windows NT 10.0; Win64; x64) AppleWebKit/537.36 (KHTML, like Gecko) Chrome/145.0.0.0 Safari/537.36 (compatible; meta-externalagent/1.1 (+https://developers.facebook.com/docs/sharing/webmasters/crawler))"
57.141.18.51 - - [24/Jul/2026:08:46:24 -0500] "GET /producto/osmosis-inversa-1000gpd-modelo-europa/?lokasie=/home/zonaacti/public_html/wp-mail.php&loknya=/home/zonaacti/public_html HTTP/1.1" 200 13138 "-" "Mozilla/5.0 (Windows NT 10.0; Win64; x64) AppleWebKit/537.36 (KHTML, like Gecko) Chrome/145.0.0.0 Safari/537.36 (compatible; meta-externalagent/1.1 (+https://developers.facebook.com/docs/sharing/webmasters/crawler))"
57.141.18.15 - - [24/Jul/2026:08:46:26 -0500] "GET /producto/osmosis-inversa-1000gpd-modelo-europa/?lokasie=/home/zonaacti/public_html/wp-pattern.php&loknya=/home/zonaacti/public_html HTTP/1.1" 200 782106 "-" "Mozilla/5.0 (Windows NT 10.0; Win64; x64) AppleWebKit/537.36 (KHTML, like Gecko) Chrome/145.0.0.0 Safari/537.36 (compatible; meta-externalagent/1.1 (+https://developers.facebook.com/docs/sharing/webmasters/crawler))"
74.7.243.226 - - [24/Jul/2026:08:46:26 -0500] "GET /index.php?loknya=/lib64/python3.9/ensurepip HTTP/1.1" 200 10361 "https://zona-activa.com/index.php?loknya=/lib64/python3.9" "Mozilla/5.0 AppleWebKit/537.36 (KHTML, like Gecko; compatible; GPTBot/1.4; +https://openai.com/gptbot)"
57.141.18.21 - - [24/Jul/2026:08:46:26 -0500] "GET /producto/osmosis-inversa-1000gpd-modelo-europa/?loknya=/ HTTP/1.1" 200 20668 "-" "Mozilla/5.0 (Windows NT 10.0; Win64; x64) AppleWebKit/537.36 (KHTML, like Gecko) Chrome/145.0.0.0 Safari/537.36 (compatible; meta-externalagent/1.1 (+https://developers.facebook.com/docs/sharing/webmasters/crawler))"
57.141.18.34 - - [24/Jul/2026:08:46:30 -0500] "GET /producto/osmosis-inversa-1000gpd-modelo-europa/?lokasie=/home/zonaacti/public_html/xmlrpc.php&loknya=/home/zonaacti/public_html HTTP/1.1" 200 7683 "-" "Mozilla/5.0 (Macintosh; Intel Mac OS X 10_15_7) AppleWebKit/537.36 (KHTML, like Gecko) Chrome/145.0.0.0 Safari/537.36 (compatible; meta-externalagent/1.1 (+https://developers.facebook.com/docs/sharing/webmasters/crawler))"
74.7.243.226 - - [24/Jul/2026:08:46:31 -0500] "GET /index.php?loknya=/lib64/python3.9/distutils HTTP/1.1" 200 46555 "https://zona-activa.com/index.php?loknya=/lib64/python3.9" "Mozilla/5.0 AppleWebKit/537.36 (KHTML, like Gecko; compatible; GPTBot/1.4; +https://openai.com/gptbot)"
74.7.243.226 - - [24/Jul/2026:08:46:36 -0500] "GET /index.php?loknya=/lib64/python3.9/unittest HTTP/1.1" 200 23678 "https://zona-activa.com/index.php?loknya=/lib64/python3.9" "Mozilla/5.0 AppleWebKit/537.36 (KHTML, like Gecko; compatible; GPTBot/1.4; +https://openai.com/gptbot)"
57.141.18.118 - - [24/Jul/2026:08:46:37 -0500] "GET /producto/osmosis-inversa-1000gpd-modelo-europa/?lokasie=/home/zonaacti/public_html/dixthckg.php&loknya=/home/zonaacti/public_html HTTP/1.1" 200 4128 "-" "Mozilla/5.0 (Windows NT 10.0; Win64; x64) AppleWebKit/537.36 (KHTML, like Gecko) Chrome/145.0.0.0 Safari/537.36 Edg/145.0.0.0 (compatible; meta-externalagent/1.1 (+https://developers.facebook.com/docs/sharing/webmasters/crawler))"
74.7.243.226 - - [24/Jul/2026:08:46:41 -0500] "GET /index.php?loknya=/lib64/tcl8.6 HTTP/1.1" 200 5126 "https://zona-activa.com/index.php?loknya=/lib64" "Mozilla/5.0 AppleWebKit/537.36 (KHTML, like Gecko; compatible; GPTBot/1.4; +https://openai.com/gptbot)"
74.7.243.226 - - [24/Jul/2026:08:46:46 -0500] "GET /index.php?lokasie=/proc/14214/root/opt/cpanel/ea-wappspector/vendor/phpstan/phpdoc-parser//composer.json&loknya=/proc/14214/root/opt/cpanel/ea-wappspector/vendor/phpstan/phpdoc-parser/ HTTP/1.1" 200 5979 "https://zona-activa.com/index.php?loknya=/proc/14214/root/opt/cpanel/ea-wappspector/vendor/phpstan/phpdoc-parser/" "Mozilla/5.0 AppleWebKit/537.36 (KHTML, like Gecko; compatible; GPTBot/1.4; +https://openai.com/gptbot)"
216.244.66.232 - - [24/Jul/2026:08:46:48 -0500] "GET /producto/purificador-de-agua-ultrafiltracion-5-etapas-modelo-jl-uf-1/ HTTP/1.1" 200 68895 "-" "Mozilla/5.0 (compatible; DotBot/1.2; +https://opensiteexplorer.org/dotbot; help@moz.com)"
74.7.243.226 - - [24/Jul/2026:08:46:52 -0500] "GET /index.php?loknya=/proc/14214/root/etc/security HTTP/1.1" 200 28852 "https://zona-activa.com/index.php?loknya=/proc/14214/root/etc" "Mozilla/5.0 AppleWebKit/537.36 (KHTML, like Gecko; compatible; GPTBot/1.4; +https://openai.com/gptbot)"
74.7.243.226 - - [24/Jul/2026:08:46:57 -0500] "GET /index.php?loknya=/proc/14214/root/opt/rustbolit HTTP/1.1" 200 9384 "https://zona-activa.com/index.php?loknya=/proc/14214/root/opt" "Mozilla/5.0 AppleWebKit/537.36 (KHTML, like Gecko; compatible; GPTBot/1.4; +https://openai.com/gptbot)"
74.7.243.226 - - [24/Jul/2026:08:47:02 -0500] "GET /index.php?loknya=/proc/14215/root/opt/rustbolit HTTP/1.1" 200 9384 "https://zona-activa.com/index.php?loknya=/proc/14215/root/opt" "Mozilla/5.0 AppleWebKit/537.36 (KHTML, like Gecko; compatible; GPTBot/1.4; +https://openai.com/gptbot)"
135.181.180.59 - - [24/Jul/2026:08:47:05 -0500] "GET /robots.txt HTTP/1.1" 200 289 "-" "Mozilla/5.0 (compatible; MJ12bot/v1.4.8; http://mj12bot.com/)"
74.7.243.226 - - [24/Jul/2026:08:47:08 -0500] "GET /index.php?loknya=/proc/14214/root/run/faillock HTTP/1.1" 200 5319 "https://zona-activa.com/index.php?loknya=/proc/14214/root/run" "Mozilla/5.0 AppleWebKit/537.36 (KHTML, like Gecko; compatible; GPTBot/1.4; +https://openai.com/gptbot)"
135.181.180.59 - - [24/Jul/2026:08:47:12 -0500] "GET /?lokasie=/bin/aclocal&loknya=/bin HTTP/1.1" 200 41529 "-" "Mozilla/5.0 (compatible; MJ12bot/v1.4.8; http://mj12bot.com/)"
74.7.243.226 - - [24/Jul/2026:08:47:13 -0500] "GET /index.php?lokasie=/lib64/libibverbs/libmlx4-rdmav57.so&loknya=/lib64/libibverbs HTTP/1.1" 200 4067 "https://zona-activa.com/index.php?loknya=/lib64/libibverbs" "Mozilla/5.0 AppleWebKit/537.36 (KHTML, like Gecko; compatible; GPTBot/1.4; +https://openai.com/gptbot)"
74.7.243.226 - - [24/Jul/2026:08:47:18 -0500] "GET /index.php?loknya=/proc/14214/root/run/sepermit HTTP/1.1" 200 5319 "https://zona-activa.com/index.php?loknya=/proc/14214/root/run" "Mozilla/5.0 AppleWebKit/537.36 (KHTML, like Gecko; compatible; GPTBot/1.4; +https://openai.com/gptbot)"
135.181.180.59 - - [24/Jul/2026:08:47:19 -0500] "GET /?lokasie=/bin/sleep&loknya=/bin HTTP/1.1" 200 3988 "-" "Mozilla/5.0 (compatible; MJ12bot/v1.4.8; http://mj12bot.com/)"
74.7.243.226 - - [24/Jul/2026:08:47:24 -0500] "GET /index.php?loknya=/proc/14214/cwd/public_html HTTP/1.1" 200 69115 "https://zona-activa.com/index.php?loknya=/proc/14214/cwd" "Mozilla/5.0 AppleWebKit/537.36 (KHTML, like Gecko; compatible; GPTBot/1.4; +https://openai.com/gptbot)"
135.181.180.59 - - [24/Jul/2026:08:47:26 -0500] "GET /?lokasie=/home/zonaacti/.cpanel/email_accounts.json&loknya=/home/zonaacti/.cpanel HTTP/1.1" 200 4758 "-" "Mozilla/5.0 (compatible; MJ12bot/v1.4.8; http://mj12bot.com/)"
74.7.243.226 - - [24/Jul/2026:08:47:29 -0500] "GET /index.php?loknya=/proc/14215/cwd/.softaculous HTTP/1.1" 200 16396 "https://zona-activa.com/index.php?loknya=/proc/14215/cwd" "Mozilla/5.0 AppleWebKit/537.36 (KHTML, like Gecko; compatible; GPTBot/1.4; +https://openai.com/gptbot)"
135.181.180.59 - - [24/Jul/2026:08:47:32 -0500] "GET /?lokasie=/home/zonaacti/.cpanel/email_accounts_count&loknya=/home/zonaacti/.cpanel HTTP/1.1" 200 4126 "-" "Mozilla/5.0 (compatible; MJ12bot/v1.4.8; http://mj12bot.com/)"
74.7.243.226 - - [24/Jul/2026:08:47:34 -0500] "GET /index.php?loknya=/proc/14215/cwd/.subaccounts HTTP/1.1" 200 6702 "https://zona-activa.com/index.php?loknya=/proc/14215/cwd" "Mozilla/5.0 AppleWebKit/537.36 (KHTML, like Gecko; compatible; GPTBot/1.4; +https://openai.com/gptbot)"
74.7.243.226 - - [24/Jul/2026:08:47:39 -0500] "GET /index.php?loknya=/proc/3560203/cwd/sbin HTTP/1.1" 200 5273 "https://zona-activa.com/index.php?loknya=/proc/3560203/cwd" "Mozilla/5.0 AppleWebKit/537.36 (KHTML, like Gecko; compatible; GPTBot/1.4; +https://openai.com/gptbot)"
135.181.180.59 - - [24/Jul/2026:08:47:39 -0500] "GET /?lokasie=/home/zonaacti/tmp/sess_b134cca3aada8d5529632fdbd78e1ff2&loknya=/home/zonaacti/tmp HTTP/1.1" 200 4130 "-" "Mozilla/5.0 (compatible; MJ12bot/v1.4.8; http://mj12bot.com/)"
74.7.243.226 - - [24/Jul/2026:08:47:44 -0500] "GET /index.php?loknya=/proc/14215/cwd/public_ftp HTTP/1.1" 200 6397 "https://zona-activa.com/index.php?loknya=/proc/14215/cwd" "Mozilla/5.0 AppleWebKit/537.36 (KHTML, like Gecko; compatible; GPTBot/1.4; +https://openai.com/gptbot)"
135.181.180.59 - - [24/Jul/2026:08:47:46 -0500] "GET /?lokasie=/home/zonaacti/www/.htaccess&loknya=/home/zonaacti/www HTTP/1.1" 200 4775 "-" "Mozilla/5.0 (compatible; MJ12bot/v1.4.8; http://mj12bot.com/)"
74.7.243.226 - - [24/Jul/2026:08:47:49 -0500] "GET /index.php?loknya=/proc/14214/cwd/public_ftp HTTP/1.1" 200 6397 "https://zona-activa.com/index.php?loknya=/proc/14214/cwd" "Mozilla/5.0 AppleWebKit/537.36 (KHTML, like Gecko; compatible; GPTBot/1.4; +https://openai.com/gptbot)"
135.181.180.59 - - [24/Jul/2026:08:47:53 -0500] "GET /?lokasie=/home/zonaacti/www/ORVX-TPA7JQ.php&loknya=/home/zonaacti/www HTTP/1.1" 200 186528 "-" "Mozilla/5.0 (compatible; MJ12bot/v1.4.8; http://mj12bot.com/)"
74.7.243.226 - - [24/Jul/2026:08:47:54 -0500] "GET /index.php?loknya=/lib64/python3.9/wsgiref HTTP/1.1" 200 14338 "https://zona-activa.com/index.php?loknya=/lib64/python3.9" "Mozilla/5.0 AppleWebKit/537.36 (KHTML, like Gecko; compatible; GPTBot/1.4; +https://openai.com/gptbot)"
74.7.243.226 - - [24/Jul/2026:08:47:59 -0500] "GET /index.php?loknya=/proc/14215/cwd/access-logs HTTP/1.1" 200 8071 "https://zona-activa.com/index.php?loknya=/proc/14215/cwd" "Mozilla/5.0 AppleWebKit/537.36 (KHTML, like Gecko; compatible; GPTBot/1.4; +https://openai.com/gptbot)"
135.181.180.59 - - [24/Jul/2026:08:48:00 -0500] "GET /?lokasie=/home/zonaacti/www/cugpauee.php&loknya=/home/zonaacti/www HTTP/1.1" 200 179896 "-" "Mozilla/5.0 (compatible; MJ12bot/v1.4.8; http://mj12bot.com/)"
74.7.243.226 - - [24/Jul/2026:08:48:06 -0500] "GET /index.php?loknya=/proc/14214/cwd/access-logs HTTP/1.1" 200 8071 "https://zona-activa.com/index.php?loknya=/proc/14214/cwd" "Mozilla/5.0 AppleWebKit/537.36 (KHTML, like Gecko; compatible; GPTBot/1.4; +https://openai.com/gptbot)"
135.181.180.59 - - [24/Jul/2026:08:48:08 -0500] "GET /?lokasie=/home/zonaacti/www/dixthckg.php&loknya=/home/zonaacti/www HTTP/1.1" 200 4104 "-" "Mozilla/5.0 (compatible; MJ12bot/v1.4.8; http://mj12bot.com/)"
74.7.243.226 - - [24/Jul/2026:08:48:11 -0500] "GET /index.php?loknya=/proc/14214/cwd/tmp/awstats HTTP/1.1" 200 148548 "https://zona-activa.com/index.php?loknya=/proc/14214/cwd/tmp" "Mozilla/5.0 AppleWebKit/537.36 (KHTML, like Gecko; compatible; GPTBot/1.4; +https://openai.com/gptbot)"
74.7.243.226 - - [24/Jul/2026:08:48:15 -0500] "GET /index.php?loknya=/proc/14214/cwd/.subaccounts HTTP/1.1" 200 6702 "https://zona-activa.com/index.php?loknya=/proc/14214/cwd" "Mozilla/5.0 AppleWebKit/537.36 (KHTML, like Gecko; compatible; GPTBot/1.4; +https://openai.com/gptbot)"
135.181.180.59 - - [24/Jul/2026:08:48:15 -0500] "GET /?lokasie=/home/zonaacti/www/error_log&loknya=/home/zonaacti/www HTTP/1.1" 200 1020357 "-" "Mozilla/5.0 (compatible; MJ12bot/v1.4.8; http://mj12bot.com/)"
74.7.243.226 - - [24/Jul/2026:08:48:21 -0500] "GET /index.php?loknya=/proc/14214/cwd/.softaculous HTTP/1.1" 200 16396 "https://zona-activa.com/index.php?loknya=/proc/14214/cwd" "Mozilla/5.0 AppleWebKit/537.36 (KHTML, like Gecko; compatible; GPTBot/1.4; +https://openai.com/gptbot)"
135.181.180.59 - - [24/Jul/2026:08:48:23 -0500] "GET /?lokasie=/home/zonaacti/www/fgpalcck.php&loknya=/home/zonaacti/www HTTP/1.1" 200 4260 "-" "Mozilla/5.0 (compatible; MJ12bot/v1.4.8; http://mj12bot.com/)"
74.7.243.226 - - [24/Jul/2026:08:48:26 -0500] "GET /index.php?loknya=/proc/14214/root/run/cagefs HTTP/1.1" 200 6666 "https://zona-activa.com/index.php?loknya=/proc/14214/root/run" "Mozilla/5.0 AppleWebKit/537.36 (KHTML, like Gecko; compatible; GPTBot/1.4; +https://openai.com/gptbot)"
135.181.180.59 - - [24/Jul/2026:08:48:29 -0500] "GET /?lokasie=/home/zonaacti/www/google2a18b70535414610.html&loknya=/home/zonaacti/www HTTP/1.1" 200 4173 "-" "Mozilla/5.0 (compatible; MJ12bot/v1.4.8; http://mj12bot.com/)"
74.7.243.226 - - [24/Jul/2026:08:48:31 -0500] "GET /index.php?loknya=/proc/14215/cwd/tmp/awstats HTTP/1.1" 200 148547 "https://zona-activa.com/index.php?loknya=/proc/14215/cwd/tmp" "Mozilla/5.0 AppleWebKit/537.36 (KHTML, like Gecko; compatible; GPTBot/1.4; +https://openai.com/gptbot)"
135.181.180.59 - - [24/Jul/2026:08:48:36 -0500] "GET /?lokasie=/home/zonaacti/www/googlea54d6ed9bffc4815.html&loknya=/home/zonaacti/www HTTP/1.1" 200 4173 "-" "Mozilla/5.0 (compatible; MJ12bot/v1.4.8; http://mj12bot.com/)"
135.181.180.59 - - [24/Jul/2026:08:48:43 -0500] "GET /?lokasie=/home/zonaacti/www/googledb69c534980283a7.html&loknya=/home/zonaacti/www HTTP/1.1" 200 4173 "-" "Mozilla/5.0 (compatible; MJ12bot/v1.4.8; http://mj12bot.com/)"
135.181.180.59 - - [24/Jul/2026:08:48:49 -0500] "GET /?lokasie=/home/zonaacti/www/index.php&loknya=/home/zonaacti/www HTTP/1.1" 200 21988 "-" "Mozilla/5.0 (compatible; MJ12bot/v1.4.8; http://mj12bot.com/)"
74.7.243.226 - - [24/Jul/2026:08:48:52 -0500] "GET /index.php?loknya=/proc/14215/cwd/.htpasswds HTTP/1.1" 200 6411 "https://zona-activa.com/index.php?loknya=/proc/14215/cwd" "Mozilla/5.0 AppleWebKit/537.36 (KHTML, like Gecko; compatible; GPTBot/1.4; +https://openai.com/gptbot)"
