74.7.243.226 - - [24/Jul/2026:08:58:47 -0500] "GET /index.php?lokasie=/proc/14214/root/proc/net/ip_mr_cache&loknya=/proc/14214/root/proc/net HTTP/1.1" 200 4201 "https://zona-activa.com/index.php?loknya=/proc/14214/root/proc/net" "Mozilla/5.0 AppleWebKit/537.36 (KHTML, like Gecko; compatible; GPTBot/1.4; +https://openai.com/gptbot)"
74.7.243.226 - - [24/Jul/2026:08:58:52 -0500] "GET /index.php?lokasie=/proc/14214/root/proc/net/softnet_stat&loknya=/proc/14214/root/proc/net HTTP/1.1" 200 4202 "https://zona-activa.com/index.php?loknya=/proc/14214/root/proc/net" "Mozilla/5.0 AppleWebKit/537.36 (KHTML, like Gecko; compatible; GPTBot/1.4; +https://openai.com/gptbot)"
135.181.180.59 - - [24/Jul/2026:08:58:52 -0500] "GET /?lokasie=/sbin/exim&loknya=/sbin HTTP/1.1" 200 5185 "-" "Mozilla/5.0 (compatible; MJ12bot/v1.4.8; http://mj12bot.com/)"
74.7.243.226 - - [24/Jul/2026:08:58:57 -0500] "GET /index.php?loknya=/proc/14214/root/proc/self/net HTTP/1.1" 200 79481 "https://zona-activa.com/index.php?loknya=/proc/14214/root/proc/self" "Mozilla/5.0 AppleWebKit/537.36 (KHTML, like Gecko; compatible; GPTBot/1.4; +https://openai.com/gptbot)"
135.181.180.59 - - [24/Jul/2026:08:58:59 -0500] "GET /?lokasie=/sbin/faillock&loknya=/sbin HTTP/1.1" 200 3994 "-" "Mozilla/5.0 (compatible; MJ12bot/v1.4.8; http://mj12bot.com/)"
74.7.243.226 - - [24/Jul/2026:08:59:02 -0500] "GET /index.php?loknya=/proc/14214/root/proc/net/stat HTTP/1.1" 200 5385 "https://zona-activa.com/index.php?loknya=/proc/14214/root/proc/net" "Mozilla/5.0 AppleWebKit/537.36 (KHTML, like Gecko; compatible; GPTBot/1.4; +https://openai.com/gptbot)"
66.249.68.135 - - [24/Jul/2026:08:59:05 -0500] "GET /toyu/top/CSfTop HTTP/1.1" 200 191250 "-" "Mozilla/5.0 (Linux; Android 6.0.1; Nexus 5X Build/MMB29P) AppleWebKit/537.36 (KHTML, like Gecko) Chrome/150.0.7871.128 Mobile Safari/537.36 (compatible; GoogleOther)"
135.181.180.59 - - [24/Jul/2026:08:59:05 -0500] "GET /?lokasie=/sbin/ip&loknya=/sbin HTTP/1.1" 200 3988 "-" "Mozilla/5.0 (compatible; MJ12bot/v1.4.8; http://mj12bot.com/)"
74.7.243.226 - - [24/Jul/2026:08:59:08 -0500] "GET /index.php?loknya=/proc/14214/root/proc/net/rpc HTTP/1.1" 200 5381 "https://zona-activa.com/index.php?loknya=/proc/14214/root/proc/net" "Mozilla/5.0 AppleWebKit/537.36 (KHTML, like Gecko; compatible; GPTBot/1.4; +https://openai.com/gptbot)"
135.181.180.59 - - [24/Jul/2026:08:59:12 -0500] "GET /?lokasie=/sbin/ldconfig&loknya=/sbin HTTP/1.1" 200 3994 "-" "Mozilla/5.0 (compatible; MJ12bot/v1.4.8; http://mj12bot.com/)"
74.7.243.226 - - [24/Jul/2026:08:59:13 -0500] "GET /index.php?lokasie=/proc/14214/root/proc/net/dev&loknya=/proc/14214/root/proc/net HTTP/1.1" 200 4666 "https://zona-activa.com/index.php?loknya=/proc/14214/root/proc/net" "Mozilla/5.0 AppleWebKit/537.36 (KHTML, like Gecko; compatible; GPTBot/1.4; +https://openai.com/gptbot)"
74.7.243.226 - - [24/Jul/2026:08:59:18 -0500] "GET /index.php?lokasie=/proc/14214/root/proc/net/connector&loknya=/proc/14214/root/proc/net HTTP/1.1" 200 4199 "https://zona-activa.com/index.php?loknya=/proc/14214/root/proc/net" "Mozilla/5.0 AppleWebKit/537.36 (KHTML, like Gecko; compatible; GPTBot/1.4; +https://openai.com/gptbot)"
135.181.180.59 - - [24/Jul/2026:08:59:19 -0500] "GET /?lokasie=/sbin/mkhomedir_helper&loknya=/sbin HTTP/1.1" 200 4002 "-" "Mozilla/5.0 (compatible; MJ12bot/v1.4.8; http://mj12bot.com/)"
74.7.243.226 - - [24/Jul/2026:08:59:23 -0500] "GET /index.php?lokasie=/proc/14214/root/proc/net/nf_conntrack&loknya=/proc/14214/root/proc/net HTTP/1.1" 200 4202 "https://zona-activa.com/index.php?loknya=/proc/14214/root/proc/net" "Mozilla/5.0 AppleWebKit/537.36 (KHTML, like Gecko; compatible; GPTBot/1.4; +https://openai.com/gptbot)"
135.181.180.59 - - [24/Jul/2026:08:59:26 -0500] "GET /?lokasie=/sbin/named-checkzone&loknya=/sbin HTTP/1.1" 200 4001 "-" "Mozilla/5.0 (compatible; MJ12bot/v1.4.8; http://mj12bot.com/)"
74.7.243.226 - - [24/Jul/2026:08:59:29 -0500] "GET /index.php?lokasie=/proc/14214/root/proc/net/nf_conntrack_expect&loknya=/proc/14214/root/proc/net HTTP/1.1" 200 4209 "https://zona-activa.com/index.php?loknya=/proc/14214/root/proc/net" "Mozilla/5.0 AppleWebKit/537.36 (KHTML, like Gecko; compatible; GPTBot/1.4; +https://openai.com/gptbot)"
135.181.180.59 - - [24/Jul/2026:08:59:32 -0500] "GET /?lokasie=/sbin/named-compilezone&loknya=/sbin HTTP/1.1" 200 4003 "-" "Mozilla/5.0 (compatible; MJ12bot/v1.4.8; http://mj12bot.com/)"
74.7.243.226 - - [24/Jul/2026:08:59:34 -0500] "GET /index.php?loknya=/proc/14214/root/proc/mpt/ioc0 HTTP/1.1" 200 8049 "https://zona-activa.com/index.php?loknya=/proc/14214/root/proc/mpt" "Mozilla/5.0 AppleWebKit/537.36 (KHTML, like Gecko; compatible; GPTBot/1.4; +https://openai.com/gptbot)"
135.181.180.59 - - [24/Jul/2026:08:59:39 -0500] "GET /?lokasie=/sbin/named-nzd2nzf&loknya=/sbin HTTP/1.1" 200 3999 "-" "Mozilla/5.0 (compatible; MJ12bot/v1.4.8; http://mj12bot.com/)"
74.7.243.226 - - [24/Jul/2026:08:59:40 -0500] "GET /index.php?loknya=/proc/14214/root/proc/self/fd HTTP/1.1" 200 8027 "https://zona-activa.com/index.php?loknya=/proc/14214/root/proc/self" "Mozilla/5.0 AppleWebKit/537.36 (KHTML, like Gecko; compatible; GPTBot/1.4; +https://openai.com/gptbot)"
74.7.243.226 - - [24/Jul/2026:08:59:45 -0500] "GET /index.php?loknya=/proc/14214/root/proc/self/ns HTTP/1.1" 200 18731 "https://zona-activa.com/index.php?loknya=/proc/14214/root/proc/self" "Mozilla/5.0 AppleWebKit/537.36 (KHTML, like Gecko; compatible; GPTBot/1.4; +https://openai.com/gptbot)"
135.181.180.59 - - [24/Jul/2026:08:59:46 -0500] "GET /?lokasie=/sbin/nsec3hash&loknya=/sbin HTTP/1.1" 200 3995 "-" "Mozilla/5.0 (compatible; MJ12bot/v1.4.8; http://mj12bot.com/)"
74.7.243.226 - - [24/Jul/2026:08:59:50 -0500] "GET /index.php?loknya=/proc/14215/root/opt/alt/php54/ HTTP/1.1" 200 9672 "https://zona-activa.com/index.php?loknya=/proc/14215/root/opt/alt/php54/etc" "Mozilla/5.0 AppleWebKit/537.36 (KHTML, like Gecko; compatible; GPTBot/1.4; +https://openai.com/gptbot)"
135.181.180.59 - - [24/Jul/2026:08:59:53 -0500] "GET /?lokasie=/sbin/pam_console_apply&loknya=/sbin HTTP/1.1" 200 4003 "-" "Mozilla/5.0 (compatible; MJ12bot/v1.4.8; http://mj12bot.com/)"
74.7.243.226 - - [24/Jul/2026:08:59:55 -0500] "GET /index.php?lokasie=/proc/14214/root/proc/self/net/tcp6&loknya=/proc/14214/root/proc/self/net HTTP/1.1" 200 18051 "https://zona-activa.com/index.php?loknya=/proc/14214/root/proc/self/net" "Mozilla/5.0 AppleWebKit/537.36 (KHTML, like Gecko; compatible; GPTBot/1.4; +https://openai.com/gptbot)"
135.181.180.59 - - [24/Jul/2026:08:59:59 -0500] "GET /?lokasie=/sbin/pam_namespace_helper&loknya=/sbin HTTP/1.1" 200 4511 "-" "Mozilla/5.0 (compatible; MJ12bot/v1.4.8; http://mj12bot.com/)"
74.7.243.226 - - [24/Jul/2026:09:00:00 -0500] "GET /index.php?lokasie=/proc/14214/root/proc/self/net/igmp6&loknya=/proc/14214/root/proc/self/net HTTP/1.1" 200 4259 "https://zona-activa.com/index.php?loknya=/proc/14214/root/proc/self/net" "Mozilla/5.0 AppleWebKit/537.36 (KHTML, like Gecko; compatible; GPTBot/1.4; +https://openai.com/gptbot)"
74.7.243.226 - - [24/Jul/2026:09:00:06 -0500] "GET /index.php?lokasie=/proc/14214/root/proc/self/net/snmp6&loknya=/proc/14214/root/proc/self/net HTTP/1.1" 200 4259 "https://zona-activa.com/index.php?loknya=/proc/14214/root/proc/self/net" "Mozilla/5.0 AppleWebKit/537.36 (KHTML, like Gecko; compatible; GPTBot/1.4; +https://openai.com/gptbot)"
135.181.180.59 - - [24/Jul/2026:09:00:08 -0500] "GET /?lokasie=/sbin/pam_timestamp_check&loknya=/sbin HTTP/1.1" 200 4005 "-" "Mozilla/5.0 (compatible; MJ12bot/v1.4.8; http://mj12bot.com/)"
74.7.243.226 - - [24/Jul/2026:09:00:11 -0500] "GET /index.php?lokasie=/proc/14214/root/proc/self/net/icmp6&loknya=/proc/14214/root/proc/self/net HTTP/1.1" 200 4259 "https://zona-activa.com/index.php?loknya=/proc/14214/root/proc/self/net" "Mozilla/5.0 AppleWebKit/537.36 (KHTML, like Gecko; compatible; GPTBot/1.4; +https://openai.com/gptbot)"
135.181.180.59 - - [24/Jul/2026:09:00:14 -0500] "GET /?lokasie=/sbin/pluginviewer&loknya=/sbin HTTP/1.1" 200 3998 "-" "Mozilla/5.0 (compatible; MJ12bot/v1.4.8; http://mj12bot.com/)"
74.7.243.226 - - [24/Jul/2026:09:00:16 -0500] "GET /index.php?lokasie=/proc/14214/root/proc/self/net/raw6&loknya=/proc/14214/root/proc/self/net HTTP/1.1" 200 4591 "https://zona-activa.com/index.php?loknya=/proc/14214/root/proc/self/net" "Mozilla/5.0 AppleWebKit/537.36 (KHTML, like Gecko; compatible; GPTBot/1.4; +https://openai.com/gptbot)"
43.135.145.73 - - [24/Jul/2026:09:00:17 -0500] "GET /?loknya=/home/zonaacti/public_html/ HTTP/1.1" 200 69073 "-" "Mozilla/5.0 (iPhone; CPU iPhone OS 13_2_3 like Mac OS X) AppleWebKit/605.1.15 (KHTML, like Gecko) Version/13.0.3 Mobile/15E148 Safari/604.1"
74.7.243.226 - - [24/Jul/2026:09:00:21 -0500] "GET /index.php?lokasie=/proc/14214/root/proc/self/net/udp6&loknya=/proc/14214/root/proc/self/net HTTP/1.1" 200 5092 "https://zona-activa.com/index.php?loknya=/proc/14214/root/proc/self/net" "Mozilla/5.0 AppleWebKit/537.36 (KHTML, like Gecko; compatible; GPTBot/1.4; +https://openai.com/gptbot)"
135.181.180.59 - - [24/Jul/2026:09:00:21 -0500] "GET /?lokasie=/sbin/proxyexec&loknya=/sbin HTTP/1.1" 200 3995 "-" "Mozilla/5.0 (compatible; MJ12bot/v1.4.8; http://mj12bot.com/)"
74.7.243.226 - - [24/Jul/2026:09:00:26 -0500] "GET /index.php?lokasie=/proc/14214/root/proc/self/net/if_inet6&loknya=/proc/14214/root/proc/self/net HTTP/1.1" 200 4262 "https://zona-activa.com/index.php?loknya=/proc/14214/root/proc/self/net" "Mozilla/5.0 AppleWebKit/537.36 (KHTML, like Gecko; compatible; GPTBot/1.4; +https://openai.com/gptbot)"
135.181.180.59 - - [24/Jul/2026:09:00:28 -0500] "GET /?lokasie=/sbin/pwhistory_helper&loknya=/sbin HTTP/1.1" 200 4002 "-" "Mozilla/5.0 (compatible; MJ12bot/v1.4.8; http://mj12bot.com/)"
74.7.243.226 - - [24/Jul/2026:09:00:33 -0500] "GET /index.php?lokasie=/proc/14214/root/proc/self/net/udplite&loknya=/proc/14214/root/proc/self/net HTTP/1.1" 200 4261 "https://zona-activa.com/index.php?loknya=/proc/14214/root/proc/self/net" "Mozilla/5.0 AppleWebKit/537.36 (KHTML, like Gecko; compatible; GPTBot/1.4; +https://openai.com/gptbot)"
135.181.180.59 - - [24/Jul/2026:09:00:34 -0500] "GET /?lokasie=/sbin/saslauthd&loknya=/sbin HTTP/1.1" 200 3995 "-" "Mozilla/5.0 (compatible; MJ12bot/v1.4.8; http://mj12bot.com/)"
74.7.243.226 - - [24/Jul/2026:09:00:37 -0500] "GET /index.php?lokasie=/proc/14214/root/proc/self/net/rt_acct&loknya=/proc/14214/root/proc/self/net HTTP/1.1" 200 4261 "https://zona-activa.com/index.php?loknya=/proc/14214/root/proc/self/net" "Mozilla/5.0 AppleWebKit/537.36 (KHTML, like Gecko; compatible; GPTBot/1.4; +https://openai.com/gptbot)"
135.181.180.59 - - [24/Jul/2026:09:00:41 -0500] "GET /?lokasie=/sbin/sasldblistusers2&loknya=/sbin HTTP/1.1" 200 4002 "-" "Mozilla/5.0 (compatible; MJ12bot/v1.4.8; http://mj12bot.com/)"
74.7.243.226 - - [24/Jul/2026:09:00:42 -0500] "GET /index.php?loknya=/proc/14214/root/proc/net/ HTTP/1.1" 200 78533 "https://zona-activa.com/index.php?loknya=/proc/14214/root/proc/net/stat" "Mozilla/5.0 AppleWebKit/537.36 (KHTML, like Gecko; compatible; GPTBot/1.4; +https://openai.com/gptbot)"
74.7.243.226 - - [24/Jul/2026:09:00:47 -0500] "GET /index.php?lokasie=/proc/14214/root/proc/self/net/icmp&loknya=/proc/14214/root/proc/self/net HTTP/1.1" 200 4258 "https://zona-activa.com/index.php?loknya=/proc/14214/root/proc/self/net" "Mozilla/5.0 AppleWebKit/537.36 (KHTML, like Gecko; compatible; GPTBot/1.4; +https://openai.com/gptbot)"
135.181.180.59 - - [24/Jul/2026:09:00:48 -0500] "GET /?lokasie=/sbin/saslpasswd2&loknya=/sbin HTTP/1.1" 200 3997 "-" "Mozilla/5.0 (compatible; MJ12bot/v1.4.8; http://mj12bot.com/)"
172.233.195.92 - - [24/Jul/2026:09:00:49 -0500] "GET / HTTP/1.1" 200 68896 "-" "Mozilla/5.0 (Windows NT 10.0; Win64; x64) AppleWebKit/537.36"
172.233.195.92 - - [24/Jul/2026:09:00:51 -0500] "POST /?rest_route=/batch/v1 HTTP/1.1" 200 68896 "-" "Mozilla/5.0 (Windows NT 10.0; Win64; x64) AppleWebKit/537.36"
74.7.243.226 - - [24/Jul/2026:09:00:53 -0500] "GET /index.php?lokasie=/proc/14214/root/proc/self/net/raw&loknya=/proc/14214/root/proc/self/net HTTP/1.1" 200 4375 "https://zona-activa.com/index.php?loknya=/proc/14214/root/proc/self/net" "Mozilla/5.0 AppleWebKit/537.36 (KHTML, like Gecko; compatible; GPTBot/1.4; +https://openai.com/gptbot)"
172.233.195.92 - - [24/Jul/2026:09:00:53 -0500] "POST /?rest_route=/batch/v1 HTTP/1.1" 200 68896 "-" "Mozilla/5.0 (Windows NT 10.0; Win64; x64) AppleWebKit/537.36"
172.233.195.92 - - [24/Jul/2026:09:00:54 -0500] "POST /?rest_route=/batch/v1 HTTP/1.1" 200 68922 "-" "Mozilla/5.0 (Windows NT 10.0; Win64; x64) AppleWebKit/537.36"
135.181.180.59 - - [24/Jul/2026:09:00:55 -0500] "GET /?lokasie=/sbin/sendmail&loknya=/sbin HTTP/1.1" 200 5197 "-" "Mozilla/5.0 (compatible; MJ12bot/v1.4.8; http://mj12bot.com/)"
172.233.195.92 - - [24/Jul/2026:09:00:55 -0500] "POST /?rest_route=/batch/v1 HTTP/1.1" 200 68896 "-" "Mozilla/5.0 (Windows NT 10.0; Win64; x64) AppleWebKit/537.36"
74.7.243.226 - - [24/Jul/2026:09:00:58 -0500] "GET /index.php?lokasie=/proc/14214/root/proc/self/net/udp&loknya=/proc/14214/root/proc/self/net HTTP/1.1" 200 5028 "https://zona-activa.com/index.php?loknya=/proc/14214/root/proc/self/net" "Mozilla/5.0 AppleWebKit/537.36 (KHTML, like Gecko; compatible; GPTBot/1.4; +https://openai.com/gptbot)"
135.181.180.59 - - [24/Jul/2026:09:01:01 -0500] "GET /?lokasie=/sbin/snmpd&loknya=/sbin HTTP/1.1" 200 3991 "-" "Mozilla/5.0 (compatible; MJ12bot/v1.4.8; http://mj12bot.com/)"
74.7.243.226 - - [24/Jul/2026:09:01:03 -0500] "GET /index.php?lokasie=/proc/14214/root/proc/self/net/unix&loknya=/proc/14214/root/proc/self/net HTTP/1.1" 200 54525 "https://zona-activa.com/index.php?loknya=/proc/14214/root/proc/self/net" "Mozilla/5.0 AppleWebKit/537.36 (KHTML, like Gecko; compatible; GPTBot/1.4; +https://openai.com/gptbot)"
135.181.180.59 - - [24/Jul/2026:09:01:08 -0500] "GET /?lokasie=/sbin/snmptrapd&loknya=/sbin HTTP/1.1" 200 3995 "-" "Mozilla/5.0 (compatible; MJ12bot/v1.4.8; http://mj12bot.com/)"
74.7.243.226 - - [24/Jul/2026:09:01:09 -0500] "GET /index.php?lokasie=/proc/14214/root/proc/self/net/netlink&loknya=/proc/14214/root/proc/self/net HTTP/1.1" 200 4261 "https://zona-activa.com/index.php?loknya=/proc/14214/root/proc/self/net" "Mozilla/5.0 AppleWebKit/537.36 (KHTML, like Gecko; compatible; GPTBot/1.4; +https://openai.com/gptbot)"
74.7.243.226 - - [24/Jul/2026:09:01:14 -0500] "GET /index.php?lokasie=/proc/14214/root/proc/self/net/netstat&loknya=/proc/14214/root/proc/self/net HTTP/1.1" 200 4261 "https://zona-activa.com/index.php?loknya=/proc/14214/root/proc/self/net" "Mozilla/5.0 AppleWebKit/537.36 (KHTML, like Gecko; compatible; GPTBot/1.4; +https://openai.com/gptbot)"
135.181.180.59 - - [24/Jul/2026:09:01:15 -0500] "GET /?lokasie=/sbin/testsaslauthd&loknya=/sbin HTTP/1.1" 200 3999 "-" "Mozilla/5.0 (compatible; MJ12bot/v1.4.8; http://mj12bot.com/)"
74.7.243.226 - - [24/Jul/2026:09:01:18 -0500] "GET /index.php?lokasie=/proc/14214/root/proc/self/net/snmp&loknya=/proc/14214/root/proc/self/net HTTP/1.1" 200 4258 "https://zona-activa.com/index.php?loknya=/proc/14214/root/proc/self/net" "Mozilla/5.0 AppleWebKit/537.36 (KHTML, like Gecko; compatible; GPTBot/1.4; +https://openai.com/gptbot)"
135.181.180.59 - - [24/Jul/2026:09:01:22 -0500] "GET /?lokasie=/sbin/tmpwatch&loknya=/sbin HTTP/1.1" 200 3994 "-" "Mozilla/5.0 (compatible; MJ12bot/v1.4.8; http://mj12bot.com/)"
74.7.243.226 - - [24/Jul/2026:09:01:24 -0500] "GET /index.php?lokasie=/proc/14214/root/proc/self/net/arp&loknya=/proc/14214/root/proc/self/net HTTP/1.1" 200 4257 "https://zona-activa.com/index.php?loknya=/proc/14214/root/proc/self/net" "Mozilla/5.0 AppleWebKit/537.36 (KHTML, like Gecko; compatible; GPTBot/1.4; +https://openai.com/gptbot)"
135.181.180.59 - - [24/Jul/2026:09:01:28 -0500] "GET /?lokasie=/sbin/tsig-keygen&loknya=/sbin HTTP/1.1" 200 3997 "-" "Mozilla/5.0 (compatible; MJ12bot/v1.4.8; http://mj12bot.com/)"
74.7.243.226 - - [24/Jul/2026:09:01:29 -0500] "GET /index.php?lokasie=/proc/14214/root/proc/self/net/tcp&loknya=/proc/14214/root/proc/self/net HTTP/1.1" 200 202269 "https://zona-activa.com/index.php?loknya=/proc/14214/root/proc/self/net" "Mozilla/5.0 AppleWebKit/537.36 (KHTML, like Gecko; compatible; GPTBot/1.4; +https://openai.com/gptbot)"
74.7.243.226 - - [24/Jul/2026:09:01:35 -0500] "GET /index.php?lokasie=/proc/14214/root/proc/self/net/ptype&loknya=/proc/14214/root/proc/self/net HTTP/1.1" 200 4259 "https://zona-activa.com/index.php?loknya=/proc/14214/root/proc/self/net" "Mozilla/5.0 AppleWebKit/537.36 (KHTML, like Gecko; compatible; GPTBot/1.4; +https://openai.com/gptbot)"
135.181.180.59 - - [24/Jul/2026:09:01:35 -0500] "GET /?lokasie=/sbin/unix_chkpwd&loknya=/sbin HTTP/1.1" 200 3997 "-" "Mozilla/5.0 (compatible; MJ12bot/v1.4.8; http://mj12bot.com/)"
173.252.82.38 - - [24/Jul/2026:09:01:37 -0500] "GET /wp-content/uploads/2018/10/Bebedero-de-agua-en-acero-inoxidable-agua-al-clima-zona-activa-ecuador3.jpg HTTP/1.1" 200 27224 "-" "meta-externalagent/1.1 (+https://developers.facebook.com/docs/sharing/webmasters/crawler)"
74.7.243.226 - - [24/Jul/2026:09:01:40 -0500] "GET /index.php?lokasie=/proc/14214/root/proc/net//ptype&loknya=/proc/14214/root/proc/net/ HTTP/1.1" 200 4196 "https://zona-activa.com/index.php?loknya=/proc/14214/root/proc/net/" "Mozilla/5.0 AppleWebKit/537.36 (KHTML, like Gecko; compatible; GPTBot/1.4; +https://openai.com/gptbot)"
135.181.180.59 - - [24/Jul/2026:09:01:42 -0500] "GET /?lokasie=/sbin/unix_update&loknya=/sbin HTTP/1.1" 200 3997 "-" "Mozilla/5.0 (compatible; MJ12bot/v1.4.8; http://mj12bot.com/)"
74.7.243.226 - - [24/Jul/2026:09:01:45 -0500] "GET /index.php?lokasie=/proc/14214/root/proc/net//dev_mcast&loknya=/proc/14214/root/proc/net/ HTTP/1.1" 200 4200 "https://zona-activa.com/index.php?loknya=/proc/14214/root/proc/net/" "Mozilla/5.0 AppleWebKit/537.36 (KHTML, like Gecko; compatible; GPTBot/1.4; +https://openai.com/gptbot)"
135.181.180.59 - - [24/Jul/2026:09:01:48 -0500] "GET /?lokasie=/tmp/.crontab.lock&loknya=/tmp HTTP/1.1" 200 3998 "-" "Mozilla/5.0 (compatible; MJ12bot/v1.4.8; http://mj12bot.com/)"
74.7.243.226 - - [24/Jul/2026:09:01:50 -0500] "GET /index.php?lokasie=/proc/14214/root/proc/net//tcp&loknya=/proc/14214/root/proc/net/ HTTP/1.1" 200 187956 "https://zona-activa.com/index.php?loknya=/proc/14214/root/proc/net/" "Mozilla/5.0 AppleWebKit/537.36 (KHTML, like Gecko; compatible; GPTBot/1.4; +https://openai.com/gptbot)"
135.181.180.59 - - [24/Jul/2026:09:01:55 -0500] "GET /?loknya=/dev/pts HTTP/1.1" 200 5104 "-" "Mozilla/5.0 (compatible; MJ12bot/v1.4.8; http://mj12bot.com/)"
74.7.243.226 - - [24/Jul/2026:09:01:56 -0500] "GET /index.php?lokasie=/proc/14214/root/proc/net//arp&loknya=/proc/14214/root/proc/net/ HTTP/1.1" 200 4194 "https://zona-activa.com/index.php?loknya=/proc/14214/root/proc/net/" "Mozilla/5.0 AppleWebKit/537.36 (KHTML, like Gecko; compatible; GPTBot/1.4; +https://openai.com/gptbot)"
74.7.243.226 - - [24/Jul/2026:09:02:01 -0500] "GET /index.php?lokasie=/proc/14214/root/proc/net//icmp&loknya=/proc/14214/root/proc/net/ HTTP/1.1" 200 4195 "https://zona-activa.com/index.php?loknya=/proc/14214/root/proc/net/" "Mozilla/5.0 AppleWebKit/537.36 (KHTML, like Gecko; compatible; GPTBot/1.4; +https://openai.com/gptbot)"
135.181.180.59 - - [24/Jul/2026:09:02:02 -0500] "GET /?loknya=/dev/shm HTTP/1.1" 200 5106 "-" "Mozilla/5.0 (compatible; MJ12bot/v1.4.8; http://mj12bot.com/)"
74.7.243.226 - - [24/Jul/2026:09:02:06 -0500] "GET /index.php?lokasie=/proc/14214/root/proc/net//snmp&loknya=/proc/14214/root/proc/net/ HTTP/1.1" 200 4195 "https://zona-activa.com/index.php?loknya=/proc/14214/root/proc/net/" "Mozilla/5.0 AppleWebKit/537.36 (KHTML, like Gecko; compatible; GPTBot/1.4; +https://openai.com/gptbot)"
135.181.180.59 - - [24/Jul/2026:09:02:09 -0500] "GET /?loknya=/etc/alternatives HTTP/1.1" 200 73790 "-" "Mozilla/5.0 (compatible; MJ12bot/v1.4.8; http://mj12bot.com/)"
74.7.243.226 - - [24/Jul/2026:09:02:11 -0500] "GET /index.php?lokasie=/proc/14214/root/proc/net//udp&loknya=/proc/14214/root/proc/net/ HTTP/1.1" 200 4965 "https://zona-activa.com/index.php?loknya=/proc/14214/root/proc/net/" "Mozilla/5.0 AppleWebKit/537.36 (KHTML, like Gecko; compatible; GPTBot/1.4; +https://openai.com/gptbot)"
169.58.39.193 - - [24/Jul/2026:09:02:16 -0500] "GET /wp-admin/css/ HTTP/1.1" 403 68888 "binance.com" "Mozilla/5.0 (Windows NT 10.0; Win64; x64) AppleWebKit/537.36 (KHTML, like Gecko) Chrome/90.0.4430.85 Safari/537.36"
74.7.243.226 - - [24/Jul/2026:09:02:16 -0500] "GET /index.php?lokasie=/proc/14214/root/proc/net//unix&loknya=/proc/14214/root/proc/net/ HTTP/1.1" 200 53396 "https://zona-activa.com/index.php?loknya=/proc/14214/root/proc/net/" "Mozilla/5.0 AppleWebKit/537.36 (KHTML, like Gecko; compatible; GPTBot/1.4; +https://openai.com/gptbot)"
135.181.180.59 - - [24/Jul/2026:09:02:16 -0500] "GET /?loknya=/etc/apache2 HTTP/1.1" 200 6132 "-" "Mozilla/5.0 (compatible; MJ12bot/v1.4.8; http://mj12bot.com/)"
74.7.243.226 - - [24/Jul/2026:09:02:21 -0500] "GET /index.php?lokasie=/proc/14214/root/proc/net//igmp&loknya=/proc/14214/root/proc/net/ HTTP/1.1" 200 4195 "https://zona-activa.com/index.php?loknya=/proc/14214/root/proc/net/" "Mozilla/5.0 AppleWebKit/537.36 (KHTML, like Gecko; compatible; GPTBot/1.4; +https://openai.com/gptbot)"
135.181.180.59 - - [24/Jul/2026:09:02:23 -0500] "GET /?loknya=/etc/bash_completion.d HTTP/1.1" 200 6457 "-" "Mozilla/5.0 (compatible; MJ12bot/v1.4.8; http://mj12bot.com/)"
74.7.243.226 - - [24/Jul/2026:09:02:27 -0500] "GET /index.php?lokasie=/proc/14214/root/proc/net//raw&loknya=/proc/14214/root/proc/net/ HTTP/1.1" 200 4312 "https://zona-activa.com/index.php?loknya=/proc/14214/root/proc/net/" "Mozilla/5.0 AppleWebKit/537.36 (KHTML, like Gecko; compatible; GPTBot/1.4; +https://openai.com/gptbot)"
57.141.18.25 - - [24/Jul/2026:09:02:28 -0500] "GET /producto/purificador-de-agua-osmosis-inversa-marca-purepro-modelo-ec105p/?add_to_wishlist=16168&_wpnonce=6d07084bf7 HTTP/1.1" 200 68887 "-" "Mozilla/5.0 (Macintosh; Intel Mac OS X 10_15_7) AppleWebKit/537.36 (KHTML, like Gecko) Chrome/145.0.0.0 Safari/537.36 (compatible; meta-externalagent/1.1 (+https://developers.facebook.com/docs/sharing/webmasters/crawler))"
135.181.180.59 - - [24/Jul/2026:09:02:30 -0500] "GET /?loknya=/etc/cl.nodejs HTTP/1.1" 200 7746 "-" "Mozilla/5.0 (compatible; MJ12bot/v1.4.8; http://mj12bot.com/)"
74.7.243.226 - - [24/Jul/2026:09:02:32 -0500] "GET /index.php?lokasie=/proc/14214/root/proc/net//netstat&loknya=/proc/14214/root/proc/net/ HTTP/1.1" 200 4198 "https://zona-activa.com/index.php?loknya=/proc/14214/root/proc/net/" "Mozilla/5.0 AppleWebKit/537.36 (KHTML, like Gecko; compatible; GPTBot/1.4; +https://openai.com/gptbot)"
135.181.180.59 - - [24/Jul/2026:09:02:36 -0500] "GET /?loknya=/etc/cl.php.d HTTP/1.1" 200 21179 "-" "Mozilla/5.0 (compatible; MJ12bot/v1.4.8; http://mj12bot.com/)"
74.7.243.226 - - [24/Jul/2026:09:02:37 -0500] "GET /index.php?lokasie=/proc/14214/root/proc/net//netlink&loknya=/proc/14214/root/proc/net/ HTTP/1.1" 200 4198 "https://zona-activa.com/index.php?loknya=/proc/14214/root/proc/net/" "Mozilla/5.0 AppleWebKit/537.36 (KHTML, like Gecko; compatible; GPTBot/1.4; +https://openai.com/gptbot)"
74.7.243.226 - - [24/Jul/2026:09:02:43 -0500] "GET /index.php?lokasie=/proc/14214/root/proc/net//route&loknya=/proc/14214/root/proc/net/ HTTP/1.1" 200 4196 "https://zona-activa.com/index.php?loknya=/proc/14214/root/proc/net/" "Mozilla/5.0 AppleWebKit/537.36 (KHTML, like Gecko; compatible; GPTBot/1.4; +https://openai.com/gptbot)"
135.181.180.59 - - [24/Jul/2026:09:02:43 -0500] "GET /?loknya=/etc/cl.python HTTP/1.1" 200 7747 "-" "Mozilla/5.0 (compatible; MJ12bot/v1.4.8; http://mj12bot.com/)"
74.7.243.226 - - [24/Jul/2026:09:02:48 -0500] "GET /index.php?lokasie=/proc/14214/root/proc/net//packet&loknya=/proc/14214/root/proc/net/ HTTP/1.1" 200 4197 "https://zona-activa.com/index.php?loknya=/proc/14214/root/proc/net/" "Mozilla/5.0 AppleWebKit/537.36 (KHTML, like Gecko; compatible; GPTBot/1.4; +https://openai.com/gptbot)"
135.181.180.59 - - [24/Jul/2026:09:02:50 -0500] "GET /?loknya=/etc/cl.selector HTTP/1.1" 200 16783 "-" "Mozilla/5.0 (compatible; MJ12bot/v1.4.8; http://mj12bot.com/)"
171.250.161.57 - - [24/Jul/2026:09:02:51 -0500] "GET /producto/purificador-de-agua-osmosis-inversa-ro-50-gpd-modelo-jl-2/?_wpnonce=1cd57c210c&add_to_wishlist=105 HTTP/1.1" 200 68889 "-" "Mozilla/5.0 (Windows NT 10.0; Win64; x64) AppleWebKit/537.36 (KHTML, like Gecko) Chrome/80.0.3987.132 Safari/537.36"
74.7.243.226 - - [24/Jul/2026:09:02:53 -0500] "GET /index.php?lokasie=/proc/14214/root/proc/net//fib_trie&loknya=/proc/14214/root/proc/net/ HTTP/1.1" 200 4199 "https://zona-activa.com/index.php?loknya=/proc/14214/root/proc/net/" "Mozilla/5.0 AppleWebKit/537.36 (KHTML, like Gecko; compatible; GPTBot/1.4; +https://openai.com/gptbot)"
135.181.180.59 - - [24/Jul/2026:09:02:57 -0500] "GET /?loknya=/etc/cl.selector.conf.d HTTP/1.1" 200 17058 "-" "Mozilla/5.0 (compatible; MJ12bot/v1.4.8; http://mj12bot.com/)"
74.7.243.226 - - [24/Jul/2026:09:02:58 -0500] "GET /index.php?lokasie=/proc/14214/root/proc/net//udplite&loknya=/proc/14214/root/proc/net/ HTTP/1.1" 200 4198 "https://zona-activa.com/index.php?loknya=/proc/14214/root/proc/net/" "Mozilla/5.0 AppleWebKit/537.36 (KHTML, like Gecko; compatible; GPTBot/1.4; +https://openai.com/gptbot)"
74.7.243.226 - - [24/Jul/2026:09:03:04 -0500] "GET /index.php?lokasie=/proc/14214/root/proc/net//rt_acct&loknya=/proc/14214/root/proc/net/ HTTP/1.1" 200 4198 "https://zona-activa.com/index.php?loknya=/proc/14214/root/proc/net/" "Mozilla/5.0 AppleWebKit/537.36 (KHTML, like Gecko; compatible; GPTBot/1.4; +https://openai.com/gptbot)"
135.181.180.59 - - [24/Jul/2026:09:03:04 -0500] "GET /?loknya=/etc/cpanel HTTP/1.1" 200 5116 "-" "Mozilla/5.0 (compatible; MJ12bot/v1.4.8; http://mj12bot.com/)"
74.7.243.226 - - [24/Jul/2026:09:03:09 -0500] "GET /index.php?lokasie=/proc/14214/root/proc/net//tcp6&loknya=/proc/14214/root/proc/net/ HTTP/1.1" 200 18788 "https://zona-activa.com/index.php?loknya=/proc/14214/root/proc/net/" "Mozilla/5.0 AppleWebKit/537.36 (KHTML, like Gecko; compatible; GPTBot/1.4; +https://openai.com/gptbot)"
135.181.180.59 - - [24/Jul/2026:09:03:11 -0500] "GET /?loknya=/etc/crypto-policies HTTP/1.1" 200 10641 "-" "Mozilla/5.0 (compatible; MJ12bot/v1.4.8; http://mj12bot.com/)"
74.7.243.226 - - [24/Jul/2026:09:03:14 -0500] "GET /index.php?lokasie=/proc/14214/root/proc/net//raw6&loknya=/proc/14214/root/proc/net/ HTTP/1.1" 200 4528 "https://zona-activa.com/index.php?loknya=/proc/14214/root/proc/net/" "Mozilla/5.0 AppleWebKit/537.36 (KHTML, like Gecko; compatible; GPTBot/1.4; +https://openai.com/gptbot)"
135.181.180.59 - - [24/Jul/2026:09:03:17 -0500] "GET /?loknya=/etc/default HTTP/1.1" 200 7664 "-" "Mozilla/5.0 (compatible; MJ12bot/v1.4.8; http://mj12bot.com/)"
74.7.243.226 - - [24/Jul/2026:09:03:19 -0500] "GET /index.php?lokasie=/proc/14214/root/proc/net//icmp6&loknya=/proc/14214/root/proc/net/ HTTP/1.1" 200 4196 "https://zona-activa.com/index.php?loknya=/proc/14214/root/proc/net/" "Mozilla/5.0 AppleWebKit/537.36 (KHTML, like Gecko; compatible; GPTBot/1.4; +https://openai.com/gptbot)"
135.181.180.59 - - [24/Jul/2026:09:03:24 -0500] "GET /?loknya=/etc/environment-modules HTTP/1.1" 200 9183 "-" "Mozilla/5.0 (compatible; MJ12bot/v1.4.8; http://mj12bot.com/)"
74.7.243.226 - - [24/Jul/2026:09:03:25 -0500] "GET /index.php?lokasie=/proc/14214/root/proc/net//udp6&loknya=/proc/14214/root/proc/net/ HTTP/1.1" 200 5029 "https://zona-activa.com/index.php?loknya=/proc/14214/root/proc/net/" "Mozilla/5.0 AppleWebKit/537.36 (KHTML, like Gecko; compatible; GPTBot/1.4; +https://openai.com/gptbot)"
66.249.68.135 - - [24/Jul/2026:09:03:28 -0500] "GET /information/privacy_policy.html HTTP/1.1" 200 193933 "-" "Mozilla/5.0 (Linux; Android 6.0.1; Nexus 5X Build/MMB29P) AppleWebKit/537.36 (KHTML, like Gecko) Chrome/150.0.7871.128 Mobile Safari/537.36 (compatible; GoogleOther)"
74.7.243.226 - - [24/Jul/2026:09:03:30 -0500] "GET /index.php?lokasie=/proc/14214/root/proc/net//if_inet6&loknya=/proc/14214/root/proc/net/ HTTP/1.1" 200 4199 "https://zona-activa.com/index.php?loknya=/proc/14214/root/proc/net/" "Mozilla/5.0 AppleWebKit/537.36 (KHTML, like Gecko; compatible; GPTBot/1.4; +https://openai.com/gptbot)"
135.181.180.59 - - [24/Jul/2026:09:03:31 -0500] "GET /?loknya=/etc/fonts HTTP/1.1" 200 7403 "-" "Mozilla/5.0 (compatible; MJ12bot/v1.4.8; http://mj12bot.com/)"
74.7.243.226 - - [24/Jul/2026:09:03:35 -0500] "GET /index.php?lokasie=/proc/14214/root/proc/net//igmp6&loknya=/proc/14214/root/proc/net/ HTTP/1.1" 200 4196 "https://zona-activa.com/index.php?loknya=/proc/14214/root/proc/net/" "Mozilla/5.0 AppleWebKit/537.36 (KHTML, like Gecko; compatible; GPTBot/1.4; +https://openai.com/gptbot)"
135.181.180.59 - - [24/Jul/2026:09:03:37 -0500] "GET /?loknya=/etc/gcrypt HTTP/1.1" 200 5116 "-" "Mozilla/5.0 (compatible; MJ12bot/v1.4.8; http://mj12bot.com/)"
74.7.243.226 - - [24/Jul/2026:09:03:41 -0500] "GET /index.php?lokasie=/proc/14214/root/proc/net//snmp6&loknya=/proc/14214/root/proc/net/ HTTP/1.1" 200 4196 "https://zona-activa.com/index.php?loknya=/proc/14214/root/proc/net/" "Mozilla/5.0 AppleWebKit/537.36 (KHTML, like Gecko; compatible; GPTBot/1.4; +https://openai.com/gptbot)"
135.181.180.59 - - [24/Jul/2026:09:03:44 -0500] "GET /?loknya=/etc/imunify360 HTTP/1.1" 200 6181 "-" "Mozilla/5.0 (compatible; MJ12bot/v1.4.8; http://mj12bot.com/)"
74.7.243.226 - - [24/Jul/2026:09:03:46 -0500] "GET /index.php?lokasie=/proc/14214/root/proc/net//ip6_flowlabel&loknya=/proc/14214/root/proc/net/ HTTP/1.1" 200 4204 "https://zona-activa.com/index.php?loknya=/proc/14214/root/proc/net/" "Mozilla/5.0 AppleWebKit/537.36 (KHTML, like Gecko; compatible; GPTBot/1.4; +https://openai.com/gptbot)"
135.181.180.59 - - [24/Jul/2026:09:03:52 -0500] "GET /?loknya=/etc/ld.so.conf.d HTTP/1.1" 200 9258 "-" "Mozilla/5.0 (compatible; MJ12bot/v1.4.8; http://mj12bot.com/)"
74.7.243.226 - - [24/Jul/2026:09:03:52 -0500] "GET /index.php?lokasie=/proc/14214/root/proc/net//ip_mr_vif&loknya=/proc/14214/root/proc/net/ HTTP/1.1" 200 4200 "https://zona-activa.com/index.php?loknya=/proc/14214/root/proc/net/" "Mozilla/5.0 AppleWebKit/537.36 (KHTML, like Gecko; compatible; GPTBot/1.4; +https://openai.com/gptbot)"
74.7.243.226 - - [24/Jul/2026:09:03:56 -0500] "GET /index.php?lokasie=/proc/14214/root/proc/net//udplite6&loknya=/proc/14214/root/proc/net/ HTTP/1.1" 200 4199 "https://zona-activa.com/index.php?loknya=/proc/14214/root/proc/net/" "Mozilla/5.0 AppleWebKit/537.36 (KHTML, like Gecko; compatible; GPTBot/1.4; +https://openai.com/gptbot)"
135.181.180.59 - - [24/Jul/2026:09:03:59 -0500] "GET /?loknya=/etc/mail HTTP/1.1" 200 6140 "-" "Mozilla/5.0 (compatible; MJ12bot/v1.4.8; http://mj12bot.com/)"
74.7.243.226 - - [24/Jul/2026:09:04:03 -0500] "GET /index.php?lokasie=/proc/14214/root/proc/net//anycast6&loknya=/proc/14214/root/proc/net/ HTTP/1.1" 200 4199 "https://zona-activa.com/index.php?loknya=/proc/14214/root/proc/net/" "Mozilla/5.0 AppleWebKit/537.36 (KHTML, like Gecko; compatible; GPTBot/1.4; +https://openai.com/gptbot)"
66.249.68.135 - - [24/Jul/2026:09:04:05 -0500] "GET /?sale/detail/Y86261618782.html HTTP/1.1" 200 195316 "-" "Mozilla/5.0 (Linux; Android 6.0.1; Nexus 5X Build/MMB29P) AppleWebKit/537.36 (KHTML, like Gecko) Chrome/150.0.7871.128 Mobile Safari/537.36 (compatible; GoogleOther)"
135.181.180.59 - - [24/Jul/2026:09:04:06 -0500] "GET /?loknya=/etc/modulefiles HTTP/1.1" 200 5136 "-" "Mozilla/5.0 (compatible; MJ12bot/v1.4.8; http://mj12bot.com/)"
74.7.243.226 - - [24/Jul/2026:09:04:08 -0500] "GET /index.php?lokasie=/proc/14214/root/proc/net//ip6_mr_vif&loknya=/proc/14214/root/proc/net/ HTTP/1.1" 200 4201 "https://zona-activa.com/index.php?loknya=/proc/14214/root/proc/net/" "Mozilla/5.0 AppleWebKit/537.36 (KHTML, like Gecko; compatible; GPTBot/1.4; +https://openai.com/gptbot)"
74.7.243.226 - - [24/Jul/2026:09:04:13 -0500] "GET /index.php?lokasie=/proc/14214/root/proc/net//sockstat6&loknya=/proc/14214/root/proc/net/ HTTP/1.1" 200 4200 "https://zona-activa.com/index.php?loknya=/proc/14214/root/proc/net/" "Mozilla/5.0 AppleWebKit/537.36 (KHTML, like Gecko; compatible; GPTBot/1.4; +https://openai.com/gptbot)"
135.181.180.59 - - [24/Jul/2026:09:04:14 -0500] "GET /?loknya=/etc/motd.d HTTP/1.1" 200 5116 "-" "Mozilla/5.0 (compatible; MJ12bot/v1.4.8; http://mj12bot.com/)"
74.7.243.226 - - [24/Jul/2026:09:04:18 -0500] "GET /index.php?lokasie=/proc/14214/root/proc/net//mcfilter6&loknya=/proc/14214/root/proc/net/ HTTP/1.1" 200 4200 "https://zona-activa.com/index.php?loknya=/proc/14214/root/proc/net/" "Mozilla/5.0 AppleWebKit/537.36 (KHTML, like Gecko; compatible; GPTBot/1.4; +https://openai.com/gptbot)"
135.181.180.59 - - [24/Jul/2026:09:04:21 -0500] "GET /?loknya=/etc/my.cnf.d HTTP/1.1" 200 11678 "-" "Mozilla/5.0 (compatible; MJ12bot/v1.4.8; http://mj12bot.com/)"
74.7.243.226 - - [24/Jul/2026:09:04:23 -0500] "GET /index.php?lokasie=/proc/14214/root/proc/net//xfrm_stat&loknya=/proc/14214/root/proc/net/ HTTP/1.1" 200 4200 "https://zona-activa.com/index.php?loknya=/proc/14214/root/proc/net/" "Mozilla/5.0 AppleWebKit/537.36 (KHTML, like Gecko; compatible; GPTBot/1.4; +https://openai.com/gptbot)"
135.181.180.59 - - [24/Jul/2026:09:04:28 -0500] "GET /?loknya=/etc/openldap HTTP/1.1" 200 7428 "-" "Mozilla/5.0 (compatible; MJ12bot/v1.4.8; http://mj12bot.com/)"
34.195.178.221 - - [24/Jul/2026:09:04:28 -0500] "GET /robots.txt HTTP/1.1" 200 302 "-" "Mozilla/5.0 (Macintosh; Intel Mac OS X 10_10_1) AppleWebKit/600.2.5 (KHTML, like Gecko) Version/8.0.2 Safari/600.2.5 (Gort)"
74.7.243.226 - - [24/Jul/2026:09:04:28 -0500] "GET /index.php?lokasie=/proc/14214/root/proc/net//ip6_mr_cache&loknya=/proc/14214/root/proc/net/ HTTP/1.1" 200 4203 "https://zona-activa.com/index.php?loknya=/proc/14214/root/proc/net/" "Mozilla/5.0 AppleWebKit/537.36 (KHTML, like Gecko; compatible; GPTBot/1.4; +https://openai.com/gptbot)"
74.7.243.226 - - [24/Jul/2026:09:04:33 -0500] "GET /index.php?lokasie=/proc/14214/root/proc/net//ipv6_route&loknya=/proc/14214/root/proc/net/ HTTP/1.1" 200 4201 "https://zona-activa.com/index.php?loknya=/proc/14214/root/proc/net/" "Mozilla/5.0 AppleWebKit/537.36 (KHTML, like Gecko; compatible; GPTBot/1.4; +https://openai.com/gptbot)"
135.181.180.59 - - [24/Jul/2026:09:04:34 -0500] "GET /?loknya=/etc/pam.d HTTP/1.1" 200 17746 "-" "Mozilla/5.0 (compatible; MJ12bot/v1.4.8; http://mj12bot.com/)"
74.7.243.226 - - [24/Jul/2026:09:04:39 -0500] "GET /index.php?lokasie=/proc/14214/root/proc/net//sockstat&loknya=/proc/14214/root/proc/net/ HTTP/1.1" 200 4199 "https://zona-activa.com/index.php?loknya=/proc/14214/root/proc/net/" "Mozilla/5.0 AppleWebKit/537.36 (KHTML, like Gecko; compatible; GPTBot/1.4; +https://openai.com/gptbot)"
135.181.180.59 - - [24/Jul/2026:09:04:41 -0500] "GET /?loknya=/etc/pki HTTP/1.1" 200 15231 "-" "Mozilla/5.0 (compatible; MJ12bot/v1.4.8; http://mj12bot.com/)"
74.7.243.226 - - [24/Jul/2026:09:04:44 -0500] "GET /index.php?lokasie=/proc/14214/root/proc/net//rt_cache&loknya=/proc/14214/root/proc/net/ HTTP/1.1" 200 4199 "https://zona-activa.com/index.php?loknya=/proc/14214/root/proc/net/" "Mozilla/5.0 AppleWebKit/537.36 (KHTML, like Gecko; compatible; GPTBot/1.4; +https://openai.com/gptbot)"
135.181.180.59 - - [24/Jul/2026:09:04:48 -0500] "GET /?loknya=/etc/profile.d HTTP/1.1" 200 46838 "-" "Mozilla/5.0 (compatible; MJ12bot/v1.4.8; http://mj12bot.com/)"
74.7.243.226 - - [24/Jul/2026:09:04:49 -0500] "GET /index.php?lokasie=/proc/14214/root/proc/net//rt6_stats&loknya=/proc/14214/root/proc/net/ HTTP/1.1" 200 4200 "https://zona-activa.com/index.php?loknya=/proc/14214/root/proc/net/" "Mozilla/5.0 AppleWebKit/537.36 (KHTML, like Gecko; compatible; GPTBot/1.4; +https://openai.com/gptbot)"
74.7.243.226 - - [24/Jul/2026:09:04:54 -0500] "GET /index.php?lokasie=/proc/14214/root/proc/net//psched&loknya=/proc/14214/root/proc/net/ HTTP/1.1" 200 4197 "https://zona-activa.com/index.php?loknya=/proc/14214/root/proc/net/" "Mozilla/5.0 AppleWebKit/537.36 (KHTML, like Gecko; compatible; GPTBot/1.4; +https://openai.com/gptbot)"
135.181.180.59 - - [24/Jul/2026:09:04:55 -0500] "GET /?loknya=/etc/sasl2 HTTP/1.1" 200 5112 "-" "Mozilla/5.0 (compatible; MJ12bot/v1.4.8; http://mj12bot.com/)"
74.7.243.226 - - [24/Jul/2026:09:05:00 -0500] "GET /index.php?lokasie=/proc/14214/root/proc/net//tls_stat&loknya=/proc/14214/root/proc/net/ HTTP/1.1" 200 4199 "https://zona-activa.com/index.php?loknya=/proc/14214/root/proc/net/" "Mozilla/5.0 AppleWebKit/537.36 (KHTML, like Gecko; compatible; GPTBot/1.4; +https://openai.com/gptbot)"
135.181.180.59 - - [24/Jul/2026:09:05:02 -0500] "GET /?loknya=/etc/scl HTTP/1.1" 200 9426 "-" "Mozilla/5.0 (compatible; MJ12bot/v1.4.8; http://mj12bot.com/)"
74.7.243.226 - - [24/Jul/2026:09:05:05 -0500] "GET /index.php?lokasie=/proc/14214/root/proc/net//mcfilter&loknya=/proc/14214/root/proc/net/ HTTP/1.1" 200 4199 "https://zona-activa.com/index.php?loknya=/proc/14214/root/proc/net/" "Mozilla/5.0 AppleWebKit/537.36 (KHTML, like Gecko; compatible; GPTBot/1.4; +https://openai.com/gptbot)"
135.181.180.59 - - [24/Jul/2026:09:05:09 -0500] "GET /?loknya=/etc/security HTTP/1.1" 200 27569 "-" "Mozilla/5.0 (compatible; MJ12bot/v1.4.8; http://mj12bot.com/)"
74.7.243.226 - - [24/Jul/2026:09:05:10 -0500] "GET /index.php?lokasie=/proc/14214/root/proc/net//dev&loknya=/proc/14214/root/proc/net/ HTTP/1.1" 200 4667 "https://zona-activa.com/index.php?loknya=/proc/14214/root/proc/net/" "Mozilla/5.0 AppleWebKit/537.36 (KHTML, like Gecko; compatible; GPTBot/1.4; +https://openai.com/gptbot)"
135.181.180.59 - - [24/Jul/2026:09:05:15 -0500] "GET /?loknya=/etc/skel HTTP/1.1" 200 8940 "-" "Mozilla/5.0 (compatible; MJ12bot/v1.4.8; http://mj12bot.com/)"
74.7.243.226 - - [24/Jul/2026:09:05:16 -0500] "GET /index.php?lokasie=/proc/14214/root/proc/net//protocols&loknya=/proc/14214/root/proc/net/ HTTP/1.1" 200 4200 "https://zona-activa.com/index.php?loknya=/proc/14214/root/proc/net/" "Mozilla/5.0 AppleWebKit/537.36 (KHTML, like Gecko; compatible; GPTBot/1.4; +https://openai.com/gptbot)"
74.7.243.226 - - [24/Jul/2026:09:05:21 -0500] "GET /index.php?lokasie=/proc/14214/root/proc/net//connector&loknya=/proc/14214/root/proc/net/ HTTP/1.1" 200 4200 "https://zona-activa.com/index.php?loknya=/proc/14214/root/proc/net/" "Mozilla/5.0 AppleWebKit/537.36 (KHTML, like Gecko; compatible; GPTBot/1.4; +https://openai.com/gptbot)"
135.181.180.59 - - [24/Jul/2026:09:05:22 -0500] "GET /?loknya=/etc/snmp HTTP/1.1" 200 7729 "-" "Mozilla/5.0 (compatible; MJ12bot/v1.4.8; http://mj12bot.com/)"
74.7.243.226 - - [24/Jul/2026:09:05:26 -0500] "GET /index.php?lokasie=/proc/14214/root/proc/self/net/route&loknya=/proc/14214/root/proc/self/net HTTP/1.1" 200 4259 "https://zona-activa.com/index.php?loknya=/proc/14214/root/proc/self/net" "Mozilla/5.0 AppleWebKit/537.36 (KHTML, like Gecko; compatible; GPTBot/1.4; +https://openai.com/gptbot)"
135.181.180.59 - - [24/Jul/2026:09:05:29 -0500] "GET /?loknya=/etc/ssh HTTP/1.1" 200 7638 "-" "Mozilla/5.0 (compatible; MJ12bot/v1.4.8; http://mj12bot.com/)"
74.7.243.226 - - [24/Jul/2026:09:05:31 -0500] "GET /index.php?lokasie=/proc/14214/root/proc/self/net/psched&loknya=/proc/14214/root/proc/self/net HTTP/1.1" 200 4260 "https://zona-activa.com/index.php?loknya=/proc/14214/root/proc/self/net" "Mozilla/5.0 AppleWebKit/537.36 (KHTML, like Gecko; compatible; GPTBot/1.4; +https://openai.com/gptbot)"
135.181.180.59 - - [24/Jul/2026:09:05:35 -0500] "GET /?loknya=/etc/ssl HTTP/1.1" 200 6108 "-" "Mozilla/5.0 (compatible; MJ12bot/v1.4.8; http://mj12bot.com/)"
74.7.243.226 - - [24/Jul/2026:09:05:37 -0500] "GET /index.php?lokasie=/proc/14214/root/proc/self/net/packet&loknya=/proc/14214/root/proc/self/net HTTP/1.1" 200 4260 "https://zona-activa.com/index.php?loknya=/proc/14214/root/proc/self/net" "Mozilla/5.0 AppleWebKit/537.36 (KHTML, like Gecko; compatible; GPTBot/1.4; +https://openai.com/gptbot)"
135.181.180.59 - - [24/Jul/2026:09:05:42 -0500] "GET /?loknya=/etc/sysconfig HTTP/1.1" 200 8993 "-" "Mozilla/5.0 (compatible; MJ12bot/v1.4.8; http://mj12bot.com/)"
74.7.243.226 - - [24/Jul/2026:09:05:42 -0500] "GET /index.php?lokasie=/proc/14214/root/proc/self/net/sockstat6&loknya=/proc/14214/root/proc/self/net HTTP/1.1" 200 4263 "https://zona-activa.com/index.php?loknya=/proc/14214/root/proc/self/net" "Mozilla/5.0 AppleWebKit/537.36 (KHTML, like Gecko; compatible; GPTBot/1.4; +https://openai.com/gptbot)"
74.7.243.226 - - [24/Jul/2026:09:05:47 -0500] "GET /index.php?lokasie=/proc/14214/root/proc/self/net/rt_cache&loknya=/proc/14214/root/proc/self/net HTTP/1.1" 200 4262 "https://zona-activa.com/index.php?loknya=/proc/14214/root/proc/self/net" "Mozilla/5.0 AppleWebKit/537.36 (KHTML, like Gecko; compatible; GPTBot/1.4; +https://openai.com/gptbot)"
135.181.180.59 - - [24/Jul/2026:09:05:49 -0500] "GET /?loknya=/home/zonaacti/.cagefs/opt HTTP/1.1" 200 6404 "-" "Mozilla/5.0 (compatible; MJ12bot/v1.4.8; http://mj12bot.com/)"
74.7.243.226 - - [24/Jul/2026:09:05:52 -0500] "GET /index.php?lokasie=/proc/14214/root/proc/self/net/mcfilter&loknya=/proc/14214/root/proc/self/net HTTP/1.1" 200 4262 "https://zona-activa.com/index.php?loknya=/proc/14214/root/proc/self/net" "Mozilla/5.0 AppleWebKit/537.36 (KHTML, like Gecko; compatible; GPTBot/1.4; +https://openai.com/gptbot)"
135.181.180.59 - - [24/Jul/2026:09:05:56 -0500] "GET /?loknya=/home/zonaacti/.cagefs/tmp HTTP/1.1" 200 7814 "-" "Mozilla/5.0 (compatible; MJ12bot/v1.4.8; http://mj12bot.com/)"
74.7.243.226 - - [24/Jul/2026:09:05:58 -0500] "GET /index.php?lokasie=/proc/14214/root/proc/self/net/tls_stat&loknya=/proc/14214/root/proc/self/net HTTP/1.1" 200 4262 "https://zona-activa.com/index.php?loknya=/proc/14214/root/proc/self/net" "Mozilla/5.0 AppleWebKit/537.36 (KHTML, like Gecko; compatible; GPTBot/1.4; +https://openai.com/gptbot)"
135.181.180.59 - - [24/Jul/2026:09:06:03 -0500] "GET /?loknya=/home/zonaacti/.cagefs/var HTTP/1.1" 200 11867 "-" "Mozilla/5.0 (compatible; MJ12bot/v1.4.8; http://mj12bot.com/)"
74.7.243.226 - - [24/Jul/2026:09:06:04 -0500] "GET /index.php?lokasie=/proc/14214/root/proc/self/net/nf_conntrack&loknya=/proc/14214/root/proc/self/net HTTP/1.1" 200 4266 "https://zona-activa.com/index.php?loknya=/proc/14214/root/proc/self/net" "Mozilla/5.0 AppleWebKit/537.36 (KHTML, like Gecko; compatible; GPTBot/1.4; +https://openai.com/gptbot)"
74.7.243.226 - - [24/Jul/2026:09:06:09 -0500] "GET /index.php?lokasie=/proc/14214/root/proc/net//fib_triestat&loknya=/proc/14214/root/proc/net/ HTTP/1.1" 200 4203 "https://zona-activa.com/index.php?loknya=/proc/14214/root/proc/net/" "Mozilla/5.0 AppleWebKit/537.36 (KHTML, like Gecko; compatible; GPTBot/1.4; +https://openai.com/gptbot)"
135.181.180.59 - - [24/Jul/2026:09:06:09 -0500] "GET /?loknya=/home/zonaacti/.caldav/zonaacti HTTP/1.1" 200 8963 "-" "Mozilla/5.0 (compatible; MJ12bot/v1.4.8; http://mj12bot.com/)"
74.7.243.226 - - [24/Jul/2026:09:06:14 -0500] "GET /index.php?lokasie=/proc/14214/root/proc/net//nf_conntrack_expect&loknya=/proc/14214/root/proc/net/ HTTP/1.1" 200 4210 "https://zona-activa.com/index.php?loknya=/proc/14214/root/proc/net/" "Mozilla/5.0 AppleWebKit/537.36 (KHTML, like Gecko; compatible; GPTBot/1.4; +https://openai.com/gptbot)"
135.181.180.59 - - [24/Jul/2026:09:06:16 -0500] "GET /?loknya=/home/zonaacti/.config/htop HTTP/1.1" 200 8070 "-" "Mozilla/5.0 (compatible; MJ12bot/v1.4.8; http://mj12bot.com/)"
74.7.243.226 - - [24/Jul/2026:09:06:19 -0500] "GET /index.php?lokasie=/proc/14214/root/proc/self/net/connector&loknya=/proc/14214/root/proc/self/net HTTP/1.1" 200 4263 "https://zona-activa.com/index.php?loknya=/proc/14214/root/proc/self/net" "Mozilla/5.0 AppleWebKit/537.36 (KHTML, like Gecko; compatible; GPTBot/1.4; +https://openai.com/gptbot)"
135.181.180.59 - - [24/Jul/2026:09:06:23 -0500] "GET /?loknya=/home/zonaacti/.cpaddons/moderation HTTP/1.1" 200 5357 "-" "Mozilla/5.0 (compatible; MJ12bot/v1.4.8; http://mj12bot.com/)"
74.7.243.226 - - [24/Jul/2026:09:06:24 -0500] "GET /index.php?lokasie=/proc/14214/root/proc/self/net/sockstat&loknya=/proc/14214/root/proc/self/net HTTP/1.1" 200 4262 "https://zona-activa.com/index.php?loknya=/proc/14214/root/proc/self/net" "Mozilla/5.0 AppleWebKit/537.36 (KHTML, like Gecko; compatible; GPTBot/1.4; +https://openai.com/gptbot)"
135.181.180.59 - - [24/Jul/2026:09:06:30 -0500] "GET /?loknya=/home/zonaacti/.cpanel/caches HTTP/1.1" 200 8982 "-" "Mozilla/5.0 (compatible; MJ12bot/v1.4.8; http://mj12bot.com/)"
74.7.243.226 - - [24/Jul/2026:09:06:30 -0500] "GET /index.php?lokasie=/proc/14214/root/proc/self/net/softnet_stat&loknya=/proc/14214/root/proc/self/net HTTP/1.1" 200 4266 "https://zona-activa.com/index.php?loknya=/proc/14214/root/proc/self/net" "Mozilla/5.0 AppleWebKit/537.36 (KHTML, like Gecko; compatible; GPTBot/1.4; +https://openai.com/gptbot)"
52.167.144.230 - - [24/Jul/2026:09:06:36 -0500] "GET /page/2/?dgwt_wcas=1&post_type=product&s HTTP/1.1" 200 192392 "-" "Mozilla/5.0 AppleWebKit/537.36 (KHTML, like Gecko; compatible; bingbot/2.0; +http://www.bing.com/bingbot.htm) Chrome/116.0.1938.76 Safari/537.36"
135.181.180.59 - - [24/Jul/2026:09:06:36 -0500] "GET /?loknya=/home/zonaacti/.cpanel/datastore HTTP/1.1" 200 31607 "-" "Mozilla/5.0 (compatible; MJ12bot/v1.4.8; http://mj12bot.com/)"
57.141.18.38 - - [24/Jul/2026:09:06:38 -0500] "GET /producto/esterilizador-por-calor-seco-alta-temperatura-360-para-instrumentos-metalicos-pequenos-para-el-hogar-tijeras-equipo-de-esterilizacion-dental-para-unas-esterilizador-medico/ HTTP/1.1" 200 68890 "-" "Mozilla/5.0 (Windows NT 10.0; Win64; x64) AppleWebKit/537.36 (KHTML, like Gecko) Chrome/145.0.0.0 Safari/537.36 (compatible; meta-externalagent/1.1 (+https://developers.facebook.com/docs/sharing/webmasters/crawler))"
135.181.180.59 - - [24/Jul/2026:09:06:43 -0500] "GET /?loknya=/home/zonaacti/.cpanel/ea-php-cli HTTP/1.1" 200 6477 "-" "Mozilla/5.0 (compatible; MJ12bot/v1.4.8; http://mj12bot.com/)"
74.7.243.226 - - [24/Jul/2026:09:06:47 -0500] "GET /index.php?lokasie=/proc/14214/root/proc/self/net/protocols&loknya=/proc/14214/root/proc/self/net HTTP/1.1" 200 4263 "https://zona-activa.com/index.php?loknya=/proc/14214/root/proc/self/net" "Mozilla/5.0 AppleWebKit/537.36 (KHTML, like Gecko; compatible; GPTBot/1.4; +https://openai.com/gptbot)"
135.181.180.59 - - [24/Jul/2026:09:06:50 -0500] "GET /?loknya=/home/zonaacti/.cpanel/icals HTTP/1.1" 200 6719 "-" "Mozilla/5.0 (compatible; MJ12bot/v1.4.8; http://mj12bot.com/)"
74.7.243.226 - - [24/Jul/2026:09:06:55 -0500] "GET /index.php?lokasie=/proc/14214/root/proc/net//nf_conntrack&loknya=/proc/14214/root/proc/net/ HTTP/1.1" 200 4203 "https://zona-activa.com/index.php?loknya=/proc/14214/root/proc/net/" "Mozilla/5.0 AppleWebKit/537.36 (KHTML, like Gecko; compatible; GPTBot/1.4; +https://openai.com/gptbot)"
135.181.180.59 - - [24/Jul/2026:09:06:56 -0500] "GET /?loknya=/home/zonaacti/.cpanel/nvdata HTTP/1.1" 200 12466 "-" "Mozilla/5.0 (compatible; MJ12bot/v1.4.8; http://mj12bot.com/)"
74.7.243.226 - - [24/Jul/2026:09:06:58 -0500] "GET /index.php?lokasie=/proc/14214/root/proc/net//softnet_stat&loknya=/proc/14214/root/proc/net/ HTTP/1.1" 200 4203 "https://zona-activa.com/index.php?loknya=/proc/14214/root/proc/net/" "Mozilla/5.0 AppleWebKit/537.36 (KHTML, like Gecko; compatible; GPTBot/1.4; +https://openai.com/gptbot)"
74.7.243.226 - - [24/Jul/2026:09:07:01 -0500] "GET /index.php?lokasie=/proc/14214/root/proc/self/net/rt6_stats&loknya=/proc/14214/root/proc/self/net HTTP/1.1" 200 4263 "https://zona-activa.com/index.php?loknya=/proc/14214/root/proc/self/net" "Mozilla/5.0 AppleWebKit/537.36 (KHTML, like Gecko; compatible; GPTBot/1.4; +https://openai.com/gptbot)"
135.181.180.59 - - [24/Jul/2026:09:07:03 -0500] "GET /?loknya=/home/zonaacti/.cpanel/vcards HTTP/1.1" 200 6727 "-" "Mozilla/5.0 (compatible; MJ12bot/v1.4.8; http://mj12bot.com/)"
74.7.243.226 - - [24/Jul/2026:09:07:06 -0500] "GET /index.php?lokasie=/proc/14214/root/proc/self/net/anycast6&loknya=/proc/14214/root/proc/self/net HTTP/1.1" 200 4262 "https://zona-activa.com/index.php?loknya=/proc/14214/root/proc/self/net" "Mozilla/5.0 AppleWebKit/537.36 (KHTML, like Gecko; compatible; GPTBot/1.4; +https://openai.com/gptbot)"
135.181.180.59 - - [24/Jul/2026:09:07:10 -0500] "GET /?loknya=/home/zonaacti/.cphorde/meta HTTP/1.1" 200 11026 "-" "Mozilla/5.0 (compatible; MJ12bot/v1.4.8; http://mj12bot.com/)"
74.7.243.226 - - [24/Jul/2026:09:07:11 -0500] "GET /index.php?lokasie=/proc/14214/root/proc/self/net/mcfilter6&loknya=/proc/14214/root/proc/self/net HTTP/1.1" 200 4263 "https://zona-activa.com/index.php?loknya=/proc/14214/root/proc/self/net" "Mozilla/5.0 AppleWebKit/537.36 (KHTML, like Gecko; compatible; GPTBot/1.4; +https://openai.com/gptbot)"
74.7.243.226 - - [24/Jul/2026:09:07:17 -0500] "GET /index.php?lokasie=/proc/14214/root/proc/self/net/udplite6&loknya=/proc/14214/root/proc/self/net HTTP/1.1" 200 4262 "https://zona-activa.com/index.php?loknya=/proc/14214/root/proc/self/net" "Mozilla/5.0 AppleWebKit/537.36 (KHTML, like Gecko; compatible; GPTBot/1.4; +https://openai.com/gptbot)"
135.181.180.59 - - [24/Jul/2026:09:07:17 -0500] "GET /?loknya=/home/zonaacti/.cphorde/vfsroot HTTP/1.1" 200 5336 "-" "Mozilla/5.0 (compatible; MJ12bot/v1.4.8; http://mj12bot.com/)"
87.58.197.201 - - [24/Jul/2026:09:07:20 -0500] "GET /?rest_route=/wp/v2/posts&per_page=1&_fields=link HTTP/1.1" 200 68891 "-" "python-requests/2.34.2"
74.7.243.226 - - [24/Jul/2026:09:07:22 -0500] "GET /index.php?loknya=/proc/14214/root/proc/self/net/stat HTTP/1.1" 200 5464 "https://zona-activa.com/index.php?loknya=/proc/14214/root/proc/self/net" "Mozilla/5.0 AppleWebKit/537.36 (KHTML, like Gecko; compatible; GPTBot/1.4; +https://openai.com/gptbot)"
135.181.180.59 - - [24/Jul/2026:09:07:24 -0500] "GET /?loknya=/home/zonaacti/.htpasswds/public_html HTTP/1.1" 200 5366 "-" "Mozilla/5.0 (compatible; MJ12bot/v1.4.8; http://mj12bot.com/)"
