74.7.243.226 - - [24/Jul/2026:12:52:09 -0500] "GET /index.php?loknya=/cpanel/ea-php72/root HTTP/1.1" 200 5233 "https://zona-activa.com/index.php?loknya=/cpanel/ea-php72/root/etc/" "Mozilla/5.0 AppleWebKit/537.36 (KHTML, like Gecko; compatible; GPTBot/1.4; +https://openai.com/gptbot)"
74.7.243.226 - - [24/Jul/2026:12:52:14 -0500] "GET /index.php?loknya=/opt/cpanel/ea-oniguruma/lib64 HTTP/1.1" 200 13206 "https://zona-activa.com/index.php?loknya=/opt/cpanel/ea-oniguruma" "Mozilla/5.0 AppleWebKit/537.36 (KHTML, like Gecko; compatible; GPTBot/1.4; +https://openai.com/gptbot)"
74.7.243.226 - - [24/Jul/2026:12:52:19 -0500] "GET /index.php?loknya=/opt/cpanel/ea-libzip HTTP/1.1" 200 6238 "https://zona-activa.com/index.php?loknya=/opt/cpanel" "Mozilla/5.0 AppleWebKit/537.36 (KHTML, like Gecko; compatible; GPTBot/1.4; +https://openai.com/gptbot)"
66.249.68.136 - - [24/Jul/2026:12:52:22 -0500] "GET /?shop/c/c86231000005/ HTTP/1.1" 200 265413 "-" "Mozilla/5.0 (Linux; Android 6.0.1; Nexus 5X Build/MMB29P) AppleWebKit/537.36 (KHTML, like Gecko) Chrome/150.0.7871.128 Mobile Safari/537.36 (compatible; Googlebot/2.1; +http://www.google.com/bot.html)"
74.7.243.226 - - [24/Jul/2026:12:52:25 -0500] "GET /index.php?loknya=/lib/node_modules/npm HTTP/1.1" 200 17266 "https://zona-activa.com/index.php?loknya=/lib/node_modules" "Mozilla/5.0 AppleWebKit/537.36 (KHTML, like Gecko; compatible; GPTBot/1.4; +https://openai.com/gptbot)"
74.7.243.226 - - [24/Jul/2026:12:52:30 -0500] "GET /index.php?loknya=/opt/cpanel/ea-brotli HTTP/1.1" 200 9359 "https://zona-activa.com/index.php?loknya=/opt/cpanel" "Mozilla/5.0 AppleWebKit/537.36 (KHTML, like Gecko; compatible; GPTBot/1.4; +https://openai.com/gptbot)"
74.7.243.226 - - [24/Jul/2026:12:52:35 -0500] "GET /index.php?loknya=/cpanel/ea-php81/root/ HTTP/1.1" 200 5235 "https://zona-activa.com/index.php?loknya=/opt/cpanel/ea-php81/root/opt" "Mozilla/5.0 AppleWebKit/537.36 (KHTML, like Gecko; compatible; GPTBot/1.4; +https://openai.com/gptbot)"
74.7.243.226 - - [24/Jul/2026:12:52:41 -0500] "GET /index.php?loknya=/cpanel/ea-php82/root/ HTTP/1.1" 200 5235 "https://zona-activa.com/index.php?loknya=/opt/cpanel/ea-php82/root/opt" "Mozilla/5.0 AppleWebKit/537.36 (KHTML, like Gecko; compatible; GPTBot/1.4; +https://openai.com/gptbot)"
74.7.243.226 - - [24/Jul/2026:12:52:46 -0500] "GET /index.php?loknya=/cpanel/ea-php71/root/ HTTP/1.1" 200 5235 "https://zona-activa.com/index.php?loknya=/opt/cpanel/ea-php71/root/opt" "Mozilla/5.0 AppleWebKit/537.36 (KHTML, like Gecko; compatible; GPTBot/1.4; +https://openai.com/gptbot)"
66.249.68.134 - - [24/Jul/2026:12:52:48 -0500] "GET /shop/js/cart.aspx?_=1783296000000 HTTP/1.1" 200 201809 "https://www.zona-activa.com/?shop/c/c86231000005/" "Mozilla/5.0 (Linux; Android 6.0.1; Nexus 5X Build/MMB29P) AppleWebKit/537.36 (KHTML, like Gecko) Chrome/150.0.7871.128 Mobile Safari/537.36 (compatible; Googlebot/2.1; +http://www.google.com/bot.html)"
45.170.208.192 - - [24/Jul/2026:12:52:50 -0500] "GET /producto/purepro-royal-purepro-royal-con-filtro-ionizador/?_wpnonce=498d81b5af&add_to_wishlist=16208 HTTP/1.1" 200 68892 "-" "Mozilla/5.0 (Macintosh; Intel Mac OS X 10_12_6) AppleWebKit/537.36 (KHTML, like Gecko) Chrome/96.0.4664.110 Safari/537.36"
74.7.243.226 - - [24/Jul/2026:12:52:50 -0500] "GET /index.php?loknya=/cpanel/ea-php56/root/ HTTP/1.1" 200 5235 "https://zona-activa.com/index.php?loknya=/opt/cpanel/ea-php56/root/opt" "Mozilla/5.0 AppleWebKit/537.36 (KHTML, like Gecko; compatible; GPTBot/1.4; +https://openai.com/gptbot)"
66.249.68.135 - - [24/Jul/2026:12:52:51 -0500] "GET /shop/js/menumystoreajax.aspx?_=1783296000000 HTTP/1.1" 200 193727 "https://www.zona-activa.com/?shop/c/c86231000005/" "Mozilla/5.0 (Linux; Android 6.0.1; Nexus 5X Build/MMB29P) AppleWebKit/537.36 (KHTML, like Gecko) Chrome/150.0.7871.128 Mobile Safari/537.36 (compatible; Googlebot/2.1; +http://www.google.com/bot.html)"
74.7.243.226 - - [24/Jul/2026:12:52:56 -0500] "GET /index.php?loknya=/cpanel/ea-php70/root/ HTTP/1.1" 200 5235 "https://zona-activa.com/index.php?loknya=/opt/cpanel/ea-php70/root/opt" "Mozilla/5.0 AppleWebKit/537.36 (KHTML, like Gecko; compatible; GPTBot/1.4; +https://openai.com/gptbot)"
74.7.243.226 - - [24/Jul/2026:12:53:01 -0500] "GET /index.php?loknya=/cpanel/ea-php74/root/ HTTP/1.1" 200 5235 "https://zona-activa.com/index.php?loknya=/opt/cpanel/ea-php74/root/opt" "Mozilla/5.0 AppleWebKit/537.36 (KHTML, like Gecko; compatible; GPTBot/1.4; +https://openai.com/gptbot)"
74.7.243.226 - - [24/Jul/2026:12:53:06 -0500] "GET /index.php?loknya=/cpanel/ea-php83/root/ HTTP/1.1" 200 5235 "https://zona-activa.com/index.php?loknya=/opt/cpanel/ea-php83/root/opt" "Mozilla/5.0 AppleWebKit/537.36 (KHTML, like Gecko; compatible; GPTBot/1.4; +https://openai.com/gptbot)"
74.7.243.226 - - [24/Jul/2026:12:53:12 -0500] "GET /index.php?loknya=/cpanel/ea-php80/root/ HTTP/1.1" 200 5235 "https://zona-activa.com/index.php?loknya=/opt/cpanel/ea-php80/root/opt" "Mozilla/5.0 AppleWebKit/537.36 (KHTML, like Gecko; compatible; GPTBot/1.4; +https://openai.com/gptbot)"
74.7.243.226 - - [24/Jul/2026:12:53:17 -0500] "GET /index.php?loknya=/opt/cpanel/ea-libzip/lib64 HTTP/1.1" 200 9332 "https://zona-activa.com/index.php?loknya=/opt/cpanel/ea-libzip" "Mozilla/5.0 AppleWebKit/537.36 (KHTML, like Gecko; compatible; GPTBot/1.4; +https://openai.com/gptbot)"
74.7.243.226 - - [24/Jul/2026:12:53:22 -0500] "GET /index.php?loknya=/lib/node_modules/npm/lib HTTP/1.1" 200 17644 "https://zona-activa.com/index.php?loknya=/lib/node_modules/npm" "Mozilla/5.0 AppleWebKit/537.36 (KHTML, like Gecko; compatible; GPTBot/1.4; +https://openai.com/gptbot)"
74.7.243.226 - - [24/Jul/2026:12:53:27 -0500] "GET /index.php?loknya=/opt/cpanel/ea-brotli/lib64 HTTP/1.1" 200 22971 "https://zona-activa.com/index.php?loknya=/opt/cpanel/ea-brotli" "Mozilla/5.0 AppleWebKit/537.36 (KHTML, like Gecko; compatible; GPTBot/1.4; +https://openai.com/gptbot)"
74.7.243.226 - - [24/Jul/2026:12:53:33 -0500] "GET /index.php?loknya=/lib/node_modules/npm/man HTTP/1.1" 200 57797 "https://zona-activa.com/index.php?loknya=/lib/node_modules/npm" "Mozilla/5.0 AppleWebKit/537.36 (KHTML, like Gecko; compatible; GPTBot/1.4; +https://openai.com/gptbot)"
74.7.243.226 - - [24/Jul/2026:12:53:38 -0500] "GET /index.php?loknya=/opt/cpanel/ea-brotli/bin HTTP/1.1" 200 6589 "https://zona-activa.com/index.php?loknya=/opt/cpanel/ea-brotli" "Mozilla/5.0 AppleWebKit/537.36 (KHTML, like Gecko; compatible; GPTBot/1.4; +https://openai.com/gptbot)"
74.7.243.226 - - [24/Jul/2026:12:53:43 -0500] "GET /index.php?loknya=/lib/node_modules/npm/bin HTTP/1.1" 200 14317 "https://zona-activa.com/index.php?loknya=/lib/node_modules/npm" "Mozilla/5.0 AppleWebKit/537.36 (KHTML, like Gecko; compatible; GPTBot/1.4; +https://openai.com/gptbot)"
74.7.243.226 - - [24/Jul/2026:12:53:48 -0500] "GET /index.php?loknya=/opt/cpanel/ea-brotli/lib HTTP/1.1" 200 22861 "https://zona-activa.com/index.php?loknya=/opt/cpanel/ea-brotli" "Mozilla/5.0 AppleWebKit/537.36 (KHTML, like Gecko; compatible; GPTBot/1.4; +https://openai.com/gptbot)"
74.7.243.226 - - [24/Jul/2026:12:53:53 -0500] "GET /index.php?loknya=/opt/cpanel/ea-brotli/include HTTP/1.1" 200 6355 "https://zona-activa.com/index.php?loknya=/opt/cpanel/ea-brotli" "Mozilla/5.0 AppleWebKit/537.36 (KHTML, like Gecko; compatible; GPTBot/1.4; +https://openai.com/gptbot)"
66.249.68.134 - - [24/Jul/2026:12:53:55 -0500] "GET /?sale/detail/G86232761.html HTTP/1.1" 200 207377 "-" "Mozilla/5.0 (Linux; Android 6.0.1; Nexus 5X Build/MMB29P) AppleWebKit/537.36 (KHTML, like Gecko) Chrome/150.0.7871.128 Mobile Safari/537.36 (compatible; GoogleOther)"
74.7.243.226 - - [24/Jul/2026:12:53:58 -0500] "GET /index.php?loknya=/cpanel/ea-php72/root/ HTTP/1.1" 200 5235 "https://zona-activa.com/index.php?loknya=/opt/cpanel/ea-php72/root/opt" "Mozilla/5.0 AppleWebKit/537.36 (KHTML, like Gecko; compatible; GPTBot/1.4; +https://openai.com/gptbot)"
74.7.243.226 - - [24/Jul/2026:12:54:03 -0500] "GET /index.php?loknya=/cpanel/ea-php73/root/ HTTP/1.1" 200 5235 "https://zona-activa.com/index.php?loknya=/opt/cpanel/ea-php73/root/opt" "Mozilla/5.0 AppleWebKit/537.36 (KHTML, like Gecko; compatible; GPTBot/1.4; +https://openai.com/gptbot)"
74.7.243.226 - - [24/Jul/2026:12:54:09 -0500] "GET /index.php?loknya=/opt/cpanel/ea-php83/root/var/lib/pear/.channels/ HTTP/1.1" 200 12543 "https://zona-activa.com/index.php?loknya=/opt/cpanel/ea-php83/root/var/lib/pear/.channels/.alias" "Mozilla/5.0 AppleWebKit/537.36 (KHTML, like Gecko; compatible; GPTBot/1.4; +https://openai.com/gptbot)"
74.7.243.226 - - [24/Jul/2026:12:54:14 -0500] "GET /index.php?loknya=/opt/cpanel/ea-php82/root/var/lib/pear/.channels/ HTTP/1.1" 200 12543 "https://zona-activa.com/index.php?loknya=/opt/cpanel/ea-php82/root/var/lib/pear/.channels/.alias" "Mozilla/5.0 AppleWebKit/537.36 (KHTML, like Gecko; compatible; GPTBot/1.4; +https://openai.com/gptbot)"
74.7.243.226 - - [24/Jul/2026:12:54:19 -0500] "GET /index.php?loknya=/opt/cpanel/ea-php56/root/var/lib/pear/.channels/ HTTP/1.1" 200 12543 "https://zona-activa.com/index.php?loknya=/opt/cpanel/ea-php56/root/var/lib/pear/.channels/.alias" "Mozilla/5.0 AppleWebKit/537.36 (KHTML, like Gecko; compatible; GPTBot/1.4; +https://openai.com/gptbot)"
74.7.243.226 - - [24/Jul/2026:12:54:24 -0500] "GET /index.php?loknya=/opt/cpanel/ea-php73/root/var/lib/pear/.channels/ HTTP/1.1" 200 12543 "https://zona-activa.com/index.php?loknya=/opt/cpanel/ea-php73/root/var/lib/pear/.channels/.alias" "Mozilla/5.0 AppleWebKit/537.36 (KHTML, like Gecko; compatible; GPTBot/1.4; +https://openai.com/gptbot)"
74.7.243.226 - - [24/Jul/2026:12:54:30 -0500] "GET /index.php?loknya=/lib/node_modules/npm/man/id HTTP/1.1" 200 8518 "https://zona-activa.com/index.php?loknya=/lib/node_modules/npm/man" "Mozilla/5.0 AppleWebKit/537.36 (KHTML, like Gecko; compatible; GPTBot/1.4; +https://openai.com/gptbot)"
74.7.243.226 - - [24/Jul/2026:12:54:35 -0500] "GET /index.php?loknya=/lib/node_modules/npm/man/sk HTTP/1.1" 200 6398 "https://zona-activa.com/index.php?loknya=/lib/node_modules/npm/man" "Mozilla/5.0 AppleWebKit/537.36 (KHTML, like Gecko; compatible; GPTBot/1.4; +https://openai.com/gptbot)"
74.7.243.226 - - [24/Jul/2026:12:54:41 -0500] "GET /index.php?loknya=/lib/node_modules/npm/man/ru HTTP/1.1" 200 10636 "https://zona-activa.com/index.php?loknya=/lib/node_modules/npm/man" "Mozilla/5.0 AppleWebKit/537.36 (KHTML, like Gecko; compatible; GPTBot/1.4; +https://openai.com/gptbot)"
74.7.243.226 - - [24/Jul/2026:12:54:46 -0500] "GET /index.php?loknya=/lib/node_modules/npm/man/es HTTP/1.1" 200 9599 "https://zona-activa.com/index.php?loknya=/lib/node_modules/npm/man" "Mozilla/5.0 AppleWebKit/537.36 (KHTML, like Gecko; compatible; GPTBot/1.4; +https://openai.com/gptbot)"
74.7.243.226 - - [24/Jul/2026:12:54:51 -0500] "GET /index.php?loknya=/lib/node_modules/npm/man/man6 HTTP/1.1" 200 6708 "https://zona-activa.com/index.php?loknya=/lib/node_modules/npm/man" "Mozilla/5.0 AppleWebKit/537.36 (KHTML, like Gecko; compatible; GPTBot/1.4; +https://openai.com/gptbot)"
74.7.243.226 - - [24/Jul/2026:12:54:56 -0500] "GET /index.php?loknya=/lib/node_modules/npm/man/man2 HTTP/1.1" 200 692431 "https://zona-activa.com/index.php?loknya=/lib/node_modules/npm/man" "Mozilla/5.0 AppleWebKit/537.36 (KHTML, like Gecko; compatible; GPTBot/1.4; +https://openai.com/gptbot)"
74.7.243.226 - - [24/Jul/2026:12:55:03 -0500] "GET /index.php?loknya=/lib/node_modules/npm/man/man8 HTTP/1.1" 200 1627734 "https://zona-activa.com/index.php?loknya=/lib/node_modules/npm/man" "Mozilla/5.0 AppleWebKit/537.36 (KHTML, like Gecko; compatible; GPTBot/1.4; +https://openai.com/gptbot)"
74.7.243.226 - - [24/Jul/2026:12:55:17 -0500] "GET /index.php?loknya=/lib/node_modules/npm/man/man3 HTTP/1.1" 200 19856368 "https://zona-activa.com/index.php?loknya=/lib/node_modules/npm/man" "Mozilla/5.0 AppleWebKit/537.36 (KHTML, like Gecko; compatible; GPTBot/1.4; +https://openai.com/gptbot)"
74.7.243.226 - - [24/Jul/2026:12:55:18 -0500] "GET /index.php?loknya=/lib/node_modules/npm/man/man7 HTTP/1.1" 200 1099049 "https://zona-activa.com/index.php?loknya=/lib/node_modules/npm/man" "Mozilla/5.0 AppleWebKit/537.36 (KHTML, like Gecko; compatible; GPTBot/1.4; +https://openai.com/gptbot)"
74.7.243.226 - - [24/Jul/2026:12:55:25 -0500] "GET /index.php?loknya=/lib/node_modules/npm/man/man1 HTTP/1.1" 200 3850270 "https://zona-activa.com/index.php?loknya=/lib/node_modules/npm/man" "Mozilla/5.0 AppleWebKit/537.36 (KHTML, like Gecko; compatible; GPTBot/1.4; +https://openai.com/gptbot)"
74.7.243.226 - - [24/Jul/2026:12:55:28 -0500] "GET /index.php?loknya=/lib/node_modules/npm/man/man5 HTTP/1.1" 200 544213 "https://zona-activa.com/index.php?loknya=/lib/node_modules/npm/man" "Mozilla/5.0 AppleWebKit/537.36 (KHTML, like Gecko; compatible; GPTBot/1.4; +https://openai.com/gptbot)"
74.7.243.226 - - [24/Jul/2026:12:55:33 -0500] "GET /index.php?loknya=/lib/node_modules/npm/man/id/man8 HTTP/1.1" 200 12312 "https://zona-activa.com/index.php?loknya=/lib/node_modules/npm/man/id" "Mozilla/5.0 AppleWebKit/537.36 (KHTML, like Gecko; compatible; GPTBot/1.4; +https://openai.com/gptbot)"
74.7.243.226 - - [24/Jul/2026:12:55:38 -0500] "GET /index.php?loknya=/lib/node_modules/npm/man/id/man5 HTTP/1.1" 200 6795 "https://zona-activa.com/index.php?loknya=/lib/node_modules/npm/man/id" "Mozilla/5.0 AppleWebKit/537.36 (KHTML, like Gecko; compatible; GPTBot/1.4; +https://openai.com/gptbot)"
74.7.243.226 - - [24/Jul/2026:12:55:43 -0500] "GET /index.php?loknya=/lib/node_modules/npm/man/ru/man1 HTTP/1.1" 200 50994 "https://zona-activa.com/index.php?loknya=/lib/node_modules/npm/man/ru" "Mozilla/5.0 AppleWebKit/537.36 (KHTML, like Gecko; compatible; GPTBot/1.4; +https://openai.com/gptbot)"
74.7.243.226 - - [24/Jul/2026:12:55:48 -0500] "GET /index.php?loknya=/lib/node_modules/npm/man/ru/man3 HTTP/1.1" 200 6791 "https://zona-activa.com/index.php?loknya=/lib/node_modules/npm/man/ru" "Mozilla/5.0 AppleWebKit/537.36 (KHTML, like Gecko; compatible; GPTBot/1.4; +https://openai.com/gptbot)"
74.7.243.226 - - [24/Jul/2026:12:55:54 -0500] "GET /index.php?loknya=/lib/node_modules/npm/man/ru/man7 HTTP/1.1" 200 6842 "https://zona-activa.com/index.php?loknya=/lib/node_modules/npm/man/ru" "Mozilla/5.0 AppleWebKit/537.36 (KHTML, like Gecko; compatible; GPTBot/1.4; +https://openai.com/gptbot)"
74.7.243.226 - - [24/Jul/2026:12:55:59 -0500] "GET /index.php?lokasie=/lib/node_modules/npm/man/man2/utimes.2.gz&loknya=/lib/node_modules/npm/man/man2 HTTP/1.1" 200 4230 "https://zona-activa.com/index.php?loknya=/lib/node_modules/npm/man/man2" "Mozilla/5.0 AppleWebKit/537.36 (KHTML, like Gecko; compatible; GPTBot/1.4; +https://openai.com/gptbot)"
74.7.243.226 - - [24/Jul/2026:12:56:05 -0500] "GET /index.php?lokasie=/lib/node_modules/npm/man/man2/pidfd_getfd.2.gz&loknya=/lib/node_modules/npm/man/man2 HTTP/1.1" 200 4235 "https://zona-activa.com/index.php?loknya=/lib/node_modules/npm/man/man2" "Mozilla/5.0 AppleWebKit/537.36 (KHTML, like Gecko; compatible; GPTBot/1.4; +https://openai.com/gptbot)"
74.7.243.226 - - [24/Jul/2026:12:56:10 -0500] "GET /index.php?lokasie=/lib/node_modules/npm/man/man2/inotify_init.2.gz&loknya=/lib/node_modules/npm/man/man2 HTTP/1.1" 200 4236 "https://zona-activa.com/index.php?loknya=/lib/node_modules/npm/man/man2" "Mozilla/5.0 AppleWebKit/537.36 (KHTML, like Gecko; compatible; GPTBot/1.4; +https://openai.com/gptbot)"
74.7.243.226 - - [24/Jul/2026:12:56:16 -0500] "GET /index.php?lokasie=/lib/node_modules/npm/man/man3/TAP::Formatter::Base.3pm.gz&loknya=/lib/node_modules/npm/man/man3 HTTP/1.1" 200 4246 "https://zona-activa.com/index.php?loknya=/lib/node_modules/npm/man/man3" "Mozilla/5.0 AppleWebKit/537.36 (KHTML, like Gecko; compatible; GPTBot/1.4; +https://openai.com/gptbot)"
74.7.243.226 - - [24/Jul/2026:12:56:21 -0500] "GET /index.php?lokasie=/lib/node_modules/npm/man/man1/nvme-sndk-log-page-directory.1.gz&loknya=/lib/node_modules/npm/man/man1 HTTP/1.1" 200 4252 "https://zona-activa.com/index.php?loknya=/lib/node_modules/npm/man/man1" "Mozilla/5.0 AppleWebKit/537.36 (KHTML, like Gecko; compatible; GPTBot/1.4; +https://openai.com/gptbot)"
74.7.243.226 - - [24/Jul/2026:12:56:26 -0500] "GET /index.php?lokasie=/lib/node_modules/npm/man/man3/EVP_CIPHER_mode.3ossl.gz&loknya=/lib/node_modules/npm/man/man3 HTTP/1.1" 200 4243 "https://zona-activa.com/index.php?loknya=/lib/node_modules/npm/man/man3" "Mozilla/5.0 AppleWebKit/537.36 (KHTML, like Gecko; compatible; GPTBot/1.4; +https://openai.com/gptbot)"
74.7.243.226 - - [24/Jul/2026:12:56:32 -0500] "GET /index.php?lokasie=/lib/node_modules/npm/man/man3/IO::Compress::FAQ.3pm.gz&loknya=/lib/node_modules/npm/man/man3 HTTP/1.1" 200 4243 "https://zona-activa.com/index.php?loknya=/lib/node_modules/npm/man/man3" "Mozilla/5.0 AppleWebKit/537.36 (KHTML, like Gecko; compatible; GPTBot/1.4; +https://openai.com/gptbot)"
74.7.243.226 - - [24/Jul/2026:12:56:37 -0500] "GET /index.php?lokasie=/lib/node_modules/npm/man/man3/SSL_DOMAIN_FLAG_MULTI_THREAD.3ossl.gz&loknya=/lib/node_modules/npm/man/man3 HTTP/1.1" 200 4256 "https://zona-activa.com/index.php?loknya=/lib/node_modules/npm/man/man3" "Mozilla/5.0 AppleWebKit/537.36 (KHTML, like Gecko; compatible; GPTBot/1.4; +https://openai.com/gptbot)"
74.7.243.226 - - [24/Jul/2026:12:56:42 -0500] "GET /index.php?lokasie=/lib/node_modules/npm/man/man3/subs.3pm.gz&loknya=/lib/node_modules/npm/man/man3 HTTP/1.1" 200 4230 "https://zona-activa.com/index.php?loknya=/lib/node_modules/npm/man/man3" "Mozilla/5.0 AppleWebKit/537.36 (KHTML, like Gecko; compatible; GPTBot/1.4; +https://openai.com/gptbot)"
74.7.243.226 - - [24/Jul/2026:12:56:47 -0500] "GET /index.php?lokasie=/lib/node_modules/npm/man/man3/delwin.3x.gz&loknya=/lib/node_modules/npm/man/man3 HTTP/1.1" 200 4231 "https://zona-activa.com/index.php?loknya=/lib/node_modules/npm/man/man3" "Mozilla/5.0 AppleWebKit/537.36 (KHTML, like Gecko; compatible; GPTBot/1.4; +https://openai.com/gptbot)"
74.7.243.226 - - [24/Jul/2026:12:56:52 -0500] "GET /index.php?lokasie=/lib/node_modules/npm/man/man1/libtoolize.1.gz&loknya=/lib/node_modules/npm/man/man1 HTTP/1.1" 200 4234 "https://zona-activa.com/index.php?loknya=/lib/node_modules/npm/man/man1" "Mozilla/5.0 AppleWebKit/537.36 (KHTML, like Gecko; compatible; GPTBot/1.4; +https://openai.com/gptbot)"
66.249.68.135 - - [24/Jul/2026:12:56:53 -0500] "GET /?sale/detail/H86272291535.html HTTP/1.1" 200 203714 "-" "Mozilla/5.0 (Linux; Android 6.0.1; Nexus 5X Build/MMB29P) AppleWebKit/537.36 (KHTML, like Gecko) Chrome/150.0.7871.128 Mobile Safari/537.36 (compatible; GoogleOther)"
74.7.243.226 - - [24/Jul/2026:12:56:58 -0500] "GET /index.php?lokasie=/lib/node_modules/npm/man/man1/gdbm_dump.1.gz&loknya=/lib/node_modules/npm/man/man1 HTTP/1.1" 200 4233 "https://zona-activa.com/index.php?loknya=/lib/node_modules/npm/man/man1" "Mozilla/5.0 AppleWebKit/537.36 (KHTML, like Gecko; compatible; GPTBot/1.4; +https://openai.com/gptbot)"
74.7.243.226 - - [24/Jul/2026:12:57:03 -0500] "GET /index.php?lokasie=/lib/node_modules/npm/man/man3/DSA_meth_set_paramgen.3ossl.gz&loknya=/lib/node_modules/npm/man/man3 HTTP/1.1" 200 4249 "https://zona-activa.com/index.php?loknya=/lib/node_modules/npm/man/man3" "Mozilla/5.0 AppleWebKit/537.36 (KHTML, like Gecko; compatible; GPTBot/1.4; +https://openai.com/gptbot)"
74.7.243.226 - - [24/Jul/2026:12:57:08 -0500] "GET /index.php?lokasie=/lib/node_modules/npm/man/man3/SSL_CTX_set_generate_session_id.3ossl.gz&loknya=/lib/node_modules/npm/man/man3 HTTP/1.1" 200 4259 "https://zona-activa.com/index.php?loknya=/lib/node_modules/npm/man/man3" "Mozilla/5.0 AppleWebKit/537.36 (KHTML, like Gecko; compatible; GPTBot/1.4; +https://openai.com/gptbot)"
74.7.243.226 - - [24/Jul/2026:12:57:14 -0500] "GET /index.php?lokasie=/lib/node_modules/npm/man/man3/FcCacheCopySet.3.gz&loknya=/lib/node_modules/npm/man/man3 HTTP/1.1" 200 4238 "https://zona-activa.com/index.php?loknya=/lib/node_modules/npm/man/man3" "Mozilla/5.0 AppleWebKit/537.36 (KHTML, like Gecko; compatible; GPTBot/1.4; +https://openai.com/gptbot)"
74.7.243.226 - - [24/Jul/2026:12:57:19 -0500] "GET /index.php?lokasie=/lib/node_modules/npm/man/man3/FcConfigAppFontAddFile.3.gz&loknya=/lib/node_modules/npm/man/man3 HTTP/1.1" 200 4246 "https://zona-activa.com/index.php?loknya=/lib/node_modules/npm/man/man3" "Mozilla/5.0 AppleWebKit/537.36 (KHTML, like Gecko; compatible; GPTBot/1.4; +https://openai.com/gptbot)"
74.7.243.226 - - [24/Jul/2026:12:57:25 -0500] "GET /index.php?lokasie=/lib/node_modules/npm/man/man3/UI_get_default_method.3ossl.gz&loknya=/lib/node_modules/npm/man/man3 HTTP/1.1" 200 4249 "https://zona-activa.com/index.php?loknya=/lib/node_modules/npm/man/man3" "Mozilla/5.0 AppleWebKit/537.36 (KHTML, like Gecko; compatible; GPTBot/1.4; +https://openai.com/gptbot)"
74.7.243.226 - - [24/Jul/2026:12:57:30 -0500] "GET /index.php?lokasie=/lib/node_modules/npm/man/man3/XErrorEvent.3.gz&loknya=/lib/node_modules/npm/man/man3 HTTP/1.1" 200 4235 "https://zona-activa.com/index.php?loknya=/lib/node_modules/npm/man/man3" "Mozilla/5.0 AppleWebKit/537.36 (KHTML, like Gecko; compatible; GPTBot/1.4; +https://openai.com/gptbot)"
74.7.243.226 - - [24/Jul/2026:12:57:35 -0500] "GET /index.php?lokasie=/lib/node_modules/npm/man/man3/XkbGetAutoRepeatRate.3.gz&loknya=/lib/node_modules/npm/man/man3 HTTP/1.1" 200 4244 "https://zona-activa.com/index.php?loknya=/lib/node_modules/npm/man/man3" "Mozilla/5.0 AppleWebKit/537.36 (KHTML, like Gecko; compatible; GPTBot/1.4; +https://openai.com/gptbot)"
74.7.243.226 - - [24/Jul/2026:12:57:40 -0500] "GET /index.php?lokasie=/lib/node_modules/npm/man/man3/CMS_encrypt.3ossl.gz&loknya=/lib/node_modules/npm/man/man3 HTTP/1.1" 200 4239 "https://zona-activa.com/index.php?loknya=/lib/node_modules/npm/man/man3" "Mozilla/5.0 AppleWebKit/537.36 (KHTML, like Gecko; compatible; GPTBot/1.4; +https://openai.com/gptbot)"
74.7.243.226 - - [24/Jul/2026:12:57:45 -0500] "GET /index.php?lokasie=/lib/node_modules/npm/man/man3/FcCacheNumFont.3.gz&loknya=/lib/node_modules/npm/man/man3 HTTP/1.1" 200 4238 "https://zona-activa.com/index.php?loknya=/lib/node_modules/npm/man/man3" "Mozilla/5.0 AppleWebKit/537.36 (KHTML, like Gecko; compatible; GPTBot/1.4; +https://openai.com/gptbot)"
74.7.243.226 - - [24/Jul/2026:12:57:51 -0500] "GET /index.php?lokasie=/lib/node_modules/npm/man/man3/ASIdOrRange_free.3ossl.gz&loknya=/lib/node_modules/npm/man/man3 HTTP/1.1" 200 4244 "https://zona-activa.com/index.php?loknya=/lib/node_modules/npm/man/man3" "Mozilla/5.0 AppleWebKit/537.36 (KHTML, like Gecko; compatible; GPTBot/1.4; +https://openai.com/gptbot)"
74.7.243.226 - - [24/Jul/2026:12:57:56 -0500] "GET /index.php?lokasie=/lib/node_modules/npm/man/man3/FcCharSetCreate.3.gz&loknya=/lib/node_modules/npm/man/man3 HTTP/1.1" 200 4239 "https://zona-activa.com/index.php?loknya=/lib/node_modules/npm/man/man3" "Mozilla/5.0 AppleWebKit/537.36 (KHTML, like Gecko; compatible; GPTBot/1.4; +https://openai.com/gptbot)"
74.7.243.226 - - [24/Jul/2026:12:58:01 -0500] "GET /index.php?lokasie=/lib/node_modules/npm/man/man3/FcDirCacheValid.3.gz&loknya=/lib/node_modules/npm/man/man3 HTTP/1.1" 200 4239 "https://zona-activa.com/index.php?loknya=/lib/node_modules/npm/man/man3" "Mozilla/5.0 AppleWebKit/537.36 (KHTML, like Gecko; compatible; GPTBot/1.4; +https://openai.com/gptbot)"
74.7.243.226 - - [24/Jul/2026:12:58:07 -0500] "GET /index.php?lokasie=/lib/node_modules/npm/man/man3/get_phys_pages.3.gz&loknya=/lib/node_modules/npm/man/man3 HTTP/1.1" 200 4238 "https://zona-activa.com/index.php?loknya=/lib/node_modules/npm/man/man3" "Mozilla/5.0 AppleWebKit/537.36 (KHTML, like Gecko; compatible; GPTBot/1.4; +https://openai.com/gptbot)"
74.7.243.226 - - [24/Jul/2026:12:58:12 -0500] "GET /index.php?lokasie=/lib/node_modules/npm/man/man1/odbc_config.1.gz&loknya=/lib/node_modules/npm/man/man1 HTTP/1.1" 200 4235 "https://zona-activa.com/index.php?loknya=/lib/node_modules/npm/man/man1" "Mozilla/5.0 AppleWebKit/537.36 (KHTML, like Gecko; compatible; GPTBot/1.4; +https://openai.com/gptbot)"
74.7.243.226 - - [24/Jul/2026:12:58:17 -0500] "GET /index.php?lokasie=/lib/node_modules/npm/man/man3/cap_free.3.gz&loknya=/lib/node_modules/npm/man/man3 HTTP/1.1" 200 4232 "https://zona-activa.com/index.php?loknya=/lib/node_modules/npm/man/man3" "Mozilla/5.0 AppleWebKit/537.36 (KHTML, like Gecko; compatible; GPTBot/1.4; +https://openai.com/gptbot)"
74.7.243.226 - - [24/Jul/2026:12:58:22 -0500] "GET /index.php?lokasie=/lib/node_modules/npm/man/man3/OSSL_CMP_CTX_set_transfer_cb.3ossl.gz&loknya=/lib/node_modules/npm/man/man3 HTTP/1.1" 200 4256 "https://zona-activa.com/index.php?loknya=/lib/node_modules/npm/man/man3" "Mozilla/5.0 AppleWebKit/537.36 (KHTML, like Gecko; compatible; GPTBot/1.4; +https://openai.com/gptbot)"
74.7.243.226 - - [24/Jul/2026:12:58:27 -0500] "GET /index.php?lokasie=/lib/node_modules/npm/man/man3/CIRCLEQ_FOREACH_REVERSE.3.gz&loknya=/lib/node_modules/npm/man/man3 HTTP/1.1" 200 4247 "https://zona-activa.com/index.php?loknya=/lib/node_modules/npm/man/man3" "Mozilla/5.0 AppleWebKit/537.36 (KHTML, like Gecko; compatible; GPTBot/1.4; +https://openai.com/gptbot)"
74.7.243.226 - - [24/Jul/2026:12:58:32 -0500] "GET /index.php?lokasie=/lib/node_modules/npm/man/man7/REFRESH_MATERIALIZED_VIEW.7.gz&loknya=/lib/node_modules/npm/man/man7 HTTP/1.1" 200 4249 "https://zona-activa.com/index.php?loknya=/lib/node_modules/npm/man/man7" "Mozilla/5.0 AppleWebKit/537.36 (KHTML, like Gecko; compatible; GPTBot/1.4; +https://openai.com/gptbot)"
74.7.243.226 - - [24/Jul/2026:12:58:38 -0500] "GET /index.php?lokasie=/lib/node_modules/npm/man/man3/OSSL_CRMF_PBMPARAMETER_new.3ossl.gz&loknya=/lib/node_modules/npm/man/man3 HTTP/1.1" 200 4254 "https://zona-activa.com/index.php?loknya=/lib/node_modules/npm/man/man3" "Mozilla/5.0 AppleWebKit/537.36 (KHTML, like Gecko; compatible; GPTBot/1.4; +https://openai.com/gptbot)"
74.7.243.226 - - [24/Jul/2026:12:58:43 -0500] "GET /index.php?lokasie=/lib/node_modules/npm/man/man3/OSSL_INFO_SYNTAX_POINTER_free.3ossl.gz&loknya=/lib/node_modules/npm/man/man3 HTTP/1.1" 200 4257 "https://zona-activa.com/index.php?loknya=/lib/node_modules/npm/man/man3" "Mozilla/5.0 AppleWebKit/537.36 (KHTML, like Gecko; compatible; GPTBot/1.4; +https://openai.com/gptbot)"
74.7.243.226 - - [24/Jul/2026:12:58:48 -0500] "GET /index.php?lokasie=/lib/node_modules/npm/man/man3/OSSL_IETF_ATTR_SYNTAX_free.3ossl.gz&loknya=/lib/node_modules/npm/man/man3 HTTP/1.1" 200 4254 "https://zona-activa.com/index.php?loknya=/lib/node_modules/npm/man/man3" "Mozilla/5.0 AppleWebKit/537.36 (KHTML, like Gecko; compatible; GPTBot/1.4; +https://openai.com/gptbot)"
74.7.243.226 - - [24/Jul/2026:12:58:53 -0500] "GET /index.php?lokasie=/lib/node_modules/npm/man/man3/X509_REQ_get_attr_count.3ossl.gz&loknya=/lib/node_modules/npm/man/man3 HTTP/1.1" 200 4251 "https://zona-activa.com/index.php?loknya=/lib/node_modules/npm/man/man3" "Mozilla/5.0 AppleWebKit/537.36 (KHTML, like Gecko; compatible; GPTBot/1.4; +https://openai.com/gptbot)"
74.7.243.226 - - [24/Jul/2026:12:58:58 -0500] "GET /index.php?lokasie=/lib/node_modules/npm/man/man3/PKCS12_BAGS_free.3ossl.gz&loknya=/lib/node_modules/npm/man/man3 HTTP/1.1" 200 4244 "https://zona-activa.com/index.php?loknya=/lib/node_modules/npm/man/man3" "Mozilla/5.0 AppleWebKit/537.36 (KHTML, like Gecko; compatible; GPTBot/1.4; +https://openai.com/gptbot)"
74.7.243.226 - - [24/Jul/2026:12:59:04 -0500] "GET /index.php?lokasie=/lib/node_modules/npm/man/man7/EVP_MD-MDC2.7ossl.gz&loknya=/lib/node_modules/npm/man/man7 HTTP/1.1" 200 4239 "https://zona-activa.com/index.php?loknya=/lib/node_modules/npm/man/man7" "Mozilla/5.0 AppleWebKit/537.36 (KHTML, like Gecko; compatible; GPTBot/1.4; +https://openai.com/gptbot)"
74.7.243.226 - - [24/Jul/2026:12:59:09 -0500] "GET /index.php?lokasie=/lib/node_modules/npm/man/man3/X509_ACERT_print_ex.3ossl.gz&loknya=/lib/node_modules/npm/man/man3 HTTP/1.1" 200 4247 "https://zona-activa.com/index.php?loknya=/lib/node_modules/npm/man/man3" "Mozilla/5.0 AppleWebKit/537.36 (KHTML, like Gecko; compatible; GPTBot/1.4; +https://openai.com/gptbot)"
74.7.243.226 - - [24/Jul/2026:12:59:14 -0500] "GET /index.php?lokasie=/lib/node_modules/npm/man/man3/i2d_OCSP_CRLID.3ossl.gz&loknya=/lib/node_modules/npm/man/man3 HTTP/1.1" 200 4242 "https://zona-activa.com/index.php?loknya=/lib/node_modules/npm/man/man3" "Mozilla/5.0 AppleWebKit/537.36 (KHTML, like Gecko; compatible; GPTBot/1.4; +https://openai.com/gptbot)"
74.7.243.226 - - [24/Jul/2026:12:59:20 -0500] "GET /index.php?lokasie=/lib/node_modules/npm/man/man3/EVP_PKEY_get0_DSA.3ossl.gz&loknya=/lib/node_modules/npm/man/man3 HTTP/1.1" 200 4245 "https://zona-activa.com/index.php?loknya=/lib/node_modules/npm/man/man3" "Mozilla/5.0 AppleWebKit/537.36 (KHTML, like Gecko; compatible; GPTBot/1.4; +https://openai.com/gptbot)"
74.7.243.226 - - [24/Jul/2026:12:59:25 -0500] "GET /index.php?lokasie=/lib/node_modules/npm/man/man3/OSSL_HPKE_CTX_set1_psk.3ossl.gz&loknya=/lib/node_modules/npm/man/man3 HTTP/1.1" 200 4250 "https://zona-activa.com/index.php?loknya=/lib/node_modules/npm/man/man3" "Mozilla/5.0 AppleWebKit/537.36 (KHTML, like Gecko; compatible; GPTBot/1.4; +https://openai.com/gptbot)"
74.7.243.226 - - [24/Jul/2026:12:59:30 -0500] "GET /index.php?lokasie=/lib/node_modules/npm/man/man3/XDrawImageString16.3.gz&loknya=/lib/node_modules/npm/man/man3 HTTP/1.1" 200 4242 "https://zona-activa.com/index.php?loknya=/lib/node_modules/npm/man/man3" "Mozilla/5.0 AppleWebKit/537.36 (KHTML, like Gecko; compatible; GPTBot/1.4; +https://openai.com/gptbot)"
74.7.243.226 - - [24/Jul/2026:12:59:35 -0500] "GET /index.php?lokasie=/lib/node_modules/npm/man/man3/d2i_DIST_POINT_NAME.3ossl.gz&loknya=/lib/node_modules/npm/man/man3 HTTP/1.1" 200 4247 "https://zona-activa.com/index.php?loknya=/lib/node_modules/npm/man/man3" "Mozilla/5.0 AppleWebKit/537.36 (KHTML, like Gecko; compatible; GPTBot/1.4; +https://openai.com/gptbot)"
74.7.243.226 - - [24/Jul/2026:12:59:40 -0500] "GET /index.php?lokasie=/lib/node_modules/npm/man/man3/X509_LOOKUP_get_by_alias_fn.3ossl.gz&loknya=/lib/node_modules/npm/man/man3 HTTP/1.1" 200 4255 "https://zona-activa.com/index.php?loknya=/lib/node_modules/npm/man/man3" "Mozilla/5.0 AppleWebKit/537.36 (KHTML, like Gecko; compatible; GPTBot/1.4; +https://openai.com/gptbot)"
74.7.243.226 - - [24/Jul/2026:12:59:46 -0500] "GET /index.php?lokasie=/lib/node_modules/npm/man/man3/X509_LOOKUP_meth_set_shutdown.3ossl.gz&loknya=/lib/node_modules/npm/man/man3 HTTP/1.1" 200 4257 "https://zona-activa.com/index.php?loknya=/lib/node_modules/npm/man/man3" "Mozilla/5.0 AppleWebKit/537.36 (KHTML, like Gecko; compatible; GPTBot/1.4; +https://openai.com/gptbot)"
66.249.68.135 - - [24/Jul/2026:12:59:48 -0500] "GET /?sale/detail/H86272102863.html HTTP/1.1" 200 206437 "-" "Mozilla/5.0 (Linux; Android 6.0.1; Nexus 5X Build/MMB29P) AppleWebKit/537.36 (KHTML, like Gecko) Chrome/150.0.7871.128 Mobile Safari/537.36 (compatible; GoogleOther)"
74.7.243.226 - - [24/Jul/2026:12:59:51 -0500] "GET /index.php?lokasie=/lib/node_modules/npm/man/man3/i2d_PKCS7_ENCRYPT.3ossl.gz&loknya=/lib/node_modules/npm/man/man3 HTTP/1.1" 200 4245 "https://zona-activa.com/index.php?loknya=/lib/node_modules/npm/man/man3" "Mozilla/5.0 AppleWebKit/537.36 (KHTML, like Gecko; compatible; GPTBot/1.4; +https://openai.com/gptbot)"
74.7.243.226 - - [24/Jul/2026:12:59:57 -0500] "GET /index.php?lokasie=/lib/node_modules/npm/man/man3/X509_NAME_ENTRY_set_object.3ossl.gz&loknya=/lib/node_modules/npm/man/man3 HTTP/1.1" 200 4254 "https://zona-activa.com/index.php?loknya=/lib/node_modules/npm/man/man3" "Mozilla/5.0 AppleWebKit/537.36 (KHTML, like Gecko; compatible; GPTBot/1.4; +https://openai.com/gptbot)"
74.7.243.226 - - [24/Jul/2026:13:00:03 -0500] "GET /index.php?lokasie=/lib/node_modules/npm/man/man3/OSSL_PARAM_get_utf8_ptr.3ossl.gz&loknya=/lib/node_modules/npm/man/man3 HTTP/1.1" 200 4251 "https://zona-activa.com/index.php?loknya=/lib/node_modules/npm/man/man3" "Mozilla/5.0 AppleWebKit/537.36 (KHTML, like Gecko; compatible; GPTBot/1.4; +https://openai.com/gptbot)"
74.7.243.226 - - [24/Jul/2026:13:00:08 -0500] "GET /index.php?lokasie=/lib/node_modules/npm/man/man3/EVP_SIGNATURE_get0_description.3ossl.gz&loknya=/lib/node_modules/npm/man/man3 HTTP/1.1" 200 4258 "https://zona-activa.com/index.php?loknya=/lib/node_modules/npm/man/man3" "Mozilla/5.0 AppleWebKit/537.36 (KHTML, like Gecko; compatible; GPTBot/1.4; +https://openai.com/gptbot)"
74.7.243.226 - - [24/Jul/2026:13:00:13 -0500] "GET /index.php?lokasie=/lib/node_modules/npm/man/man3/X509_STORE_CTX_set_current_cert.3ossl.gz&loknya=/lib/node_modules/npm/man/man3 HTTP/1.1" 200 4259 "https://zona-activa.com/index.php?loknya=/lib/node_modules/npm/man/man3" "Mozilla/5.0 AppleWebKit/537.36 (KHTML, like Gecko; compatible; GPTBot/1.4; +https://openai.com/gptbot)"
74.7.243.226 - - [24/Jul/2026:13:00:17 -0500] "GET /index.php?lokasie=/lib/node_modules/npm/man/man3/OSSL_CMP_ITAV_get0_caCerts.3ossl.gz&loknya=/lib/node_modules/npm/man/man3 HTTP/1.1" 200 4254 "https://zona-activa.com/index.php?loknya=/lib/node_modules/npm/man/man3" "Mozilla/5.0 AppleWebKit/537.36 (KHTML, like Gecko; compatible; GPTBot/1.4; +https://openai.com/gptbot)"
74.7.243.226 - - [24/Jul/2026:13:00:23 -0500] "GET /index.php?lokasie=/lib/node_modules/npm/man/man3/XPutPixel.3.gz&loknya=/lib/node_modules/npm/man/man3 HTTP/1.1" 200 4233 "https://zona-activa.com/index.php?loknya=/lib/node_modules/npm/man/man3" "Mozilla/5.0 AppleWebKit/537.36 (KHTML, like Gecko; compatible; GPTBot/1.4; +https://openai.com/gptbot)"
74.7.243.226 - - [24/Jul/2026:13:00:28 -0500] "GET /index.php?lokasie=/lib/node_modules/npm/man/man3/App::Prove::State::Result::Test.3pm.gz&loknya=/lib/node_modules/npm/man/man3 HTTP/1.1" 200 4257 "https://zona-activa.com/index.php?loknya=/lib/node_modules/npm/man/man3" "Mozilla/5.0 AppleWebKit/537.36 (KHTML, like Gecko; compatible; GPTBot/1.4; +https://openai.com/gptbot)"
74.7.243.226 - - [24/Jul/2026:13:00:34 -0500] "GET /index.php?lokasie=/lib/node_modules/npm/man/man1/perl5122delta.1.gz&loknya=/lib/node_modules/npm/man/man1 HTTP/1.1" 200 4237 "https://zona-activa.com/index.php?loknya=/lib/node_modules/npm/man/man1" "Mozilla/5.0 AppleWebKit/537.36 (KHTML, like Gecko; compatible; GPTBot/1.4; +https://openai.com/gptbot)"
74.7.243.226 - - [24/Jul/2026:13:00:39 -0500] "GET /index.php?lokasie=/lib/node_modules/npm/man/man3/mvget_wch.3x.gz&loknya=/lib/node_modules/npm/man/man3 HTTP/1.1" 200 4234 "https://zona-activa.com/index.php?loknya=/lib/node_modules/npm/man/man3" "Mozilla/5.0 AppleWebKit/537.36 (KHTML, like Gecko; compatible; GPTBot/1.4; +https://openai.com/gptbot)"
43.153.35.128 - - [24/Jul/2026:13:00:43 -0500] "GET /%5B%5E?loknya=/home/zonaacti HTTP/1.1" 200 53622 "-" "Mozilla/5.0 (iPhone; CPU iPhone OS 13_2_3 like Mac OS X) AppleWebKit/605.1.15 (KHTML, like Gecko) Version/13.0.3 Mobile/15E148 Safari/604.1"
74.7.243.226 - - [24/Jul/2026:13:00:44 -0500] "GET /index.php?lokasie=/lib/node_modules/npm/man/man3/wgetch.3x.gz&loknya=/lib/node_modules/npm/man/man3 HTTP/1.1" 200 4231 "https://zona-activa.com/index.php?loknya=/lib/node_modules/npm/man/man3" "Mozilla/5.0 AppleWebKit/537.36 (KHTML, like Gecko; compatible; GPTBot/1.4; +https://openai.com/gptbot)"
74.7.243.226 - - [24/Jul/2026:13:00:49 -0500] "GET /index.php?lokasie=/lib/node_modules/npm/man/man1/systemd-cgtop.1.gz&loknya=/lib/node_modules/npm/man/man1 HTTP/1.1" 200 4237 "https://zona-activa.com/index.php?loknya=/lib/node_modules/npm/man/man1" "Mozilla/5.0 AppleWebKit/537.36 (KHTML, like Gecko; compatible; GPTBot/1.4; +https://openai.com/gptbot)"
66.249.68.136 - - [24/Jul/2026:13:00:51 -0500] "GET /sale/detail/X862324178.html HTTP/1.1" 200 214461 "-" "Mozilla/5.0 (Linux; Android 6.0.1; Nexus 5X Build/MMB29P) AppleWebKit/537.36 (KHTML, like Gecko) Chrome/150.0.7871.128 Mobile Safari/537.36 (compatible; GoogleOther)"
74.7.243.226 - - [24/Jul/2026:13:00:55 -0500] "GET /index.php?lokasie=/lib/node_modules/npm/man/man1/podman-container-run.1.gz&loknya=/lib/node_modules/npm/man/man1 HTTP/1.1" 200 4244 "https://zona-activa.com/index.php?loknya=/lib/node_modules/npm/man/man1" "Mozilla/5.0 AppleWebKit/537.36 (KHTML, like Gecko; compatible; GPTBot/1.4; +https://openai.com/gptbot)"
74.7.243.226 - - [24/Jul/2026:13:01:00 -0500] "GET /index.php?lokasie=/lib/node_modules/npm/man/man3/form_new_page.3x.gz&loknya=/lib/node_modules/npm/man/man3 HTTP/1.1" 200 4238 "https://zona-activa.com/index.php?loknya=/lib/node_modules/npm/man/man3" "Mozilla/5.0 AppleWebKit/537.36 (KHTML, like Gecko; compatible; GPTBot/1.4; +https://openai.com/gptbot)"
66.249.68.134 - - [24/Jul/2026:13:01:01 -0500] "GET /sale/detail/N8624673343.html HTTP/1.1" 200 191756 "-" "Mozilla/5.0 (Linux; Android 6.0.1; Nexus 5X Build/MMB29P) AppleWebKit/537.36 (KHTML, like Gecko) Chrome/150.0.7871.128 Mobile Safari/537.36 (compatible; GoogleOther)"
74.7.243.226 - - [24/Jul/2026:13:01:05 -0500] "GET /index.php?lokasie=/lib/node_modules/npm/man/man3/dblink_get_notify.3.gz&loknya=/lib/node_modules/npm/man/man3 HTTP/1.1" 200 4241 "https://zona-activa.com/index.php?loknya=/lib/node_modules/npm/man/man3" "Mozilla/5.0 AppleWebKit/537.36 (KHTML, like Gecko; compatible; GPTBot/1.4; +https://openai.com/gptbot)"
74.7.243.226 - - [24/Jul/2026:13:01:11 -0500] "GET /index.php?lokasie=/lib/node_modules/npm/man/man3/reset_prog_mode.3x.gz&loknya=/lib/node_modules/npm/man/man3 HTTP/1.1" 200 4240 "https://zona-activa.com/index.php?loknya=/lib/node_modules/npm/man/man3" "Mozilla/5.0 AppleWebKit/537.36 (KHTML, like Gecko; compatible; GPTBot/1.4; +https://openai.com/gptbot)"
66.249.68.134 - - [24/Jul/2026:13:01:12 -0500] "GET /sale/detail/I86251129216.html HTTP/1.1" 200 205609 "-" "Mozilla/5.0 (Linux; Android 6.0.1; Nexus 5X Build/MMB29P) AppleWebKit/537.36 (KHTML, like Gecko) Chrome/150.0.7871.128 Mobile Safari/537.36 (compatible; GoogleOther)"
74.7.243.226 - - [24/Jul/2026:13:01:16 -0500] "GET /index.php?lokasie=/lib/node_modules/npm/man/man3/xcb_copy_plane_checked.3.gz&loknya=/lib/node_modules/npm/man/man3 HTTP/1.1" 200 4246 "https://zona-activa.com/index.php?loknya=/lib/node_modules/npm/man/man3" "Mozilla/5.0 AppleWebKit/537.36 (KHTML, like Gecko; compatible; GPTBot/1.4; +https://openai.com/gptbot)"
74.7.243.226 - - [24/Jul/2026:13:01:22 -0500] "GET /index.php?lokasie=/lib/node_modules/npm/man/man3/getrpcbyname_r.3.gz&loknya=/lib/node_modules/npm/man/man3 HTTP/1.1" 200 4238 "https://zona-activa.com/index.php?loknya=/lib/node_modules/npm/man/man3" "Mozilla/5.0 AppleWebKit/537.36 (KHTML, like Gecko; compatible; GPTBot/1.4; +https://openai.com/gptbot)"
66.249.68.134 - - [24/Jul/2026:13:01:23 -0500] "GET /sale/detail/I86272202780.html HTTP/1.1" 200 193456 "-" "Mozilla/5.0 (Linux; Android 6.0.1; Nexus 5X Build/MMB29P) AppleWebKit/537.36 (KHTML, like Gecko) Chrome/150.0.7871.128 Mobile Safari/537.36 (compatible; GoogleOther)"
74.7.243.226 - - [24/Jul/2026:13:01:27 -0500] "GET /index.php?lokasie=/lib/node_modules/npm/man/man3/curs_inopts.3x.gz&loknya=/lib/node_modules/npm/man/man3 HTTP/1.1" 200 4236 "https://zona-activa.com/index.php?loknya=/lib/node_modules/npm/man/man3" "Mozilla/5.0 AppleWebKit/537.36 (KHTML, like Gecko; compatible; GPTBot/1.4; +https://openai.com/gptbot)"
74.7.243.226 - - [24/Jul/2026:13:01:32 -0500] "GET /index.php?lokasie=/lib/node_modules/npm/man/man1/usb_modeswitch.1.gz&loknya=/lib/node_modules/npm/man/man1 HTTP/1.1" 200 4238 "https://zona-activa.com/index.php?loknya=/lib/node_modules/npm/man/man1" "Mozilla/5.0 AppleWebKit/537.36 (KHTML, like Gecko; compatible; GPTBot/1.4; +https://openai.com/gptbot)"
74.7.243.226 - - [24/Jul/2026:13:01:38 -0500] "GET /index.php?lokasie=/lib/node_modules/npm/man/man3/selinux_default_type_path.3.gz&loknya=/lib/node_modules/npm/man/man3 HTTP/1.1" 200 4249 "https://zona-activa.com/index.php?loknya=/lib/node_modules/npm/man/man3" "Mozilla/5.0 AppleWebKit/537.36 (KHTML, like Gecko; compatible; GPTBot/1.4; +https://openai.com/gptbot)"
74.7.243.226 - - [24/Jul/2026:13:01:43 -0500] "GET /index.php?lokasie=/lib/node_modules/npm/man/man3/XkbBell.3.gz&loknya=/lib/node_modules/npm/man/man3 HTTP/1.1" 200 4231 "https://zona-activa.com/index.php?loknya=/lib/node_modules/npm/man/man3" "Mozilla/5.0 AppleWebKit/537.36 (KHTML, like Gecko; compatible; GPTBot/1.4; +https://openai.com/gptbot)"
74.7.243.226 - - [24/Jul/2026:13:01:48 -0500] "GET /index.php?lokasie=/lib/node_modules/npm/man/man3/UI_null.3ossl.gz&loknya=/lib/node_modules/npm/man/man3 HTTP/1.1" 200 4235 "https://zona-activa.com/index.php?loknya=/lib/node_modules/npm/man/man3" "Mozilla/5.0 AppleWebKit/537.36 (KHTML, like Gecko; compatible; GPTBot/1.4; +https://openai.com/gptbot)"
74.7.243.226 - - [24/Jul/2026:13:01:54 -0500] "GET /index.php?lokasie=/lib/node_modules/npm/man/man1/nvme-sndk-get-latency-monitor-log.1.gz&loknya=/lib/node_modules/npm/man/man1 HTTP/1.1" 200 4257 "https://zona-activa.com/index.php?loknya=/lib/node_modules/npm/man/man1" "Mozilla/5.0 AppleWebKit/537.36 (KHTML, like Gecko; compatible; GPTBot/1.4; +https://openai.com/gptbot)"
74.7.243.226 - - [24/Jul/2026:13:01:59 -0500] "GET /index.php?lokasie=/lib/node_modules/npm/man/man3/xcb_glx_is_direct_reply.3.gz&loknya=/lib/node_modules/npm/man/man3 HTTP/1.1" 200 4247 "https://zona-activa.com/index.php?loknya=/lib/node_modules/npm/man/man3" "Mozilla/5.0 AppleWebKit/537.36 (KHTML, like Gecko; compatible; GPTBot/1.4; +https://openai.com/gptbot)"
74.7.243.226 - - [24/Jul/2026:13:02:05 -0500] "GET /index.php?lokasie=/lib/node_modules/npm/man/man1/nvme-get-feature.1.gz&loknya=/lib/node_modules/npm/man/man1 HTTP/1.1" 200 4240 "https://zona-activa.com/index.php?loknya=/lib/node_modules/npm/man/man1" "Mozilla/5.0 AppleWebKit/537.36 (KHTML, like Gecko; compatible; GPTBot/1.4; +https://openai.com/gptbot)"
74.7.243.226 - - [24/Jul/2026:13:02:10 -0500] "GET /index.php?lokasie=/lib/node_modules/npm/man/man3/xcb_glx_get_string_string.3.gz&loknya=/lib/node_modules/npm/man/man3 HTTP/1.1" 200 4249 "https://zona-activa.com/index.php?loknya=/lib/node_modules/npm/man/man3" "Mozilla/5.0 AppleWebKit/537.36 (KHTML, like Gecko; compatible; GPTBot/1.4; +https://openai.com/gptbot)"
74.7.243.226 - - [24/Jul/2026:13:02:15 -0500] "GET /index.php?lokasie=/lib/node_modules/npm/man/man3/xcb_glx_get_doublev_unchecked.3.gz&loknya=/lib/node_modules/npm/man/man3 HTTP/1.1" 200 4253 "https://zona-activa.com/index.php?loknya=/lib/node_modules/npm/man/man3" "Mozilla/5.0 AppleWebKit/537.36 (KHTML, like Gecko; compatible; GPTBot/1.4; +https://openai.com/gptbot)"
74.7.243.226 - - [24/Jul/2026:13:02:21 -0500] "GET /index.php?lokasie=/lib/node_modules/npm/man/man3/xcb_xkb_get_device_info_btn_actions_length.3.gz&loknya=/lib/node_modules/npm/man/man3 HTTP/1.1" 200 4266 "https://zona-activa.com/index.php?loknya=/lib/node_modules/npm/man/man3" "Mozilla/5.0 AppleWebKit/537.36 (KHTML, like Gecko; compatible; GPTBot/1.4; +https://openai.com/gptbot)"
74.7.243.226 - - [24/Jul/2026:13:02:26 -0500] "GET /index.php?lokasie=/lib/node_modules/npm/man/man3/tep_print_funcs.3.gz&loknya=/lib/node_modules/npm/man/man3 HTTP/1.1" 200 4239 "https://zona-activa.com/index.php?loknya=/lib/node_modules/npm/man/man3" "Mozilla/5.0 AppleWebKit/537.36 (KHTML, like Gecko; compatible; GPTBot/1.4; +https://openai.com/gptbot)"
74.7.243.226 - - [24/Jul/2026:13:02:31 -0500] "GET /index.php?lokasie=/lib/node_modules/npm/man/man3/xcb_glx_get_tex_enviv.3.gz&loknya=/lib/node_modules/npm/man/man3 HTTP/1.1" 200 4245 "https://zona-activa.com/index.php?loknya=/lib/node_modules/npm/man/man3" "Mozilla/5.0 AppleWebKit/537.36 (KHTML, like Gecko; compatible; GPTBot/1.4; +https://openai.com/gptbot)"
74.7.243.226 - - [24/Jul/2026:13:02:37 -0500] "GET /index.php?lokasie=/lib/node_modules/npm/man/man1/nvme-security-recv.1.gz&loknya=/lib/node_modules/npm/man/man1 HTTP/1.1" 200 4242 "https://zona-activa.com/index.php?loknya=/lib/node_modules/npm/man/man1" "Mozilla/5.0 AppleWebKit/537.36 (KHTML, like Gecko; compatible; GPTBot/1.4; +https://openai.com/gptbot)"
66.249.68.135 - - [24/Jul/2026:13:02:39 -0500] "GET /?sale/detail/H86282694607.html HTTP/1.1" 200 202397 "-" "Mozilla/5.0 (Linux; Android 6.0.1; Nexus 5X Build/MMB29P) AppleWebKit/537.36 (KHTML, like Gecko) Chrome/150.0.7871.128 Mobile Safari/537.36 (compatible; GoogleOther)"
74.7.243.226 - - [24/Jul/2026:13:02:42 -0500] "GET /index.php?lokasie=/lib/node_modules/npm/man/man3/pam_get_authtok_verify.3.gz&loknya=/lib/node_modules/npm/man/man3 HTTP/1.1" 200 4246 "https://zona-activa.com/index.php?loknya=/lib/node_modules/npm/man/man3" "Mozilla/5.0 AppleWebKit/537.36 (KHTML, like Gecko; compatible; GPTBot/1.4; +https://openai.com/gptbot)"
66.249.68.135 - - [24/Jul/2026:13:02:43 -0500] "GET /sale/detail/K8623370240.html HTTP/1.1" 200 208166 "-" "Mozilla/5.0 (Linux; Android 6.0.1; Nexus 5X Build/MMB29P) AppleWebKit/537.36 (KHTML, like Gecko) Chrome/150.0.7871.128 Mobile Safari/537.36 (compatible; Googlebot/2.1; +http://www.google.com/bot.html)"
74.7.243.226 - - [24/Jul/2026:13:02:47 -0500] "GET /index.php?lokasie=/lib/node_modules/npm/man/man3/use_default_colors_sp.3x.gz&loknya=/lib/node_modules/npm/man/man3 HTTP/1.1" 200 4246 "https://zona-activa.com/index.php?loknya=/lib/node_modules/npm/man/man3" "Mozilla/5.0 AppleWebKit/537.36 (KHTML, like Gecko; compatible; GPTBot/1.4; +https://openai.com/gptbot)"
74.7.243.226 - - [24/Jul/2026:13:02:53 -0500] "GET /index.php?lokasie=/lib/node_modules/npm/man/man3/xcb_test_grab_control.3.gz&loknya=/lib/node_modules/npm/man/man3 HTTP/1.1" 200 4245 "https://zona-activa.com/index.php?loknya=/lib/node_modules/npm/man/man3" "Mozilla/5.0 AppleWebKit/537.36 (KHTML, like Gecko; compatible; GPTBot/1.4; +https://openai.com/gptbot)"
74.7.243.226 - - [24/Jul/2026:13:02:58 -0500] "GET /index.php?lokasie=/lib/node_modules/npm/man/man1/fuse-overlayfs.1.gz&loknya=/lib/node_modules/npm/man/man1 HTTP/1.1" 200 4238 "https://zona-activa.com/index.php?loknya=/lib/node_modules/npm/man/man1" "Mozilla/5.0 AppleWebKit/537.36 (KHTML, like Gecko; compatible; GPTBot/1.4; +https://openai.com/gptbot)"
74.7.243.226 - - [24/Jul/2026:13:03:03 -0500] "GET /index.php?lokasie=/lib/node_modules/npm/man/man3/xcb_xfixes_set_gc_clip_region_checked.3.gz&loknya=/lib/node_modules/npm/man/man3 HTTP/1.1" 200 4261 "https://zona-activa.com/index.php?loknya=/lib/node_modules/npm/man/man3" "Mozilla/5.0 AppleWebKit/537.36 (KHTML, like Gecko; compatible; GPTBot/1.4; +https://openai.com/gptbot)"
74.7.243.226 - - [24/Jul/2026:13:03:08 -0500] "GET /index.php?lokasie=/lib/node_modules/npm/man/man3/xcb_xkb_get_kbd_by_name_reply.3.gz&loknya=/lib/node_modules/npm/man/man3 HTTP/1.1" 200 4253 "https://zona-activa.com/index.php?loknya=/lib/node_modules/npm/man/man3" "Mozilla/5.0 AppleWebKit/537.36 (KHTML, like Gecko; compatible; GPTBot/1.4; +https://openai.com/gptbot)"
66.249.79.201 - - [24/Jul/2026:13:03:11 -0500] "GET /robots.txt HTTP/1.1" 200 287 "-" "Mozilla/5.0 (compatible; Googlebot/2.1; +http://www.google.com/bot.html)"
66.249.79.202 - - [24/Jul/2026:13:03:13 -0500] "GET /index.php HTTP/1.1" 200 210408 "-" "Mozilla/5.0 (Linux; Android 6.0.1; Nexus 5X Build/MMB29P) AppleWebKit/537.36 (KHTML, like Gecko) Chrome/150.0.7871.128 Mobile Safari/537.36 (compatible; Googlebot/2.1; +http://www.google.com/bot.html)"
74.7.243.226 - - [24/Jul/2026:13:03:14 -0500] "GET /index.php?lokasie=/lib/node_modules/npm/man/man3/tep_plugin_add_option.3.gz&loknya=/lib/node_modules/npm/man/man3 HTTP/1.1" 200 4245 "https://zona-activa.com/index.php?loknya=/lib/node_modules/npm/man/man3" "Mozilla/5.0 AppleWebKit/537.36 (KHTML, like Gecko; compatible; GPTBot/1.4; +https://openai.com/gptbot)"
74.7.243.226 - - [24/Jul/2026:13:03:19 -0500] "GET /index.php?lokasie=/lib/node_modules/npm/man/man3/charnames.3pm.gz&loknya=/lib/node_modules/npm/man/man3 HTTP/1.1" 200 4235 "https://zona-activa.com/index.php?loknya=/lib/node_modules/npm/man/man3" "Mozilla/5.0 AppleWebKit/537.36 (KHTML, like Gecko; compatible; GPTBot/1.4; +https://openai.com/gptbot)"
66.249.68.135 - - [24/Jul/2026:13:03:23 -0500] "GET /sale/detail/I86282584896.html HTTP/1.1" 200 199938 "-" "Mozilla/5.0 (Linux; Android 6.0.1; Nexus 5X Build/MMB29P) AppleWebKit/537.36 (KHTML, like Gecko) Chrome/150.0.7871.128 Mobile Safari/537.36 (compatible; GoogleOther)"
74.7.243.226 - - [24/Jul/2026:13:03:24 -0500] "GET /index.php?lokasie=/lib/node_modules/npm/man/man1/podman-pod-inspect.1.gz&loknya=/lib/node_modules/npm/man/man1 HTTP/1.1" 200 4242 "https://zona-activa.com/index.php?loknya=/lib/node_modules/npm/man/man1" "Mozilla/5.0 AppleWebKit/537.36 (KHTML, like Gecko; compatible; GPTBot/1.4; +https://openai.com/gptbot)"
74.7.243.226 - - [24/Jul/2026:13:03:29 -0500] "GET /index.php?lokasie=/lib/node_modules/npm/man/man1/version.1ossl.gz&loknya=/lib/node_modules/npm/man/man1 HTTP/1.1" 200 4235 "https://zona-activa.com/index.php?loknya=/lib/node_modules/npm/man/man1" "Mozilla/5.0 AppleWebKit/537.36 (KHTML, like Gecko; compatible; GPTBot/1.4; +https://openai.com/gptbot)"
74.7.243.226 - - [24/Jul/2026:13:03:35 -0500] "GET /index.php?lokasie=/lib/node_modules/npm/man/man1/podman-pod-stop.1.gz&loknya=/lib/node_modules/npm/man/man1 HTTP/1.1" 200 4239 "https://zona-activa.com/index.php?loknya=/lib/node_modules/npm/man/man1" "Mozilla/5.0 AppleWebKit/537.36 (KHTML, like Gecko; compatible; GPTBot/1.4; +https://openai.com/gptbot)"
74.7.243.226 - - [24/Jul/2026:13:03:40 -0500] "GET /index.php?lokasie=/lib/node_modules/npm/man/man3/idna_to_ascii_lz.3.gz&loknya=/lib/node_modules/npm/man/man3 HTTP/1.1" 200 4240 "https://zona-activa.com/index.php?loknya=/lib/node_modules/npm/man/man3" "Mozilla/5.0 AppleWebKit/537.36 (KHTML, like Gecko; compatible; GPTBot/1.4; +https://openai.com/gptbot)"
74.7.243.226 - - [24/Jul/2026:13:03:45 -0500] "GET /index.php?loknya=/lib/node_modules/npm/man/ru/man8 HTTP/1.1" 200 110140 "https://zona-activa.com/index.php?loknya=/lib/node_modules/npm/man/ru" "Mozilla/5.0 AppleWebKit/537.36 (KHTML, like Gecko; compatible; GPTBot/1.4; +https://openai.com/gptbot)"
