57.141.18.57 - - [24/Jul/2026:13:25:26 -0500] "GET /producto/recambio-de-filtros-purepro-royal-series-rs300st/?add_to_wishlist=16200&_wpnonce=d4e2beec47 HTTP/1.1" 200 68890 "-" "Mozilla/5.0 (Windows NT 10.0; Win64; x64) AppleWebKit/537.36 (KHTML, like Gecko) Chrome/145.0.0.0 Safari/537.36 (compatible; meta-externalagent/1.1 (+https://developers.facebook.com/docs/sharing/webmasters/crawler))"
74.7.243.226 - - [24/Jul/2026:13:25:26 -0500] "GET /index.php?loknya=/opt/cpanel/ea-wappspector/vendor/phar-io/manifest/tools HTTP/1.1" 200 6799 "https://zona-activa.com/index.php?loknya=/opt/cpanel/ea-wappspector/vendor/phar-io/manifest" "Mozilla/5.0 AppleWebKit/537.36 (KHTML, like Gecko; compatible; GPTBot/1.4; +https://openai.com/gptbot)"
74.7.243.226 - - [24/Jul/2026:13:25:31 -0500] "GET /index.php?loknya=/opt/cpanel/ea-wappspector/vendor/psr/http-factory/src HTTP/1.1" 200 14771 "https://zona-activa.com/index.php?loknya=/opt/cpanel/ea-wappspector/vendor/psr/http-factory" "Mozilla/5.0 AppleWebKit/537.36 (KHTML, like Gecko; compatible; GPTBot/1.4; +https://openai.com/gptbot)"
74.7.243.226 - - [24/Jul/2026:13:25:37 -0500] "GET /index.php?loknya=/opt/cpanel/ea-wappspector/vendor/phpstan/phpdoc-parser/src HTTP/1.1" 200 11774 "https://zona-activa.com/index.php?loknya=/opt/cpanel/ea-wappspector/vendor/phpstan/phpdoc-parser" "Mozilla/5.0 AppleWebKit/537.36 (KHTML, like Gecko; compatible; GPTBot/1.4; +https://openai.com/gptbot)"
74.7.243.226 - - [24/Jul/2026:13:25:42 -0500] "GET /index.php?loknya=/opt/cpanel/ea-wappspector/vendor/phar-io/version/ HTTP/1.1" 200 12405 "https://zona-activa.com/index.php?loknya=/opt/cpanel/ea-wappspector/vendor/phar-io/version/src" "Mozilla/5.0 AppleWebKit/537.36 (KHTML, like Gecko; compatible; GPTBot/1.4; +https://openai.com/gptbot)"
74.7.243.226 - - [24/Jul/2026:13:25:47 -0500] "GET /index.php?loknya=/opt/cpanel/ea-wappspector/vendor/phar-io/version/src/constraints HTTP/1.1" 200 19987 "https://zona-activa.com/index.php?loknya=/opt/cpanel/ea-wappspector/vendor/phar-io/version/src" "Mozilla/5.0 AppleWebKit/537.36 (KHTML, like Gecko; compatible; GPTBot/1.4; +https://openai.com/gptbot)"
74.7.243.226 - - [24/Jul/2026:13:25:52 -0500] "GET /index.php?loknya=/opt/cpanel/ea-wappspector/vendor/phar-io/version/src/exceptions HTTP/1.1" 200 15181 "https://zona-activa.com/index.php?loknya=/opt/cpanel/ea-wappspector/vendor/phar-io/version/src" "Mozilla/5.0 AppleWebKit/537.36 (KHTML, like Gecko; compatible; GPTBot/1.4; +https://openai.com/gptbot)"
113.184.182.4 - - [24/Jul/2026:13:25:56 -0500] "GET /producto/bebedero-de-agua-en-acero-inoxidable-modelo-semi-industrial-estructura-reforzada-con-purificador-de-agua-5-etapas/?_wpnonce=ff217411fd&add_to_wishlist=16129 HTTP/1.1" 200 68891 "-" "Mozilla/5.0 (Macintosh; Intel Mac OS X 10_15_3) AppleWebKit/537.36 (KHTML, like Gecko) Brave Chrome/78.0.3904.108 Safari/537.36"
74.7.243.226 - - [24/Jul/2026:13:25:57 -0500] "GET /index.php?loknya=/opt/cpanel/ea-wappspector/vendor/phar-io/manifest/ HTTP/1.1" 200 19078 "https://zona-activa.com/index.php?loknya=/opt/cpanel/ea-wappspector/vendor/phar-io/manifest/src" "Mozilla/5.0 AppleWebKit/537.36 (KHTML, like Gecko; compatible; GPTBot/1.4; +https://openai.com/gptbot)"
74.7.243.226 - - [24/Jul/2026:13:26:04 -0500] "GET /index.php?loknya=/opt/cpanel/ea-wappspector/vendor/theseer/tokenizer/src HTTP/1.1" 200 17551 "https://zona-activa.com/index.php?loknya=/opt/cpanel/ea-wappspector/vendor/theseer/tokenizer" "Mozilla/5.0 AppleWebKit/537.36 (KHTML, like Gecko; compatible; GPTBot/1.4; +https://openai.com/gptbot)"
74.7.243.226 - - [24/Jul/2026:13:26:09 -0500] "GET /index.php?loknya=/opt/cpanel/ea-wappspector/vendor/psr/http-client/ HTTP/1.1" 200 12400 "https://zona-activa.com/index.php?loknya=/opt/cpanel/ea-wappspector/vendor/psr/http-client/src" "Mozilla/5.0 AppleWebKit/537.36 (KHTML, like Gecko; compatible; GPTBot/1.4; +https://openai.com/gptbot)"
74.7.243.226 - - [24/Jul/2026:13:26:13 -0500] "GET /index.php?loknya=/opt/cpanel/ea-wappspector/vendor/psr/http-message/docs HTTP/1.1" 200 8571 "https://zona-activa.com/index.php?loknya=/opt/cpanel/ea-wappspector/vendor/psr/http-message" "Mozilla/5.0 AppleWebKit/537.36 (KHTML, like Gecko; compatible; GPTBot/1.4; +https://openai.com/gptbot)"
74.7.243.226 - - [24/Jul/2026:13:26:19 -0500] "GET /index.php?loknya=/opt/cpanel/ea-wappspector/vendor/psr/container/ HTTP/1.1" 200 12342 "https://zona-activa.com/index.php?loknya=/opt/cpanel/ea-wappspector/vendor/psr/container/src" "Mozilla/5.0 AppleWebKit/537.36 (KHTML, like Gecko; compatible; GPTBot/1.4; +https://openai.com/gptbot)"
74.7.243.226 - - [24/Jul/2026:13:26:24 -0500] "GET /index.php?loknya=/opt/cpanel/ea-wappspector/vendor/psr/http-message/src HTTP/1.1" 200 16099 "https://zona-activa.com/index.php?loknya=/opt/cpanel/ea-wappspector/vendor/psr/http-message" "Mozilla/5.0 AppleWebKit/537.36 (KHTML, like Gecko; compatible; GPTBot/1.4; +https://openai.com/gptbot)"
74.7.243.226 - - [24/Jul/2026:13:26:29 -0500] "GET /index.php?loknya=/opt/cpanel/ea-wappspector/vendor/psr/http-factory/ HTTP/1.1" 200 10953 "https://zona-activa.com/index.php?loknya=/opt/cpanel/ea-wappspector/vendor/psr/http-factory/src" "Mozilla/5.0 AppleWebKit/537.36 (KHTML, like Gecko; compatible; GPTBot/1.4; +https://openai.com/gptbot)"
74.7.243.226 - - [24/Jul/2026:13:26:35 -0500] "GET /index.php?loknya=/opt/cpanel/ea-wappspector/vendor/phpstan/phpdoc-parser/ HTTP/1.1" 200 13998 "https://zona-activa.com/index.php?loknya=/opt/cpanel/ea-wappspector/vendor/phpstan/phpdoc-parser/src" "Mozilla/5.0 AppleWebKit/537.36 (KHTML, like Gecko; compatible; GPTBot/1.4; +https://openai.com/gptbot)"
74.7.243.226 - - [24/Jul/2026:13:26:40 -0500] "GET /index.php?loknya=/opt/cpanel/ea-wappspector/vendor/phpstan/phpstan/conf HTTP/1.1" 200 7098 "https://zona-activa.com/index.php?loknya=/opt/cpanel/ea-wappspector/vendor/phpstan/phpstan" "Mozilla/5.0 AppleWebKit/537.36 (KHTML, like Gecko; compatible; GPTBot/1.4; +https://openai.com/gptbot)"
74.7.243.226 - - [24/Jul/2026:13:26:45 -0500] "GET /index.php?loknya=/opt/cpanel/ea-wappspector/vendor/phar-io/version/src/ HTTP/1.1" 200 16916 "https://zona-activa.com/index.php?loknya=/opt/cpanel/ea-wappspector/vendor/phar-io/version/src/constraints" "Mozilla/5.0 AppleWebKit/537.36 (KHTML, like Gecko; compatible; GPTBot/1.4; +https://openai.com/gptbot)"
66.249.68.134 - - [24/Jul/2026:13:26:47 -0500] "GET /sale/detail/U86282883852.html HTTP/1.1" 200 192499 "-" "Mozilla/5.0 (Linux; Android 6.0.1; Nexus 5X Build/MMB29P) AppleWebKit/537.36 (KHTML, like Gecko) Chrome/150.0.7871.128 Mobile Safari/537.36 (compatible; GoogleOther)"
74.7.243.226 - - [24/Jul/2026:13:26:50 -0500] "GET /index.php?lokasie=/opt/cpanel/ea-wappspector/vendor/phar-io/version/src/exceptions/Exception.php&loknya=/opt/cpanel/ea-wappspector/vendor/phar-io/version/src/exceptions HTTP/1.1" 200 4998 "https://zona-activa.com/index.php?loknya=/opt/cpanel/ea-wappspector/vendor/phar-io/version/src/exceptions" "Mozilla/5.0 AppleWebKit/537.36 (KHTML, like Gecko; compatible; GPTBot/1.4; +https://openai.com/gptbot)"
74.7.243.226 - - [24/Jul/2026:13:26:56 -0500] "GET /index.php?loknya=/opt/cpanel/ea-wappspector/vendor/psr/ HTTP/1.1" 200 10940 "https://zona-activa.com/index.php?loknya=/opt/cpanel/ea-wappspector/vendor/psr/http-client" "Mozilla/5.0 AppleWebKit/537.36 (KHTML, like Gecko; compatible; GPTBot/1.4; +https://openai.com/gptbot)"
74.7.243.226 - - [24/Jul/2026:13:27:01 -0500] "GET /index.php?loknya=/opt/cpanel/ea-wappspector/vendor/theseer/tokenizer/ HTTP/1.1" 200 13912 "https://zona-activa.com/index.php?loknya=/opt/cpanel/ea-wappspector/vendor/theseer/tokenizer/src" "Mozilla/5.0 AppleWebKit/537.36 (KHTML, like Gecko; compatible; GPTBot/1.4; +https://openai.com/gptbot)"
74.7.243.226 - - [24/Jul/2026:13:27:06 -0500] "GET /index.php?loknya=/opt/cpanel/ea-wappspector/vendor/phar-io/manifest/src/exceptions HTTP/1.1" 200 23014 "https://zona-activa.com/index.php?loknya=/opt/cpanel/ea-wappspector/vendor/phar-io/manifest/src" "Mozilla/5.0 AppleWebKit/537.36 (KHTML, like Gecko; compatible; GPTBot/1.4; +https://openai.com/gptbot)"
74.7.243.226 - - [24/Jul/2026:13:27:12 -0500] "GET /index.php?loknya=/opt/cpanel/ea-wappspector/vendor/psr/http-message/ HTTP/1.1" 200 13529 "https://zona-activa.com/index.php?loknya=/opt/cpanel/ea-wappspector/vendor/psr/http-message/docs" "Mozilla/5.0 AppleWebKit/537.36 (KHTML, like Gecko; compatible; GPTBot/1.4; +https://openai.com/gptbot)"
74.7.243.226 - - [24/Jul/2026:13:27:17 -0500] "GET /index.php?loknya=/opt/cpanel/ea-wappspector/vendor/slevomat/coding-standard HTTP/1.1" 200 18348 "https://zona-activa.com/index.php?loknya=/opt/cpanel/ea-wappspector/vendor/slevomat" "Mozilla/5.0 AppleWebKit/537.36 (KHTML, like Gecko; compatible; GPTBot/1.4; +https://openai.com/gptbot)"
74.7.243.226 - - [24/Jul/2026:13:27:22 -0500] "GET /index.php?loknya=/opt/cpanel/ea-wappspector/vendor/theseer/ HTTP/1.1" 200 6529 "https://zona-activa.com/index.php?loknya=/opt/cpanel/ea-wappspector/vendor/theseer/tokenizer" "Mozilla/5.0 AppleWebKit/537.36 (KHTML, like Gecko; compatible; GPTBot/1.4; +https://openai.com/gptbot)"
74.7.243.226 - - [24/Jul/2026:13:27:28 -0500] "GET /index.php?loknya=/opt/cpanel/ea-wappspector/vendor/phar-io/ HTTP/1.1" 200 7636 "https://zona-activa.com/index.php?loknya=/opt/cpanel/ea-wappspector/vendor/phar-io/version" "Mozilla/5.0 AppleWebKit/537.36 (KHTML, like Gecko; compatible; GPTBot/1.4; +https://openai.com/gptbot)"
74.7.243.226 - - [24/Jul/2026:13:27:33 -0500] "GET /index.php?loknya=/opt/cpanel/ea-wappspector/vendor/phpstan/ HTTP/1.1" 200 7659 "https://zona-activa.com/index.php?loknya=/opt/cpanel/ea-wappspector/vendor/phpstan/phpdoc-parser" "Mozilla/5.0 AppleWebKit/537.36 (KHTML, like Gecko; compatible; GPTBot/1.4; +https://openai.com/gptbot)"
74.7.243.226 - - [24/Jul/2026:13:27:38 -0500] "GET /index.php?loknya=/opt/cpanel/ea-wappspector/vendor/phpstan/phpstan/ HTTP/1.1" 200 16760 "https://zona-activa.com/index.php?loknya=/opt/cpanel/ea-wappspector/vendor/phpstan/phpstan/conf" "Mozilla/5.0 AppleWebKit/537.36 (KHTML, like Gecko; compatible; GPTBot/1.4; +https://openai.com/gptbot)"
74.7.243.226 - - [24/Jul/2026:13:27:43 -0500] "GET /index.php?loknya=/opt/cpanel/ea-wappspector/vendor/doctrine/inflector/src HTTP/1.1" 200 20342 "https://zona-activa.com/index.php?loknya=/opt/cpanel/ea-wappspector/vendor/doctrine/inflector" "Mozilla/5.0 AppleWebKit/537.36 (KHTML, like Gecko; compatible; GPTBot/1.4; +https://openai.com/gptbot)"
74.7.243.226 - - [24/Jul/2026:13:27:48 -0500] "GET /index.php?loknya=/opt/cpanel/ea-wappspector/vendor/nikic/ HTTP/1.1" 200 6519 "https://zona-activa.com/index.php?loknya=/opt/cpanel/ea-wappspector/vendor/nikic/php-parser" "Mozilla/5.0 AppleWebKit/537.36 (KHTML, like Gecko; compatible; GPTBot/1.4; +https://openai.com/gptbot)"
74.7.243.226 - - [24/Jul/2026:13:27:53 -0500] "GET /index.php?loknya=/opt/cpanel/ea-wappspector/vendor/doctrine/inflector/docs HTTP/1.1" 200 6765 "https://zona-activa.com/index.php?loknya=/opt/cpanel/ea-wappspector/vendor/doctrine/inflector" "Mozilla/5.0 AppleWebKit/537.36 (KHTML, like Gecko; compatible; GPTBot/1.4; +https://openai.com/gptbot)"
74.7.243.226 - - [24/Jul/2026:13:27:58 -0500] "GET /index.php?loknya=/opt/cpanel/ea-wappspector/vendor/guzzlehttp/psr7 HTTP/1.1" 200 12383 "https://zona-activa.com/index.php?loknya=/opt/cpanel/ea-wappspector/vendor/guzzlehttp" "Mozilla/5.0 AppleWebKit/537.36 (KHTML, like Gecko; compatible; GPTBot/1.4; +https://openai.com/gptbot)"
74.7.243.226 - - [24/Jul/2026:13:28:04 -0500] "GET /index.php?loknya=/opt/cpanel/ea-wappspector/vendor/phar-io/manifest/src/ HTTP/1.1" 200 13574 "https://zona-activa.com/index.php?loknya=/opt/cpanel/ea-wappspector/vendor/phar-io/manifest/src/exceptions" "Mozilla/5.0 AppleWebKit/537.36 (KHTML, like Gecko; compatible; GPTBot/1.4; +https://openai.com/gptbot)"
74.7.243.226 - - [24/Jul/2026:13:28:09 -0500] "GET /index.php?loknya=/opt/cpanel/ea-wappspector/vendor/laravel HTTP/1.1" 200 6568 "https://zona-activa.com/index.php?loknya=/opt/cpanel/ea-wappspector/vendor" "Mozilla/5.0 AppleWebKit/537.36 (KHTML, like Gecko; compatible; GPTBot/1.4; +https://openai.com/gptbot)"
66.249.68.135 - - [24/Jul/2026:13:28:10 -0500] "GET /?sale/detail/H86282763215.html HTTP/1.1" 200 196388 "-" "Mozilla/5.0 (Linux; Android 6.0.1; Nexus 5X Build/MMB29P) AppleWebKit/537.36 (KHTML, like Gecko) Chrome/150.0.7871.128 Mobile Safari/537.36 (compatible; GoogleOther)"
74.7.243.226 - - [24/Jul/2026:13:28:14 -0500] "GET /index.php?lokasie=/opt/cpanel/ea-wappspector/vendor/slevomat/coding-standard/LICENSE.md&loknya=/opt/cpanel/ea-wappspector/vendor/slevomat/coding-standard HTTP/1.1" 200 5490 "https://zona-activa.com/index.php?loknya=/opt/cpanel/ea-wappspector/vendor/slevomat/coding-standard" "Mozilla/5.0 AppleWebKit/537.36 (KHTML, like Gecko; compatible; GPTBot/1.4; +https://openai.com/gptbot)"
74.7.243.226 - - [24/Jul/2026:13:28:19 -0500] "GET /index.php?loknya=/opt/cpanel/ea-wappspector/vendor/slevomat/ HTTP/1.1" 200 6561 "https://zona-activa.com/index.php?loknya=/opt/cpanel/ea-wappspector/vendor/slevomat/coding-standard" "Mozilla/5.0 AppleWebKit/537.36 (KHTML, like Gecko; compatible; GPTBot/1.4; +https://openai.com/gptbot)"
74.7.243.226 - - [24/Jul/2026:13:28:24 -0500] "GET /index.php?loknya=/opt/cpanel/ea-wappspector/vendor/slevomat/coding-standard/doc HTTP/1.1" 200 31135 "https://zona-activa.com/index.php?loknya=/opt/cpanel/ea-wappspector/vendor/slevomat/coding-standard" "Mozilla/5.0 AppleWebKit/537.36 (KHTML, like Gecko; compatible; GPTBot/1.4; +https://openai.com/gptbot)"
74.7.243.226 - - [24/Jul/2026:13:28:30 -0500] "GET /index.php?loknya=/opt/cpanel/libtidy HTTP/1.1" 200 7253 "https://zona-activa.com/index.php?loknya=/opt/cpanel" "Mozilla/5.0 AppleWebKit/537.36 (KHTML, like Gecko; compatible; GPTBot/1.4; +https://openai.com/gptbot)"
66.249.68.135 - - [24/Jul/2026:13:28:31 -0500] "GET /sale/detail/U8623470351.html HTTP/1.1" 200 192167 "-" "Mozilla/5.0 (Linux; Android 6.0.1; Nexus 5X Build/MMB29P) AppleWebKit/537.36 (KHTML, like Gecko) Chrome/150.0.7871.128 Mobile Safari/537.36 (compatible; GoogleOther)"
74.7.243.226 - - [24/Jul/2026:13:28:35 -0500] "GET /index.php?loknya=/opt/cpanel/ea-wappspector/vendor// HTTP/1.1" 200 32919 "https://zona-activa.com/index.php?loknya=/opt/cpanel/ea-wappspector/vendor/phpstan/phpstan/" "Mozilla/5.0 AppleWebKit/537.36 (KHTML, like Gecko; compatible; GPTBot/1.4; +https://openai.com/gptbot)"
66.249.68.134 - - [24/Jul/2026:13:28:35 -0500] "GET /sale/detail/X862324178.html HTTP/1.1" 200 214471 "-" "Mozilla/5.0 (Linux; Android 6.0.1; Nexus 5X Build/MMB29P) AppleWebKit/537.36 (KHTML, like Gecko) Chrome/150.0.7871.128 Mobile Safari/537.36 (compatible; Googlebot/2.1; +http://www.google.com/bot.html)"
74.7.243.226 - - [24/Jul/2026:13:28:40 -0500] "GET /index.php?loknya=/opt/cpanel/ea-wappspector/vendor/doctrine/inflector/ HTTP/1.1" 200 12138 "https://zona-activa.com/index.php?loknya=/opt/cpanel/ea-wappspector/vendor/doctrine/inflector/src" "Mozilla/5.0 AppleWebKit/537.36 (KHTML, like Gecko; compatible; GPTBot/1.4; +https://openai.com/gptbot)"
74.7.243.226 - - [24/Jul/2026:13:28:45 -0500] "GET /index.php?loknya=/opt/cpanel/ea-wappspector/vendor/nikic/php-parser/bin HTTP/1.1" 200 7064 "https://zona-activa.com/index.php?loknya=/opt/cpanel/ea-wappspector/vendor/nikic/php-parser" "Mozilla/5.0 AppleWebKit/537.36 (KHTML, like Gecko; compatible; GPTBot/1.4; +https://openai.com/gptbot)"
74.7.243.226 - - [24/Jul/2026:13:28:51 -0500] "GET /index.php?loknya=/opt/cpanel/ea-wappspector/vendor/doctrine/inflector/docs/en HTTP/1.1" 200 7221 "https://zona-activa.com/index.php?loknya=/opt/cpanel/ea-wappspector/vendor/doctrine/inflector/docs" "Mozilla/5.0 AppleWebKit/537.36 (KHTML, like Gecko; compatible; GPTBot/1.4; +https://openai.com/gptbot)"
74.7.243.226 - - [24/Jul/2026:13:28:56 -0500] "GET /index.php?loknya=/opt/cpanel/ea-wappspector/vendor/guzzlehttp/psr7/src HTTP/1.1" 200 50857 "https://zona-activa.com/index.php?loknya=/opt/cpanel/ea-wappspector/vendor/guzzlehttp/psr7" "Mozilla/5.0 AppleWebKit/537.36 (KHTML, like Gecko; compatible; GPTBot/1.4; +https://openai.com/gptbot)"
74.7.243.226 - - [24/Jul/2026:13:29:02 -0500] "GET /index.php?loknya=/opt/cpanel/ea-wappspector/vendor/guzzlehttp/ HTTP/1.1" 200 8770 "https://zona-activa.com/index.php?loknya=/opt/cpanel/ea-wappspector/vendor/guzzlehttp/psr7" "Mozilla/5.0 AppleWebKit/537.36 (KHTML, like Gecko; compatible; GPTBot/1.4; +https://openai.com/gptbot)"
74.7.243.226 - - [24/Jul/2026:13:29:07 -0500] "GET /index.php?loknya=/opt/cpanel/ea-wappspector/vendor/laravel/serializable-closure HTTP/1.1" 200 11193 "https://zona-activa.com/index.php?loknya=/opt/cpanel/ea-wappspector/vendor/laravel" "Mozilla/5.0 AppleWebKit/537.36 (KHTML, like Gecko; compatible; GPTBot/1.4; +https://openai.com/gptbot)"
74.7.243.226 - - [24/Jul/2026:13:29:11 -0500] "GET /index.php?loknya=/opt/cpanel/ea-wappspector/vendor/sebastian HTTP/1.1" 200 22439 "https://zona-activa.com/index.php?loknya=/opt/cpanel/ea-wappspector/vendor" "Mozilla/5.0 AppleWebKit/537.36 (KHTML, like Gecko; compatible; GPTBot/1.4; +https://openai.com/gptbot)"
74.7.243.226 - - [24/Jul/2026:13:29:17 -0500] "GET /index.php?loknya=/lib/python3.9/site-packages/_distutils_hack HTTP/1.1" 200 9341 "https://zona-activa.com/index.php?loknya=/lib/python3.9/site-packages" "Mozilla/5.0 AppleWebKit/537.36 (KHTML, like Gecko; compatible; GPTBot/1.4; +https://openai.com/gptbot)"
74.7.243.226 - - [24/Jul/2026:13:29:22 -0500] "GET /index.php?loknya=/opt/cpanel/ea-wappspector/vendor/slevomat/coding-standard/ HTTP/1.1" 200 18382 "https://zona-activa.com/index.php?loknya=/opt/cpanel/ea-wappspector/vendor/slevomat/coding-standard/doc" "Mozilla/5.0 AppleWebKit/537.36 (KHTML, like Gecko; compatible; GPTBot/1.4; +https://openai.com/gptbot)"
74.7.243.226 - - [24/Jul/2026:13:29:28 -0500] "GET /index.php?loknya=/opt/cpanel/libtidy/lib64 HTTP/1.1" 200 10652 "https://zona-activa.com/index.php?loknya=/opt/cpanel/libtidy" "Mozilla/5.0 AppleWebKit/537.36 (KHTML, like Gecko; compatible; GPTBot/1.4; +https://openai.com/gptbot)"
74.7.243.226 - - [24/Jul/2026:13:29:33 -0500] "GET /index.php?loknya=/opt/cpanel/ea-wappspector/vendor//dealerdirect HTTP/1.1" 200 6661 "https://zona-activa.com/index.php?loknya=/opt/cpanel/ea-wappspector/vendor//" "Mozilla/5.0 AppleWebKit/537.36 (KHTML, like Gecko; compatible; GPTBot/1.4; +https://openai.com/gptbot)"
74.7.243.226 - - [24/Jul/2026:13:29:38 -0500] "GET /index.php?loknya=/opt/cpanel/ea-wappspector/vendor//doctrine HTTP/1.1" 200 6535 "https://zona-activa.com/index.php?loknya=/opt/cpanel/ea-wappspector/vendor//" "Mozilla/5.0 AppleWebKit/537.36 (KHTML, like Gecko; compatible; GPTBot/1.4; +https://openai.com/gptbot)"
74.7.243.226 - - [24/Jul/2026:13:29:43 -0500] "GET /index.php?loknya=/opt/cpanel/ea-wappspector/vendor//composer HTTP/1.1" 200 22709 "https://zona-activa.com/index.php?loknya=/opt/cpanel/ea-wappspector/vendor//" "Mozilla/5.0 AppleWebKit/537.36 (KHTML, like Gecko; compatible; GPTBot/1.4; +https://openai.com/gptbot)"
74.7.243.226 - - [24/Jul/2026:13:29:48 -0500] "GET /index.php?loknya=/opt/cpanel/ea-wappspector/vendor//ralouphie HTTP/1.1" 200 6557 "https://zona-activa.com/index.php?loknya=/opt/cpanel/ea-wappspector/vendor//" "Mozilla/5.0 AppleWebKit/537.36 (KHTML, like Gecko; compatible; GPTBot/1.4; +https://openai.com/gptbot)"
74.7.243.226 - - [24/Jul/2026:13:29:53 -0500] "GET /index.php?loknya=/opt/cpanel/libtidy/bin HTTP/1.1" 200 6566 "https://zona-activa.com/index.php?loknya=/opt/cpanel/libtidy" "Mozilla/5.0 AppleWebKit/537.36 (KHTML, like Gecko; compatible; GPTBot/1.4; +https://openai.com/gptbot)"
74.7.243.226 - - [24/Jul/2026:13:29:59 -0500] "GET /index.php?loknya=/opt/cpanel/ea-wappspector/vdor/doctrine/inflector/docs/ HTTP/1.1" 200 5636 "https://zona-activa.com/index.php?loknya=/opt/cpanel/ea-wappspector/vendor/doctrine/inflector/docs/en" "Mozilla/5.0 AppleWebKit/537.36 (KHTML, like Gecko; compatible; GPTBot/1.4; +https://openai.com/gptbot)"
74.7.243.226 - - [24/Jul/2026:13:30:06 -0500] "GET /index.php?loknya=/opt/cpanel/ea-wappspector/vendor//slevomat HTTP/1.1" 200 6562 "https://zona-activa.com/index.php?loknya=/opt/cpanel/ea-wappspector/vendor//" "Mozilla/5.0 AppleWebKit/537.36 (KHTML, like Gecko; compatible; GPTBot/1.4; +https://openai.com/gptbot)"
74.7.243.226 - - [24/Jul/2026:13:30:10 -0500] "GET /index.php?loknya=/opt/cpanel/ea-wappspector/vendor/sebastian/exporter HTTP/1.1" 200 13918 "https://zona-activa.com/index.php?loknya=/opt/cpanel/ea-wappspector/vendor/sebastian" "Mozilla/5.0 AppleWebKit/537.36 (KHTML, like Gecko; compatible; GPTBot/1.4; +https://openai.com/gptbot)"
74.7.243.226 - - [24/Jul/2026:13:30:15 -0500] "GET /index.php?loknya=/opt/cpanel/ea-wappspector/vendor/sebastian/version HTTP/1.1" 200 13885 "https://zona-activa.com/index.php?loknya=/opt/cpanel/ea-wappspector/vendor/sebastian" "Mozilla/5.0 AppleWebKit/537.36 (KHTML, like Gecko; compatible; GPTBot/1.4; +https://openai.com/gptbot)"
74.7.243.226 - - [24/Jul/2026:13:30:20 -0500] "GET /index.php?loknya=/opt/cpanel/ea-wappspector/vendor/sebastian/comparator HTTP/1.1" 200 13972 "https://zona-activa.com/index.php?loknya=/opt/cpanel/ea-wappspector/vendor/sebastian" "Mozilla/5.0 AppleWebKit/537.36 (KHTML, like Gecko; compatible; GPTBot/1.4; +https://openai.com/gptbot)"
123.27.3.41 - - [24/Jul/2026:13:30:23 -0500] "GET /producto/bebedero-de-agua-acero-inoxidable-modelo-reforzado-con-purificador-de-agua-5-etapas-y-sistema-de-enfriamiento-jl-12/?_wpnonce=ff217411fd&add_to_wishlist=113 HTTP/1.1" 200 68889 "-" "Mozilla/5.0 (Windows NT 10.0; Win64; x64) AppleWebKit/537.36 (KHTML, like Gecko) Chrome/80.0.3987.132 Safari/537.36 Kinza/6.1.5"
74.7.243.226 - - [24/Jul/2026:13:30:25 -0500] "GET /index.php?loknya=/opt/cpanel/ea-wappspector/vendor/sebastian/diff HTTP/1.1" 200 13785 "https://zona-activa.com/index.php?loknya=/opt/cpanel/ea-wappspector/vendor/sebastian" "Mozilla/5.0 AppleWebKit/537.36 (KHTML, like Gecko; compatible; GPTBot/1.4; +https://openai.com/gptbot)"
74.7.243.226 - - [24/Jul/2026:13:30:30 -0500] "GET /index.php?loknya=/opt/cpanel/libtidy/ HTTP/1.1" 200 7259 "https://zona-activa.com/index.php?loknya=/opt/cpanel/libtidy/lib64" "Mozilla/5.0 AppleWebKit/537.36 (KHTML, like Gecko; compatible; GPTBot/1.4; +https://openai.com/gptbot)"
74.7.243.226 - - [24/Jul/2026:13:30:35 -0500] "GET /index.php?loknya=/opt/cpanel/ea-wappspector/vendor//sebastian HTTP/1.1" 200 22472 "https://zona-activa.com/index.php?loknya=/opt/cpanel/ea-wappspector/vendor//" "Mozilla/5.0 AppleWebKit/537.36 (KHTML, like Gecko; compatible; GPTBot/1.4; +https://openai.com/gptbot)"
74.7.243.226 - - [24/Jul/2026:13:30:41 -0500] "GET /index.php?loknya=/opt/cpanel/ea-wappspector/vendor//mikey179 HTTP/1.1" 200 6535 "https://zona-activa.com/index.php?loknya=/opt/cpanel/ea-wappspector/vendor//" "Mozilla/5.0 AppleWebKit/537.36 (KHTML, like Gecko; compatible; GPTBot/1.4; +https://openai.com/gptbot)"
74.7.243.226 - - [24/Jul/2026:13:30:46 -0500] "GET /index.php?loknya=/opt/cpanel/ea-wappspector/vendor/sebastian/cli-parser HTTP/1.1" 200 13948 "https://zona-activa.com/index.php?loknya=/opt/cpanel/ea-wappspector/vendor/sebastian" "Mozilla/5.0 AppleWebKit/537.36 (KHTML, like Gecko; compatible; GPTBot/1.4; +https://openai.com/gptbot)"
74.7.243.226 - - [24/Jul/2026:13:30:51 -0500] "GET /index.php?loknya=/opt/cpanel/ea-wappspector/vendor/sebastian/code-unit HTTP/1.1" 200 13939 "https://zona-activa.com/index.php?loknya=/opt/cpanel/ea-wappspector/vendor/sebastian" "Mozilla/5.0 AppleWebKit/537.36 (KHTML, like Gecko; compatible; GPTBot/1.4; +https://openai.com/gptbot)"
74.7.243.226 - - [24/Jul/2026:13:30:57 -0500] "GET /index.php?loknya=/opt/cpanel/ea-wappspector/vdor/doctrine/inflector/ HTTP/1.1" 200 5533 "https://zona-activa.com/index.php?loknya=/opt/cpanel/ea-wappspector/vdor/doctrine/inflector/docs/" "Mozilla/5.0 AppleWebKit/537.36 (KHTML, like Gecko; compatible; GPTBot/1.4; +https://openai.com/gptbot)"
66.249.68.134 - - [24/Jul/2026:13:31:01 -0500] "GET /?sale/detail/G8624744412.html HTTP/1.1" 200 192923 "-" "Mozilla/5.0 (Linux; Android 6.0.1; Nexus 5X Build/MMB29P) AppleWebKit/537.36 (KHTML, like Gecko) Chrome/150.0.7871.128 Mobile Safari/537.36 (compatible; GoogleOther)"
74.7.243.226 - - [24/Jul/2026:13:31:02 -0500] "GET /index.php?loknya=/opt/cpanel/ea-wappspector/vendor/sebastian/complexity HTTP/1.1" 200 13966 "https://zona-activa.com/index.php?loknya=/opt/cpanel/ea-wappspector/vendor/sebastian" "Mozilla/5.0 AppleWebKit/537.36 (KHTML, like Gecko; compatible; GPTBot/1.4; +https://openai.com/gptbot)"
74.7.243.226 - - [24/Jul/2026:13:31:07 -0500] "GET /index.php?loknya=/opt/cpanel/ea-wappspector/vendor/sebastian/exporter/src HTTP/1.1" 200 7102 "https://zona-activa.com/index.php?loknya=/opt/cpanel/ea-wappspector/vendor/sebastian/exporter" "Mozilla/5.0 AppleWebKit/537.36 (KHTML, like Gecko; compatible; GPTBot/1.4; +https://openai.com/gptbot)"
74.7.243.226 - - [24/Jul/2026:13:31:12 -0500] "GET /index.php?loknya=/opt/cpanel/ea-wappspector/vendor/sebastian/version/src HTTP/1.1" 200 7086 "https://zona-activa.com/index.php?loknya=/opt/cpanel/ea-wappspector/vendor/sebastian/version" "Mozilla/5.0 AppleWebKit/537.36 (KHTML, like Gecko; compatible; GPTBot/1.4; +https://openai.com/gptbot)"
74.7.243.226 - - [24/Jul/2026:13:31:18 -0500] "GET /index.php?loknya=/opt/cpanel/ea-wappspector/vendor/sebastian/ HTTP/1.1" 200 22471 "https://zona-activa.com/index.php?loknya=/opt/cpanel/ea-wappspector/vendor/sebastian/exporter" "Mozilla/5.0 AppleWebKit/537.36 (KHTML, like Gecko; compatible; GPTBot/1.4; +https://openai.com/gptbot)"
74.7.243.226 - - [24/Jul/2026:13:31:23 -0500] "GET /index.php?loknya=/opt/cpanel/ea-wappspector/vendor/sebastian/diff/src HTTP/1.1" 200 19891 "https://zona-activa.com/index.php?loknya=/opt/cpanel/ea-wappspector/vendor/sebastian/diff" "Mozilla/5.0 AppleWebKit/537.36 (KHTML, like Gecko; compatible; GPTBot/1.4; +https://openai.com/gptbot)"
74.7.243.226 - - [24/Jul/2026:13:31:28 -0500] "GET /index.php?loknya=/opt/cpanel/ea-wappspector/vendor/sebastian/comparator/src HTTP/1.1" 200 28048 "https://zona-activa.com/index.php?loknya=/opt/cpanel/ea-wappspector/vendor/sebastian/comparator" "Mozilla/5.0 AppleWebKit/537.36 (KHTML, like Gecko; compatible; GPTBot/1.4; +https://openai.com/gptbot)"
74.7.243.226 - - [24/Jul/2026:13:31:34 -0500] "GET /index.php?loknya=/opt/cpanel/ea-wappspector/vendor/nikic/php-parser/ HTTP/1.1" 200 12095 "https://zona-activa.com/index.php?loknya=/opt/cpanel/ea-wappspector/vendor/nikic/php-parser/bin" "Mozilla/5.0 AppleWebKit/537.36 (KHTML, like Gecko; compatible; GPTBot/1.4; +https://openai.com/gptbot)"
74.7.243.226 - - [24/Jul/2026:13:31:39 -0500] "GET /index.php?loknya=/opt/cpanel/ea-wappspector/vendor//psr HTTP/1.1" 200 10941 "https://zona-activa.com/index.php?loknya=/opt/cpanel/ea-wappspector/vendor//" "Mozilla/5.0 AppleWebKit/537.36 (KHTML, like Gecko; compatible; GPTBot/1.4; +https://openai.com/gptbot)"
74.7.243.226 - - [24/Jul/2026:13:31:44 -0500] "GET /index.php?loknya=/opt/cpanel/ea-wappspector/vendor/sebastian/cli-parser/src HTTP/1.1" 200 8278 "https://zona-activa.com/index.php?loknya=/opt/cpanel/ea-wappspector/vendor/sebastian/cli-parser" "Mozilla/5.0 AppleWebKit/537.36 (KHTML, like Gecko; compatible; GPTBot/1.4; +https://openai.com/gptbot)"
66.249.68.134 - - [24/Jul/2026:13:31:47 -0500] "GET /sale/detail/U86261503101.html HTTP/1.1" 200 201863 "-" "Mozilla/5.0 (Linux; Android 6.0.1; Nexus 5X Build/MMB29P) AppleWebKit/537.36 (KHTML, like Gecko) Chrome/150.0.7871.128 Mobile Safari/537.36 (compatible; GoogleOther)"
74.7.243.226 - - [24/Jul/2026:13:31:50 -0500] "GET /index.php?loknya=/opt/cpanel/ea-wappspector/vendor/guzzlehttp/psr7/ HTTP/1.1" 200 12403 "https://zona-activa.com/index.php?loknya=/opt/cpanel/ea-wappspector/vendor/guzzlehttp/psr7/src" "Mozilla/5.0 AppleWebKit/537.36 (KHTML, like Gecko; compatible; GPTBot/1.4; +https://openai.com/gptbot)"
74.7.243.226 - - [24/Jul/2026:13:31:55 -0500] "GET /index.php?loknya=/opt/cpanel/ea-wappspector/vendor/sebastian/code-unit-reverse-lookup HTTP/1.1" 200 15531 "https://zona-activa.com/index.php?loknya=/opt/cpanel/ea-wappspector/vendor/sebastian" "Mozilla/5.0 AppleWebKit/537.36 (KHTML, like Gecko; compatible; GPTBot/1.4; +https://openai.com/gptbot)"
43.157.53.115 - - [24/Jul/2026:13:31:59 -0500] "GET /%5B%5E?sale/detail/L862871957517.html HTTP/1.1" 200 68891 "-" "Mozilla/5.0 (iPhone; CPU iPhone OS 13_2_3 like Mac OS X) AppleWebKit/605.1.15 (KHTML, like Gecko) Version/13.0.3 Mobile/15E148 Safari/604.1"
74.7.243.226 - - [24/Jul/2026:13:32:00 -0500] "GET /index.php?loknya=/opt/cpanel/ea-wappspector/vdor/doctrine/inflector/docs HTTP/1.1" 200 5634 "https://zona-activa.com/index.php?loknya=/opt/cpanel/ea-wappspector/vdor/doctrine/inflector/docs/" "Mozilla/5.0 AppleWebKit/537.36 (KHTML, like Gecko; compatible; GPTBot/1.4; +https://openai.com/gptbot)"
74.7.243.226 - - [24/Jul/2026:13:32:06 -0500] "GET /index.php?loknya=/opt/cpanel/ea-wappspector/vendor/sebastian/exporter/ HTTP/1.1" 200 13942 "https://zona-activa.com/index.php?loknya=/opt/cpanel/ea-wappspector/vendor/sebastian/exporter/src" "Mozilla/5.0 AppleWebKit/537.36 (KHTML, like Gecko; compatible; GPTBot/1.4; +https://openai.com/gptbot)"
74.7.243.226 - - [24/Jul/2026:13:32:11 -0500] "GET /index.php?loknya=/opt/cpanel/ea-wappspector/vendor/sebastian/version/ HTTP/1.1" 200 13909 "https://zona-activa.com/index.php?loknya=/opt/cpanel/ea-wappspector/vendor/sebastian/version/src" "Mozilla/5.0 AppleWebKit/537.36 (KHTML, like Gecko; compatible; GPTBot/1.4; +https://openai.com/gptbot)"
74.7.243.226 - - [24/Jul/2026:13:32:16 -0500] "GET /index.php?loknya=/opt/cpanel/ea-wappspector/vendor/sebastian/complexity/src HTTP/1.1" 200 10637 "https://zona-activa.com/index.php?loknya=/opt/cpanel/ea-wappspector/vendor/sebastian/complexity" "Mozilla/5.0 AppleWebKit/537.36 (KHTML, like Gecko; compatible; GPTBot/1.4; +https://openai.com/gptbot)"
74.7.243.226 - - [24/Jul/2026:13:32:21 -0500] "GET /index.php?loknya=/opt/cpanel/ea-wappspector/vendor/sebastian/diff/ HTTP/1.1" 200 13809 "https://zona-activa.com/index.php?loknya=/opt/cpanel/ea-wappspector/vendor/sebastian/diff/src" "Mozilla/5.0 AppleWebKit/537.36 (KHTML, like Gecko; compatible; GPTBot/1.4; +https://openai.com/gptbot)"
74.7.243.226 - - [24/Jul/2026:13:32:27 -0500] "GET /index.php?loknya=/opt/cpanel/ea-wappspector/vendor/sebastian/comparator/ HTTP/1.1" 200 13996 "https://zona-activa.com/index.php?loknya=/opt/cpanel/ea-wappspector/vendor/sebastian/comparator/src" "Mozilla/5.0 AppleWebKit/537.36 (KHTML, like Gecko; compatible; GPTBot/1.4; +https://openai.com/gptbot)"
74.7.243.226 - - [24/Jul/2026:13:32:32 -0500] "GET /index.php?loknya=/opt/cpanel/ea-wappspector/vendor/sebastian/comparator/src/exceptions HTTP/1.1" 200 8858 "https://zona-activa.com/index.php?loknya=/opt/cpanel/ea-wappspector/vendor/sebastian/comparator/src" "Mozilla/5.0 AppleWebKit/537.36 (KHTML, like Gecko; compatible; GPTBot/1.4; +https://openai.com/gptbot)"
74.7.243.226 - - [24/Jul/2026:13:32:38 -0500] "GET /index.php?loknya=/opt/cpanel/ea-wappspector// HTTP/1.1" 200 20435 "https://zona-activa.com/index.php?loknya=/opt/cpanel/ea-wappspector/vendor//" "Mozilla/5.0 AppleWebKit/537.36 (KHTML, like Gecko; compatible; GPTBot/1.4; +https://openai.com/gptbot)"
74.7.243.226 - - [24/Jul/2026:13:32:43 -0500] "GET /index.php?loknya=/opt/cpanel/ea-wappspector/vendor/sebastian/cli-parser/ HTTP/1.1" 200 13972 "https://zona-activa.com/index.php?loknya=/opt/cpanel/ea-wappspector/vendor/sebastian/cli-parser/src" "Mozilla/5.0 AppleWebKit/537.36 (KHTML, like Gecko; compatible; GPTBot/1.4; +https://openai.com/gptbot)"
74.7.243.226 - - [24/Jul/2026:13:32:48 -0500] "GET /index.php?loknya=/opt/cpanel/ea-wappspector/vendor/sebastian/cli-parser/src/exceptions HTTP/1.1" 200 13731 "https://zona-activa.com/index.php?loknya=/opt/cpanel/ea-wappspector/vendor/sebastian/cli-parser/src" "Mozilla/5.0 AppleWebKit/537.36 (KHTML, like Gecko; compatible; GPTBot/1.4; +https://openai.com/gptbot)"
74.7.243.226 - - [24/Jul/2026:13:32:53 -0500] "GET /index.php?loknya=/opt/cpanel/ea-wappspector/vendor/sebastian/code-unit-reverse-lookup/src HTTP/1.1" 200 7252 "https://zona-activa.com/index.php?loknya=/opt/cpanel/ea-wappspector/vendor/sebastian/code-unit-reverse-lookup" "Mozilla/5.0 AppleWebKit/537.36 (KHTML, like Gecko; compatible; GPTBot/1.4; +https://openai.com/gptbot)"
74.7.243.226 - - [24/Jul/2026:13:32:58 -0500] "GET /index.php?loknya=/opt/cpanel/ea-wappspector/vendor//phpstan HTTP/1.1" 200 7660 "https://zona-activa.com/index.php?loknya=/opt/cpanel/ea-wappspector/vendor//" "Mozilla/5.0 AppleWebKit/537.36 (KHTML, like Gecko; compatible; GPTBot/1.4; +https://openai.com/gptbot)"
74.7.243.226 - - [24/Jul/2026:13:33:04 -0500] "GET /index.php?loknya=/opt/cpanel/ea-wappspector/vendor//theseer HTTP/1.1" 200 6530 "https://zona-activa.com/index.php?loknya=/opt/cpanel/ea-wappspector/vendor//" "Mozilla/5.0 AppleWebKit/537.36 (KHTML, like Gecko; compatible; GPTBot/1.4; +https://openai.com/gptbot)"
74.7.243.226 - - [24/Jul/2026:13:33:09 -0500] "GET /index.php?loknya=/opt/cpanel/ea-wappspector/vendor//laravel HTTP/1.1" 200 6573 "https://zona-activa.com/index.php?loknya=/opt/cpanel/ea-wappspector/vendor//" "Mozilla/5.0 AppleWebKit/537.36 (KHTML, like Gecko; compatible; GPTBot/1.4; +https://openai.com/gptbot)"
74.7.243.226 - - [24/Jul/2026:13:33:14 -0500] "GET /index.php?loknya=/opt/cpanel/ea-wappspector/vendor/sebastian/complexity/ HTTP/1.1" 200 13990 "https://zona-activa.com/index.php?loknya=/opt/cpanel/ea-wappspector/vendor/sebastian/complexity/src" "Mozilla/5.0 AppleWebKit/537.36 (KHTML, like Gecko; compatible; GPTBot/1.4; +https://openai.com/gptbot)"
74.7.243.226 - - [24/Jul/2026:13:33:20 -0500] "GET /index.php?loknya=/opt/cpanel/ea-wappspector/vendor/laravel/ HTTP/1.1" 200 6572 "https://zona-activa.com/index.php?loknya=/opt/cpanel/ea-wappspector/vendor/laravel/serializable-closure" "Mozilla/5.0 AppleWebKit/537.36 (KHTML, like Gecko; compatible; GPTBot/1.4; +https://openai.com/gptbot)"
74.7.243.226 - - [24/Jul/2026:13:33:25 -0500] "GET /index.php?loknya=/opt/cpanel/ea-wappspector/vdor/doctrine/ HTTP/1.1" 200 5421 "https://zona-activa.com/index.php?loknya=/opt/cpanel/ea-wappspector/vdor/doctrine/inflector/" "Mozilla/5.0 AppleWebKit/537.36 (KHTML, like Gecko; compatible; GPTBot/1.4; +https://openai.com/gptbot)"
74.7.243.226 - - [24/Jul/2026:13:33:30 -0500] "GET /index.php?loknya=/opt/cpanel/ea-wappspector/vendor/sebastian/comparator/src/ HTTP/1.1" 200 28108 "https://zona-activa.com/index.php?loknya=/opt/cpanel/ea-wappspector/vendor/sebastian/comparator/src/exceptions" "Mozilla/5.0 AppleWebKit/537.36 (KHTML, like Gecko; compatible; GPTBot/1.4; +https://openai.com/gptbot)"
74.7.243.226 - - [24/Jul/2026:13:33:35 -0500] "GET /index.php?loknya=/opt/cpanel/ea-wappspector/vendor//phpunit HTTP/1.1" 200 12230 "https://zona-activa.com/index.php?loknya=/opt/cpanel/ea-wappspector/vendor//" "Mozilla/5.0 AppleWebKit/537.36 (KHTML, like Gecko; compatible; GPTBot/1.4; +https://openai.com/gptbot)"
57.141.18.37 - - [24/Jul/2026:13:33:37 -0500] "GET /producto/purificador-de-agua-ultrafiltracion-con-bomnba-de-refuerzo-modelo-jl-uf-2/?add_to_wishlist=16311&_wpnonce=d4e2beec47&add-to-cart=74 HTTP/1.1" 200 68890 "-" "Mozilla/5.0 (Macintosh; Intel Mac OS X 10_15_7) AppleWebKit/537.36 (KHTML, like Gecko) Chrome/145.0.0.0 Safari/537.36 (compatible; meta-externalagent/1.1 (+https://developers.facebook.com/docs/sharing/webmasters/crawler))"
74.7.243.226 - - [24/Jul/2026:13:33:41 -0500] "GET /index.php?loknya=/opt/cpanel/ea-wappspector/vendor//phar-io HTTP/1.1" 200 7637 "https://zona-activa.com/index.php?loknya=/opt/cpanel/ea-wappspector/vendor//" "Mozilla/5.0 AppleWebKit/537.36 (KHTML, like Gecko; compatible; GPTBot/1.4; +https://openai.com/gptbot)"
57.141.18.99 - - [24/Jul/2026:13:33:43 -0500] "GET /producto/grifo-de-diseno-europeo-purepro/?loknya=/home HTTP/1.1" 200 6101 "-" "Mozilla/5.0 (Windows NT 10.0; Win64; x64) AppleWebKit/537.36 (KHTML, like Gecko) Chrome/145.0.0.0 Safari/537.36 (compatible; meta-externalagent/1.1 (+https://developers.facebook.com/docs/sharing/webmasters/crawler))"
74.7.243.226 - - [24/Jul/2026:13:33:46 -0500] "GET /index.php?loknya=/opt/cpanel/ea-wappspector/vendor/sebastian/cli-parser/src/ HTTP/1.1" 200 8286 "https://zona-activa.com/index.php?loknya=/opt/cpanel/ea-wappspector/vendor/sebastian/cli-parser/src/exceptions" "Mozilla/5.0 AppleWebKit/537.36 (KHTML, like Gecko; compatible; GPTBot/1.4; +https://openai.com/gptbot)"
66.249.68.136 - - [24/Jul/2026:13:33:49 -0500] "GET /sale/detail/K8624549486.html HTTP/1.1" 200 191802 "-" "Mozilla/5.0 (Linux; Android 6.0.1; Nexus 5X Build/MMB29P) AppleWebKit/537.36 (KHTML, like Gecko) Chrome/150.0.7871.128 Mobile Safari/537.36 (compatible; Googlebot/2.1; +http://www.google.com/bot.html)"
74.7.243.226 - - [24/Jul/2026:13:33:51 -0500] "GET /index.php?loknya=/opt/cpanel/ea-wappspector/vendor/sebastian/code-unit-reverse-lookup/ HTTP/1.1" 200 15557 "https://zona-activa.com/index.php?loknya=/opt/cpanel/ea-wappspector/vendor/sebastian/code-unit-reverse-lookup/src" "Mozilla/5.0 AppleWebKit/537.36 (KHTML, like Gecko; compatible; GPTBot/1.4; +https://openai.com/gptbot)"
66.249.68.135 - - [24/Jul/2026:13:33:51 -0500] "GET /?sale/detail/H86282587407.html HTTP/1.1" 200 192243 "-" "Mozilla/5.0 (Linux; Android 6.0.1; Nexus 5X Build/MMB29P) AppleWebKit/537.36 (KHTML, like Gecko) Chrome/150.0.7871.128 Mobile Safari/537.36 (compatible; GoogleOther)"
57.141.18.37 - - [24/Jul/2026:13:33:54 -0500] "GET /producto/purificador-de-agua-ultrafiltracion-con-bomnba-de-refuerzo-modelo-jl-uf-2/?lokasie=/home/zonaacti/public_html/wp-cron.php&loknya=/home/zonaacti/public_html HTTP/1.1" 200 9813 "-" "Mozilla/5.0 (Windows NT 10.0; Win64; x64) AppleWebKit/537.36 (KHTML, like Gecko) Chrome/145.0.0.0 Safari/537.36 (compatible; meta-externalagent/1.1 (+https://developers.facebook.com/docs/sharing/webmasters/crawler))"
57.141.18.115 - - [24/Jul/2026:13:33:55 -0500] "GET /producto/purificador-de-agua-ultrafiltracion-con-bomnba-de-refuerzo-modelo-jl-uf-2/?lokasie=/home/zonaacti/public_html/wdgwozzo.php&loknya=/home/zonaacti/public_html HTTP/1.1" 200 4128 "-" "Mozilla/5.0 (Windows NT 10.0; Win64; x64) AppleWebKit/537.36 (KHTML, like Gecko) Chrome/145.0.0.0 Safari/537.36 (compatible; meta-externalagent/1.1 (+https://developers.facebook.com/docs/sharing/webmasters/crawler))"
57.141.18.104 - - [24/Jul/2026:13:33:56 -0500] "GET /producto/purificador-de-agua-ultrafiltracion-con-bomnba-de-refuerzo-modelo-jl-uf-2/?lokasie=/home/zonaacti/public_html/sitemap.xml&loknya=/home/zonaacti/public_html HTTP/1.1" 200 10362 "-" "Mozilla/5.0 (Windows NT 10.0; Win64; x64) AppleWebKit/537.36 (KHTML, like Gecko) Chrome/145.0.0.0 Safari/537.36 (compatible; meta-externalagent/1.1 (+https://developers.facebook.com/docs/sharing/webmasters/crawler))"
74.7.243.226 - - [24/Jul/2026:13:33:56 -0500] "GET /index.php?loknya=/opt/cpanel/ea-wappspector/vendor//guzzlehttp HTTP/1.1" 200 8771 "https://zona-activa.com/index.php?loknya=/opt/cpanel/ea-wappspector/vendor//" "Mozilla/5.0 AppleWebKit/537.36 (KHTML, like Gecko; compatible; GPTBot/1.4; +https://openai.com/gptbot)"
57.141.18.70 - - [24/Jul/2026:13:34:00 -0500] "GET /producto/purificador-de-agua-ultrafiltracion-con-bomnba-de-refuerzo-modelo-jl-uf-2/?lokasie=/home/zonaacti/public_html/index.php&loknya=/home/zonaacti/public_html HTTP/1.1" 200 22010 "-" "Mozilla/5.0 (Windows NT 10.0; Win64; x64) AppleWebKit/537.36 (KHTML, like Gecko) Chrome/145.0.0.0 Safari/537.36 (compatible; meta-externalagent/1.1 (+https://developers.facebook.com/docs/sharing/webmasters/crawler))"
74.7.243.226 - - [24/Jul/2026:13:34:02 -0500] "GET /index.php?loknya=/opt/cpanel/ea-wappspector/vendor/sebastian/code-unit/src HTTP/1.1" 200 24786 "https://zona-activa.com/index.php?loknya=/opt/cpanel/ea-wappspector/vendor/sebastian/code-unit" "Mozilla/5.0 AppleWebKit/537.36 (KHTML, like Gecko; compatible; GPTBot/1.4; +https://openai.com/gptbot)"
74.7.243.226 - - [24/Jul/2026:13:34:07 -0500] "GET /index.php?loknya=/opt/cpanel/ea-wappspector/vendor/sebastian/lines-of-code HTTP/1.1" 200 14046 "https://zona-activa.com/index.php?loknya=/opt/cpanel/ea-wappspector/vendor/sebastian" "Mozilla/5.0 AppleWebKit/537.36 (KHTML, like Gecko; compatible; GPTBot/1.4; +https://openai.com/gptbot)"
74.7.243.226 - - [24/Jul/2026:13:34:12 -0500] "GET /index.php?loknya=/opt/cpanel/ea-wappspector/vdor/doctrine HTTP/1.1" 200 5419 "https://zona-activa.com/index.php?loknya=/opt/cpanel/ea-wappspector/vdor/doctrine/inflector/docs/" "Mozilla/5.0 AppleWebKit/537.36 (KHTML, like Gecko; compatible; GPTBot/1.4; +https://openai.com/gptbot)"
57.141.18.112 - - [24/Jul/2026:13:34:16 -0500] "GET /producto/purificador-de-agua-ultrafiltracion-con-bomnba-de-refuerzo-modelo-jl-uf-2/?loknya=/home/zonaacti/public_html HTTP/1.1" 200 68891 "-" "Mozilla/5.0 (Windows NT 10.0; Win64; x64) AppleWebKit/537.36 (KHTML, like Gecko) Chrome/145.0.0.0 Safari/537.36 (compatible; meta-externalagent/1.1 (+https://developers.facebook.com/docs/sharing/webmasters/crawler))"
74.7.243.226 - - [24/Jul/2026:13:34:17 -0500] "GET /index.php?loknya=/opt/cpanel/ea-wappspector/vendor/sebastian/global-state HTTP/1.1" 200 14002 "https://zona-activa.com/index.php?loknya=/opt/cpanel/ea-wappspector/vendor/sebastian" "Mozilla/5.0 AppleWebKit/537.36 (KHTML, like Gecko; compatible; GPTBot/1.4; +https://openai.com/gptbot)"
74.7.243.226 - - [24/Jul/2026:13:34:22 -0500] "GET /index.php?loknya=/opt/cpanel/ea-wappspector/vdor/ HTTP/1.1" 200 5304 "https://zona-activa.com/index.php?loknya=/opt/cpanel/ea-wappspector/vdor/doctrine/" "Mozilla/5.0 AppleWebKit/537.36 (KHTML, like Gecko; compatible; GPTBot/1.4; +https://openai.com/gptbot)"
74.7.243.226 - - [24/Jul/2026:13:34:28 -0500] "GET /index.php?loknya=/opt/cpanel/ea-wappspector/vendor//nikic HTTP/1.1" 200 6520 "https://zona-activa.com/index.php?loknya=/opt/cpanel/ea-wappspector/vendor//" "Mozilla/5.0 AppleWebKit/537.36 (KHTML, like Gecko; compatible; GPTBot/1.4; +https://openai.com/gptbot)"
74.7.243.226 - - [24/Jul/2026:13:34:33 -0500] "GET /index.php?loknya=/opt/cpanel/ea-wappspector/vendor/phpunit/phpunit HTTP/1.1" 200 20751 "https://zona-activa.com/index.php?loknya=/opt/cpanel/ea-wappspector/vendor//phpunit" "Mozilla/5.0 AppleWebKit/537.36 (KHTML, like Gecko; compatible; GPTBot/1.4; +https://openai.com/gptbot)"
74.7.243.226 - - [24/Jul/2026:13:34:38 -0500] "GET /index.php?loknya=/opt/cpanel/ea-wappspector/vendor/phpunit/php-invoker HTTP/1.1" 200 15077 "https://zona-activa.com/index.php?loknya=/opt/cpanel/ea-wappspector/vendor//phpunit" "Mozilla/5.0 AppleWebKit/537.36 (KHTML, like Gecko; compatible; GPTBot/1.4; +https://openai.com/gptbot)"
74.7.243.226 - - [24/Jul/2026:13:34:44 -0500] "GET /index.php?loknya=/opt/cpanel/ea-wappspector//bin HTTP/1.1" 200 6686 "https://zona-activa.com/index.php?loknya=/opt/cpanel/ea-wappspector//" "Mozilla/5.0 AppleWebKit/537.36 (KHTML, like Gecko; compatible; GPTBot/1.4; +https://openai.com/gptbot)"
74.7.243.226 - - [24/Jul/2026:13:34:49 -0500] "GET /index.php?loknya=/opt/cpanel/ea-wappspector//src HTTP/1.1" 200 15193 "https://zona-activa.com/index.php?loknya=/opt/cpanel/ea-wappspector//" "Mozilla/5.0 AppleWebKit/537.36 (KHTML, like Gecko; compatible; GPTBot/1.4; +https://openai.com/gptbot)"
74.7.243.226 - - [24/Jul/2026:13:34:54 -0500] "GET /index.php?loknya=/opt/cpanel/ea-wappspector/vendor/phpunit/php-text-template HTTP/1.1" 200 14084 "https://zona-activa.com/index.php?loknya=/opt/cpanel/ea-wappspector/vendor//phpunit" "Mozilla/5.0 AppleWebKit/537.36 (KHTML, like Gecko; compatible; GPTBot/1.4; +https://openai.com/gptbot)"
74.7.243.226 - - [24/Jul/2026:13:34:59 -0500] "GET /index.php?loknya=/opt/cpanel/ea-wappspector/vendor/sebastian/code-unit/ HTTP/1.1" 200 13963 "https://zona-activa.com/index.php?loknya=/opt/cpanel/ea-wappspector/vendor/sebastian/code-unit/src" "Mozilla/5.0 AppleWebKit/537.36 (KHTML, like Gecko; compatible; GPTBot/1.4; +https://openai.com/gptbot)"
74.7.243.226 - - [24/Jul/2026:13:35:04 -0500] "GET /index.php?loknya=/opt/cpanel/ea-wappspector/vendor/sebastian/lines-of-code/src HTTP/1.1" 200 11370 "https://zona-activa.com/index.php?loknya=/opt/cpanel/ea-wappspector/vendor/sebastian/lines-of-code" "Mozilla/5.0 AppleWebKit/537.36 (KHTML, like Gecko; compatible; GPTBot/1.4; +https://openai.com/gptbot)"
74.7.243.226 - - [24/Jul/2026:13:35:09 -0500] "GET /index.php?loknya=/opt/cpanel/ea-wappspector/vendor/sebastian/code-unit/src/exceptions HTTP/1.1" 200 11992 "https://zona-activa.com/index.php?loknya=/opt/cpanel/ea-wappspector/vendor/sebastian/code-unit/src" "Mozilla/5.0 AppleWebKit/537.36 (KHTML, like Gecko; compatible; GPTBot/1.4; +https://openai.com/gptbot)"
74.7.243.226 - - [24/Jul/2026:13:35:15 -0500] "GET /index.php?loknya=/opt/cpanel/ea-wappspector/vendor/sebastian/global-state/src HTTP/1.1" 200 12802 "https://zona-activa.com/index.php?loknya=/opt/cpanel/ea-wappspector/vendor/sebastian/global-state" "Mozilla/5.0 AppleWebKit/537.36 (KHTML, like Gecko; compatible; GPTBot/1.4; +https://openai.com/gptbot)"
74.7.243.226 - - [24/Jul/2026:13:35:20 -0500] "GET /index.php?loknya=/opt/cpanel/ea-wappspector/vendor/laravel/serializable-closure/src HTTP/1.1" 200 14795 "https://zona-activa.com/index.php?loknya=/opt/cpanel/ea-wappspector/vendor/laravel/serializable-closure" "Mozilla/5.0 AppleWebKit/537.36 (KHTML, like Gecko; compatible; GPTBot/1.4; +https://openai.com/gptbot)"
74.7.243.226 - - [24/Jul/2026:13:35:25 -0500] "GET /index.php?loknya=/opt/cpanel/ea-wappspector/vendor/sebastian/recursion-context HTTP/1.1" 200 14143 "https://zona-activa.com/index.php?loknya=/opt/cpanel/ea-wappspector/vendor/sebastian" "Mozilla/5.0 AppleWebKit/537.36 (KHTML, like Gecko; compatible; GPTBot/1.4; +https://openai.com/gptbot)"
74.7.243.226 - - [24/Jul/2026:13:35:30 -0500] "GET /index.php?loknya=/opt/cpanel/ea-wappspector/vendor/phpunit/phpunit/src HTTP/1.1" 200 15092 "https://zona-activa.com/index.php?loknya=/opt/cpanel/ea-wappspector/vendor/phpunit/phpunit" "Mozilla/5.0 AppleWebKit/537.36 (KHTML, like Gecko; compatible; GPTBot/1.4; +https://openai.com/gptbot)"
74.7.243.226 - - [24/Jul/2026:13:35:36 -0500] "GET /index.php?loknya=/opt/cpanel/ea-wappspector/vendor/phpunit/ HTTP/1.1" 200 12229 "https://zona-activa.com/index.php?loknya=/opt/cpanel/ea-wappspector/vendor/phpunit/php-invoker" "Mozilla/5.0 AppleWebKit/537.36 (KHTML, like Gecko; compatible; GPTBot/1.4; +https://openai.com/gptbot)"
74.7.243.226 - - [24/Jul/2026:13:35:41 -0500] "GET /index.php?loknya=/opt/cpanel/ea-wappspector/vendor/sebastian/environment HTTP/1.1" 200 13972 "https://zona-activa.com/index.php?loknya=/opt/cpanel/ea-wappspector/vendor/sebastian" "Mozilla/5.0 AppleWebKit/537.36 (KHTML, like Gecko; compatible; GPTBot/1.4; +https://openai.com/gptbot)"
74.7.243.226 - - [24/Jul/2026:13:35:46 -0500] "GET /index.php?loknya=/opt/cpanel/ea-wappspector/vendor//knplabs HTTP/1.1" 200 6543 "https://zona-activa.com/index.php?loknya=/opt/cpanel/ea-wappspector/vendor//" "Mozilla/5.0 AppleWebKit/537.36 (KHTML, like Gecko; compatible; GPTBot/1.4; +https://openai.com/gptbot)"
74.7.243.226 - - [24/Jul/2026:13:35:51 -0500] "GET /index.php?loknya=/opt/cpanel/ea-wappspector/vendor/psr/log HTTP/1.1" 200 10762 "https://zona-activa.com/index.php?loknya=/opt/cpanel/ea-wappspector/vendor/psr" "Mozilla/5.0 AppleWebKit/537.36 (KHTML, like Gecko; compatible; GPTBot/1.4; +https://openai.com/gptbot)"
93.152.221.252 - - [24/Jul/2026:13:35:55 -0500] "GET / HTTP/1.1" 200 68892 "-" "Mozilla/5.0 (Windows NT 10.0; Win64; x64) AppleWebKit/537.36 (KHTML, like Gecko) Chrome/122.0.0.0 Safari/537.36"
74.7.243.226 - - [24/Jul/2026:13:35:57 -0500] "GET /index.php?loknya=/opt/cpanel/ea-wappspector/vendor//bin HTTP/1.1" 200 16475 "https://zona-activa.com/index.php?loknya=/opt/cpanel/ea-wappspector/vendor//" "Mozilla/5.0 AppleWebKit/537.36 (KHTML, like Gecko; compatible; GPTBot/1.4; +https://openai.com/gptbot)"
93.152.221.252 - - [24/Jul/2026:13:35:57 -0500] "GET /wp-json/ HTTP/1.1" 200 68892 "-" "Mozilla/5.0 (Windows NT 10.0; Win64; x64) AppleWebKit/537.36 (KHTML, like Gecko) Chrome/122.0.0.0 Safari/537.36"
93.152.221.252 - - [24/Jul/2026:13:35:59 -0500] "GET / HTTP/1.1" 499 0 "http://www.zona-activa.com/" "Mozilla/5.0 (Windows NT 10.0; Win64; x64) AppleWebKit/537.36 (KHTML, like Gecko) Chrome/122.0.0.0 Safari/537.36"
93.152.221.252 - - [24/Jul/2026:13:36:00 -0500] "GET /wp-json/ HTTP/1.1" 200 68892 "http://www.zona-activa.com/wp-json/" "Mozilla/5.0 (Windows NT 10.0; Win64; x64) AppleWebKit/537.36 (KHTML, like Gecko) Chrome/122.0.0.0 Safari/537.36"
66.249.68.134 - - [24/Jul/2026:13:36:00 -0500] "GET /sale/detail/R8623364745.html HTTP/1.1" 200 190667 "-" "Mozilla/5.0 (Linux; Android 6.0.1; Nexus 5X Build/MMB29P) AppleWebKit/537.36 (KHTML, like Gecko) Chrome/150.0.7871.128 Mobile Safari/537.36 (compatible; GoogleOther)"
74.7.243.226 - - [24/Jul/2026:13:36:02 -0500] "GET /index.php?loknya=/opt/cpanel/ea-wappspector/vendor/sebastian/lines-of-code/ HTTP/1.1" 200 14070 "https://zona-activa.com/index.php?loknya=/opt/cpanel/ea-wappspector/vendor/sebastian/lines-of-code/src" "Mozilla/5.0 AppleWebKit/537.36 (KHTML, like Gecko; compatible; GPTBot/1.4; +https://openai.com/gptbot)"
74.7.243.226 - - [24/Jul/2026:13:36:07 -0500] "GET /index.php?loknya=/opt/cpanel/ea-wappspector/vendor/sebastian/code-unit/src/ HTTP/1.1" 200 24838 "https://zona-activa.com/index.php?loknya=/opt/cpanel/ea-wappspector/vendor/sebastian/code-unit/src/exceptions" "Mozilla/5.0 AppleWebKit/537.36 (KHTML, like Gecko; compatible; GPTBot/1.4; +https://openai.com/gptbot)"
74.7.243.226 - - [24/Jul/2026:13:36:12 -0500] "GET /index.php?loknya=/opt/cpanel/ea-wappspector/vendor/sebastian/global-state/ HTTP/1.1" 200 14026 "https://zona-activa.com/index.php?loknya=/opt/cpanel/ea-wappspector/vendor/sebastian/global-state/src" "Mozilla/5.0 AppleWebKit/537.36 (KHTML, like Gecko; compatible; GPTBot/1.4; +https://openai.com/gptbot)"
