74.7.243.226 - - [24/Jul/2026:07:56:40 -0500] "GET /index.php?lokasie=/proc/14214/root/var/run/ea-passenger-runtime/passenger-error-T53Yx7.html&loknya=/proc/14214/root/var/run/ea-passenger-runtime HTTP/1.1" 200 4323 "https://zona-activa.com/index.php?loknya=/proc/14214/root/var/run/ea-passenger-runtime" "Mozilla/5.0 AppleWebKit/537.36 (KHTML, like Gecko; compatible; GPTBot/1.4; +https://openai.com/gptbot)"
185.177.72.54 - - [24/Jul/2026:07:56:40 -0500] "GET /%2egit/info/exclude HTTP/1.1" 200 68894 "-" "curl/8.7.1"
185.177.72.54 - - [24/Jul/2026:07:56:41 -0500] "GET /%2egit/refs/heads/master HTTP/1.1" 200 68894 "-" "curl/8.7.1"
74.7.243.226 - - [24/Jul/2026:07:56:42 -0500] "GET /index.php?lokasie=/proc/14214/root/var/run/ea-passenger-runtime/passenger-error-Gw7C30.html&loknya=/proc/14214/root/var/run/ea-passenger-runtime HTTP/1.1" 200 4323 "https://zona-activa.com/index.php?loknya=/proc/14214/root/var/run/ea-passenger-runtime" "Mozilla/5.0 AppleWebKit/537.36 (KHTML, like Gecko; compatible; GPTBot/1.4; +https://openai.com/gptbot)"
185.177.72.54 - - [24/Jul/2026:07:56:42 -0500] "GET /%2egit/refs/heads/main HTTP/1.1" 200 68894 "-" "curl/8.7.1"
185.177.72.54 - - [24/Jul/2026:07:56:43 -0500] "GET /%2egit/refs/remotes/origin/HEAD HTTP/1.1" 200 68894 "-" "curl/8.7.1"
185.177.72.54 - - [24/Jul/2026:07:56:43 -0500] "GET /%2egit/packed-refs HTTP/1.1" 200 68894 "-" "curl/8.7.1"
185.177.72.54 - - [24/Jul/2026:07:56:44 -0500] "GET /%2egit/objects HTTP/1.1" 200 68894 "-" "curl/8.7.1"
185.177.72.54 - - [24/Jul/2026:07:56:45 -0500] "GET /%2egit/COMMIT_EDITMSG HTTP/1.1" 200 68894 "-" "curl/8.7.1"
185.177.72.54 - - [24/Jul/2026:07:56:45 -0500] "GET /%2egit/description HTTP/1.1" 200 68894 "-" "curl/8.7.1"
185.177.72.54 - - [24/Jul/2026:07:56:46 -0500] "GET /%2egit/FETCH_HEAD HTTP/1.1" 200 68894 "-" "curl/8.7.1"
74.7.243.226 - - [24/Jul/2026:07:56:46 -0500] "GET /index.php?loknya=/proc/14214/root/etc/pki/dovecot/ HTTP/1.1" 200 7867 "https://zona-activa.com/index.php?loknya=/proc/14214/root/etc/pki/dovecot/certs" "Mozilla/5.0 AppleWebKit/537.36 (KHTML, like Gecko; compatible; GPTBot/1.4; +https://openai.com/gptbot)"
185.177.72.54 - - [24/Jul/2026:07:56:47 -0500] "GET /%2egit/ORIG_HEAD HTTP/1.1" 200 68894 "-" "curl/8.7.1"
185.177.72.54 - - [24/Jul/2026:07:56:48 -0500] "GET /%2egithub HTTP/1.1" 200 68894 "-" "curl/8.7.1"
185.177.72.54 - - [24/Jul/2026:07:56:48 -0500] "GET /%2egithub/workflows HTTP/1.1" 200 68894 "-" "curl/8.7.1"
185.177.72.54 - - [24/Jul/2026:07:56:49 -0500] "GET /%2egithub/workflows/main%2eyml HTTP/1.1" 200 68894 "-" "curl/8.7.1"
185.177.72.54 - - [24/Jul/2026:07:56:50 -0500] "GET /%2egithub/workflows/ci%2eyml HTTP/1.1" 200 68894 "-" "curl/8.7.1"
185.177.72.54 - - [24/Jul/2026:07:56:50 -0500] "GET /%2egithub/dependabot%2eyml HTTP/1.1" 200 68894 "-" "curl/8.7.1"
185.177.72.54 - - [24/Jul/2026:07:56:51 -0500] "GET /%2egithub/CODEOWNERS HTTP/1.1" 200 68920 "-" "curl/8.7.1"
74.7.243.226 - - [24/Jul/2026:07:56:52 -0500] "GET /index.php?loknya=/proc/14215/root/opt/alt/php74/link HTTP/1.1" 200 6571 "https://zona-activa.com/index.php?loknya=/proc/14215/root/opt/alt/php74" "Mozilla/5.0 AppleWebKit/537.36 (KHTML, like Gecko; compatible; GPTBot/1.4; +https://openai.com/gptbot)"
185.177.72.54 - - [24/Jul/2026:07:56:52 -0500] "GET /%2egithub/ISSUE_TEMPLATE HTTP/1.1" 200 68894 "-" "curl/8.7.1"
185.177.72.54 - - [24/Jul/2026:07:56:53 -0500] "GET /%2egithub/PULL_REQUEST_TEMPLATE%2emd HTTP/1.1" 200 68894 "-" "curl/8.7.1"
185.177.72.54 - - [24/Jul/2026:07:56:54 -0500] "GET /%2egithub/funding%2eyml HTTP/1.1" 200 68894 "-" "curl/8.7.1"
185.177.72.54 - - [24/Jul/2026:07:56:55 -0500] "GET /%2egithub/stale%2eyml HTTP/1.1" 200 68894 "-" "curl/8.7.1"
185.177.72.54 - - [24/Jul/2026:07:56:55 -0500] "GET /%2egitlab HTTP/1.1" 200 68894 "-" "curl/8.7.1"
185.177.72.54 - - [24/Jul/2026:07:56:56 -0500] "GET /%2egitlab/issue_templates HTTP/1.1" 200 68894 "-" "curl/8.7.1"
74.7.243.226 - - [24/Jul/2026:07:56:57 -0500] "GET /index.php?loknya=/proc/14214/root/opt/alt/php83/var HTTP/1.1" 200 8682 "https://zona-activa.com/index.php?loknya=/proc/14214/root/opt/alt/php83" "Mozilla/5.0 AppleWebKit/537.36 (KHTML, like Gecko; compatible; GPTBot/1.4; +https://openai.com/gptbot)"
185.177.72.54 - - [24/Jul/2026:07:56:57 -0500] "GET /%2egitlab/merge_request_templates HTTP/1.1" 200 68894 "-" "curl/8.7.1"
185.177.72.54 - - [24/Jul/2026:07:56:58 -0500] "GET /%2egitlab-ci HTTP/1.1" 200 68894 "-" "curl/8.7.1"
185.177.72.54 - - [24/Jul/2026:07:56:58 -0500] "GET /%2egitattributes HTTP/1.1" 200 68894 "-" "curl/8.7.1"
185.177.72.54 - - [24/Jul/2026:07:56:59 -0500] "GET /%2egitmodules HTTP/1.1" 200 68894 "-" "curl/8.7.1"
185.177.72.54 - - [24/Jul/2026:07:57:00 -0500] "GET /%2egit-credentials HTTP/1.1" 200 68894 "-" "curl/8.7.1"
185.177.72.54 - - [24/Jul/2026:07:57:00 -0500] "GET /%2egit-askpass%2esh HTTP/1.1" 200 68894 "-" "curl/8.7.1"
185.177.72.54 - - [24/Jul/2026:07:57:01 -0500] "GET /%2egit-secret HTTP/1.1" 200 68894 "-" "curl/8.7.1"
185.177.72.54 - - [24/Jul/2026:07:57:02 -0500] "GET /%2egit/hooks/pre-commit HTTP/1.1" 200 68894 "-" "curl/8.7.1"
74.7.243.226 - - [24/Jul/2026:07:57:02 -0500] "GET /index.php?loknya=/proc/14215/root/opt/alt/php84/link HTTP/1.1" 200 6543 "https://zona-activa.com/index.php?loknya=/proc/14215/root/opt/alt/php84" "Mozilla/5.0 AppleWebKit/537.36 (KHTML, like Gecko; compatible; GPTBot/1.4; +https://openai.com/gptbot)"
185.177.72.54 - - [24/Jul/2026:07:57:03 -0500] "GET /%2egit/hooks/post-commit HTTP/1.1" 200 68894 "-" "curl/8.7.1"
185.177.72.54 - - [24/Jul/2026:07:57:04 -0500] "GET /%2egit/info HTTP/1.1" 200 68894 "-" "curl/8.7.1"
185.177.72.54 - - [24/Jul/2026:07:57:04 -0500] "GET /%2egit/objects/info HTTP/1.1" 200 68894 "-" "curl/8.7.1"
185.177.72.54 - - [24/Jul/2026:07:57:05 -0500] "GET /%2egit/objects/pack HTTP/1.1" 200 68894 "-" "curl/8.7.1"
185.177.72.54 - - [24/Jul/2026:07:57:06 -0500] "GET /%2egit/config%2ebak HTTP/1.1" 200 68894 "-" "curl/8.7.1"
185.177.72.54 - - [24/Jul/2026:07:57:06 -0500] "GET /%2egit/config%2eold HTTP/1.1" 200 68894 "-" "curl/8.7.1"
185.177.72.54 - - [24/Jul/2026:07:57:07 -0500] "GET /%2egit/config~ HTTP/1.1" 200 68894 "-" "curl/8.7.1"
74.7.243.226 - - [24/Jul/2026:07:57:08 -0500] "GET /index.php?loknya=/proc/14214/root/opt/alt/php83/etc HTTP/1.1" 200 30703 "https://zona-activa.com/index.php?loknya=/proc/14214/root/opt/alt/php83" "Mozilla/5.0 AppleWebKit/537.36 (KHTML, like Gecko; compatible; GPTBot/1.4; +https://openai.com/gptbot)"
185.177.72.54 - - [24/Jul/2026:07:57:08 -0500] "GET /root/%2egit-credentials HTTP/1.1" 200 68893 "-" "curl/8.7.1"
185.177.72.54 - - [24/Jul/2026:07:57:09 -0500] "GET /root/%2egitconfig HTTP/1.1" 200 68893 "-" "curl/8.7.1"
185.177.72.54 - - [24/Jul/2026:07:57:10 -0500] "GET /root/%2enetrc HTTP/1.1" 200 68893 "-" "curl/8.7.1"
185.177.72.54 - - [24/Jul/2026:07:57:10 -0500] "GET /home/*/%2egit-credentials HTTP/1.1" 200 68893 "-" "curl/8.7.1"
185.177.72.54 - - [24/Jul/2026:07:57:11 -0500] "GET /home/*/%2egitconfig HTTP/1.1" 200 68893 "-" "curl/8.7.1"
185.177.72.54 - - [24/Jul/2026:07:57:12 -0500] "GET /home/*/%2enetrc HTTP/1.1" 200 68892 "-" "curl/8.7.1"
74.7.243.226 - - [24/Jul/2026:07:57:13 -0500] "GET /index.php?loknya=/proc/14215/root/opt/alt/php81/etc HTTP/1.1" 200 30703 "https://zona-activa.com/index.php?loknya=/proc/14215/root/opt/alt/php81" "Mozilla/5.0 AppleWebKit/537.36 (KHTML, like Gecko; compatible; GPTBot/1.4; +https://openai.com/gptbot)"
185.177.72.54 - - [24/Jul/2026:07:57:13 -0500] "GET /~/%2egit-credentials HTTP/1.1" 200 68893 "-" "curl/8.7.1"
185.177.72.54 - - [24/Jul/2026:07:57:14 -0500] "GET /~/%2egitconfig HTTP/1.1" 200 68893 "-" "curl/8.7.1"
185.177.72.54 - - [24/Jul/2026:07:57:14 -0500] "GET /~/%2enetrc HTTP/1.1" 200 68894 "-" "curl/8.7.1"
185.177.72.54 - - [24/Jul/2026:07:57:15 -0500] "GET /app/%2egit/config HTTP/1.1" 200 68894 "-" "curl/8.7.1"
185.177.72.54 - - [24/Jul/2026:07:57:16 -0500] "GET /$(pwd)/%2egit/config HTTP/1.1" 200 68894 "-" "curl/8.7.1"
185.177.72.54 - - [24/Jul/2026:07:57:16 -0500] "GET /wp-json/wp/v2/users HTTP/1.1" 200 68894 "-" "curl/8.7.1"
185.177.72.54 - - [24/Jul/2026:07:57:17 -0500] "GET /etc/apache2/apache2%2econf HTTP/1.1" 200 68894 "-" "curl/8.7.1"
74.7.243.226 - - [24/Jul/2026:07:57:18 -0500] "GET /index.php?loknya=/proc/14215/root/opt/alt/php82/etc HTTP/1.1" 200 30703 "https://zona-activa.com/index.php?loknya=/proc/14215/root/opt/alt/php82" "Mozilla/5.0 AppleWebKit/537.36 (KHTML, like Gecko; compatible; GPTBot/1.4; +https://openai.com/gptbot)"
185.177.72.54 - - [24/Jul/2026:07:57:18 -0500] "GET /package-updates/*%2ecgi HTTP/1.1" 200 68894 "-" "curl/8.7.1"
185.177.72.54 - - [24/Jul/2026:07:57:19 -0500] "GET /software/*%2ecgi?*u=* HTTP/1.1" 200 68894 "-" "curl/8.7.1"
185.177.72.54 - - [24/Jul/2026:07:57:19 -0500] "GET /package-updates/*?*update* HTTP/1.1" 200 68894 "-" "curl/8.7.1"
185.177.72.54 - - [24/Jul/2026:07:57:20 -0500] "GET /webhook/* HTTP/1.1" 200 68894 "-" "curl/8.7.1"
185.177.72.54 - - [24/Jul/2026:07:57:21 -0500] "GET /webhook-test/* HTTP/1.1" 200 68894 "-" "curl/8.7.1"
185.177.72.54 - - [24/Jul/2026:07:57:22 -0500] "GET /form/* HTTP/1.1" 200 68894 "-" "curl/8.7.1"
185.177.72.54 - - [24/Jul/2026:07:57:23 -0500] "GET /form-test/* HTTP/1.1" 200 68894 "-" "curl/8.7.1"
74.7.243.226 - - [24/Jul/2026:07:57:23 -0500] "GET /index.php?loknya=/proc/14214/root/opt/alt/php83/link HTTP/1.1" 200 6543 "https://zona-activa.com/index.php?loknya=/proc/14214/root/opt/alt/php83" "Mozilla/5.0 AppleWebKit/537.36 (KHTML, like Gecko; compatible; GPTBot/1.4; +https://openai.com/gptbot)"
185.177.72.54 - - [24/Jul/2026:07:57:24 -0500] "GET /webhook HTTP/1.1" 200 68894 "-" "curl/8.7.1"
185.177.72.54 - - [24/Jul/2026:07:57:25 -0500] "GET /form HTTP/1.1" 200 68894 "-" "curl/8.7.1"
185.177.72.54 - - [24/Jul/2026:07:57:27 -0500] "GET /rest/oauth1-credential/auth HTTP/1.1" 200 68894 "-" "curl/8.7.1"
177.121.217.94 - - [24/Jul/2026:07:57:28 -0500] "GET /producto/purificador-de-agua-acero-1f-modelo-jl-13/?_wpnonce=ff217411fd&add_to_wishlist=74 HTTP/1.1" 200 68895 "-" "Mozilla/5.0 (Macintosh; Intel Mac OS X 10_15_7) AppleWebKit/537.36 (KHTML, like Gecko) Chrome/101.0.0.0 Safari/537.36"
185.177.72.54 - - [24/Jul/2026:07:57:28 -0500] "GET /rest/oauth2-credential/auth HTTP/1.1" 200 68894 "-" "curl/8.7.1"
74.7.243.226 - - [24/Jul/2026:07:57:28 -0500] "GET /index.php?loknya=/proc/14215/root/opt/alt/php74/etc HTTP/1.1" 200 32130 "https://zona-activa.com/index.php?loknya=/proc/14215/root/opt/alt/php74" "Mozilla/5.0 AppleWebKit/537.36 (KHTML, like Gecko; compatible; GPTBot/1.4; +https://openai.com/gptbot)"
185.177.72.54 - - [24/Jul/2026:07:57:29 -0500] "GET /rest/workflows HTTP/1.1" 200 68894 "-" "curl/8.7.1"
185.177.72.54 - - [24/Jul/2026:07:57:31 -0500] "GET /rest/executions HTTP/1.1" 200 68894 "-" "curl/8.7.1"
185.177.72.54 - - [24/Jul/2026:07:57:32 -0500] "GET /rest/workflows/run HTTP/1.1" 200 68894 "-" "curl/8.7.1"
74.7.243.226 - - [24/Jul/2026:07:57:33 -0500] "GET /index.php?loknya=/proc/14215/root/opt/alt/php74/var HTTP/1.1" 200 8682 "https://zona-activa.com/index.php?loknya=/proc/14215/root/opt/alt/php74" "Mozilla/5.0 AppleWebKit/537.36 (KHTML, like Gecko; compatible; GPTBot/1.4; +https://openai.com/gptbot)"
185.177.72.54 - - [24/Jul/2026:07:57:34 -0500] "GET /api/v1/* HTTP/1.1" 200 68894 "-" "curl/8.7.1"
185.177.72.54 - - [24/Jul/2026:07:57:35 -0500] "GET /api/v1/workflows HTTP/1.1" 200 68894 "-" "curl/8.7.1"
185.177.72.54 - - [24/Jul/2026:07:57:36 -0500] "GET /api/v1/executions HTTP/1.1" 200 68894 "-" "curl/8.7.1"
185.177.72.54 - - [24/Jul/2026:07:57:37 -0500] "GET /api/v1/credentials HTTP/1.1" 200 68894 "-" "curl/8.7.1"
74.7.243.226 - - [24/Jul/2026:07:57:39 -0500] "GET /index.php?loknya=/proc/14215/root/opt/alt/php82/link HTTP/1.1" 200 6543 "https://zona-activa.com/index.php?loknya=/proc/14215/root/opt/alt/php82" "Mozilla/5.0 AppleWebKit/537.36 (KHTML, like Gecko; compatible; GPTBot/1.4; +https://openai.com/gptbot)"
185.177.72.54 - - [24/Jul/2026:07:57:39 -0500] "GET /__debug HTTP/1.1" 200 68894 "-" "curl/8.7.1"
185.177.72.54 - - [24/Jul/2026:07:57:40 -0500] "GET /%2ewell-known/* HTTP/1.1" 200 68894 "-" "curl/8.7.1"
185.177.72.54 - - [24/Jul/2026:07:57:41 -0500] "GET /healthz HTTP/1.1" 200 68894 "-" "curl/8.7.1"
185.177.72.54 - - [24/Jul/2026:07:57:42 -0500] "GET /metrics HTTP/1.1" 200 68894 "-" "curl/8.7.1"
185.177.72.54 - - [24/Jul/2026:07:57:44 -0500] "GET /rest/* HTTP/1.1" 200 68894 "-" "curl/8.7.1"
185.177.72.54 - - [24/Jul/2026:07:57:45 -0500] "GET /rest/settings HTTP/1.1" 200 68894 "-" "curl/8.7.1"
185.177.72.54 - - [24/Jul/2026:07:57:46 -0500] "GET /rest/login HTTP/1.1" 200 68894 "-" "curl/8.7.1"
185.177.72.54 - - [24/Jul/2026:07:57:47 -0500] "GET /rest/logout HTTP/1.1" 200 68894 "-" "curl/8.7.1"
185.177.72.54 - - [24/Jul/2026:07:57:48 -0500] "GET /rest/users HTTP/1.1" 200 68894 "-" "curl/8.7.1"
185.177.72.54 - - [24/Jul/2026:07:57:49 -0500] "GET /rest/node-types HTTP/1.1" 200 68894 "-" "curl/8.7.1"
185.177.72.54 - - [24/Jul/2026:07:57:50 -0500] "GET /rest/credentials-for-node HTTP/1.1" 200 68894 "-" "curl/8.7.1"
185.177.72.54 - - [24/Jul/2026:07:57:51 -0500] "GET /rest/credential-translation HTTP/1.1" 200 68894 "-" "curl/8.7.1"
185.177.72.54 - - [24/Jul/2026:07:57:52 -0500] "GET /rest/tags HTTP/1.1" 200 68894 "-" "curl/8.7.1"
185.177.72.54 - - [24/Jul/2026:07:57:53 -0500] "GET /rest/variables HTTP/1.1" 200 68894 "-" "curl/8.7.1"
185.177.72.54 - - [24/Jul/2026:07:57:54 -0500] "GET /rest/license HTTP/1.1" 200 68894 "-" "curl/8.7.1"
185.177.72.54 - - [24/Jul/2026:07:57:55 -0500] "GET /webhook-waiting/* HTTP/1.1" 200 68894 "-" "curl/8.7.1"
185.177.72.54 - - [24/Jul/2026:07:57:56 -0500] "GET /chat/* HTTP/1.1" 200 68894 "-" "curl/8.7.1"
185.177.72.54 - - [24/Jul/2026:07:57:57 -0500] "GET /chat HTTP/1.1" 200 68894 "-" "curl/8.7.1"
185.177.72.54 - - [24/Jul/2026:07:57:57 -0500] "GET /*update%2ecgi* HTTP/1.1" 200 68894 "-" "curl/8.7.1"
185.177.72.54 - - [24/Jul/2026:07:57:58 -0500] "GET /sysinfo%2ecgi HTTP/1.1" 200 68894 "-" "curl/8.7.1"
185.177.72.54 - - [24/Jul/2026:07:57:59 -0500] "GET /proc/index%2ecgi HTTP/1.1" 200 68894 "-" "curl/8.7.1"
74.7.243.226 - - [24/Jul/2026:07:57:59 -0500] "GET /index.php?loknya=/proc/14214/root/opt/alt/php70/link HTTP/1.1" 200 6543 "https://zona-activa.com/index.php?loknya=/proc/14214/root/opt/alt/php70" "Mozilla/5.0 AppleWebKit/537.36 (KHTML, like Gecko; compatible; GPTBot/1.4; +https://openai.com/gptbot)"
185.177.72.54 - - [24/Jul/2026:07:58:00 -0500] "GET /servers/link%2ecgi HTTP/1.1" 200 68894 "-" "curl/8.7.1"
185.177.72.54 - - [24/Jul/2026:07:58:01 -0500] "GET /servers/save%2ecgi HTTP/1.1" 200 68894 "-" "curl/8.7.1"
185.177.72.54 - - [24/Jul/2026:07:58:02 -0500] "GET /package-updates/apt%2ecgi HTTP/1.1" 200 68894 "-" "curl/8.7.1"
185.177.72.54 - - [24/Jul/2026:07:58:03 -0500] "GET /package-updates/yum%2ecgi HTTP/1.1" 200 68894 "-" "curl/8.7.1"
185.177.72.54 - - [24/Jul/2026:07:58:04 -0500] "GET /package-updates/save%2ecgi HTTP/1.1" 200 68894 "-" "curl/8.7.1"
185.177.72.54 - - [24/Jul/2026:07:58:06 -0500] "GET /package-updates/refresh%2ecgi HTTP/1.1" 200 68894 "-" "curl/8.7.1"
74.7.243.226 - - [24/Jul/2026:07:58:09 -0500] "GET /index.php?loknya=/proc/14215/root/opt/alt/php84/etc HTTP/1.1" 200 30703 "https://zona-activa.com/index.php?loknya=/proc/14215/root/opt/alt/php84" "Mozilla/5.0 AppleWebKit/537.36 (KHTML, like Gecko; compatible; GPTBot/1.4; +https://openai.com/gptbot)"
74.7.243.226 - - [24/Jul/2026:07:58:11 -0500] "GET /index.php?loknya=/proc/14214/root/opt/alt/php83/var/www HTTP/1.1" 200 6615 "https://zona-activa.com/index.php?loknya=/proc/14214/root/opt/alt/php83/var" "Mozilla/5.0 AppleWebKit/537.36 (KHTML, like Gecko; compatible; GPTBot/1.4; +https://openai.com/gptbot)"
74.7.243.226 - - [24/Jul/2026:07:58:15 -0500] "GET /index.php?loknya=/proc/14215/root/opt/alt/php56/link HTTP/1.1" 200 6543 "https://zona-activa.com/index.php?loknya=/proc/14215/root/opt/alt/php56" "Mozilla/5.0 AppleWebKit/537.36 (KHTML, like Gecko; compatible; GPTBot/1.4; +https://openai.com/gptbot)"
185.177.72.54 - - [24/Jul/2026:07:58:16 -0500] "GET /package-updates/refresh%2ecgi HTTP/1.1" 200 68894 "-" "curl/8.7.1"
185.177.72.54 - - [24/Jul/2026:07:58:16 -0500] "GET /package-updates/perform%2ecgi HTTP/1.1" 200 68894 "-" "curl/8.7.1"
185.177.72.54 - - [24/Jul/2026:07:58:17 -0500] "GET /package-updates/download%2ecgi HTTP/1.1" 200 68894 "-" "curl/8.7.1"
185.177.72.54 - - [24/Jul/2026:07:58:18 -0500] "GET /package-updates/install%2ecgi HTTP/1.1" 200 68894 "-" "curl/8.7.1"
185.177.72.54 - - [24/Jul/2026:07:58:19 -0500] "GET /package-updates/update%2ecgi HTTP/1.1" 200 68894 "-" "curl/8.7.1"
185.177.72.54 - - [24/Jul/2026:07:58:19 -0500] "GET /package-updates/index%2ecgi HTTP/1.1" 200 68894 "-" "curl/8.7.1"
185.177.72.54 - - [24/Jul/2026:07:58:20 -0500] "GET /software/update%2ecgi HTTP/1.1" 200 68894 "-" "curl/8.7.1"
74.7.243.226 - - [24/Jul/2026:07:58:21 -0500] "GET /index.php?loknya=/proc/14214/root/opt/alt/php83/etc/pear HTTP/1.1" 200 5533 "https://zona-activa.com/index.php?loknya=/proc/14214/root/opt/alt/php83/etc" "Mozilla/5.0 AppleWebKit/537.36 (KHTML, like Gecko; compatible; GPTBot/1.4; +https://openai.com/gptbot)"
185.177.72.54 - - [24/Jul/2026:07:58:21 -0500] "GET /software/install-updates%2ecgi HTTP/1.1" 200 68894 "-" "curl/8.7.1"
185.177.72.54 - - [24/Jul/2026:07:58:22 -0500] "GET /package-updates/ HTTP/1.1" 200 68894 "-" "curl/8.7.1"
185.177.72.54 - - [24/Jul/2026:07:58:22 -0500] "GET /webmin/package-updates/update%2ecgi HTTP/1.1" 200 68894 "-" "curl/8.7.1"
185.177.72.54 - - [24/Jul/2026:07:58:23 -0500] "GET /_next/data/*/index%2ejson HTTP/1.1" 200 68894 "-" "curl/8.7.1"
185.177.72.54 - - [24/Jul/2026:07:58:24 -0500] "GET /_next/data/*/about%2ejson HTTP/1.1" 200 68894 "-" "curl/8.7.1"
185.177.72.54 - - [24/Jul/2026:07:58:25 -0500] "GET /_next/data/*/*%2ejson HTTP/1.1" 200 68894 "-" "curl/8.7.1"
185.177.72.54 - - [24/Jul/2026:07:58:25 -0500] "GET /_next/static/* HTTP/1.1" 200 68894 "-" "curl/8.7.1"
74.7.243.226 - - [24/Jul/2026:07:58:26 -0500] "GET /index.php?loknya=/proc/14215/root/opt/alt/php81/etc/pear HTTP/1.1" 200 5533 "https://zona-activa.com/index.php?loknya=/proc/14215/root/opt/alt/php81/etc" "Mozilla/5.0 AppleWebKit/537.36 (KHTML, like Gecko; compatible; GPTBot/1.4; +https://openai.com/gptbot)"
185.177.72.54 - - [24/Jul/2026:07:58:26 -0500] "GET /api/* HTTP/1.1" 200 68894 "-" "curl/8.7.1"
185.177.72.54 - - [24/Jul/2026:07:58:27 -0500] "GET /api/auth/* HTTP/1.1" 200 68894 "-" "curl/8.7.1"
185.177.72.54 - - [24/Jul/2026:07:58:28 -0500] "GET /api/users/* HTTP/1.1" 200 68893 "-" "curl/8.7.1"
185.177.72.54 - - [24/Jul/2026:07:58:28 -0500] "GET /api/data/* HTTP/1.1" 200 68893 "-" "curl/8.7.1"
185.177.72.54 - - [24/Jul/2026:07:58:29 -0500] "GET /api/webhook/* HTTP/1.1" 200 68893 "-" "curl/8.7.1"
185.177.72.54 - - [24/Jul/2026:07:58:30 -0500] "GET /__nextjs_action HTTP/1.1" 200 68893 "-" "curl/8.7.1"
185.177.72.54 - - [24/Jul/2026:07:58:31 -0500] "GET /__nextjs_action/* HTTP/1.1" 200 68919 "-" "curl/8.7.1"
74.7.243.226 - - [24/Jul/2026:07:58:31 -0500] "GET /index.php?loknya=/proc/14215/root/opt/alt/php82/ HTTP/1.1" 200 9672 "https://zona-activa.com/index.php?loknya=/proc/14215/root/opt/alt/php82/etc" "Mozilla/5.0 AppleWebKit/537.36 (KHTML, like Gecko; compatible; GPTBot/1.4; +https://openai.com/gptbot)"
185.177.72.54 - - [24/Jul/2026:07:58:31 -0500] "GET /app/* HTTP/1.1" 200 68893 "-" "curl/8.7.1"
185.177.72.54 - - [24/Jul/2026:07:58:32 -0500] "GET /dashboard/* HTTP/1.1" 200 68892 "-" "curl/8.7.1"
185.177.72.54 - - [24/Jul/2026:07:58:33 -0500] "GET /admin/* HTTP/1.1" 200 68894 "-" "curl/8.7.1"
185.177.72.54 - - [24/Jul/2026:07:58:34 -0500] "GET /user/* HTTP/1.1" 200 68894 "-" "curl/8.7.1"
185.177.72.54 - - [24/Jul/2026:07:58:35 -0500] "GET /profile/* HTTP/1.1" 200 68894 "-" "curl/8.7.1"
185.177.72.54 - - [24/Jul/2026:07:58:36 -0500] "GET /settings/* HTTP/1.1" 200 68894 "-" "curl/8.7.1"
74.7.243.226 - - [24/Jul/2026:07:58:36 -0500] "GET /index.php?loknya=/proc/14215/root/opt/alt/php82/etc/pear HTTP/1.1" 200 5533 "https://zona-activa.com/index.php?loknya=/proc/14215/root/opt/alt/php82/etc" "Mozilla/5.0 AppleWebKit/537.36 (KHTML, like Gecko; compatible; GPTBot/1.4; +https://openai.com/gptbot)"
185.177.72.54 - - [24/Jul/2026:07:58:37 -0500] "GET /[slug] HTTP/1.1" 200 68894 "-" "curl/8.7.1"
185.177.72.54 - - [24/Jul/2026:07:58:37 -0500] "GET /[id] HTTP/1.1" 200 68894 "-" "curl/8.7.1"
185.177.72.54 - - [24/Jul/2026:07:58:38 -0500] "GET /[%2e%2e%2ecatchAll] HTTP/1.1" 200 68894 "-" "curl/8.7.1"
185.177.72.54 - - [24/Jul/2026:07:58:39 -0500] "GET /[[%2e%2e%2eoptional]] HTTP/1.1" 200 68894 "-" "curl/8.7.1"
185.177.72.54 - - [24/Jul/2026:07:58:40 -0500] "GET /about HTTP/1.1" 200 68894 "-" "curl/8.7.1"
185.177.72.54 - - [24/Jul/2026:07:58:41 -0500] "GET /contact HTTP/1.1" 200 68894 "-" "curl/8.7.1"
185.177.72.54 - - [24/Jul/2026:07:58:42 -0500] "GET /products HTTP/1.1" 200 68894 "-" "curl/8.7.1"
74.7.243.226 - - [24/Jul/2026:07:58:42 -0500] "GET /index.php?loknya=/proc/14215/root/opt/alt/php74/etc/pear HTTP/1.1" 200 5533 "https://zona-activa.com/index.php?loknya=/proc/14215/root/opt/alt/php74/etc" "Mozilla/5.0 AppleWebKit/537.36 (KHTML, like Gecko; compatible; GPTBot/1.4; +https://openai.com/gptbot)"
185.177.72.54 - - [24/Jul/2026:07:58:42 -0500] "GET /blog HTTP/1.1" 200 68894 "-" "curl/8.7.1"
185.177.72.54 - - [24/Jul/2026:07:58:43 -0500] "GET /docs HTTP/1.1" 200 68894 "-" "curl/8.7.1"
185.177.72.54 - - [24/Jul/2026:07:58:44 -0500] "GET /_react/action/* HTTP/1.1" 200 68894 "-" "curl/8.7.1"
185.177.72.54 - - [24/Jul/2026:07:58:45 -0500] "GET /_react/data/* HTTP/1.1" 200 68894 "-" "curl/8.7.1"
185.177.72.54 - - [24/Jul/2026:07:58:46 -0500] "GET /actions/* HTTP/1.1" 200 68894 "-" "curl/8.7.1"
185.177.72.54 - - [24/Jul/2026:07:58:47 -0500] "GET /loaders/* HTTP/1.1" 200 68894 "-" "curl/8.7.1"
74.7.243.226 - - [24/Jul/2026:07:58:47 -0500] "GET /index.php?loknya=/proc/14215/root/opt/alt/php81/etc/newrelic HTTP/1.1" 200 6970 "https://zona-activa.com/index.php?loknya=/proc/14215/root/opt/alt/php81/etc" "Mozilla/5.0 AppleWebKit/537.36 (KHTML, like Gecko; compatible; GPTBot/1.4; +https://openai.com/gptbot)"
185.177.72.54 - - [24/Jul/2026:07:58:48 -0500] "GET /waku/* HTTP/1.1" 200 68894 "-" "curl/8.7.1"
185.177.72.54 - - [24/Jul/2026:07:58:48 -0500] "GET /_waku/* HTTP/1.1" 200 68894 "-" "curl/8.7.1"
185.177.72.54 - - [24/Jul/2026:07:58:49 -0500] "GET /* HTTP/1.1" 200 68894 "-" "curl/8.7.1"
185.177.72.54 - - [24/Jul/2026:07:58:50 -0500] "GET /*/[id] HTTP/1.1" 200 68894 "-" "curl/8.7.1"
185.177.72.54 - - [24/Jul/2026:07:58:51 -0500] "GET /*/[slug] HTTP/1.1" 200 68894 "-" "curl/8.7.1"
185.177.72.54 - - [24/Jul/2026:07:58:51 -0500] "GET /v1/* HTTP/1.1" 200 68894 "-" "curl/8.7.1"
74.7.243.226 - - [24/Jul/2026:07:58:52 -0500] "GET /index.php?loknya=/proc/14215/root/opt/alt/php74/var/www HTTP/1.1" 200 6615 "https://zona-activa.com/index.php?loknya=/proc/14215/root/opt/alt/php74/var" "Mozilla/5.0 AppleWebKit/537.36 (KHTML, like Gecko; compatible; GPTBot/1.4; +https://openai.com/gptbot)"
185.177.72.54 - - [24/Jul/2026:07:58:52 -0500] "GET /v2/* HTTP/1.1" 200 68894 "-" "curl/8.7.1"
185.177.72.54 - - [24/Jul/2026:07:58:53 -0500] "GET /graphql HTTP/1.1" 200 68894 "-" "curl/8.7.1"
185.177.72.54 - - [24/Jul/2026:07:58:54 -0500] "GET /trpc/* HTTP/1.1" 200 68894 "-" "curl/8.7.1"
185.177.72.54 - - [24/Jul/2026:07:58:54 -0500] "GET /auth/* HTTP/1.1" 200 68894 "-" "curl/8.7.1"
185.177.72.54 - - [24/Jul/2026:07:58:55 -0500] "GET /login HTTP/1.1" 200 68894 "-" "curl/8.7.1"
185.177.72.54 - - [24/Jul/2026:07:58:56 -0500] "GET /register HTTP/1.1" 200 68894 "-" "curl/8.7.1"
185.177.72.54 - - [24/Jul/2026:07:58:57 -0500] "GET /signup HTTP/1.1" 200 68894 "-" "curl/8.7.1"
74.7.243.226 - - [24/Jul/2026:07:58:57 -0500] "GET /index.php?loknya=/proc/14215/root/opt/alt/php82/etc/newrelic HTTP/1.1" 200 6970 "https://zona-activa.com/index.php?loknya=/proc/14215/root/opt/alt/php82/etc" "Mozilla/5.0 AppleWebKit/537.36 (KHTML, like Gecko; compatible; GPTBot/1.4; +https://openai.com/gptbot)"
185.177.72.54 - - [24/Jul/2026:07:58:57 -0500] "GET /oauth/* HTTP/1.1" 200 68894 "-" "curl/8.7.1"
185.177.72.54 - - [24/Jul/2026:07:58:58 -0500] "GET /console/* HTTP/1.1" 200 68894 "-" "curl/8.7.1"
185.177.72.54 - - [24/Jul/2026:07:58:59 -0500] "GET /manage/* HTTP/1.1" 200 68894 "-" "curl/8.7.1"
185.177.72.54 - - [24/Jul/2026:07:59:00 -0500] "GET /posts/* HTTP/1.1" 200 68894 "-" "curl/8.7.1"
185.177.72.54 - - [24/Jul/2026:07:59:00 -0500] "GET /articles/* HTTP/1.1" 200 68894 "-" "curl/8.7.1"
185.177.72.54 - - [24/Jul/2026:07:59:01 -0500] "GET /pages/* HTTP/1.1" 200 68894 "-" "curl/8.7.1"
185.177.72.54 - - [24/Jul/2026:07:59:02 -0500] "GET /content/* HTTP/1.1" 200 68894 "-" "curl/8.7.1"
74.7.243.226 - - [24/Jul/2026:07:59:02 -0500] "GET /index.php?loknya=/proc/14214/root/opt/alt/php83/etc/newrelic HTTP/1.1" 200 6970 "https://zona-activa.com/index.php?loknya=/proc/14214/root/opt/alt/php83/etc" "Mozilla/5.0 AppleWebKit/537.36 (KHTML, like Gecko; compatible; GPTBot/1.4; +https://openai.com/gptbot)"
185.177.72.54 - - [24/Jul/2026:07:59:03 -0500] "GET /cart HTTP/1.1" 200 68894 "-" "curl/8.7.1"
185.177.72.54 - - [24/Jul/2026:07:59:04 -0500] "GET /checkout HTTP/1.1" 200 68894 "-" "curl/8.7.1"
185.177.72.54 - - [24/Jul/2026:07:59:05 -0500] "GET /orders/* HTTP/1.1" 200 68894 "-" "curl/8.7.1"
185.177.72.54 - - [24/Jul/2026:07:59:06 -0500] "GET /payment/* HTTP/1.1" 200 68894 "-" "curl/8.7.1"
185.177.72.54 - - [24/Jul/2026:07:59:06 -0500] "GET /workspaces/* HTTP/1.1" 200 68894 "-" "curl/8.7.1"
185.177.72.54 - - [24/Jul/2026:07:59:07 -0500] "GET /projects/* HTTP/1.1" 200 68920 "-" "curl/8.7.1"
74.7.243.226 - - [24/Jul/2026:07:59:08 -0500] "GET /index.php?loknya=/proc/14215/root/opt/alt/php74/etc/newrelic HTTP/1.1" 200 6970 "https://zona-activa.com/index.php?loknya=/proc/14215/root/opt/alt/php74/etc" "Mozilla/5.0 AppleWebKit/537.36 (KHTML, like Gecko; compatible; GPTBot/1.4; +https://openai.com/gptbot)"
185.177.72.54 - - [24/Jul/2026:07:59:08 -0500] "GET /teams/* HTTP/1.1" 200 68894 "-" "curl/8.7.1"
185.177.72.54 - - [24/Jul/2026:07:59:09 -0500] "GET /billing/* HTTP/1.1" 200 68894 "-" "curl/8.7.1"
185.177.72.54 - - [24/Jul/2026:07:59:10 -0500] "GET /integrations/* HTTP/1.1" 200 68894 "-" "curl/8.7.1"
185.177.72.54 - - [24/Jul/2026:07:59:10 -0500] "GET /cms/* HTTP/1.1" 200 68894 "-" "curl/8.7.1"
185.177.72.54 - - [24/Jul/2026:07:59:11 -0500] "GET /editor/* HTTP/1.1" 200 68894 "-" "curl/8.7.1"
185.177.72.54 - - [24/Jul/2026:07:59:12 -0500] "GET /media/* HTTP/1.1" 200 68894 "-" "curl/8.7.1"
74.7.243.226 - - [24/Jul/2026:07:59:13 -0500] "GET /index.php?loknya=/proc/14215/root/opt/alt/php84/etc/pear HTTP/1.1" 200 5533 "https://zona-activa.com/index.php?loknya=/proc/14215/root/opt/alt/php84/etc" "Mozilla/5.0 AppleWebKit/537.36 (KHTML, like Gecko; compatible; GPTBot/1.4; +https://openai.com/gptbot)"
185.177.72.54 - - [24/Jul/2026:07:59:13 -0500] "GET /publish/* HTTP/1.1" 200 68894 "-" "curl/8.7.1"
185.177.72.54 - - [24/Jul/2026:07:59:14 -0500] "GET /threads/* HTTP/1.1" 200 68894 "-" "curl/8.7.1"
185.177.72.54 - - [24/Jul/2026:07:59:15 -0500] "GET /messages/* HTTP/1.1" 200 68894 "-" "curl/8.7.1"
185.177.72.54 - - [24/Jul/2026:07:59:15 -0500] "GET /notifications/* HTTP/1.1" 200 68894 "-" "curl/8.7.1"
185.177.72.54 - - [24/Jul/2026:07:59:16 -0500] "GET /%2enetlify/functions/* HTTP/1.1" 200 68894 "-" "curl/8.7.1"
185.177.72.54 - - [24/Jul/2026:07:59:17 -0500] "GET /%2evercel/functions/* HTTP/1.1" 200 68894 "-" "curl/8.7.1"
185.177.72.54 - - [24/Jul/2026:07:59:17 -0500] "GET /api/serverless/* HTTP/1.1" 200 68894 "-" "curl/8.7.1"
74.7.243.226 - - [24/Jul/2026:07:59:18 -0500] "GET /index.php?loknya=/proc/14215/root/opt/alt/php84/etc/newrelic HTTP/1.1" 200 6970 "https://zona-activa.com/index.php?loknya=/proc/14215/root/opt/alt/php84/etc" "Mozilla/5.0 AppleWebKit/537.36 (KHTML, like Gecko; compatible; GPTBot/1.4; +https://openai.com/gptbot)"
185.177.72.54 - - [24/Jul/2026:07:59:18 -0500] "GET /[locale]/* HTTP/1.1" 200 68894 "-" "curl/8.7.1"
57.141.18.74 - - [24/Jul/2026:07:59:19 -0500] "GET /producto/osmosis-inversa-1000gpd-modelo-europa/ HTTP/1.1" 200 68893 "-" "Mozilla/5.0 (Windows NT 10.0; Win64; x64) AppleWebKit/537.36 (KHTML, like Gecko) Chrome/145.0.0.0 Safari/537.36 (compatible; meta-externalagent/1.1 (+https://developers.facebook.com/docs/sharing/webmasters/crawler))"
185.177.72.54 - - [24/Jul/2026:07:59:19 -0500] "GET /en/* HTTP/1.1" 200 68894 "-" "curl/8.7.1"
185.177.72.54 - - [24/Jul/2026:07:59:20 -0500] "GET /fr/* HTTP/1.1" 200 68894 "-" "curl/8.7.1"
185.177.72.54 - - [24/Jul/2026:07:59:21 -0500] "GET /[tenant]/* HTTP/1.1" 200 68894 "-" "curl/8.7.1"
185.177.72.54 - - [24/Jul/2026:07:59:21 -0500] "GET /[workspace]/* HTTP/1.1" 200 68894 "-" "curl/8.7.1"
185.177.72.54 - - [24/Jul/2026:07:59:22 -0500] "GET /shop/[category]/* HTTP/1.1" 200 68894 "-" "curl/8.7.1"
185.177.72.54 - - [24/Jul/2026:07:59:23 -0500] "GET /blog/[year]/[month]/[slug] HTTP/1.1" 200 68894 "-" "curl/8.7.1"
74.7.243.226 - - [24/Jul/2026:07:59:23 -0500] "GET /index.php?loknya=/proc/14214/root/opt/alt/php83/etc/rpm HTTP/1.1" 200 8319 "https://zona-activa.com/index.php?loknya=/proc/14214/root/opt/alt/php83/etc" "Mozilla/5.0 AppleWebKit/537.36 (KHTML, like Gecko; compatible; GPTBot/1.4; +https://openai.com/gptbot)"
185.177.72.54 - - [24/Jul/2026:07:59:24 -0500] "GET /:27017 HTTP/1.1" 200 68894 "-" "curl/8.7.1"
185.177.72.54 - - [24/Jul/2026:07:59:24 -0500] "GET /:27018 HTTP/1.1" 200 68894 "-" "curl/8.7.1"
185.177.72.54 - - [24/Jul/2026:07:59:25 -0500] "GET /:27019 HTTP/1.1" 200 68894 "-" "curl/8.7.1"
185.177.72.54 - - [24/Jul/2026:07:59:26 -0500] "GET /:28017 HTTP/1.1" 200 68894 "-" "curl/8.7.1"
185.177.72.54 - - [24/Jul/2026:07:59:26 -0500] "GET /%2ewell-known/acme-challenge/* HTTP/1.1" 200 68893 "-" "curl/8.7.1"
185.177.72.54 - - [24/Jul/2026:07:59:27 -0500] "GET /%2ewell-known/acme-challenge/ HTTP/1.1" 403 68893 "-" "curl/8.7.1"
185.177.72.54 - - [24/Jul/2026:07:59:28 -0500] "GET /dnscfg%2ecgi HTTP/1.1" 200 68919 "-" "curl/8.7.1"
74.7.243.226 - - [24/Jul/2026:07:59:28 -0500] "GET /index.php?loknya=/proc/14215/root/opt/alt/php84/etc/rpm HTTP/1.1" 200 8319 "https://zona-activa.com/index.php?loknya=/proc/14215/root/opt/alt/php84/etc" "Mozilla/5.0 AppleWebKit/537.36 (KHTML, like Gecko; compatible; GPTBot/1.4; +https://openai.com/gptbot)"
185.177.72.54 - - [24/Jul/2026:07:59:29 -0500] "GET /_layouts/* HTTP/1.1" 200 68893 "-" "curl/8.7.1"
185.177.72.54 - - [24/Jul/2026:07:59:29 -0500] "GET /_layouts/15/* HTTP/1.1" 200 68893 "-" "curl/8.7.1"
185.177.72.54 - - [24/Jul/2026:07:59:30 -0500] "GET /_api/* HTTP/1.1" 200 68893 "-" "curl/8.7.1"
185.177.72.54 - - [24/Jul/2026:07:59:31 -0500] "GET /_vti_bin/* HTTP/1.1" 200 68893 "-" "curl/8.7.1"
185.177.72.54 - - [24/Jul/2026:07:59:32 -0500] "GET /admin%2ehtml HTTP/1.1" 200 68893 "-" "curl/8.7.1"
185.177.72.54 - - [24/Jul/2026:07:59:32 -0500] "GET /oauth/authorize HTTP/1.1" 200 68894 "-" "curl/8.7.1"
185.177.72.54 - - [24/Jul/2026:07:59:33 -0500] "GET /api/credentials HTTP/1.1" 200 68894 "-" "curl/8.7.1"
74.7.243.226 - - [24/Jul/2026:07:59:33 -0500] "GET /index.php?loknya=/proc/14215/root/opt/alt/php82/etc/rpm HTTP/1.1" 200 8319 "https://zona-activa.com/index.php?loknya=/proc/14215/root/opt/alt/php82/etc" "Mozilla/5.0 AppleWebKit/537.36 (KHTML, like Gecko; compatible; GPTBot/1.4; +https://openai.com/gptbot)"
185.177.72.54 - - [24/Jul/2026:07:59:34 -0500] "GET /controlpanel HTTP/1.1" 200 34845 "-" "curl/8.7.1"
185.177.72.54 - - [24/Jul/2026:07:59:34 -0500] "GET /%2ecache HTTP/1.1" 200 68894 "-" "curl/8.7.1"
185.177.72.54 - - [24/Jul/2026:07:59:35 -0500] "GET /config/stripe%2eyaml HTTP/1.1" 200 68894 "-" "curl/8.7.1"
185.177.72.54 - - [24/Jul/2026:07:59:36 -0500] "GET /%2ewell-known/stripe%2etxt HTTP/1.1" 200 68894 "-" "curl/8.7.1"
185.177.72.54 - - [24/Jul/2026:07:59:36 -0500] "GET /payment/stripe%2ejson HTTP/1.1" 200 68894 "-" "curl/8.7.1"
185.177.72.54 - - [24/Jul/2026:07:59:37 -0500] "GET /stripe%2eyaml HTTP/1.1" 200 68894 "-" "curl/8.7.1"
185.177.72.54 - - [24/Jul/2026:07:59:38 -0500] "GET /payment_gateways/stripe%2eyaml HTTP/1.1" 200 68894 "-" "curl/8.7.1"
185.177.72.54 - - [24/Jul/2026:07:59:39 -0500] "GET /stripe/config%2ejson HTTP/1.1" 200 68894 "-" "curl/8.7.1"
74.7.243.226 - - [24/Jul/2026:07:59:39 -0500] "GET /index.php?loknya=/proc/14215/root/opt/alt/php74/etc/rpm HTTP/1.1" 200 8316 "https://zona-activa.com/index.php?loknya=/proc/14215/root/opt/alt/php74/etc" "Mozilla/5.0 AppleWebKit/537.36 (KHTML, like Gecko; compatible; GPTBot/1.4; +https://openai.com/gptbot)"
185.177.72.54 - - [24/Jul/2026:07:59:39 -0500] "GET /src/config/stripe%2ets HTTP/1.1" 200 68894 "-" "curl/8.7.1"
185.177.72.54 - - [24/Jul/2026:07:59:40 -0500] "GET /client/stripe%2econfig%2ejs HTTP/1.1" 200 68894 "-" "curl/8.7.1"
185.177.72.54 - - [24/Jul/2026:07:59:41 -0500] "GET /stripe%2eenv HTTP/1.1" 200 68894 "-" "curl/8.7.1"
185.177.72.54 - - [24/Jul/2026:07:59:42 -0500] "GET /stripe%2econfig%2ejs HTTP/1.1" 200 68894 "-" "curl/8.7.1"
185.177.72.54 - - [24/Jul/2026:07:59:43 -0500] "GET /stripe/webhook_secret%2eenv HTTP/1.1" 200 68894 "-" "curl/8.7.1"
185.177.72.54 - - [24/Jul/2026:07:59:44 -0500] "GET /public/stripe%2ejs HTTP/1.1" 200 68920 "-" "curl/8.7.1"
74.7.243.226 - - [24/Jul/2026:07:59:44 -0500] "GET /index.php?loknya=/proc/14215/root/opt/alt/php81/etc/rpm HTTP/1.1" 200 8319 "https://zona-activa.com/index.php?loknya=/proc/14215/root/opt/alt/php81/etc" "Mozilla/5.0 AppleWebKit/537.36 (KHTML, like Gecko; compatible; GPTBot/1.4; +https://openai.com/gptbot)"
185.177.72.54 - - [24/Jul/2026:07:59:45 -0500] "GET /config/stripe%2ephp HTTP/1.1" 200 68894 "-" "curl/8.7.1"
185.177.72.54 - - [24/Jul/2026:07:59:46 -0500] "GET /webhooks/incoming/stripe%2ejson HTTP/1.1" 200 68894 "-" "curl/8.7.1"
185.177.72.54 - - [24/Jul/2026:07:59:46 -0500] "GET /stripe-keys%2ejson HTTP/1.1" 200 68894 "-" "curl/8.7.1"
185.177.72.54 - - [24/Jul/2026:07:59:47 -0500] "GET /src/config/stripe%2ejs HTTP/1.1" 200 68894 "-" "curl/8.7.1"
185.177.72.54 - - [24/Jul/2026:07:59:48 -0500] "GET /stripe%2ejson HTTP/1.1" 200 68894 "-" "curl/8.7.1"
185.177.72.54 - - [24/Jul/2026:07:59:49 -0500] "GET /stripe-credentials%2ejson HTTP/1.1" 200 68894 "-" "curl/8.7.1"
74.7.243.226 - - [24/Jul/2026:07:59:50 -0500] "GET /index.php?loknya=/proc/14215/root/opt/alt/php84/var HTTP/1.1" 200 8682 "https://zona-activa.com/index.php?loknya=/proc/14215/root/opt/alt/php84" "Mozilla/5.0 AppleWebKit/537.36 (KHTML, like Gecko; compatible; GPTBot/1.4; +https://openai.com/gptbot)"
185.177.72.54 - - [24/Jul/2026:07:59:50 -0500] "GET /%2ewell-known/stripe/ HTTP/1.1" 200 68894 "-" "curl/8.7.1"
185.177.72.54 - - [24/Jul/2026:07:59:51 -0500] "GET /%2estripe/ HTTP/1.1" 200 68894 "-" "curl/8.7.1"
185.177.72.54 - - [24/Jul/2026:07:59:52 -0500] "GET /stripe/%2eenv HTTP/1.1" 200 68894 "-" "curl/8.7.1"
185.177.72.54 - - [24/Jul/2026:07:59:52 -0500] "GET /config/stripe%2ejson HTTP/1.1" 200 68894 "-" "curl/8.7.1"
185.177.72.54 - - [24/Jul/2026:07:59:53 -0500] "GET /plugins/payments/stripe%2ejson HTTP/1.1" 200 68894 "-" "curl/8.7.1"
185.177.72.54 - - [24/Jul/2026:07:59:54 -0500] "GET /%2eenv%2econfig HTTP/1.1" 200 68894 "-" "curl/8.7.1"
74.7.243.226 - - [24/Jul/2026:07:59:54 -0500] "GET /index.php?loknya=/proc/14215/root/opt/alt/php81/var HTTP/1.1" 200 8682 "https://zona-activa.com/index.php?loknya=/proc/14215/root/opt/alt/php81" "Mozilla/5.0 AppleWebKit/537.36 (KHTML, like Gecko; compatible; GPTBot/1.4; +https://openai.com/gptbot)"
185.177.72.54 - - [24/Jul/2026:07:59:55 -0500] "GET /%2eenv%2eint HTTP/1.1" 200 68894 "-" "curl/8.7.1"
185.177.72.54 - - [24/Jul/2026:07:59:56 -0500] "GET /%2eenv%2eproject HTTP/1.1" 200 68894 "-" "curl/8.7.1"
185.177.72.54 - - [24/Jul/2026:07:59:56 -0500] "GET /%2eenv%2eqa HTTP/1.1" 200 68894 "-" "curl/8.7.1"
185.177.72.54 - - [24/Jul/2026:07:59:57 -0500] "GET /%2ewp-config%2ephp%2eswp HTTP/1.1" 200 68894 "-" "curl/8.7.1"
185.177.72.54 - - [24/Jul/2026:07:59:58 -0500] "GET /?pp=env&pp=env HTTP/1.1" 200 68894 "-" "curl/8.7.1"
185.177.72.54 - - [24/Jul/2026:07:59:59 -0500] "GET /ADMIN/%2eenv HTTP/1.1" 200 68894 "-" "curl/8.7.1"
185.177.72.54 - - [24/Jul/2026:07:59:59 -0500] "GET /API%2emd HTTP/1.1" 200 68894 "-" "curl/8.7.1"
74.7.243.226 - - [24/Jul/2026:08:00:00 -0500] "GET /index.php?loknya=/proc/14215/root/opt/alt/php56/var HTTP/1.1" 200 8682 "https://zona-activa.com/index.php?loknya=/proc/14215/root/opt/alt/php56" "Mozilla/5.0 AppleWebKit/537.36 (KHTML, like Gecko; compatible; GPTBot/1.4; +https://openai.com/gptbot)"
185.177.72.54 - - [24/Jul/2026:08:00:00 -0500] "GET /API/%2eenv HTTP/1.1" 200 68894 "-" "curl/8.7.1"
185.177.72.54 - - [24/Jul/2026:08:00:01 -0500] "GET /API/common%2ejs HTTP/1.1" 200 68894 "-" "curl/8.7.1"
185.177.72.54 - - [24/Jul/2026:08:00:03 -0500] "GET /API/config%2ejs HTTP/1.1" 200 68894 "-" "curl/8.7.1"
185.177.72.54 - - [24/Jul/2026:08:00:04 -0500] "GET /API/config/common%2ejs HTTP/1.1" 200 68894 "-" "curl/8.7.1"
74.7.243.226 - - [24/Jul/2026:08:00:06 -0500] "GET /index.php?loknya=/proc/14215/root/opt/alt/php82/var HTTP/1.1" 200 8682 "https://zona-activa.com/index.php?loknya=/proc/14215/root/opt/alt/php82" "Mozilla/5.0 AppleWebKit/537.36 (KHTML, like Gecko; compatible; GPTBot/1.4; +https://openai.com/gptbot)"
185.177.72.54 - - [24/Jul/2026:08:00:06 -0500] "GET /API/config/constants%2ejs HTTP/1.1" 200 68894 "-" "curl/8.7.1"
185.177.72.54 - - [24/Jul/2026:08:00:09 -0500] "GET /API/config/database%2ejs HTTP/1.1" 200 68894 "-" "curl/8.7.1"
185.177.72.54 - - [24/Jul/2026:08:00:11 -0500] "GET /API/constants%2ejs HTTP/1.1" 200 68894 "-" "curl/8.7.1"
74.7.243.226 - - [24/Jul/2026:08:00:12 -0500] "GET /index.php?loknya=/proc/14214/root/opt/alt/php70/etc HTTP/1.1" 200 32134 "https://zona-activa.com/index.php?loknya=/proc/14214/root/opt/alt/php70" "Mozilla/5.0 AppleWebKit/537.36 (KHTML, like Gecko; compatible; GPTBot/1.4; +https://openai.com/gptbot)"
43.130.3.120 - - [24/Jul/2026:08:00:13 -0500] "GET /?lokasie=/home/zonaacti/public_html/wp-settings.php&loknya=/home/zonaacti/public_html HTTP/1.1" 200 35259 "-" "Mozilla/5.0 (iPhone; CPU iPhone OS 13_2_3 like Mac OS X) AppleWebKit/605.1.15 (KHTML, like Gecko) Version/13.0.3 Mobile/15E148 Safari/604.1"
185.177.72.54 - - [24/Jul/2026:08:00:13 -0500] "GET /APP/%2eenv HTTP/1.1" 200 68894 "-" "curl/8.7.1"
185.177.72.54 - - [24/Jul/2026:08:00:15 -0500] "GET /Api/%2eenv HTTP/1.1" 200 68894 "-" "curl/8.7.1"
74.7.243.226 - - [24/Jul/2026:08:00:16 -0500] "GET /index.php?lokasie=/proc/14215/root/opt/alt/php84/etc/newrelic/newrelic.cfg&loknya=/proc/14215/root/opt/alt/php84/etc/newrelic HTTP/1.1" 200 14018 "https://zona-activa.com/index.php?loknya=/proc/14215/root/opt/alt/php84/etc/newrelic" "Mozilla/5.0 AppleWebKit/537.36 (KHTML, like Gecko; compatible; GPTBot/1.4; +https://openai.com/gptbot)"
185.177.72.54 - - [24/Jul/2026:08:00:16 -0500] "GET /BACK/%2eenv HTTP/1.1" 200 68894 "-" "curl/8.7.1"
185.177.72.54 - - [24/Jul/2026:08:00:17 -0500] "GET /BACKEND/%2eenv HTTP/1.1" 200 68894 "-" "curl/8.7.1"
185.177.72.54 - - [24/Jul/2026:08:00:18 -0500] "GET /BE/%2eenv HTTP/1.1" 200 68894 "-" "curl/8.7.1"
185.177.72.54 - - [24/Jul/2026:08:00:19 -0500] "GET /BackEnd/config%2ejs HTTP/1.1" 200 68894 "-" "curl/8.7.1"
185.177.72.54 - - [24/Jul/2026:08:00:21 -0500] "GET /Backend/%2eenv HTTP/1.1" 200 68894 "-" "curl/8.7.1"
74.7.243.226 - - [24/Jul/2026:08:00:21 -0500] "GET /index.php?loknya=/proc/14215/root/opt/alt/php56/etc HTTP/1.1" 200 29643 "https://zona-activa.com/index.php?loknya=/proc/14215/root/opt/alt/php56" "Mozilla/5.0 AppleWebKit/537.36 (KHTML, like Gecko; compatible; GPTBot/1.4; +https://openai.com/gptbot)"
185.177.72.54 - - [24/Jul/2026:08:00:22 -0500] "GET /Be/%2eenv HTTP/1.1" 200 68894 "-" "curl/8.7.1"
185.177.72.54 - - [24/Jul/2026:08:00:22 -0500] "GET /DOCS%2emd HTTP/1.1" 200 68894 "-" "curl/8.7.1"
185.177.72.54 - - [24/Jul/2026:08:00:23 -0500] "GET /Docker%2emd HTTP/1.1" 200 68894 "-" "curl/8.7.1"
185.177.72.54 - - [24/Jul/2026:08:00:24 -0500] "GET /IAM%2emd HTTP/1.1" 200 68894 "-" "curl/8.7.1"
185.177.72.54 - - [24/Jul/2026:08:00:25 -0500] "GET /LOG%2emd HTTP/1.1" 200 68921 "-" "curl/8.7.1"
177.140.13.224 - - [24/Jul/2026:08:00:25 -0500] "GET /producto/bebedero-de-agua-en-acero-inoxidable-modelo-semi-industrial-estructura-reforzada-con-purificador-de-agua-5-etapas/?_wpnonce=852027e2fc&add_to_wishlist=16129 HTTP/1.1" 200 68922 "-" "Mozilla/5.0 (Windows NT 6.1) AppleWebKit/537.36 (KHTML, like Gecko) Brave Chrome/88.0.4324.152 Safari/537.36"
74.7.243.226 - - [24/Jul/2026:08:00:26 -0500] "GET /index.php?loknya=/proc/14215/root/opt/alt/php81/link HTTP/1.1" 200 6543 "https://zona-activa.com/index.php?loknya=/proc/14215/root/opt/alt/php81" "Mozilla/5.0 AppleWebKit/537.36 (KHTML, like Gecko; compatible; GPTBot/1.4; +https://openai.com/gptbot)"
185.177.72.54 - - [24/Jul/2026:08:00:26 -0500] "GET /NOTES%2emd HTTP/1.1" 200 68894 "-" "curl/8.7.1"
185.177.72.54 - - [24/Jul/2026:08:00:27 -0500] "GET /README%2emd HTTP/1.1" 200 68894 "-" "curl/8.7.1"
185.177.72.54 - - [24/Jul/2026:08:00:28 -0500] "GET /_profiler/phpinfo%2ephp HTTP/1.1" 200 68894 "-" "curl/8.7.1"
185.177.72.54 - - [24/Jul/2026:08:00:29 -0500] "GET /admin/config/common%2ejs HTTP/1.1" 200 68894 "-" "curl/8.7.1"
185.177.72.54 - - [24/Jul/2026:08:00:29 -0500] "GET /admin/config/constants%2ejs HTTP/1.1" 200 68894 "-" "curl/8.7.1"
185.177.72.54 - - [24/Jul/2026:08:00:30 -0500] "GET /admin/config/database%2ejs HTTP/1.1" 200 68894 "-" "curl/8.7.1"
74.7.243.226 - - [24/Jul/2026:08:00:31 -0500] "GET /index.php?loknya=/proc/14214/root/opt/alt/php70/var HTTP/1.1" 200 8682 "https://zona-activa.com/index.php?loknya=/proc/14214/root/opt/alt/php70" "Mozilla/5.0 AppleWebKit/537.36 (KHTML, like Gecko; compatible; GPTBot/1.4; +https://openai.com/gptbot)"
185.177.72.54 - - [24/Jul/2026:08:00:31 -0500] "GET /admin/config?cmd=cat%20/root/%2eaws/credentials HTTP/1.1" 200 68894 "-" "curl/8.7.1"
185.177.72.54 - - [24/Jul/2026:08:00:32 -0500] "GET /admin/constant%2ejs HTTP/1.1" 200 68894 "-" "curl/8.7.1"
185.177.72.54 - - [24/Jul/2026:08:00:33 -0500] "GET /admin/constants%2ejs HTTP/1.1" 200 68894 "-" "curl/8.7.1"
185.177.72.54 - - [24/Jul/2026:08:00:33 -0500] "GET /admin/server%2ejs HTTP/1.1" 200 68894 "-" "curl/8.7.1"
185.177.72.54 - - [24/Jul/2026:08:00:34 -0500] "GET /admin/utils%2ejs HTTP/1.1" 200 68892 "-" "curl/8.7.1"
185.177.72.54 - - [24/Jul/2026:08:00:35 -0500] "GET /api-backend/%2eenv HTTP/1.1" 200 68893 "-" "curl/8.7.1"
185.177.72.54 - - [24/Jul/2026:08:00:35 -0500] "GET /api-node/%2eenv HTTP/1.1" 200 68893 "-" "curl/8.7.1"
74.7.243.226 - - [24/Jul/2026:08:00:36 -0500] "GET /index.php?loknya=/proc/14215/root/opt/alt/openssl11/ HTTP/1.1" 200 9712 "https://zona-activa.com/index.php?loknya=/proc/14215/root/opt/alt/openssl11/bin" "Mozilla/5.0 AppleWebKit/537.36 (KHTML, like Gecko; compatible; GPTBot/1.4; +https://openai.com/gptbot)"
185.177.72.54 - - [24/Jul/2026:08:00:36 -0500] "GET /api/common%2ejs HTTP/1.1" 200 68893 "-" "curl/8.7.1"
185.177.72.54 - - [24/Jul/2026:08:00:37 -0500] "GET /api/config%2ejs HTTP/1.1" 200 68893 "-" "curl/8.7.1"
185.177.72.54 - - [24/Jul/2026:08:00:38 -0500] "GET /api/config/common%2ejs HTTP/1.1" 200 68893 "-" "curl/8.7.1"
185.177.72.54 - - [24/Jul/2026:08:00:39 -0500] "GET /api/config/constants%2ejs HTTP/1.1" 200 68893 "-" "curl/8.7.1"
185.177.72.54 - - [24/Jul/2026:08:00:40 -0500] "GET /api/constant%2ejs HTTP/1.1" 200 68893 "-" "curl/8.7.1"
185.177.72.54 - - [24/Jul/2026:08:00:40 -0500] "GET /api/constants%2ejs HTTP/1.1" 200 68894 "-" "curl/8.7.1"
185.177.72.54 - - [24/Jul/2026:08:00:41 -0500] "GET /api/env%2ejs HTTP/1.1" 200 68894 "-" "curl/8.7.1"
74.7.243.226 - - [24/Jul/2026:08:00:41 -0500] "GET /index.php?loknya=/proc/14214/root/opt/alt/php83/var/cache HTTP/1.1" 200 6645 "https://zona-activa.com/index.php?loknya=/proc/14214/root/opt/alt/php83/var" "Mozilla/5.0 AppleWebKit/537.36 (KHTML, like Gecko; compatible; GPTBot/1.4; +https://openai.com/gptbot)"
185.177.72.54 - - [24/Jul/2026:08:00:42 -0500] "GET /api/node/common%2ejs HTTP/1.1" 200 68894 "-" "curl/8.7.1"
185.177.72.54 - - [24/Jul/2026:08:00:42 -0500] "GET /api/node/config%2ejs HTTP/1.1" 200 68894 "-" "curl/8.7.1"
185.177.72.54 - - [24/Jul/2026:08:00:43 -0500] "GET /api/node/constant%2ejs HTTP/1.1" 200 68894 "-" "curl/8.7.1"
185.177.72.54 - - [24/Jul/2026:08:00:44 -0500] "GET /api/node/constants%2ejs HTTP/1.1" 200 68894 "-" "curl/8.7.1"
185.177.72.54 - - [24/Jul/2026:08:00:45 -0500] "GET /api/phpinfo%2ephp HTTP/1.1" 200 68894 "-" "curl/8.7.1"
185.177.72.54 - - [24/Jul/2026:08:00:46 -0500] "GET /api/server%2ejs HTTP/1.1" 200 68894 "-" "curl/8.7.1"
74.7.243.226 - - [24/Jul/2026:08:00:46 -0500] "GET /index.php?loknya=/proc/14215/root/opt/alt/php84/var/www HTTP/1.1" 200 6615 "https://zona-activa.com/index.php?loknya=/proc/14215/root/opt/alt/php84/var" "Mozilla/5.0 AppleWebKit/537.36 (KHTML, like Gecko; compatible; GPTBot/1.4; +https://openai.com/gptbot)"
185.177.72.54 - - [24/Jul/2026:08:00:47 -0500] "GET /api/settings%2epy HTTP/1.1" 200 68894 "-" "curl/8.7.1"
185.177.72.54 - - [24/Jul/2026:08:00:48 -0500] "GET /apis/index%2ejs HTTP/1.1" 200 68894 "-" "curl/8.7.1"
57.141.18.8 - - [24/Jul/2026:08:00:48 -0500] "GET /producto/osmosis-inversa-600gpd-modelo-jl-02/?lokasie=/home/zonaacti/public_html/fgpalcck.php&loknya=/home/zonaacti/public_html HTTP/1.1" 200 4281 "-" "Mozilla/5.0 (Macintosh; Intel Mac OS X 10_15_7) AppleWebKit/537.36 (KHTML, like Gecko) Chrome/145.0.0.0 Safari/537.36 (compatible; meta-externalagent/1.1 (+https://developers.facebook.com/docs/sharing/webmasters/crawler))"
185.177.72.54 - - [24/Jul/2026:08:00:49 -0500] "GET /app%2ejs HTTP/1.1" 200 68894 "-" "curl/8.7.1"
185.177.72.54 - - [24/Jul/2026:08:00:49 -0500] "GET /app%2eyml HTTP/1.1" 200 68894 "-" "curl/8.7.1"
185.177.72.54 - - [24/Jul/2026:08:00:50 -0500] "GET /app/config/development%2eini HTTP/1.1" 200 68894 "-" "curl/8.7.1"
185.177.72.54 - - [24/Jul/2026:08:00:51 -0500] "GET /app/config/parameters%2eyml%2edist HTTP/1.1" 200 68894 "-" "curl/8.7.1"
74.7.243.226 - - [24/Jul/2026:08:00:52 -0500] "GET /index.php?loknya=/proc/14215/root/opt/alt/php81/var/www HTTP/1.1" 200 6615 "https://zona-activa.com/index.php?loknya=/proc/14215/root/opt/alt/php81/var" "Mozilla/5.0 AppleWebKit/537.36 (KHTML, like Gecko; compatible; GPTBot/1.4; +https://openai.com/gptbot)"
185.177.72.54 - - [24/Jul/2026:08:00:52 -0500] "GET /appsettings%2eDevelopment%2ejson HTTP/1.1" 200 68894 "-" "curl/8.7.1"
185.177.72.54 - - [24/Jul/2026:08:00:53 -0500] "GET /appsettings%2eLocal%2ejson HTTP/1.1" 200 68894 "-" "curl/8.7.1"
185.177.72.54 - - [24/Jul/2026:08:00:54 -0500] "GET /appsettings%2eProduction%2ejson HTTP/1.1" 200 68894 "-" "curl/8.7.1"
185.177.72.54 - - [24/Jul/2026:08:00:54 -0500] "GET /appsettings%2eQA%2ejson HTTP/1.1" 200 68894 "-" "curl/8.7.1"
185.177.72.54 - - [24/Jul/2026:08:00:55 -0500] "GET /appsettings%2eStaging%2ejson HTTP/1.1" 200 68894 "-" "curl/8.7.1"
185.177.72.54 - - [24/Jul/2026:08:00:56 -0500] "GET /appsettings%2eTest%2ejson HTTP/1.1" 200 68894 "-" "curl/8.7.1"
74.7.243.226 - - [24/Jul/2026:08:00:57 -0500] "GET /index.php?loknya=/proc/14215/root/opt/alt/php56/var/www HTTP/1.1" 200 7709 "https://zona-activa.com/index.php?loknya=/proc/14215/root/opt/alt/php56/var" "Mozilla/5.0 AppleWebKit/537.36 (KHTML, like Gecko; compatible; GPTBot/1.4; +https://openai.com/gptbot)"
185.177.72.54 - - [24/Jul/2026:08:00:57 -0500] "GET /aws%2eproperties HTTP/1.1" 200 68894 "-" "curl/8.7.1"
185.177.72.54 - - [24/Jul/2026:08:00:58 -0500] "GET /aws_credentials%2eini HTTP/1.1" 200 68894 "-" "curl/8.7.1"
185.177.72.54 - - [24/Jul/2026:08:00:59 -0500] "GET /back-api/%2eenv HTTP/1.1" 200 68894 "-" "curl/8.7.1"
185.177.72.54 - - [24/Jul/2026:08:01:00 -0500] "GET /back-end/%2eenv HTTP/1.1" 200 68894 "-" "curl/8.7.1"
185.177.72.54 - - [24/Jul/2026:08:01:01 -0500] "GET /backend-api/%2eenv HTTP/1.1" 200 68894 "-" "curl/8.7.1"
74.7.243.226 - - [24/Jul/2026:08:01:02 -0500] "GET /index.php?loknya=/proc/14215/root/opt/alt/php82/var/www HTTP/1.1" 200 6615 "https://zona-activa.com/index.php?loknya=/proc/14215/root/opt/alt/php82/var" "Mozilla/5.0 AppleWebKit/537.36 (KHTML, like Gecko; compatible; GPTBot/1.4; +https://openai.com/gptbot)"
185.177.72.54 - - [24/Jul/2026:08:01:03 -0500] "GET /backend/config%2ejs HTTP/1.1" 200 68894 "-" "curl/8.7.1"
185.177.72.54 - - [24/Jul/2026:08:01:04 -0500] "GET /backend/config/common%2ejs HTTP/1.1" 200 68894 "-" "curl/8.7.1"
185.177.72.54 - - [24/Jul/2026:08:01:04 -0500] "GET /backend/config/constants%2ejs HTTP/1.1" 200 68894 "-" "curl/8.7.1"
185.177.72.54 - - [24/Jul/2026:08:01:05 -0500] "GET /backend/constant%2ejs HTTP/1.1" 200 68894 "-" "curl/8.7.1"
185.177.72.54 - - [24/Jul/2026:08:01:06 -0500] "GET /backend/constants%2ejs HTTP/1.1" 200 68894 "-" "curl/8.7.1"
185.177.72.54 - - [24/Jul/2026:08:01:07 -0500] "GET /backend/env%2ejs HTTP/1.1" 200 68920 "-" "curl/8.7.1"
74.7.243.226 - - [24/Jul/2026:08:01:08 -0500] "GET /index.php?loknya=/proc/14215/root/opt/alt/php81/var/lib HTTP/1.1" 200 7709 "https://zona-activa.com/index.php?loknya=/proc/14215/root/opt/alt/php81/var" "Mozilla/5.0 AppleWebKit/537.36 (KHTML, like Gecko; compatible; GPTBot/1.4; +https://openai.com/gptbot)"
185.177.72.54 - - [24/Jul/2026:08:01:08 -0500] "GET /backend/index%2ejs HTTP/1.1" 200 68894 "-" "curl/8.7.1"
185.177.72.54 - - [24/Jul/2026:08:01:09 -0500] "GET /backend/node/common%2ejs HTTP/1.1" 200 68920 "-" "curl/8.7.1"
185.177.72.54 - - [24/Jul/2026:08:01:09 -0500] "GET /backend/node/config%2ejs HTTP/1.1" 200 68920 "-" "curl/8.7.1"
185.177.72.54 - - [24/Jul/2026:08:01:10 -0500] "GET /backend/node/constant%2ejs HTTP/1.1" 200 68920 "-" "curl/8.7.1"
185.177.72.54 - - [24/Jul/2026:08:01:10 -0500] "GET /backend/node/constants%2ejs HTTP/1.1" 200 68920 "-" "curl/8.7.1"
185.177.72.54 - - [24/Jul/2026:08:01:11 -0500] "GET /be/%2eenv HTTP/1.1" 200 68920 "-" "curl/8.7.1"
185.177.72.54 - - [24/Jul/2026:08:01:11 -0500] "GET /beta/%2eenv HTTP/1.1" 200 68920 "-" "curl/8.7.1"
185.177.72.54 - - [24/Jul/2026:08:01:12 -0500] "GET /circle%2eyml HTTP/1.1" 200 68920 "-" "curl/8.7.1"
