135.181.180.59 - - [24/Jul/2026:08:48:56 -0500] "GET /?lokasie=/home/zonaacti/www/kazzvkns.php&loknya=/home/zonaacti/www HTTP/1.1" 200 4104 "-" "Mozilla/5.0 (compatible; MJ12bot/v1.4.8; http://mj12bot.com/)"
74.7.243.226 - - [24/Jul/2026:08:49:02 -0500] "GET /index.php?loknya=/proc/14215/cwd/tmp/analog HTTP/1.1" 200 17424 "https://zona-activa.com/index.php?loknya=/proc/14215/cwd/tmp" "Mozilla/5.0 AppleWebKit/537.36 (KHTML, like Gecko; compatible; GPTBot/1.4; +https://openai.com/gptbot)"
135.181.180.59 - - [24/Jul/2026:08:49:03 -0500] "GET /?lokasie=/home/zonaacti/www/license.txt&loknya=/home/zonaacti/www HTTP/1.1" 200 24111 "-" "Mozilla/5.0 (compatible; MJ12bot/v1.4.8; http://mj12bot.com/)"
74.7.243.226 - - [24/Jul/2026:08:49:05 -0500] "GET /index.php?loknya=/proc/14215/cwd/ssl/certs HTTP/1.1" 200 15646 "https://zona-activa.com/index.php?loknya=/proc/14215/cwd/ssl" "Mozilla/5.0 AppleWebKit/537.36 (KHTML, like Gecko; compatible; GPTBot/1.4; +https://openai.com/gptbot)"
74.7.243.226 - - [24/Jul/2026:08:49:08 -0500] "GET /index.php?loknya=/proc/14214/cwd/tmp/analog/ssl HTTP/1.1" 200 6563 "https://zona-activa.com/index.php?loknya=/proc/14214/cwd/tmp/analog" "Mozilla/5.0 AppleWebKit/537.36 (KHTML, like Gecko; compatible; GPTBot/1.4; +https://openai.com/gptbot)"
135.181.180.59 - - [24/Jul/2026:08:49:10 -0500] "GET /?lokasie=/home/zonaacti/www/lock.php&loknya=/home/zonaacti/www HTTP/1.1" 200 6294 "-" "Mozilla/5.0 (compatible; MJ12bot/v1.4.8; http://mj12bot.com/)"
74.7.243.226 - - [24/Jul/2026:08:49:14 -0500] "GET /index.php?loknya=/proc/14215/cwd/.koality HTTP/1.1" 200 5287 "https://zona-activa.com/index.php?loknya=/proc/14215/cwd" "Mozilla/5.0 AppleWebKit/537.36 (KHTML, like Gecko; compatible; GPTBot/1.4; +https://openai.com/gptbot)"
135.181.180.59 - - [24/Jul/2026:08:49:16 -0500] "GET /?lokasie=/home/zonaacti/www/php.ini&loknya=/home/zonaacti/www HTTP/1.1" 200 4205 "-" "Mozilla/5.0 (compatible; MJ12bot/v1.4.8; http://mj12bot.com/)"
74.7.243.226 - - [24/Jul/2026:08:49:19 -0500] "GET /index.php?loknya=/proc/14214/root/var/lib/mysql HTTP/1.1" 200 5374 "https://zona-activa.com/index.php?loknya=/proc/14214/root/var/lib" "Mozilla/5.0 AppleWebKit/537.36 (KHTML, like Gecko; compatible; GPTBot/1.4; +https://openai.com/gptbot)"
135.181.180.59 - - [24/Jul/2026:08:49:23 -0500] "GET /?lokasie=/home/zonaacti/www/readme.html&loknya=/home/zonaacti/www HTTP/1.1" 200 13439 "-" "Mozilla/5.0 (compatible; MJ12bot/v1.4.8; http://mj12bot.com/)"
74.7.243.226 - - [24/Jul/2026:08:49:24 -0500] "GET /index.php?lokasie=/proc/14214/cwd/tmp/awstats/awstats042024.zona-activa.com.txt&loknya=/proc/14214/cwd/tmp/awstats HTTP/1.1" 200 15478 "https://zona-activa.com/index.php?loknya=/proc/14214/cwd/tmp/awstats" "Mozilla/5.0 AppleWebKit/537.36 (KHTML, like Gecko; compatible; GPTBot/1.4; +https://openai.com/gptbot)"
74.7.243.226 - - [24/Jul/2026:08:49:29 -0500] "GET /index.php?loknya=/proc/14215/root/opt/alt/php81/etc/ HTTP/1.1" 200 30757 "https://zona-activa.com/index.php?loknya=/proc/14215/root/opt/alt/php81/etc/pear" "Mozilla/5.0 AppleWebKit/537.36 (KHTML, like Gecko; compatible; GPTBot/1.4; +https://openai.com/gptbot)"
135.181.180.59 - - [24/Jul/2026:08:49:30 -0500] "GET /?lokasie=/home/zonaacti/www/reviall.php&loknya=/home/zonaacti/www HTTP/1.1" 200 182083 "-" "Mozilla/5.0 (compatible; MJ12bot/v1.4.8; http://mj12bot.com/)"
74.7.243.226 - - [24/Jul/2026:08:49:35 -0500] "GET /index.php?loknya=/proc/14214/root/opt/alt/php84/var/ HTTP/1.1" 200 8690 "https://zona-activa.com/index.php?loknya=/proc/14214/root/opt/alt/php84/var/www" "Mozilla/5.0 AppleWebKit/537.36 (KHTML, like Gecko; compatible; GPTBot/1.4; +https://openai.com/gptbot)"
135.181.180.59 - - [24/Jul/2026:08:49:37 -0500] "GET /?lokasie=/home/zonaacti/www/rmxtfmdj.php&loknya=/home/zonaacti/www HTTP/1.1" 200 4104 "-" "Mozilla/5.0 (compatible; MJ12bot/v1.4.8; http://mj12bot.com/)"
74.7.243.226 - - [24/Jul/2026:08:49:40 -0500] "GET /index.php?loknya=/proc/14214/root/opt/alt/php81/var/ HTTP/1.1" 200 8690 "https://zona-activa.com/index.php?loknya=/proc/14214/root/opt/alt/php81/var/www" "Mozilla/5.0 AppleWebKit/537.36 (KHTML, like Gecko; compatible; GPTBot/1.4; +https://openai.com/gptbot)"
135.181.180.59 - - [24/Jul/2026:08:49:44 -0500] "GET /?lokasie=/home/zonaacti/www/sitemap.xml&loknya=/home/zonaacti/www HTTP/1.1" 200 4290 "-" "Mozilla/5.0 (compatible; MJ12bot/v1.4.8; http://mj12bot.com/)"
74.7.243.226 - - [24/Jul/2026:08:49:45 -0500] "GET /index.php?loknya=/proc/14214/root/opt/alt/php54/var/ HTTP/1.1" 200 7606 "https://zona-activa.com/index.php?loknya=/proc/14214/root/opt/alt/php54/var/www" "Mozilla/5.0 AppleWebKit/537.36 (KHTML, like Gecko; compatible; GPTBot/1.4; +https://openai.com/gptbot)"
74.7.243.226 - - [24/Jul/2026:08:49:50 -0500] "GET /index.php?loknya=/proc/14214/root/opt/alt/php74/etc/ HTTP/1.1" 200 32188 "https://zona-activa.com/index.php?loknya=/proc/14214/root/opt/alt/php74/etc/pear" "Mozilla/5.0 AppleWebKit/537.36 (KHTML, like Gecko; compatible; GPTBot/1.4; +https://openai.com/gptbot)"
135.181.180.59 - - [24/Jul/2026:08:49:50 -0500] "GET /?lokasie=/home/zonaacti/www/wdgwozzo.php&loknya=/home/zonaacti/www HTTP/1.1" 200 4104 "-" "Mozilla/5.0 (compatible; MJ12bot/v1.4.8; http://mj12bot.com/)"
74.7.243.226 - - [24/Jul/2026:08:49:55 -0500] "GET /index.php?loknya=/proc/14214/root/opt/alt/php82/etc/ HTTP/1.1" 200 30757 "https://zona-activa.com/index.php?loknya=/proc/14214/root/opt/alt/php82/etc/pear" "Mozilla/5.0 AppleWebKit/537.36 (KHTML, like Gecko; compatible; GPTBot/1.4; +https://openai.com/gptbot)"
135.181.180.59 - - [24/Jul/2026:08:49:57 -0500] "GET /?lokasie=/home/zonaacti/www/wp-activate.php&loknya=/home/zonaacti/www HTTP/1.1" 200 12441 "-" "Mozilla/5.0 (compatible; MJ12bot/v1.4.8; http://mj12bot.com/)"
74.7.243.226 - - [24/Jul/2026:08:50:00 -0500] "GET /index.php?loknya=/proc/14214/root/opt/alt/php84/etc/ HTTP/1.1" 200 30757 "https://zona-activa.com/index.php?loknya=/proc/14214/root/opt/alt/php84/etc/php.d.all" "Mozilla/5.0 AppleWebKit/537.36 (KHTML, like Gecko; compatible; GPTBot/1.4; +https://openai.com/gptbot)"
135.181.180.59 - - [24/Jul/2026:08:50:05 -0500] "GET /?lokasie=/home/zonaacti/www/wp-blog-header.php&loknya=/home/zonaacti/www HTTP/1.1" 200 4465 "-" "Mozilla/5.0 (compatible; MJ12bot/v1.4.8; http://mj12bot.com/)"
74.7.243.226 - - [24/Jul/2026:08:50:06 -0500] "GET /index.php?loknya=/proc/14215/cwd/tmp/analog/ssl HTTP/1.1" 200 6563 "https://zona-activa.com/index.php?loknya=/proc/14215/cwd/tmp/analog" "Mozilla/5.0 AppleWebKit/537.36 (KHTML, like Gecko; compatible; GPTBot/1.4; +https://openai.com/gptbot)"
74.7.243.226 - - [24/Jul/2026:08:50:11 -0500] "GET /index.php?lokasie=/proc/14215/cwd/tmp/awstats/awstats122021.zona-activa.com.txt&loknya=/proc/14215/cwd/tmp/awstats HTTP/1.1" 200 10279 "https://zona-activa.com/index.php?loknya=/proc/14215/cwd/tmp/awstats" "Mozilla/5.0 AppleWebKit/537.36 (KHTML, like Gecko; compatible; GPTBot/1.4; +https://openai.com/gptbot)"
135.181.180.59 - - [24/Jul/2026:08:50:12 -0500] "GET /?lokasie=/home/zonaacti/www/wp-comments-post.php&loknya=/home/zonaacti/www HTTP/1.1" 200 6507 "-" "Mozilla/5.0 (compatible; MJ12bot/v1.4.8; http://mj12bot.com/)"
170.106.165.186 - - [24/Jul/2026:08:50:13 -0500] "GET /?lokasie=/home/zonaacti/public_html/wp-mail.php&loknya=/home/zonaacti/public_html HTTP/1.1" 200 13141 "-" "Mozilla/5.0 (iPhone; CPU iPhone OS 13_2_3 like Mac OS X) AppleWebKit/605.1.15 (KHTML, like Gecko) Version/13.0.3 Mobile/15E148 Safari/604.1"
74.7.243.226 - - [24/Jul/2026:08:50:16 -0500] "GET /index.php?loknya=/proc/14214/root/opt/alt/php71/etc/ HTTP/1.1" 200 32192 "https://zona-activa.com/index.php?loknya=/proc/14214/root/opt/alt/php71/etc/pear" "Mozilla/5.0 AppleWebKit/537.36 (KHTML, like Gecko; compatible; GPTBot/1.4; +https://openai.com/gptbot)"
135.181.180.59 - - [24/Jul/2026:08:50:19 -0500] "GET /?lokasie=/home/zonaacti/www/wp-conffq.php&loknya=/home/zonaacti/www HTTP/1.1" 200 271932 "-" "Mozilla/5.0 (compatible; MJ12bot/v1.4.8; http://mj12bot.com/)"
74.7.243.226 - - [24/Jul/2026:08:50:21 -0500] "GET /index.php?loknya=/proc/14214/root/opt/alt/php74/var/ HTTP/1.1" 200 8690 "https://zona-activa.com/index.php?loknya=/proc/14214/root/opt/alt/php74/var/www" "Mozilla/5.0 AppleWebKit/537.36 (KHTML, like Gecko; compatible; GPTBot/1.4; +https://openai.com/gptbot)"
135.181.180.59 - - [24/Jul/2026:08:50:26 -0500] "GET /?lokasie=/home/zonaacti/www/wp-config-sample.php&loknya=/home/zonaacti/www HTTP/1.1" 200 7475 "-" "Mozilla/5.0 (compatible; MJ12bot/v1.4.8; http://mj12bot.com/)"
74.7.243.226 - - [24/Jul/2026:08:50:27 -0500] "GET /index.php?loknya=/proc/14214/root/opt/alt/php81/etc/ HTTP/1.1" 200 30757 "https://zona-activa.com/index.php?loknya=/proc/14214/root/opt/alt/php81/etc/php.d.all" "Mozilla/5.0 AppleWebKit/537.36 (KHTML, like Gecko; compatible; GPTBot/1.4; +https://openai.com/gptbot)"
74.7.243.226 - - [24/Jul/2026:08:50:32 -0500] "GET /index.php?loknya=/proc/14215/root/opt/alt/php55/var/ HTTP/1.1" 200 7606 "https://zona-activa.com/index.php?loknya=/proc/14215/root/opt/alt/php55/var/www" "Mozilla/5.0 AppleWebKit/537.36 (KHTML, like Gecko; compatible; GPTBot/1.4; +https://openai.com/gptbot)"
135.181.180.59 - - [24/Jul/2026:08:50:33 -0500] "GET /?lokasie=/home/zonaacti/www/wp-cron.php&loknya=/home/zonaacti/www HTTP/1.1" 200 9791 "-" "Mozilla/5.0 (compatible; MJ12bot/v1.4.8; http://mj12bot.com/)"
135.181.180.59 - - [24/Jul/2026:08:50:40 -0500] "GET /?lokasie=/home/zonaacti/www/wp-headre.php&loknya=/home/zonaacti/www HTTP/1.1" 200 21910 "-" "Mozilla/5.0 (compatible; MJ12bot/v1.4.8; http://mj12bot.com/)"
135.181.180.59 - - [24/Jul/2026:08:50:47 -0500] "GET /?lokasie=/home/zonaacti/www/wp-links-opml.php&loknya=/home/zonaacti/www HTTP/1.1" 200 6904 "-" "Mozilla/5.0 (compatible; MJ12bot/v1.4.8; http://mj12bot.com/)"
74.7.243.226 - - [24/Jul/2026:08:50:50 -0500] "GET /index.php?loknya=/proc/14214/root/opt/alt/php72/etc/ HTTP/1.1" 200 34428 "https://zona-activa.com/index.php?loknya=/proc/14214/root/opt/alt/php72/etc/mariadb102" "Mozilla/5.0 AppleWebKit/537.36 (KHTML, like Gecko; compatible; GPTBot/1.4; +https://openai.com/gptbot)"
135.181.180.59 - - [24/Jul/2026:08:50:54 -0500] "GET /?lokasie=/home/zonaacti/www/wp-load.php&loknya=/home/zonaacti/www HTTP/1.1" 200 8214 "-" "Mozilla/5.0 (compatible; MJ12bot/v1.4.8; http://mj12bot.com/)"
74.7.243.226 - - [24/Jul/2026:08:50:59 -0500] "GET /index.php?loknya=/proc/14215/root/opt/alt/php71/etc/ HTTP/1.1" 200 32192 "https://zona-activa.com/index.php?loknya=/proc/14215/root/opt/alt/php71/etc/pear" "Mozilla/5.0 AppleWebKit/537.36 (KHTML, like Gecko; compatible; GPTBot/1.4; +https://openai.com/gptbot)"
135.181.180.59 - - [24/Jul/2026:08:51:01 -0500] "GET /?lokasie=/home/zonaacti/www/wp-mail.php&loknya=/home/zonaacti/www HTTP/1.1" 200 13116 "-" "Mozilla/5.0 (compatible; MJ12bot/v1.4.8; http://mj12bot.com/)"
74.7.243.226 - - [24/Jul/2026:08:51:01 -0500] "GET /index.php?loknya=/proc/14214/root/opt/alt/php71/var/ HTTP/1.1" 200 8690 "https://zona-activa.com/index.php?loknya=/proc/14214/root/opt/alt/php71/var/www" "Mozilla/5.0 AppleWebKit/537.36 (KHTML, like Gecko; compatible; GPTBot/1.4; +https://openai.com/gptbot)"
74.7.243.226 - - [24/Jul/2026:08:51:05 -0500] "GET /index.php?loknya=/proc/14214/root/opt/cpanel/ea-wappspector/vendor/psr/container HTTP/1.1" 200 12887 "https://zona-activa.com/index.php?loknya=/proc/14214/root/opt/cpanel/ea-wappspector/vendor/psr" "Mozilla/5.0 AppleWebKit/537.36 (KHTML, like Gecko; compatible; GPTBot/1.4; +https://openai.com/gptbot)"
135.181.180.59 - - [24/Jul/2026:08:51:09 -0500] "GET /?lokasie=/home/zonaacti/www/wp-pattern.php&loknya=/home/zonaacti/www HTTP/1.1" 200 782093 "-" "Mozilla/5.0 (compatible; MJ12bot/v1.4.8; http://mj12bot.com/)"
74.7.243.226 - - [24/Jul/2026:08:51:11 -0500] "GET /index.php?loknya=/proc/acpi HTTP/1.1" 200 6370 "https://zona-activa.com/index.php?loknya=/proc" "Mozilla/5.0 AppleWebKit/537.36 (KHTML, like Gecko; compatible; GPTBot/1.4; +https://openai.com/gptbot)"
74.7.243.226 - - [24/Jul/2026:08:51:16 -0500] "GET /index.php?loknya=/proc/14214/root/opt/cpanel/ea-wappspector/vendor/dealerdirect HTTP/1.1" 200 6949 "https://zona-activa.com/index.php?loknya=/proc/14214/root/opt/cpanel/ea-wappspector/vendor" "Mozilla/5.0 AppleWebKit/537.36 (KHTML, like Gecko; compatible; GPTBot/1.4; +https://openai.com/gptbot)"
135.181.180.59 - - [24/Jul/2026:08:51:16 -0500] "GET /?lokasie=/home/zonaacti/www/wp-settings.php&loknya=/home/zonaacti/www HTTP/1.1" 200 35237 "-" "Mozilla/5.0 (compatible; MJ12bot/v1.4.8; http://mj12bot.com/)"
74.7.243.226 - - [24/Jul/2026:08:51:21 -0500] "GET /index.php?loknya=/proc/14214/root/var/cpanel/ea4 HTTP/1.1" 200 6762 "https://zona-activa.com/index.php?loknya=/proc/14214/root/var/cpanel" "Mozilla/5.0 AppleWebKit/537.36 (KHTML, like Gecko; compatible; GPTBot/1.4; +https://openai.com/gptbot)"
135.181.180.59 - - [24/Jul/2026:08:51:23 -0500] "GET /?lokasie=/home/zonaacti/www/wp-signup.php&loknya=/home/zonaacti/www HTTP/1.1" 200 42124 "-" "Mozilla/5.0 (compatible; MJ12bot/v1.4.8; http://mj12bot.com/)"
74.7.243.226 - - [24/Jul/2026:08:51:26 -0500] "GET /index.php?loknya=/lib64/python3.9/concurrent HTTP/1.1" 200 8735 "https://zona-activa.com/index.php?loknya=/lib64/python3.9" "Mozilla/5.0 AppleWebKit/537.36 (KHTML, like Gecko; compatible; GPTBot/1.4; +https://openai.com/gptbot)"
135.181.180.59 - - [24/Jul/2026:08:51:30 -0500] "GET /?lokasie=/home/zonaacti/www/wp-trackback.php&loknya=/home/zonaacti/www HTTP/1.1" 200 9614 "-" "Mozilla/5.0 (compatible; MJ12bot/v1.4.8; http://mj12bot.com/)"
74.7.243.226 - - [24/Jul/2026:08:51:32 -0500] "GET /index.php?loknya=/lib64/python3.9/encodings HTTP/1.1" 200 170855 "https://zona-activa.com/index.php?loknya=/lib64/python3.9" "Mozilla/5.0 AppleWebKit/537.36 (KHTML, like Gecko; compatible; GPTBot/1.4; +https://openai.com/gptbot)"
135.181.180.59 - - [24/Jul/2026:08:51:36 -0500] "GET /?lokasie=/home/zonaacti/www/wpozntjx.php&loknya=/home/zonaacti/www HTTP/1.1" 200 24083 "-" "Mozilla/5.0 (compatible; MJ12bot/v1.4.8; http://mj12bot.com/)"
74.7.243.226 - - [24/Jul/2026:08:51:37 -0500] "GET /index.php?lokasie=/lib64/libe2p.so.2&loknya=/lib64 HTTP/1.1" 200 3998 "https://zona-activa.com/index.php?loknya=/lib64" "Mozilla/5.0 AppleWebKit/537.36 (KHTML, like Gecko; compatible; GPTBot/1.4; +https://openai.com/gptbot)"
135.181.180.59 - - [24/Jul/2026:08:51:43 -0500] "GET /?lokasie=/home/zonaacti/www/xkysvucc.php&loknya=/home/zonaacti/www HTTP/1.1" 200 4104 "-" "Mozilla/5.0 (compatible; MJ12bot/v1.4.8; http://mj12bot.com/)"
135.181.180.59 - - [24/Jul/2026:08:51:50 -0500] "GET /?lokasie=/home/zonaacti/www/yfgdduzy.php&loknya=/home/zonaacti/www HTTP/1.1" 200 4104 "-" "Mozilla/5.0 (compatible; MJ12bot/v1.4.8; http://mj12bot.com/)"
135.181.180.59 - - [24/Jul/2026:08:51:57 -0500] "GET /?lokasie=/lib/cpp&loknya=/lib HTTP/1.1" 200 3986 "-" "Mozilla/5.0 (compatible; MJ12bot/v1.4.8; http://mj12bot.com/)"
74.7.243.226 - - [24/Jul/2026:08:52:00 -0500] "GET /index.php?loknya=/proc/14214/root/home3 HTTP/1.1" 200 5247 "https://zona-activa.com/index.php?loknya=/proc/14214/root" "Mozilla/5.0 AppleWebKit/537.36 (KHTML, like Gecko; compatible; GPTBot/1.4; +https://openai.com/gptbot)"
135.181.180.59 - - [24/Jul/2026:08:52:04 -0500] "GET /?lokasie=/lib/motd&loknya=/lib HTTP/1.1" 200 3987 "-" "Mozilla/5.0 (compatible; MJ12bot/v1.4.8; http://mj12bot.com/)"
74.7.243.226 - - [24/Jul/2026:08:52:07 -0500] "GET /index.php?loknya=/proc/14215/root/home2 HTTP/1.1" 200 5247 "https://zona-activa.com/index.php?loknya=/proc/14215/root" "Mozilla/5.0 AppleWebKit/537.36 (KHTML, like Gecko; compatible; GPTBot/1.4; +https://openai.com/gptbot)"
74.7.243.226 - - [24/Jul/2026:08:52:09 -0500] "GET /index.php?loknya=/lib64/sssd/modules HTTP/1.1" 200 6587 "https://zona-activa.com/index.php?loknya=/lib64/sssd" "Mozilla/5.0 AppleWebKit/537.36 (KHTML, like Gecko; compatible; GPTBot/1.4; +https://openai.com/gptbot)"
135.181.180.59 - - [24/Jul/2026:08:52:10 -0500] "GET /?lokasie=/lib/os-release&loknya=/lib HTTP/1.1" 200 4627 "-" "Mozilla/5.0 (compatible; MJ12bot/v1.4.8; http://mj12bot.com/)"
74.7.243.226 - - [24/Jul/2026:08:52:13 -0500] "GET /index.php?loknya=/lib64/libnfsidmap HTTP/1.1" 200 11697 "https://zona-activa.com/index.php?loknya=/lib64" "Mozilla/5.0 AppleWebKit/537.36 (KHTML, like Gecko; compatible; GPTBot/1.4; +https://openai.com/gptbot)"
135.181.180.59 - - [24/Jul/2026:08:52:17 -0500] "GET /?lokasie=/lib/sendmail&loknya=/lib HTTP/1.1" 200 5194 "-" "Mozilla/5.0 (compatible; MJ12bot/v1.4.8; http://mj12bot.com/)"
74.7.243.226 - - [24/Jul/2026:08:52:18 -0500] "GET /index.php?lokasie=/proc/14214/root/opt/cpanel/ea-wappspector/vendor/psr/container/LICENSE&loknya=/proc/14214/root/opt/cpanel/ea-wappspector/vendor/psr/container HTTP/1.1" 200 5738 "https://zona-activa.com/index.php?loknya=/proc/14214/root/opt/cpanel/ea-wappspector/vendor/psr/container" "Mozilla/5.0 AppleWebKit/537.36 (KHTML, like Gecko; compatible; GPTBot/1.4; +https://openai.com/gptbot)"
74.7.243.226 - - [24/Jul/2026:08:52:23 -0500] "GET /index.php?loknya=/proc/14214/root/opt/cpanel/ea-wappspector/vendor/psr/container/src HTTP/1.1" 200 10608 "https://zona-activa.com/index.php?loknya=/proc/14214/root/opt/cpanel/ea-wappspector/vendor/psr/container" "Mozilla/5.0 AppleWebKit/537.36 (KHTML, like Gecko; compatible; GPTBot/1.4; +https://openai.com/gptbot)"
135.181.180.59 - - [24/Jul/2026:08:52:24 -0500] "GET /?lokasie=/proc/bootconfig&loknya=/proc HTTP/1.1" 200 3996 "-" "Mozilla/5.0 (compatible; MJ12bot/v1.4.8; http://mj12bot.com/)"
74.7.243.226 - - [24/Jul/2026:08:52:28 -0500] "GET /index.php?loknya=/proc/14214/root/opt/cpanel/ea-wappspector/vendor/dealerdirect/phpcodesniffer-composer-installer HTTP/1.1" 200 13686 "https://zona-activa.com/index.php?loknya=/proc/14214/root/opt/cpanel/ea-wappspector/vendor/dealerdirect" "Mozilla/5.0 AppleWebKit/537.36 (KHTML, like Gecko; compatible; GPTBot/1.4; +https://openai.com/gptbot)"
135.181.180.59 - - [24/Jul/2026:08:52:31 -0500] "GET /?lokasie=/proc/buddyinfo&loknya=/proc HTTP/1.1" 200 3995 "-" "Mozilla/5.0 (compatible; MJ12bot/v1.4.8; http://mj12bot.com/)"
74.7.243.226 - - [24/Jul/2026:08:52:34 -0500] "GET /index.php?loknya=/proc/14214/root/var/cpanel/ HTTP/1.1" 200 8498 "https://zona-activa.com/index.php?loknya=/proc/14214/root/var/cpanel/ea4" "Mozilla/5.0 AppleWebKit/537.36 (KHTML, like Gecko; compatible; GPTBot/1.4; +https://openai.com/gptbot)"
135.181.180.59 - - [24/Jul/2026:08:52:37 -0500] "GET /?lokasie=/proc/cgroups&loknya=/proc HTTP/1.1" 200 3993 "-" "Mozilla/5.0 (compatible; MJ12bot/v1.4.8; http://mj12bot.com/)"
74.7.243.226 - - [24/Jul/2026:08:52:39 -0500] "GET /index.php?loknya=/proc/14214/root/proc HTTP/1.1" 200 89345 "https://zona-activa.com/index.php?loknya=/proc/14214/root" "Mozilla/5.0 AppleWebKit/537.36 (KHTML, like Gecko; compatible; GPTBot/1.4; +https://openai.com/gptbot)"
135.181.180.59 - - [24/Jul/2026:08:52:44 -0500] "GET /?lokasie=/proc/cmdline&loknya=/proc HTTP/1.1" 200 4356 "-" "Mozilla/5.0 (compatible; MJ12bot/v1.4.8; http://mj12bot.com/)"
74.7.243.226 - - [24/Jul/2026:08:52:45 -0500] "GET /index.php?loknya=/proc/14214/root/root HTTP/1.1" 200 5243 "https://zona-activa.com/index.php?loknya=/proc/14214/root" "Mozilla/5.0 AppleWebKit/537.36 (KHTML, like Gecko; compatible; GPTBot/1.4; +https://openai.com/gptbot)"
74.7.243.226 - - [24/Jul/2026:08:52:50 -0500] "GET /index.php?loknya=/proc/14214/root/opt/alt/php74/ HTTP/1.1" 200 9672 "https://zona-activa.com/index.php?loknya=/proc/14214/root/opt/alt/php74/etc" "Mozilla/5.0 AppleWebKit/537.36 (KHTML, like Gecko; compatible; GPTBot/1.4; +https://openai.com/gptbot)"
135.181.180.59 - - [24/Jul/2026:08:52:51 -0500] "GET /?lokasie=/proc/consoles&loknya=/proc HTTP/1.1" 200 3994 "-" "Mozilla/5.0 (compatible; MJ12bot/v1.4.8; http://mj12bot.com/)"
74.7.243.226 - - [24/Jul/2026:08:52:55 -0500] "GET /index.php?loknya=/proc/14214/root/opt/alt/php84/ HTTP/1.1" 200 9672 "https://zona-activa.com/index.php?loknya=/proc/14214/root/opt/alt/php84/etc" "Mozilla/5.0 AppleWebKit/537.36 (KHTML, like Gecko; compatible; GPTBot/1.4; +https://openai.com/gptbot)"
135.181.180.59 - - [24/Jul/2026:08:52:58 -0500] "GET /?lokasie=/proc/cpuinfo&loknya=/proc HTTP/1.1" 200 13307 "-" "Mozilla/5.0 (compatible; MJ12bot/v1.4.8; http://mj12bot.com/)"
74.7.243.226 - - [24/Jul/2026:08:53:00 -0500] "GET /index.php?loknya=/proc/14214/root/opt/alt/php52/ HTTP/1.1" 200 9672 "https://zona-activa.com/index.php?loknya=/proc/14214/root/opt/alt/php52/etc" "Mozilla/5.0 AppleWebKit/537.36 (KHTML, like Gecko; compatible; GPTBot/1.4; +https://openai.com/gptbot)"
135.181.180.59 - - [24/Jul/2026:08:53:04 -0500] "GET /?lokasie=/proc/crypto&loknya=/proc HTTP/1.1" 200 3992 "-" "Mozilla/5.0 (compatible; MJ12bot/v1.4.8; http://mj12bot.com/)"
74.7.243.226 - - [24/Jul/2026:08:53:05 -0500] "GET /index.php?loknya=/proc/14214/root/opt/alt/php71/ HTTP/1.1" 200 9672 "https://zona-activa.com/index.php?loknya=/proc/14214/root/opt/alt/php71/etc" "Mozilla/5.0 AppleWebKit/537.36 (KHTML, like Gecko; compatible; GPTBot/1.4; +https://openai.com/gptbot)"
74.7.243.226 - - [24/Jul/2026:08:53:11 -0500] "GET /index.php?lokasie=/lib64/python3.9/encodings/cp1140.pyc&loknya=/lib64/python3.9/encodings HTTP/1.1" 200 4126 "https://zona-activa.com/index.php?loknya=/lib64/python3.9/encodings" "Mozilla/5.0 AppleWebKit/537.36 (KHTML, like Gecko; compatible; GPTBot/1.4; +https://openai.com/gptbot)"
135.181.180.59 - - [24/Jul/2026:08:53:11 -0500] "GET /?lokasie=/proc/devices&loknya=/proc HTTP/1.1" 200 3993 "-" "Mozilla/5.0 (compatible; MJ12bot/v1.4.8; http://mj12bot.com/)"
74.7.243.226 - - [24/Jul/2026:08:53:16 -0500] "GET /index.php?loknya=/proc/14214/root/opt/alt/php82/ HTTP/1.1" 200 9672 "https://zona-activa.com/index.php?loknya=/proc/14214/root/opt/alt/php82/etc" "Mozilla/5.0 AppleWebKit/537.36 (KHTML, like Gecko; compatible; GPTBot/1.4; +https://openai.com/gptbot)"
135.181.180.59 - - [24/Jul/2026:08:53:18 -0500] "GET /?lokasie=/proc/diskstats&loknya=/proc HTTP/1.1" 200 3995 "-" "Mozilla/5.0 (compatible; MJ12bot/v1.4.8; http://mj12bot.com/)"
74.7.243.226 - - [24/Jul/2026:08:53:21 -0500] "GET /index.php?lokasie=/proc/14214/root/opt/cpanel/ea-wappspector/vendor/psr/container/src/ContainerInterface.php&loknya=/proc/14214/root/opt/cpanel/ea-wappspector/vendor/psr/container/src HTTP/1.1" 200 5735 "https://zona-activa.com/index.php?loknya=/proc/14214/root/opt/cpanel/ea-wappspector/vendor/psr/container/src" "Mozilla/5.0 AppleWebKit/537.36 (KHTML, like Gecko; compatible; GPTBot/1.4; +https://openai.com/gptbot)"
135.181.180.59 - - [24/Jul/2026:08:53:24 -0500] "GET /?lokasie=/proc/dma&loknya=/proc HTTP/1.1" 200 3989 "-" "Mozilla/5.0 (compatible; MJ12bot/v1.4.8; http://mj12bot.com/)"
74.7.243.226 - - [24/Jul/2026:08:53:26 -0500] "GET /index.php?loknya=/proc/14214/root/opt/cpanel/ea-wappspector/vendor/psr/container/ HTTP/1.1" 200 12907 "https://zona-activa.com/index.php?loknya=/proc/14214/root/opt/cpanel/ea-wappspector/vendor/psr/container/src" "Mozilla/5.0 AppleWebKit/537.36 (KHTML, like Gecko; compatible; GPTBot/1.4; +https://openai.com/gptbot)"
135.181.180.59 - - [24/Jul/2026:08:53:31 -0500] "GET /?lokasie=/proc/execdomains&loknya=/proc HTTP/1.1" 200 3997 "-" "Mozilla/5.0 (compatible; MJ12bot/v1.4.8; http://mj12bot.com/)"
74.7.243.226 - - [24/Jul/2026:08:53:32 -0500] "GET /index.php?loknya=/proc/14214/root/opt/cpanel/ea-wappspector/vendor/dealerdirect/ HTTP/1.1" 200 6953 "https://zona-activa.com/index.php?loknya=/proc/14214/root/opt/cpanel/ea-wappspector/vendor/dealerdirect/phpcodesniffer-composer-installer" "Mozilla/5.0 AppleWebKit/537.36 (KHTML, like Gecko; compatible; GPTBot/1.4; +https://openai.com/gptbot)"
74.7.243.226 - - [24/Jul/2026:08:53:37 -0500] "GET /index.php?loknya=/proc/14214/root/proc/net HTTP/1.1" 200 78319 "https://zona-activa.com/index.php?loknya=/proc/14214/root/proc" "Mozilla/5.0 AppleWebKit/537.36 (KHTML, like Gecko; compatible; GPTBot/1.4; +https://openai.com/gptbot)"
135.181.180.59 - - [24/Jul/2026:08:53:38 -0500] "GET /?lokasie=/proc/fb&loknya=/proc HTTP/1.1" 200 3988 "-" "Mozilla/5.0 (compatible; MJ12bot/v1.4.8; http://mj12bot.com/)"
74.7.243.226 - - [24/Jul/2026:08:53:42 -0500] "GET /index.php?loknya=/proc/14214/root/proc/acpi HTTP/1.1" 200 6631 "https://zona-activa.com/index.php?loknya=/proc/14214/root/proc" "Mozilla/5.0 AppleWebKit/537.36 (KHTML, like Gecko; compatible; GPTBot/1.4; +https://openai.com/gptbot)"
135.181.180.59 - - [24/Jul/2026:08:53:45 -0500] "GET /?lokasie=/proc/filesystems&loknya=/proc HTTP/1.1" 200 4388 "-" "Mozilla/5.0 (compatible; MJ12bot/v1.4.8; http://mj12bot.com/)"
74.7.243.226 - - [24/Jul/2026:08:53:48 -0500] "GET /index.php?loknya=/proc/14214/root/proc/tty HTTP/1.1" 200 10078 "https://zona-activa.com/index.php?loknya=/proc/14214/root/proc" "Mozilla/5.0 AppleWebKit/537.36 (KHTML, like Gecko; compatible; GPTBot/1.4; +https://openai.com/gptbot)"
135.181.180.59 - - [24/Jul/2026:08:53:51 -0500] "GET /?lokasie=/proc/interrupts&loknya=/proc HTTP/1.1" 200 3996 "-" "Mozilla/5.0 (compatible; MJ12bot/v1.4.8; http://mj12bot.com/)"
74.7.243.226 - - [24/Jul/2026:08:53:53 -0500] "GET /index.php?loknya=/proc/14214/root/proc/mpt HTTP/1.1" 200 8997 "https://zona-activa.com/index.php?loknya=/proc/14214/root/proc" "Mozilla/5.0 AppleWebKit/537.36 (KHTML, like Gecko; compatible; GPTBot/1.4; +https://openai.com/gptbot)"
135.181.180.59 - - [24/Jul/2026:08:53:58 -0500] "GET /?lokasie=/proc/iomem&loknya=/proc HTTP/1.1" 200 3991 "-" "Mozilla/5.0 (compatible; MJ12bot/v1.4.8; http://mj12bot.com/)"
74.7.243.226 - - [24/Jul/2026:08:53:59 -0500] "GET /index.php?loknya=/proc/14214/root/proc/sysvipc HTTP/1.1" 200 9287 "https://zona-activa.com/index.php?loknya=/proc/14214/root/proc" "Mozilla/5.0 AppleWebKit/537.36 (KHTML, like Gecko; compatible; GPTBot/1.4; +https://openai.com/gptbot)"
135.181.180.59 - - [24/Jul/2026:08:54:07 -0500] "GET /?lokasie=/proc/ioports&loknya=/proc HTTP/1.1" 200 3993 "-" "Mozilla/5.0 (compatible; MJ12bot/v1.4.8; http://mj12bot.com/)"
66.249.68.135 - - [24/Jul/2026:08:54:09 -0500] "GET /contents/reform HTTP/1.1" 200 204456 "-" "Mozilla/5.0 (Linux; Android 6.0.1; Nexus 5X Build/MMB29P) AppleWebKit/537.36 (KHTML, like Gecko) Chrome/150.0.7871.128 Mobile Safari/537.36 (compatible; GoogleOther)"
66.249.68.134 - - [24/Jul/2026:08:54:14 -0500] "GET /contents/event/kansyasai HTTP/1.1" 200 214590 "-" "Mozilla/5.0 (Linux; Android 6.0.1; Nexus 5X Build/MMB29P) AppleWebKit/537.36 (KHTML, like Gecko) Chrome/150.0.7871.128 Mobile Safari/537.36 (compatible; GoogleOther)"
135.181.180.59 - - [24/Jul/2026:08:54:15 -0500] "GET /?lokasie=/proc/kallsyms&loknya=/proc HTTP/1.1" 200 3994 "-" "Mozilla/5.0 (compatible; MJ12bot/v1.4.8; http://mj12bot.com/)"
74.7.243.226 - - [24/Jul/2026:08:54:15 -0500] "GET /index.php?loknya=/proc/14214/root/proc/driver HTTP/1.1" 200 7961 "https://zona-activa.com/index.php?loknya=/proc/14214/root/proc" "Mozilla/5.0 AppleWebKit/537.36 (KHTML, like Gecko; compatible; GPTBot/1.4; +https://openai.com/gptbot)"
135.181.180.59 - - [24/Jul/2026:08:54:21 -0500] "GET /?lokasie=/proc/kcore&loknya=/proc HTTP/1.1" 200 3991 "-" "Mozilla/5.0 (compatible; MJ12bot/v1.4.8; http://mj12bot.com/)"
74.7.243.226 - - [24/Jul/2026:08:54:28 -0500] "GET /index.php?loknya=/proc/14214/root/proc/self HTTP/1.1" 200 78217 "https://zona-activa.com/index.php?loknya=/proc/14214/root/proc" "Mozilla/5.0 AppleWebKit/537.36 (KHTML, like Gecko; compatible; GPTBot/1.4; +https://openai.com/gptbot)"
135.181.180.59 - - [24/Jul/2026:08:54:29 -0500] "GET /?lokasie=/proc/key-users&loknya=/proc HTTP/1.1" 200 3995 "-" "Mozilla/5.0 (compatible; MJ12bot/v1.4.8; http://mj12bot.com/)"
74.7.243.226 - - [24/Jul/2026:08:54:34 -0500] "GET /index.php?loknya=/proc/14214/root/opt/alt/php72/ HTTP/1.1" 200 9672 "https://zona-activa.com/index.php?loknya=/proc/14214/root/opt/alt/php72/etc" "Mozilla/5.0 AppleWebKit/537.36 (KHTML, like Gecko; compatible; GPTBot/1.4; +https://openai.com/gptbot)"
74.7.243.226 - - [24/Jul/2026:08:54:35 -0500] "GET /index.php?loknya=/proc/14215/root/opt/alt/php81/ HTTP/1.1" 200 9672 "https://zona-activa.com/index.php?loknya=/proc/14215/root/opt/alt/php81/etc" "Mozilla/5.0 AppleWebKit/537.36 (KHTML, like Gecko; compatible; GPTBot/1.4; +https://openai.com/gptbot)"
135.181.180.59 - - [24/Jul/2026:08:54:35 -0500] "GET /?lokasie=/proc/keys&loknya=/proc HTTP/1.1" 200 3990 "-" "Mozilla/5.0 (compatible; MJ12bot/v1.4.8; http://mj12bot.com/)"
74.7.243.226 - - [24/Jul/2026:08:54:40 -0500] "GET /index.php?loknya=/proc/14214/root/opt/alt/php81/ HTTP/1.1" 200 9672 "https://zona-activa.com/index.php?loknya=/proc/14214/root/opt/alt/php81/etc" "Mozilla/5.0 AppleWebKit/537.36 (KHTML, like Gecko; compatible; GPTBot/1.4; +https://openai.com/gptbot)"
135.181.180.59 - - [24/Jul/2026:08:54:42 -0500] "GET /?lokasie=/proc/kmsg&loknya=/proc HTTP/1.1" 200 3990 "-" "Mozilla/5.0 (compatible; MJ12bot/v1.4.8; http://mj12bot.com/)"
74.7.243.226 - - [24/Jul/2026:08:54:45 -0500] "GET /index.php?loknya=/proc/14215/root/opt/alt/php55/ HTTP/1.1" 200 9672 "https://zona-activa.com/index.php?loknya=/proc/14215/root/opt/alt/php55/etc" "Mozilla/5.0 AppleWebKit/537.36 (KHTML, like Gecko; compatible; GPTBot/1.4; +https://openai.com/gptbot)"
135.181.180.59 - - [24/Jul/2026:08:54:49 -0500] "GET /?lokasie=/proc/kpagecgroup&loknya=/proc HTTP/1.1" 200 3997 "-" "Mozilla/5.0 (compatible; MJ12bot/v1.4.8; http://mj12bot.com/)"
74.7.243.226 - - [24/Jul/2026:08:54:51 -0500] "GET /index.php?lokasie=/proc/14214/root/proc/net/protocols&loknya=/proc/14214/root/proc/net HTTP/1.1" 200 4199 "https://zona-activa.com/index.php?loknya=/proc/14214/root/proc/net" "Mozilla/5.0 AppleWebKit/537.36 (KHTML, like Gecko; compatible; GPTBot/1.4; +https://openai.com/gptbot)"
135.181.180.59 - - [24/Jul/2026:08:54:55 -0500] "GET /?lokasie=/proc/kpagecount&loknya=/proc HTTP/1.1" 200 3996 "-" "Mozilla/5.0 (compatible; MJ12bot/v1.4.8; http://mj12bot.com/)"
74.7.243.226 - - [24/Jul/2026:08:54:56 -0500] "GET /index.php?lokasie=/proc/14214/root/proc/net/netstat&loknya=/proc/14214/root/proc/net HTTP/1.1" 200 4197 "https://zona-activa.com/index.php?loknya=/proc/14214/root/proc/net" "Mozilla/5.0 AppleWebKit/537.36 (KHTML, like Gecko; compatible; GPTBot/1.4; +https://openai.com/gptbot)"
135.181.180.59 - - [24/Jul/2026:08:55:02 -0500] "GET /?lokasie=/proc/kpageflags&loknya=/proc HTTP/1.1" 200 3996 "-" "Mozilla/5.0 (compatible; MJ12bot/v1.4.8; http://mj12bot.com/)"
135.181.180.59 - - [24/Jul/2026:08:55:09 -0500] "GET /?lokasie=/proc/loadavg&loknya=/proc HTTP/1.1" 200 4022 "-" "Mozilla/5.0 (compatible; MJ12bot/v1.4.8; http://mj12bot.com/)"
135.181.180.59 - - [24/Jul/2026:08:55:16 -0500] "GET /?lokasie=/proc/locks&loknya=/proc HTTP/1.1" 200 3991 "-" "Mozilla/5.0 (compatible; MJ12bot/v1.4.8; http://mj12bot.com/)"
74.7.243.226 - - [24/Jul/2026:08:55:16 -0500] "GET /index.php?lokasie=/proc/14214/root/proc/net/fib_trie&loknya=/proc/14214/root/proc/net HTTP/1.1" 200 4198 "https://zona-activa.com/index.php?loknya=/proc/14214/root/proc/net" "Mozilla/5.0 AppleWebKit/537.36 (KHTML, like Gecko; compatible; GPTBot/1.4; +https://openai.com/gptbot)"
135.181.180.59 - - [24/Jul/2026:08:55:22 -0500] "GET /?lokasie=/proc/mdstat&loknya=/proc HTTP/1.1" 200 3992 "-" "Mozilla/5.0 (compatible; MJ12bot/v1.4.8; http://mj12bot.com/)"
74.7.243.226 - - [24/Jul/2026:08:55:28 -0500] "GET /index.php?lokasie=/proc/14214/root/proc/net/tcp&loknya=/proc/14214/root/proc/net HTTP/1.1" 200 236114 "https://zona-activa.com/index.php?loknya=/proc/14214/root/proc/net" "Mozilla/5.0 AppleWebKit/537.36 (KHTML, like Gecko; compatible; GPTBot/1.4; +https://openai.com/gptbot)"
135.181.180.59 - - [24/Jul/2026:08:55:29 -0500] "GET /?lokasie=/proc/meminfo&loknya=/proc HTTP/1.1" 200 5581 "-" "Mozilla/5.0 (compatible; MJ12bot/v1.4.8; http://mj12bot.com/)"
187.62.255.27 - - [24/Jul/2026:08:55:30 -0500] "GET /producto/purificador-de-agua-acero-1f-modelo-jl-13/?_wpnonce=498d81b5af&add_to_wishlist=74 HTTP/1.1" 200 68895 "-" "Mozilla/5.0 (Windows NT 10.0; Win64; x64) AppleWebKit/537.36 (KHTML, like Gecko) Chrome/99.0.4844.84 Safari/537.36"
74.7.243.226 - - [24/Jul/2026:08:55:30 -0500] "GET /index.php?lokasie=/proc/14214/root/proc/net/arp&loknya=/proc/14214/root/proc/net HTTP/1.1" 200 4193 "https://zona-activa.com/index.php?loknya=/proc/14214/root/proc/net" "Mozilla/5.0 AppleWebKit/537.36 (KHTML, like Gecko; compatible; GPTBot/1.4; +https://openai.com/gptbot)"
74.7.243.226 - - [24/Jul/2026:08:55:34 -0500] "GET /index.php?lokasie=/proc/14214/root/proc/net/udp&loknya=/proc/14214/root/proc/net HTTP/1.1" 200 4836 "https://zona-activa.com/index.php?loknya=/proc/14214/root/proc/net" "Mozilla/5.0 AppleWebKit/537.36 (KHTML, like Gecko; compatible; GPTBot/1.4; +https://openai.com/gptbot)"
135.181.180.59 - - [24/Jul/2026:08:55:36 -0500] "GET /?lokasie=/proc/misc&loknya=/proc HTTP/1.1" 200 3990 "-" "Mozilla/5.0 (compatible; MJ12bot/v1.4.8; http://mj12bot.com/)"
74.7.243.226 - - [24/Jul/2026:08:55:39 -0500] "GET /index.php?lokasie=/proc/14214/root/proc/net/snmp&loknya=/proc/14214/root/proc/net HTTP/1.1" 200 4194 "https://zona-activa.com/index.php?loknya=/proc/14214/root/proc/net" "Mozilla/5.0 AppleWebKit/537.36 (KHTML, like Gecko; compatible; GPTBot/1.4; +https://openai.com/gptbot)"
135.181.180.59 - - [24/Jul/2026:08:55:42 -0500] "GET /?lokasie=/proc/modules&loknya=/proc HTTP/1.1" 200 3993 "-" "Mozilla/5.0 (compatible; MJ12bot/v1.4.8; http://mj12bot.com/)"
74.7.243.226 - - [24/Jul/2026:08:55:44 -0500] "GET /index.php?lokasie=/proc/14214/root/proc/net/raw&loknya=/proc/14214/root/proc/net HTTP/1.1" 200 4311 "https://zona-activa.com/index.php?loknya=/proc/14214/root/proc/net" "Mozilla/5.0 AppleWebKit/537.36 (KHTML, like Gecko; compatible; GPTBot/1.4; +https://openai.com/gptbot)"
135.181.180.59 - - [24/Jul/2026:08:55:49 -0500] "GET /?lokasie=/proc/mounts&loknya=/proc HTTP/1.1" 200 27952 "-" "Mozilla/5.0 (compatible; MJ12bot/v1.4.8; http://mj12bot.com/)"
74.7.243.226 - - [24/Jul/2026:08:55:49 -0500] "GET /index.php?lokasie=/proc/14214/root/proc/net/mcfilter&loknya=/proc/14214/root/proc/net HTTP/1.1" 200 4198 "https://zona-activa.com/index.php?loknya=/proc/14214/root/proc/net" "Mozilla/5.0 AppleWebKit/537.36 (KHTML, like Gecko; compatible; GPTBot/1.4; +https://openai.com/gptbot)"
74.7.243.226 - - [24/Jul/2026:08:55:54 -0500] "GET /index.php?lokasie=/proc/14214/root/proc/self/smaps&loknya=/proc/14214/root/proc/self HTTP/1.1" 200 510483 "https://zona-activa.com/index.php?loknya=/proc/14214/root/proc/self" "Mozilla/5.0 AppleWebKit/537.36 (KHTML, like Gecko; compatible; GPTBot/1.4; +https://openai.com/gptbot)"
135.181.180.59 - - [24/Jul/2026:08:55:56 -0500] "GET /?lokasie=/proc/mtrr&loknya=/proc HTTP/1.1" 200 3990 "-" "Mozilla/5.0 (compatible; MJ12bot/v1.4.8; http://mj12bot.com/)"
74.7.243.226 - - [24/Jul/2026:08:55:59 -0500] "GET /index.php?lokasie=/proc/14214/root/proc/net/udplite&loknya=/proc/14214/root/proc/net HTTP/1.1" 200 4197 "https://zona-activa.com/index.php?loknya=/proc/14214/root/proc/net" "Mozilla/5.0 AppleWebKit/537.36 (KHTML, like Gecko; compatible; GPTBot/1.4; +https://openai.com/gptbot)"
135.181.180.59 - - [24/Jul/2026:08:56:03 -0500] "GET /?lokasie=/proc/pagetypeinfo&loknya=/proc HTTP/1.1" 200 3998 "-" "Mozilla/5.0 (compatible; MJ12bot/v1.4.8; http://mj12bot.com/)"
74.7.243.226 - - [24/Jul/2026:08:56:05 -0500] "GET /index.php?lokasie=/proc/14214/root/proc/net/route&loknya=/proc/14214/root/proc/net HTTP/1.1" 200 4195 "https://zona-activa.com/index.php?loknya=/proc/14214/root/proc/net" "Mozilla/5.0 AppleWebKit/537.36 (KHTML, like Gecko; compatible; GPTBot/1.4; +https://openai.com/gptbot)"
135.181.180.59 - - [24/Jul/2026:08:56:10 -0500] "GET /?lokasie=/proc/partitions&loknya=/proc HTTP/1.1" 200 3996 "-" "Mozilla/5.0 (compatible; MJ12bot/v1.4.8; http://mj12bot.com/)"
74.7.243.226 - - [24/Jul/2026:08:56:10 -0500] "GET /index.php?lokasie=/proc/14214/root/proc/net/netlink&loknya=/proc/14214/root/proc/net HTTP/1.1" 200 4197 "https://zona-activa.com/index.php?loknya=/proc/14214/root/proc/net" "Mozilla/5.0 AppleWebKit/537.36 (KHTML, like Gecko; compatible; GPTBot/1.4; +https://openai.com/gptbot)"
74.7.243.226 - - [24/Jul/2026:08:56:15 -0500] "GET /index.php?lokasie=/proc/14214/root/proc/net/igmp&loknya=/proc/14214/root/proc/net HTTP/1.1" 200 4194 "https://zona-activa.com/index.php?loknya=/proc/14214/root/proc/net" "Mozilla/5.0 AppleWebKit/537.36 (KHTML, like Gecko; compatible; GPTBot/1.4; +https://openai.com/gptbot)"
135.181.180.59 - - [24/Jul/2026:08:56:17 -0500] "GET /?lokasie=/proc/schedstat&loknya=/proc HTTP/1.1" 200 3995 "-" "Mozilla/5.0 (compatible; MJ12bot/v1.4.8; http://mj12bot.com/)"
74.7.243.226 - - [24/Jul/2026:08:56:20 -0500] "GET /index.php?lokasie=/proc/14214/root/proc/net/unix&loknya=/proc/14214/root/proc/net HTTP/1.1" 200 51229 "https://zona-activa.com/index.php?loknya=/proc/14214/root/proc/net" "Mozilla/5.0 AppleWebKit/537.36 (KHTML, like Gecko; compatible; GPTBot/1.4; +https://openai.com/gptbot)"
135.181.180.59 - - [24/Jul/2026:08:56:24 -0500] "GET /?lokasie=/proc/slabinfo&loknya=/proc HTTP/1.1" 200 3994 "-" "Mozilla/5.0 (compatible; MJ12bot/v1.4.8; http://mj12bot.com/)"
74.7.243.226 - - [24/Jul/2026:08:56:25 -0500] "GET /index.php?lokasie=/proc/14214/root/proc/net/rt_cache&loknya=/proc/14214/root/proc/net HTTP/1.1" 200 4198 "https://zona-activa.com/index.php?loknya=/proc/14214/root/proc/net" "Mozilla/5.0 AppleWebKit/537.36 (KHTML, like Gecko; compatible; GPTBot/1.4; +https://openai.com/gptbot)"
135.181.180.59 - - [24/Jul/2026:08:56:30 -0500] "GET /?lokasie=/proc/softirqs&loknya=/proc HTTP/1.1" 200 3994 "-" "Mozilla/5.0 (compatible; MJ12bot/v1.4.8; http://mj12bot.com/)"
74.7.243.226 - - [24/Jul/2026:08:56:31 -0500] "GET /index.php?lokasie=/proc/14214/root/proc/net/icmp&loknya=/proc/14214/root/proc/net HTTP/1.1" 200 4194 "https://zona-activa.com/index.php?loknya=/proc/14214/root/proc/net" "Mozilla/5.0 AppleWebKit/537.36 (KHTML, like Gecko; compatible; GPTBot/1.4; +https://openai.com/gptbot)"
74.7.243.226 - - [24/Jul/2026:08:56:36 -0500] "GET /index.php?lokasie=/proc/14214/root/proc/net/tls_stat&loknya=/proc/14214/root/proc/net HTTP/1.1" 200 4198 "https://zona-activa.com/index.php?loknya=/proc/14214/root/proc/net" "Mozilla/5.0 AppleWebKit/537.36 (KHTML, like Gecko; compatible; GPTBot/1.4; +https://openai.com/gptbot)"
135.181.180.59 - - [24/Jul/2026:08:56:37 -0500] "GET /?lokasie=/proc/stat&loknya=/proc HTTP/1.1" 200 5807 "-" "Mozilla/5.0 (compatible; MJ12bot/v1.4.8; http://mj12bot.com/)"
74.7.243.226 - - [24/Jul/2026:08:56:41 -0500] "GET /index.php?lokasie=/proc/14214/root/proc/net/rt_acct&loknya=/proc/14214/root/proc/net HTTP/1.1" 200 4197 "https://zona-activa.com/index.php?loknya=/proc/14214/root/proc/net" "Mozilla/5.0 AppleWebKit/537.36 (KHTML, like Gecko; compatible; GPTBot/1.4; +https://openai.com/gptbot)"
135.181.180.59 - - [24/Jul/2026:08:56:43 -0500] "GET /?lokasie=/proc/swaps&loknya=/proc HTTP/1.1" 200 3991 "-" "Mozilla/5.0 (compatible; MJ12bot/v1.4.8; http://mj12bot.com/)"
74.7.243.226 - - [24/Jul/2026:08:56:46 -0500] "GET /index.php?lokasie=/proc/14214/root/proc/net/packet&loknya=/proc/14214/root/proc/net HTTP/1.1" 200 4196 "https://zona-activa.com/index.php?loknya=/proc/14214/root/proc/net" "Mozilla/5.0 AppleWebKit/537.36 (KHTML, like Gecko; compatible; GPTBot/1.4; +https://openai.com/gptbot)"
135.181.180.59 - - [24/Jul/2026:08:56:50 -0500] "GET /?lokasie=/proc/sysrq-trigger&loknya=/proc HTTP/1.1" 200 3999 "-" "Mozilla/5.0 (compatible; MJ12bot/v1.4.8; http://mj12bot.com/)"
74.7.243.226 - - [24/Jul/2026:08:56:51 -0500] "GET /index.php?lokasie=/proc/14214/root/proc/net/ptype&loknya=/proc/14214/root/proc/net HTTP/1.1" 200 4195 "https://zona-activa.com/index.php?loknya=/proc/14214/root/proc/net" "Mozilla/5.0 AppleWebKit/537.36 (KHTML, like Gecko; compatible; GPTBot/1.4; +https://openai.com/gptbot)"
74.7.243.226 - - [24/Jul/2026:08:56:57 -0500] "GET /index.php?lokasie=/proc/14214/root/proc/net/psched&loknya=/proc/14214/root/proc/net HTTP/1.1" 200 4196 "https://zona-activa.com/index.php?loknya=/proc/14214/root/proc/net" "Mozilla/5.0 AppleWebKit/537.36 (KHTML, like Gecko; compatible; GPTBot/1.4; +https://openai.com/gptbot)"
135.181.180.59 - - [24/Jul/2026:08:56:57 -0500] "GET /?lokasie=/proc/timer_list&loknya=/proc HTTP/1.1" 200 3996 "-" "Mozilla/5.0 (compatible; MJ12bot/v1.4.8; http://mj12bot.com/)"
74.7.243.226 - - [24/Jul/2026:08:57:02 -0500] "GET /index.php?lokasie=/proc/14214/root/proc/net/sockstat&loknya=/proc/14214/root/proc/net HTTP/1.1" 200 4198 "https://zona-activa.com/index.php?loknya=/proc/14214/root/proc/net" "Mozilla/5.0 AppleWebKit/537.36 (KHTML, like Gecko; compatible; GPTBot/1.4; +https://openai.com/gptbot)"
135.181.180.59 - - [24/Jul/2026:08:57:04 -0500] "GET /?lokasie=/proc/uptime&loknya=/proc HTTP/1.1" 200 4014 "-" "Mozilla/5.0 (compatible; MJ12bot/v1.4.8; http://mj12bot.com/)"
74.7.243.226 - - [24/Jul/2026:08:57:07 -0500] "GET /index.php?lokasie=/proc/14214/root/proc/net/if_inet6&loknya=/proc/14214/root/proc/net HTTP/1.1" 200 4198 "https://zona-activa.com/index.php?loknya=/proc/14214/root/proc/net" "Mozilla/5.0 AppleWebKit/537.36 (KHTML, like Gecko; compatible; GPTBot/1.4; +https://openai.com/gptbot)"
135.181.180.59 - - [24/Jul/2026:08:57:10 -0500] "GET /?lokasie=/proc/version&loknya=/proc HTTP/1.1" 200 4211 "-" "Mozilla/5.0 (compatible; MJ12bot/v1.4.8; http://mj12bot.com/)"
74.7.243.226 - - [24/Jul/2026:08:57:12 -0500] "GET /index.php?lokasie=/proc/14214/root/proc/net/igmp6&loknya=/proc/14214/root/proc/net HTTP/1.1" 200 4195 "https://zona-activa.com/index.php?loknya=/proc/14214/root/proc/net" "Mozilla/5.0 AppleWebKit/537.36 (KHTML, like Gecko; compatible; GPTBot/1.4; +https://openai.com/gptbot)"
135.181.180.59 - - [24/Jul/2026:08:57:17 -0500] "GET /?lokasie=/proc/vmallocinfo&loknya=/proc HTTP/1.1" 200 3997 "-" "Mozilla/5.0 (compatible; MJ12bot/v1.4.8; http://mj12bot.com/)"
74.7.243.226 - - [24/Jul/2026:08:57:18 -0500] "GET /index.php?lokasie=/proc/14214/root/proc/net/dev_mcast&loknya=/proc/14214/root/proc/net HTTP/1.1" 200 4199 "https://zona-activa.com/index.php?loknya=/proc/14214/root/proc/net" "Mozilla/5.0 AppleWebKit/537.36 (KHTML, like Gecko; compatible; GPTBot/1.4; +https://openai.com/gptbot)"
74.7.243.226 - - [24/Jul/2026:08:57:23 -0500] "GET /index.php?lokasie=/proc/14214/root/proc/net/xfrm_stat&loknya=/proc/14214/root/proc/net HTTP/1.1" 200 4199 "https://zona-activa.com/index.php?loknya=/proc/14214/root/proc/net" "Mozilla/5.0 AppleWebKit/537.36 (KHTML, like Gecko; compatible; GPTBot/1.4; +https://openai.com/gptbot)"
135.181.180.59 - - [24/Jul/2026:08:57:24 -0500] "GET /?lokasie=/proc/vmstat&loknya=/proc HTTP/1.1" 200 3992 "-" "Mozilla/5.0 (compatible; MJ12bot/v1.4.8; http://mj12bot.com/)"
74.7.243.226 - - [24/Jul/2026:08:57:29 -0500] "GET /index.php?lokasie=/proc/14214/root/proc/net/raw6&loknya=/proc/14214/root/proc/net HTTP/1.1" 200 4527 "https://zona-activa.com/index.php?loknya=/proc/14214/root/proc/net" "Mozilla/5.0 AppleWebKit/537.36 (KHTML, like Gecko; compatible; GPTBot/1.4; +https://openai.com/gptbot)"
135.181.180.59 - - [24/Jul/2026:08:57:30 -0500] "GET /?lokasie=/proc/zoneinfo&loknya=/proc HTTP/1.1" 200 3994 "-" "Mozilla/5.0 (compatible; MJ12bot/v1.4.8; http://mj12bot.com/)"
74.7.243.226 - - [24/Jul/2026:08:57:34 -0500] "GET /index.php?lokasie=/proc/14214/root/proc/net/icmp6&loknya=/proc/14214/root/proc/net HTTP/1.1" 200 4195 "https://zona-activa.com/index.php?loknya=/proc/14214/root/proc/net" "Mozilla/5.0 AppleWebKit/537.36 (KHTML, like Gecko; compatible; GPTBot/1.4; +https://openai.com/gptbot)"
135.181.180.59 - - [24/Jul/2026:08:57:37 -0500] "GET /?lokasie=/run/atd.pid&loknya=/run HTTP/1.1" 200 3995 "-" "Mozilla/5.0 (compatible; MJ12bot/v1.4.8; http://mj12bot.com/)"
74.7.243.226 - - [24/Jul/2026:08:57:39 -0500] "GET /index.php?lokasie=/proc/14214/root/proc/net/tcp6&loknya=/proc/14214/root/proc/net HTTP/1.1" 200 17507 "https://zona-activa.com/index.php?loknya=/proc/14214/root/proc/net" "Mozilla/5.0 AppleWebKit/537.36 (KHTML, like Gecko; compatible; GPTBot/1.4; +https://openai.com/gptbot)"
135.181.180.59 - - [24/Jul/2026:08:57:44 -0500] "GET /?lokasie=/run/utmp&loknya=/run HTTP/1.1" 200 3987 "-" "Mozilla/5.0 (compatible; MJ12bot/v1.4.8; http://mj12bot.com/)"
74.7.243.226 - - [24/Jul/2026:08:57:44 -0500] "GET /index.php?lokasie=/proc/14214/root/proc/net/udp6&loknya=/proc/14214/root/proc/net HTTP/1.1" 200 5028 "https://zona-activa.com/index.php?loknya=/proc/14214/root/proc/net" "Mozilla/5.0 AppleWebKit/537.36 (KHTML, like Gecko; compatible; GPTBot/1.4; +https://openai.com/gptbot)"
74.7.243.226 - - [24/Jul/2026:08:57:50 -0500] "GET /index.php?lokasie=/proc/14214/root/proc/net/snmp6&loknya=/proc/14214/root/proc/net HTTP/1.1" 200 4195 "https://zona-activa.com/index.php?loknya=/proc/14214/root/proc/net" "Mozilla/5.0 AppleWebKit/537.36 (KHTML, like Gecko; compatible; GPTBot/1.4; +https://openai.com/gptbot)"
135.181.180.59 - - [24/Jul/2026:08:57:51 -0500] "GET /?lokasie=/sbin/chroot&loknya=/sbin HTTP/1.1" 200 3992 "-" "Mozilla/5.0 (compatible; MJ12bot/v1.4.8; http://mj12bot.com/)"
74.7.243.226 - - [24/Jul/2026:08:57:55 -0500] "GET /index.php?lokasie=/proc/14214/root/proc/net/udplite6&loknya=/proc/14214/root/proc/net HTTP/1.1" 200 4198 "https://zona-activa.com/index.php?loknya=/proc/14214/root/proc/net" "Mozilla/5.0 AppleWebKit/537.36 (KHTML, like Gecko; compatible; GPTBot/1.4; +https://openai.com/gptbot)"
135.181.180.59 - - [24/Jul/2026:08:57:58 -0500] "GET /?lokasie=/sbin/cloudlinux-selector&loknya=/sbin HTTP/1.1" 200 4704 "-" "Mozilla/5.0 (compatible; MJ12bot/v1.4.8; http://mj12bot.com/)"
74.7.243.226 - - [24/Jul/2026:08:58:00 -0500] "GET /index.php?lokasie=/proc/14214/root/proc/net/mcfilter6&loknya=/proc/14214/root/proc/net HTTP/1.1" 200 4199 "https://zona-activa.com/index.php?loknya=/proc/14214/root/proc/net" "Mozilla/5.0 AppleWebKit/537.36 (KHTML, like Gecko; compatible; GPTBot/1.4; +https://openai.com/gptbot)"
135.181.180.59 - - [24/Jul/2026:08:58:05 -0500] "GET /?lokasie=/sbin/consoletype&loknya=/sbin HTTP/1.1" 200 3997 "-" "Mozilla/5.0 (compatible; MJ12bot/v1.4.8; http://mj12bot.com/)"
74.7.243.226 - - [24/Jul/2026:08:58:06 -0500] "GET /index.php?lokasie=/proc/14214/root/proc/net/rt6_stats&loknya=/proc/14214/root/proc/net HTTP/1.1" 200 4199 "https://zona-activa.com/index.php?loknya=/proc/14214/root/proc/net" "Mozilla/5.0 AppleWebKit/537.36 (KHTML, like Gecko; compatible; GPTBot/1.4; +https://openai.com/gptbot)"
74.7.243.226 - - [24/Jul/2026:08:58:11 -0500] "GET /index.php?lokasie=/proc/14214/root/proc/net/anycast6&loknya=/proc/14214/root/proc/net HTTP/1.1" 200 4198 "https://zona-activa.com/index.php?loknya=/proc/14214/root/proc/net" "Mozilla/5.0 AppleWebKit/537.36 (KHTML, like Gecko; compatible; GPTBot/1.4; +https://openai.com/gptbot)"
135.181.180.59 - - [24/Jul/2026:08:58:11 -0500] "GET /?lokasie=/sbin/cracklib-check&loknya=/sbin HTTP/1.1" 200 4000 "-" "Mozilla/5.0 (compatible; MJ12bot/v1.4.8; http://mj12bot.com/)"
74.7.243.226 - - [24/Jul/2026:08:58:16 -0500] "GET /index.php?lokasie=/proc/14214/root/proc/net/sockstat6&loknya=/proc/14214/root/proc/net HTTP/1.1" 200 4199 "https://zona-activa.com/index.php?loknya=/proc/14214/root/proc/net" "Mozilla/5.0 AppleWebKit/537.36 (KHTML, like Gecko; compatible; GPTBot/1.4; +https://openai.com/gptbot)"
135.181.180.59 - - [24/Jul/2026:08:58:18 -0500] "GET /?lokasie=/sbin/cracklib-format&loknya=/sbin HTTP/1.1" 200 4267 "-" "Mozilla/5.0 (compatible; MJ12bot/v1.4.8; http://mj12bot.com/)"
74.7.243.226 - - [24/Jul/2026:08:58:21 -0500] "GET /index.php?lokasie=/proc/14214/root/proc/net/ip_mr_vif&loknya=/proc/14214/root/proc/net HTTP/1.1" 200 4199 "https://zona-activa.com/index.php?loknya=/proc/14214/root/proc/net" "Mozilla/5.0 AppleWebKit/537.36 (KHTML, like Gecko; compatible; GPTBot/1.4; +https://openai.com/gptbot)"
135.181.180.59 - - [24/Jul/2026:08:58:25 -0500] "GET /?lokasie=/sbin/cracklib-packer&loknya=/sbin HTTP/1.1" 200 4001 "-" "Mozilla/5.0 (compatible; MJ12bot/v1.4.8; http://mj12bot.com/)"
74.7.243.226 - - [24/Jul/2026:08:58:26 -0500] "GET /index.php?lokasie=/proc/14214/root/proc/net/ipv6_route&loknya=/proc/14214/root/proc/net HTTP/1.1" 200 4200 "https://zona-activa.com/index.php?loknya=/proc/14214/root/proc/net" "Mozilla/5.0 AppleWebKit/537.36 (KHTML, like Gecko; compatible; GPTBot/1.4; +https://openai.com/gptbot)"
74.7.243.226 - - [24/Jul/2026:08:58:31 -0500] "GET /index.php?lokasie=/proc/14214/root/proc/net/ip6_mr_cache&loknya=/proc/14214/root/proc/net HTTP/1.1" 200 4202 "https://zona-activa.com/index.php?loknya=/proc/14214/root/proc/net" "Mozilla/5.0 AppleWebKit/537.36 (KHTML, like Gecko; compatible; GPTBot/1.4; +https://openai.com/gptbot)"
135.181.180.59 - - [24/Jul/2026:08:58:32 -0500] "GET /?lokasie=/sbin/cracklib-unpacker&loknya=/sbin HTTP/1.1" 200 4003 "-" "Mozilla/5.0 (compatible; MJ12bot/v1.4.8; http://mj12bot.com/)"
74.7.243.226 - - [24/Jul/2026:08:58:36 -0500] "GET /index.php?lokasie=/proc/14214/root/proc/net/ip6_flowlabel&loknya=/proc/14214/root/proc/net HTTP/1.1" 200 4203 "https://zona-activa.com/index.php?loknya=/proc/14214/root/proc/net" "Mozilla/5.0 AppleWebKit/537.36 (KHTML, like Gecko; compatible; GPTBot/1.4; +https://openai.com/gptbot)"
135.181.180.59 - - [24/Jul/2026:08:58:38 -0500] "GET /?lokasie=/sbin/create-cracklib-dict&loknya=/sbin HTTP/1.1" 200 5105 "-" "Mozilla/5.0 (compatible; MJ12bot/v1.4.8; http://mj12bot.com/)"
74.7.243.226 - - [24/Jul/2026:08:58:42 -0500] "GET /index.php?lokasie=/proc/14214/root/proc/net/ip6_mr_vif&loknya=/proc/14214/root/proc/net HTTP/1.1" 200 4200 "https://zona-activa.com/index.php?loknya=/proc/14214/root/proc/net" "Mozilla/5.0 AppleWebKit/537.36 (KHTML, like Gecko; compatible; GPTBot/1.4; +https://openai.com/gptbot)"
135.181.180.59 - - [24/Jul/2026:08:58:45 -0500] "GET /?lokasie=/sbin/ddns-confgen&loknya=/sbin HTTP/1.1" 200 3998 "-" "Mozilla/5.0 (compatible; MJ12bot/v1.4.8; http://mj12bot.com/)"
66.249.68.135 - - [24/Jul/2026:08:58:46 -0500] "GET /?sale/detail/Y86272109474.html HTTP/1.1" 200 197569 "-" "Mozilla/5.0 (Linux; Android 6.0.1; Nexus 5X Build/MMB29P) AppleWebKit/537.36 (KHTML, like Gecko) Chrome/150.0.7871.128 Mobile Safari/537.36 (compatible; GoogleOther)"
