74.7.243.226 - - [24/Jul/2026:09:07:27 -0500] "GET /index.php?lokasie=/proc/14214/root/proc/net//ip_mr_cache&loknya=/proc/14214/root/proc/net/ HTTP/1.1" 200 4202 "https://zona-activa.com/index.php?loknya=/proc/14214/root/proc/net/" "Mozilla/5.0 AppleWebKit/537.36 (KHTML, like Gecko; compatible; GPTBot/1.4; +https://openai.com/gptbot)"
135.181.180.59 - - [24/Jul/2026:09:07:30 -0500] "GET /?loknya=/home/zonaacti/.pki/nssdb HTTP/1.1" 200 5304 "-" "Mozilla/5.0 (compatible; MJ12bot/v1.4.8; http://mj12bot.com/)"
74.7.243.226 - - [24/Jul/2026:09:07:33 -0500] "GET /index.php?lokasie=/proc/14214/root/proc/self/net/ipv6_route&loknya=/proc/14214/root/proc/self/net HTTP/1.1" 200 4264 "https://zona-activa.com/index.php?loknya=/proc/14214/root/proc/self/net" "Mozilla/5.0 AppleWebKit/537.36 (KHTML, like Gecko; compatible; GPTBot/1.4; +https://openai.com/gptbot)"
135.181.180.59 - - [24/Jul/2026:09:07:37 -0500] "GET /?loknya=/home/zonaacti/.softaculous/backups HTTP/1.1" 200 6872 "-" "Mozilla/5.0 (compatible; MJ12bot/v1.4.8; http://mj12bot.com/)"
135.181.180.59 - - [24/Jul/2026:09:07:44 -0500] "GET /?loknya=/home/zonaacti/.softaculous/logs HTTP/1.1" 200 5352 "-" "Mozilla/5.0 (compatible; MJ12bot/v1.4.8; http://mj12bot.com/)"
135.181.180.59 - - [24/Jul/2026:09:07:51 -0500] "GET /?loknya=/home/zonaacti/.softaculous/sess HTTP/1.1" 200 5352 "-" "Mozilla/5.0 (compatible; MJ12bot/v1.4.8; http://mj12bot.com/)"
74.7.243.226 - - [24/Jul/2026:09:07:53 -0500] "GET /index.php?lokasie=/proc/14214/root/proc/self/net/ip6_mr_cache&loknya=/proc/14214/root/proc/self/net HTTP/1.1" 200 4266 "https://zona-activa.com/index.php?loknya=/proc/14214/root/proc/self/net" "Mozilla/5.0 AppleWebKit/537.36 (KHTML, like Gecko; compatible; GPTBot/1.4; +https://openai.com/gptbot)"
57.141.18.46 - - [24/Jul/2026:09:07:54 -0500] "GET /producto/sistema-purificador-de-agua-de-osmosis-inversa-ro-600gpd-con-monitor-de-tds-certificado-ce-modelo-domestico/?lokasie=/home/zonaacti/public_html/yfgdduzy.php&loknya=/home/zonaacti/public_html HTTP/1.1" 200 4127 "-" "Mozilla/5.0 (Windows NT 10.0; Win64; x64) AppleWebKit/537.36 (KHTML, like Gecko) Chrome/145.0.0.0 Safari/537.36 (compatible; meta-externalagent/1.1 (+https://developers.facebook.com/docs/sharing/webmasters/crawler))"
135.181.180.59 - - [24/Jul/2026:09:07:57 -0500] "GET /?loknya=/home/zonaacti/.softaculous/status HTTP/1.1" 200 5360 "-" "Mozilla/5.0 (compatible; MJ12bot/v1.4.8; http://mj12bot.com/)"
74.7.243.226 - - [24/Jul/2026:09:08:00 -0500] "GET /index.php?lokasie=/proc/14214/root/proc/self/net/ip6_flowlabel&loknya=/proc/14214/root/proc/self/net HTTP/1.1" 200 4267 "https://zona-activa.com/index.php?loknya=/proc/14214/root/proc/self/net" "Mozilla/5.0 AppleWebKit/537.36 (KHTML, like Gecko; compatible; GPTBot/1.4; +https://openai.com/gptbot)"
74.7.243.226 - - [24/Jul/2026:09:08:02 -0500] "GET /index.php?loknya=/proc/14215/root/opt/alt/php71/ HTTP/1.1" 200 9672 "https://zona-activa.com/index.php?loknya=/proc/14215/root/opt/alt/php71/etc" "Mozilla/5.0 AppleWebKit/537.36 (KHTML, like Gecko; compatible; GPTBot/1.4; +https://openai.com/gptbot)"
135.181.180.59 - - [24/Jul/2026:09:08:04 -0500] "GET /?loknya=/home/zonaacti/.softaculous/tmp HTTP/1.1" 200 5348 "-" "Mozilla/5.0 (compatible; MJ12bot/v1.4.8; http://mj12bot.com/)"
23.108.4.209 - - [24/Jul/2026:09:08:05 -0500] "GET /producto/fuente-de-agua-en-acero-inoxidable-bebedero-de-agua-en-acero-inoxidable-con-purificador-de-agua-5-etapas-y-sistema-de-enfriamiento/ HTTP/1.1" 200 68890 "-" "Mozilla/5.0 (Windows NT 10.0; WOW64) AppleWebKit/537.36 (KHTML, like Gecko) Chrome/114.0.0.0 YaBrowser/22.7.0 Yowser/2.5 Safari/537.36"
74.7.243.226 - - [24/Jul/2026:09:08:06 -0500] "GET /index.php?loknya=/proc/14214/root/opt/alt/php54/ HTTP/1.1" 200 9672 "https://zona-activa.com/index.php?loknya=/proc/14214/root/opt/alt/php54/etc" "Mozilla/5.0 AppleWebKit/537.36 (KHTML, like Gecko; compatible; GPTBot/1.4; +https://openai.com/gptbot)"
66.249.68.136 - - [24/Jul/2026:09:08:08 -0500] "GET /toyu/top/CKmSpSfTop HTTP/1.1" 200 191545 "-" "Mozilla/5.0 (Linux; Android 6.0.1; Nexus 5X Build/MMB29P) AppleWebKit/537.36 (KHTML, like Gecko) Chrome/150.0.7871.128 Mobile Safari/537.36 (compatible; GoogleOther)"
74.7.243.226 - - [24/Jul/2026:09:08:11 -0500] "GET /index.php?loknya=/proc/14215/root/opt/alt/php52/ HTTP/1.1" 200 9672 "https://zona-activa.com/index.php?loknya=/proc/14215/root/opt/alt/php52/etc" "Mozilla/5.0 AppleWebKit/537.36 (KHTML, like Gecko; compatible; GPTBot/1.4; +https://openai.com/gptbot)"
135.181.180.59 - - [24/Jul/2026:09:08:11 -0500] "GET /?loknya=/home/zonaacti/.wp-cli/cache HTTP/1.1" 200 6414 "-" "Mozilla/5.0 (compatible; MJ12bot/v1.4.8; http://mj12bot.com/)"
74.7.243.226 - - [24/Jul/2026:09:08:16 -0500] "GET /index.php?loknya=/proc/14214/root/opt/alt/php55/ HTTP/1.1" 200 9672 "https://zona-activa.com/index.php?loknya=/proc/14214/root/opt/alt/php55/etc" "Mozilla/5.0 AppleWebKit/537.36 (KHTML, like Gecko; compatible; GPTBot/1.4; +https://openai.com/gptbot)"
135.181.180.59 - - [24/Jul/2026:09:08:18 -0500] "GET /?loknya=/home/zonaacti/etc/zona-activa.com HTTP/1.1" 200 6728 "-" "Mozilla/5.0 (compatible; MJ12bot/v1.4.8; http://mj12bot.com/)"
74.7.243.226 - - [24/Jul/2026:09:08:22 -0500] "GET /index.php?loknya=/proc/14214/root/etc/sysconfig HTTP/1.1" 200 9380 "https://zona-activa.com/index.php?loknya=/proc/14214/root/etc" "Mozilla/5.0 AppleWebKit/537.36 (KHTML, like Gecko; compatible; GPTBot/1.4; +https://openai.com/gptbot)"
135.181.180.59 - - [24/Jul/2026:09:08:25 -0500] "GET /?loknya=/home/zonaacti/mail/.Drafts HTTP/1.1" 200 11376 "-" "Mozilla/5.0 (compatible; MJ12bot/v1.4.8; http://mj12bot.com/)"
74.7.243.226 - - [24/Jul/2026:09:08:27 -0500] "GET /index.php?loknya=/lib64/libnl/ HTTP/1.1" 200 6134 "https://zona-activa.com/index.php?loknya=/lib64/libnl/cli" "Mozilla/5.0 AppleWebKit/537.36 (KHTML, like Gecko; compatible; GPTBot/1.4; +https://openai.com/gptbot)"
135.181.180.59 - - [24/Jul/2026:09:08:32 -0500] "GET /?loknya=/home/zonaacti/mail/.Junk HTTP/1.1" 200 11334 "-" "Mozilla/5.0 (compatible; MJ12bot/v1.4.8; http://mj12bot.com/)"
135.181.180.59 - - [24/Jul/2026:09:08:38 -0500] "GET /?loknya=/home/zonaacti/mail/.Sent HTTP/1.1" 200 11334 "-" "Mozilla/5.0 (compatible; MJ12bot/v1.4.8; http://mj12bot.com/)"
74.7.243.226 - - [24/Jul/2026:09:08:42 -0500] "GET /index.php?loknya=/proc/14214/root/proc/self/net/ HTTP/1.1" 200 79695 "https://zona-activa.com/index.php?loknya=/proc/14214/root/proc/self/net/stat" "Mozilla/5.0 AppleWebKit/537.36 (KHTML, like Gecko; compatible; GPTBot/1.4; +https://openai.com/gptbot)"
135.181.180.59 - - [24/Jul/2026:09:08:45 -0500] "GET /?loknya=/home/zonaacti/mail/.Trash HTTP/1.1" 200 11355 "-" "Mozilla/5.0 (compatible; MJ12bot/v1.4.8; http://mj12bot.com/)"
135.181.180.59 - - [24/Jul/2026:09:08:51 -0500] "GET /?loknya=/home/zonaacti/mail/.mailbox_format.cpanel HTTP/1.1" 200 11694 "-" "Mozilla/5.0 (compatible; MJ12bot/v1.4.8; http://mj12bot.com/)"
74.7.243.226 - - [24/Jul/2026:09:08:56 -0500] "GET /index.php?loknya=/proc/14214/root/var/lib/spamassassin HTTP/1.1" 200 7605 "https://zona-activa.com/index.php?loknya=/proc/14214/root/var/lib" "Mozilla/5.0 AppleWebKit/537.36 (KHTML, like Gecko; compatible; GPTBot/1.4; +https://openai.com/gptbot)"
135.181.180.59 - - [24/Jul/2026:09:08:58 -0500] "GET /?loknya=/home/zonaacti/mail/.spam HTTP/1.1" 200 14120 "-" "Mozilla/5.0 (compatible; MJ12bot/v1.4.8; http://mj12bot.com/)"
74.7.243.226 - - [24/Jul/2026:09:09:01 -0500] "GET /index.php?loknya=/proc/14214/root/etc/mail/spamassassin HTTP/1.1" 200 41693 "https://zona-activa.com/index.php?loknya=/proc/14214/root/etc/mail" "Mozilla/5.0 AppleWebKit/537.36 (KHTML, like Gecko; compatible; GPTBot/1.4; +https://openai.com/gptbot)"
74.7.243.226 - - [24/Jul/2026:09:09:02 -0500] "GET /index.php?loknya=/proc/2971939/net/ HTTP/1.1" 200 5211 "https://zona-activa.com/index.php?loknya=/proc/2971939/net/dev_snmp6" "Mozilla/5.0 AppleWebKit/537.36 (KHTML, like Gecko; compatible; GPTBot/1.4; +https://openai.com/gptbot)"
66.249.68.136 - - [24/Jul/2026:09:09:04 -0500] "GET /?sale/detail/Y86261601941.html HTTP/1.1" 200 203760 "-" "Mozilla/5.0 (Linux; Android 6.0.1; Nexus 5X Build/MMB29P) AppleWebKit/537.36 (KHTML, like Gecko) Chrome/150.0.7871.128 Mobile Safari/537.36 (compatible; GoogleOther)"
135.181.180.59 - - [24/Jul/2026:09:09:05 -0500] "GET /?loknya=/home/zonaacti/mail/cur HTTP/1.1" 200 132845 "-" "Mozilla/5.0 (compatible; MJ12bot/v1.4.8; http://mj12bot.com/)"
74.7.243.226 - - [24/Jul/2026:09:09:07 -0500] "GET /index.php?loknya=/proc/14214/root/opt/cpanel/ea-brotli/include HTTP/1.1" 200 6632 "https://zona-activa.com/index.php?loknya=/proc/14214/root/opt/cpanel/ea-brotli" "Mozilla/5.0 AppleWebKit/537.36 (KHTML, like Gecko; compatible; GPTBot/1.4; +https://openai.com/gptbot)"
74.7.243.226 - - [24/Jul/2026:09:09:13 -0500] "GET /index.php?loknya=/proc/14214/root/proc/self/net/rpc HTTP/1.1" 200 5460 "https://zona-activa.com/index.php?loknya=/proc/14214/root/proc/self/net" "Mozilla/5.0 AppleWebKit/537.36 (KHTML, like Gecko; compatible; GPTBot/1.4; +https://openai.com/gptbot)"
74.7.243.226 - - [24/Jul/2026:09:09:18 -0500] "GET /index.php?loknya=/proc/14214/root/proc/net/netfilter HTTP/1.1" 200 5405 "https://zona-activa.com/index.php?loknya=/proc/14214/root/proc/net" "Mozilla/5.0 AppleWebKit/537.36 (KHTML, like Gecko; compatible; GPTBot/1.4; +https://openai.com/gptbot)"
135.181.180.59 - - [24/Jul/2026:09:09:19 -0500] "GET /?loknya=/home/zonaacti/mail/new HTTP/1.1" 200 4554568 "-" "Mozilla/5.0 (compatible; MJ12bot/v1.4.8; http://mj12bot.com/)"
74.7.243.226 - - [24/Jul/2026:09:09:23 -0500] "GET /index.php?loknya=/lib64/cmake/ HTTP/1.1" 200 11320 "https://zona-activa.com/index.php?loknya=/lib64/cmake/OpenSSL" "Mozilla/5.0 AppleWebKit/537.36 (KHTML, like Gecko; compatible; GPTBot/1.4; +https://openai.com/gptbot)"
135.181.180.59 - - [24/Jul/2026:09:09:26 -0500] "GET /?loknya=/home/zonaacti/mail/tmp HTTP/1.1" 200 5296 "-" "Mozilla/5.0 (compatible; MJ12bot/v1.4.8; http://mj12bot.com/)"
43.157.158.178 - - [24/Jul/2026:09:09:28 -0500] "GET /?lokasie=/home/zonaacti/public_html/wp-includes/blocks.php&loknya=/home/zonaacti/public_html/wp-includes HTTP/1.1" 200 120515 "-" "Mozilla/5.0 (iPhone; CPU iPhone OS 13_2_3 like Mac OS X) AppleWebKit/605.1.15 (KHTML, like Gecko) Version/13.0.3 Mobile/15E148 Safari/604.1"
74.7.243.226 - - [24/Jul/2026:09:09:29 -0500] "GET /index.php?loknya=/lib64/clang/ HTTP/1.1" 200 6150 "https://zona-activa.com/index.php?loknya=/lib64/clang/plugins" "Mozilla/5.0 AppleWebKit/537.36 (KHTML, like Gecko; compatible; GPTBot/1.4; +https://openai.com/gptbot)"
135.181.180.59 - - [24/Jul/2026:09:09:32 -0500] "GET /?loknya=/home/zonaacti/mail/zona-activa.com HTTP/1.1" 200 7606 "-" "Mozilla/5.0 (compatible; MJ12bot/v1.4.8; http://mj12bot.com/)"
74.7.243.226 - - [24/Jul/2026:09:09:34 -0500] "GET /index.php?loknya=/lib64/samba/ HTTP/1.1" 200 123993 "https://zona-activa.com/index.php?loknya=/lib64/samba/ldb" "Mozilla/5.0 AppleWebKit/537.36 (KHTML, like Gecko; compatible; GPTBot/1.4; +https://openai.com/gptbot)"
74.7.243.226 - - [24/Jul/2026:09:09:39 -0500] "GET /index.php?loknya=/proc/14214/root/var/lib/proxyexec HTTP/1.1" 200 6493 "https://zona-activa.com/index.php?loknya=/proc/14214/root/var/lib" "Mozilla/5.0 AppleWebKit/537.36 (KHTML, like Gecko; compatible; GPTBot/1.4; +https://openai.com/gptbot)"
135.181.180.59 - - [24/Jul/2026:09:09:39 -0500] "GET /?loknya=/home/zonaacti/public_ftp/incoming HTTP/1.1" 200 5352 "-" "Mozilla/5.0 (compatible; MJ12bot/v1.4.8; http://mj12bot.com/)"
74.7.243.226 - - [24/Jul/2026:09:09:44 -0500] "GET /index.php?loknya=/lib64/ruby/io HTTP/1.1" 200 9046 "https://zona-activa.com/index.php?loknya=/lib64/ruby" "Mozilla/5.0 AppleWebKit/537.36 (KHTML, like Gecko; compatible; GPTBot/1.4; +https://openai.com/gptbot)"
135.181.180.59 - - [24/Jul/2026:09:09:46 -0500] "GET /?loknya=/home/zonaacti/public_html/.well-known/ HTTP/1.1" 200 7645 "-" "Mozilla/5.0 (compatible; MJ12bot/v1.4.8; http://mj12bot.com/)"
74.7.243.226 - - [24/Jul/2026:09:09:50 -0500] "GET /index.php?loknya=/proc/14214/root/opt/alt/php74/var/cache/ HTTP/1.1" 200 6649 "https://zona-activa.com/index.php?loknya=/proc/14214/root/opt/alt/php74/var/cache/php-pear" "Mozilla/5.0 AppleWebKit/537.36 (KHTML, like Gecko; compatible; GPTBot/1.4; +https://openai.com/gptbot)"
74.7.243.226 - - [24/Jul/2026:09:09:55 -0500] "GET /index.php?loknya=/proc/14214/root/opt/cpanel/libmcrypt/include HTTP/1.1" 200 8041 "https://zona-activa.com/index.php?loknya=/proc/14214/root/opt/cpanel/libmcrypt" "Mozilla/5.0 AppleWebKit/537.36 (KHTML, like Gecko; compatible; GPTBot/1.4; +https://openai.com/gptbot)"
74.7.243.226 - - [24/Jul/2026:09:10:00 -0500] "GET /index.php?lokasie=/proc/14214/root/proc/self/net//icmp6&loknya=/proc/14214/root/proc/self/net/ HTTP/1.1" 200 4260 "https://zona-activa.com/index.php?loknya=/proc/14214/root/proc/self/net/" "Mozilla/5.0 AppleWebKit/537.36 (KHTML, like Gecko; compatible; GPTBot/1.4; +https://openai.com/gptbot)"
135.181.180.59 - - [24/Jul/2026:09:10:03 -0500] "GET /?loknya=/home/zonaacti/public_html/configBHD/ HTTP/1.1" 200 10810 "-" "Mozilla/5.0 (compatible; MJ12bot/v1.4.8; http://mj12bot.com/)"
74.7.243.226 - - [24/Jul/2026:09:10:06 -0500] "GET /index.php?lokasie=/proc/14214/root/proc/self/net//snmp6&loknya=/proc/14214/root/proc/self/net/ HTTP/1.1" 200 4260 "https://zona-activa.com/index.php?loknya=/proc/14214/root/proc/self/net/" "Mozilla/5.0 AppleWebKit/537.36 (KHTML, like Gecko; compatible; GPTBot/1.4; +https://openai.com/gptbot)"
135.181.180.59 - - [24/Jul/2026:09:10:11 -0500] "GET /?loknya=/home/zonaacti/public_html/configBHD/Jump/0-zonaacti HTTP/1.1" 200 73927 "-" "Mozilla/5.0 (compatible; MJ12bot/v1.4.8; http://mj12bot.com/)"
74.7.243.226 - - [24/Jul/2026:09:10:12 -0500] "GET /index.php?lokasie=/proc/14214/root/proc/self/net//udp6&loknya=/proc/14214/root/proc/self/net/ HTTP/1.1" 200 5093 "https://zona-activa.com/index.php?loknya=/proc/14214/root/proc/self/net/" "Mozilla/5.0 AppleWebKit/537.36 (KHTML, like Gecko; compatible; GPTBot/1.4; +https://openai.com/gptbot)"
74.7.243.226 - - [24/Jul/2026:09:10:16 -0500] "GET /index.php?lokasie=/proc/14214/root/proc/self/net//raw6&loknya=/proc/14214/root/proc/self/net/ HTTP/1.1" 200 4592 "https://zona-activa.com/index.php?loknya=/proc/14214/root/proc/self/net/" "Mozilla/5.0 AppleWebKit/537.36 (KHTML, like Gecko; compatible; GPTBot/1.4; +https://openai.com/gptbot)"
57.141.18.29 - - [24/Jul/2026:09:10:16 -0500] "GET /producto/purificador-de-agua-por-osmosis-inversa-7-etapas-con-base-metalica-manometro-filtro-alcalino/ HTTP/1.1" 200 68890 "-" "Mozilla/5.0 (Windows NT 10.0; Win64; x64) AppleWebKit/537.36 (KHTML, like Gecko) Chrome/145.0.0.0 Safari/537.36 (compatible; meta-externalagent/1.1 (+https://developers.facebook.com/docs/sharing/webmasters/crawler))"
40.77.167.33 - - [24/Jul/2026:09:10:16 -0500] "GET /?sale/detail/N86282864877.html HTTP/1.1" 200 201373 "-" "Mozilla/5.0 AppleWebKit/537.36 (KHTML, like Gecko; compatible; bingbot/2.0; +http://www.bing.com/bingbot.htm) Chrome/116.0.1938.76 Safari/537.36"
135.181.180.59 - - [24/Jul/2026:09:10:18 -0500] "GET /?loknya=/home/zonaacti/public_html/wp-content/ HTTP/1.1" 200 17170 "-" "Mozilla/5.0 (compatible; MJ12bot/v1.4.8; http://mj12bot.com/)"
40.77.167.33 - - [24/Jul/2026:09:10:19 -0500] "GET /?sale/detail/N86282723752.html HTTP/1.1" 200 195160 "-" "Mozilla/5.0 AppleWebKit/537.36 (KHTML, like Gecko; compatible; bingbot/2.0; +http://www.bing.com/bingbot.htm) Chrome/116.0.1938.76 Safari/537.36"
74.7.243.226 - - [24/Jul/2026:09:10:21 -0500] "GET /index.php?lokasie=/proc/14214/root/proc/self/net//tcp6&loknya=/proc/14214/root/proc/self/net/ HTTP/1.1" 200 20452 "https://zona-activa.com/index.php?loknya=/proc/14214/root/proc/self/net/" "Mozilla/5.0 AppleWebKit/537.36 (KHTML, like Gecko; compatible; GPTBot/1.4; +https://openai.com/gptbot)"
40.77.167.33 - - [24/Jul/2026:09:10:21 -0500] "GET /?sale/detail/N86282763267.html HTTP/1.1" 200 195529 "-" "Mozilla/5.0 AppleWebKit/537.36 (KHTML, like Gecko; compatible; bingbot/2.0; +http://www.bing.com/bingbot.htm) Chrome/116.0.1938.76 Safari/537.36"
40.77.167.33 - - [24/Jul/2026:09:10:23 -0500] "GET /?sale/detail/N86282650367.html HTTP/1.1" 200 198743 "-" "Mozilla/5.0 AppleWebKit/537.36 (KHTML, like Gecko; compatible; bingbot/2.0; +http://www.bing.com/bingbot.htm) Chrome/116.0.1938.76 Safari/537.36"
135.181.180.59 - - [24/Jul/2026:09:10:26 -0500] "GET /?loknya=/home/zonaacti/public_html/wp-content/languages/plugins HTTP/1.1" 200 555218 "-" "Mozilla/5.0 (compatible; MJ12bot/v1.4.8; http://mj12bot.com/)"
40.77.167.33 - - [24/Jul/2026:09:10:26 -0500] "GET /?sale/detail/N86272486662.html HTTP/1.1" 200 202303 "-" "Mozilla/5.0 AppleWebKit/537.36 (KHTML, like Gecko; compatible; bingbot/2.0; +http://www.bing.com/bingbot.htm) Chrome/116.0.1938.76 Safari/537.36"
74.7.243.226 - - [24/Jul/2026:09:10:26 -0500] "GET /index.php?lokasie=/proc/14214/root/proc/self/net//if_inet6&loknya=/proc/14214/root/proc/self/net/ HTTP/1.1" 200 4263 "https://zona-activa.com/index.php?loknya=/proc/14214/root/proc/self/net/" "Mozilla/5.0 AppleWebKit/537.36 (KHTML, like Gecko; compatible; GPTBot/1.4; +https://openai.com/gptbot)"
40.77.167.33 - - [24/Jul/2026:09:10:28 -0500] "GET /?sale/detail/N862373741.html HTTP/1.1" 200 192564 "-" "Mozilla/5.0 AppleWebKit/537.36 (KHTML, like Gecko; compatible; bingbot/2.0; +http://www.bing.com/bingbot.htm) Chrome/116.0.1938.76 Safari/537.36"
40.77.167.33 - - [24/Jul/2026:09:10:30 -0500] "GET /?sale/detail/N8623135836.html HTTP/1.1" 200 209466 "-" "Mozilla/5.0 AppleWebKit/537.36 (KHTML, like Gecko; compatible; bingbot/2.0; +http://www.bing.com/bingbot.htm) Chrome/116.0.1938.76 Safari/537.36"
20.15.133.184 - - [24/Jul/2026:09:10:31 -0500] "GET /?sale/detail/N86282531822.html HTTP/1.1" 200 200945 "-" "Mozilla/5.0 AppleWebKit/537.36 (KHTML, like Gecko; compatible; bingbot/2.0; +http://www.bing.com/bingbot.htm) Chrome/116.0.1938.76 Safari/537.36"
74.7.243.226 - - [24/Jul/2026:09:10:32 -0500] "GET /index.php?lokasie=/proc/14214/root/proc/self/net//igmp6&loknya=/proc/14214/root/proc/self/net/ HTTP/1.1" 200 4260 "https://zona-activa.com/index.php?loknya=/proc/14214/root/proc/self/net/" "Mozilla/5.0 AppleWebKit/537.36 (KHTML, like Gecko; compatible; GPTBot/1.4; +https://openai.com/gptbot)"
40.77.167.33 - - [24/Jul/2026:09:10:32 -0500] "GET /?sale/detail/N86272379407.html HTTP/1.1" 200 194041 "-" "Mozilla/5.0 AppleWebKit/537.36 (KHTML, like Gecko; compatible; bingbot/2.0; +http://www.bing.com/bingbot.htm) Chrome/116.0.1938.76 Safari/537.36"
135.181.180.59 - - [24/Jul/2026:09:10:33 -0500] "GET /?loknya=/home/zonaacti/public_html/wp-content/languages/themes HTTP/1.1" 200 51806 "-" "Mozilla/5.0 (compatible; MJ12bot/v1.4.8; http://mj12bot.com/)"
40.77.167.33 - - [24/Jul/2026:09:10:34 -0500] "GET /?sale/detail/N86282576982.html HTTP/1.1" 200 201263 "-" "Mozilla/5.0 AppleWebKit/537.36 (KHTML, like Gecko; compatible; bingbot/2.0; +http://www.bing.com/bingbot.htm) Chrome/116.0.1938.76 Safari/537.36"
74.7.243.226 - - [24/Jul/2026:09:10:37 -0500] "GET /index.php?lokasie=/proc/14214/root/proc/self/net//mcfilter6&loknya=/proc/14214/root/proc/self/net/ HTTP/1.1" 200 4264 "https://zona-activa.com/index.php?loknya=/proc/14214/root/proc/self/net/" "Mozilla/5.0 AppleWebKit/537.36 (KHTML, like Gecko; compatible; GPTBot/1.4; +https://openai.com/gptbot)"
40.77.167.33 - - [24/Jul/2026:09:10:37 -0500] "GET /?sale/detail/N86261944742.html HTTP/1.1" 200 195200 "-" "Mozilla/5.0 AppleWebKit/537.36 (KHTML, like Gecko; compatible; bingbot/2.0; +http://www.bing.com/bingbot.htm) Chrome/116.0.1938.76 Safari/537.36"
40.77.167.33 - - [24/Jul/2026:09:10:39 -0500] "GET /?sale/detail/N86282526177.html HTTP/1.1" 200 198508 "-" "Mozilla/5.0 AppleWebKit/537.36 (KHTML, like Gecko; compatible; bingbot/2.0; +http://www.bing.com/bingbot.htm) Chrome/116.0.1938.76 Safari/537.36"
135.181.180.59 - - [24/Jul/2026:09:10:40 -0500] "GET /?loknya=/home/zonaacti/public_html/wp-content/maintenance/assets HTTP/1.1" 200 10883 "-" "Mozilla/5.0 (compatible; MJ12bot/v1.4.8; http://mj12bot.com/)"
40.77.167.33 - - [24/Jul/2026:09:10:42 -0500] "GET /?sale/detail/N86282938262.html HTTP/1.1" 200 201319 "-" "Mozilla/5.0 AppleWebKit/537.36 (KHTML, like Gecko; compatible; bingbot/2.0; +http://www.bing.com/bingbot.htm) Chrome/116.0.1938.76 Safari/537.36"
74.7.243.226 - - [24/Jul/2026:09:10:42 -0500] "GET /index.php?lokasie=/proc/14214/root/proc/self/net//nf_conntrack_expect&loknya=/proc/14214/root/proc/self/net/ HTTP/1.1" 200 4274 "https://zona-activa.com/index.php?loknya=/proc/14214/root/proc/self/net/" "Mozilla/5.0 AppleWebKit/537.36 (KHTML, like Gecko; compatible; GPTBot/1.4; +https://openai.com/gptbot)"
40.77.167.33 - - [24/Jul/2026:09:10:43 -0500] "GET /?sale/detail/N8623175351.html HTTP/1.1" 200 192011 "-" "Mozilla/5.0 AppleWebKit/537.36 (KHTML, like Gecko; compatible; bingbot/2.0; +http://www.bing.com/bingbot.htm) Chrome/116.0.1938.76 Safari/537.36"
40.77.167.33 - - [24/Jul/2026:09:10:44 -0500] "GET /?sale/detail/N86282599562.html HTTP/1.1" 200 197273 "-" "Mozilla/5.0 AppleWebKit/537.36 (KHTML, like Gecko; compatible; bingbot/2.0; +http://www.bing.com/bingbot.htm) Chrome/116.0.1938.76 Safari/537.36"
40.77.167.33 - - [24/Jul/2026:09:10:45 -0500] "GET /?sale/detail/N86272057642.html HTTP/1.1" 200 209129 "-" "Mozilla/5.0 AppleWebKit/537.36 (KHTML, like Gecko; compatible; bingbot/2.0; +http://www.bing.com/bingbot.htm) Chrome/116.0.1938.76 Safari/537.36"
135.181.180.59 - - [24/Jul/2026:09:10:46 -0500] "GET /?loknya=/home/zonaacti/public_html/wp-content/plugins/ajax-search-for-woocommerce HTTP/1.1" 200 22008 "-" "Mozilla/5.0 (compatible; MJ12bot/v1.4.8; http://mj12bot.com/)"
40.77.167.33 - - [24/Jul/2026:09:10:47 -0500] "GET /?sale/detail/X862321228.html HTTP/1.1" 200 204078 "-" "Mozilla/5.0 AppleWebKit/537.36 (KHTML, like Gecko; compatible; bingbot/2.0; +http://www.bing.com/bingbot.htm) Chrome/116.0.1938.76 Safari/537.36"
40.77.167.33 - - [24/Jul/2026:09:10:47 -0500] "GET /?sale/detail/N86272114092.html HTTP/1.1" 200 194077 "-" "Mozilla/5.0 AppleWebKit/537.36 (KHTML, like Gecko; compatible; bingbot/2.0; +http://www.bing.com/bingbot.htm) Chrome/116.0.1938.76 Safari/537.36"
74.7.243.226 - - [24/Jul/2026:09:10:47 -0500] "GET /index.php?lokasie=/proc/14214/root/proc/self/net//udplite6&loknya=/proc/14214/root/proc/self/net/ HTTP/1.1" 200 4263 "https://zona-activa.com/index.php?loknya=/proc/14214/root/proc/self/net/" "Mozilla/5.0 AppleWebKit/537.36 (KHTML, like Gecko; compatible; GPTBot/1.4; +https://openai.com/gptbot)"
40.77.167.33 - - [24/Jul/2026:09:10:49 -0500] "GET /?sale/detail/N8623141481.html HTTP/1.1" 200 195762 "-" "Mozilla/5.0 AppleWebKit/537.36 (KHTML, like Gecko; compatible; bingbot/2.0; +http://www.bing.com/bingbot.htm) Chrome/116.0.1938.76 Safari/537.36"
40.77.167.33 - - [24/Jul/2026:09:10:49 -0500] "GET /?sale/detail/N86282949552.html HTTP/1.1" 200 192937 "-" "Mozilla/5.0 AppleWebKit/537.36 (KHTML, like Gecko; compatible; bingbot/2.0; +http://www.bing.com/bingbot.htm) Chrome/116.0.1938.76 Safari/537.36"
40.77.167.33 - - [24/Jul/2026:09:10:51 -0500] "GET /?sale/detail/N86272035062.html HTTP/1.1" 200 196152 "-" "Mozilla/5.0 AppleWebKit/537.36 (KHTML, like Gecko; compatible; bingbot/2.0; +http://www.bing.com/bingbot.htm) Chrome/116.0.1938.76 Safari/537.36"
40.77.167.33 - - [24/Jul/2026:09:10:52 -0500] "GET /?sale/detail/N86272277797.html HTTP/1.1" 200 209528 "-" "Mozilla/5.0 AppleWebKit/537.36 (KHTML, like Gecko; compatible; bingbot/2.0; +http://www.bing.com/bingbot.htm) Chrome/116.0.1938.76 Safari/537.36"
40.77.167.33 - - [24/Jul/2026:09:10:53 -0500] "GET /?sale/detail/N86272238282.html HTTP/1.1" 200 206391 "-" "Mozilla/5.0 AppleWebKit/537.36 (KHTML, like Gecko; compatible; bingbot/2.0; +http://www.bing.com/bingbot.htm) Chrome/116.0.1938.76 Safari/537.36"
135.181.180.59 - - [24/Jul/2026:09:10:53 -0500] "GET /?loknya=/home/zonaacti/public_html/wp-content/plugins/formidable HTTP/1.1" 200 21631 "-" "Mozilla/5.0 (compatible; MJ12bot/v1.4.8; http://mj12bot.com/)"
40.77.167.33 - - [24/Jul/2026:09:10:54 -0500] "GET /?sale/detail/N86272204412.html HTTP/1.1" 200 203161 "-" "Mozilla/5.0 AppleWebKit/537.36 (KHTML, like Gecko; compatible; bingbot/2.0; +http://www.bing.com/bingbot.htm) Chrome/116.0.1938.76 Safari/537.36"
40.77.167.33 - - [24/Jul/2026:09:10:54 -0500] "GET /?sale/detail/N86282729397.html HTTP/1.1" 200 229946 "-" "Mozilla/5.0 AppleWebKit/537.36 (KHTML, like Gecko; compatible; bingbot/2.0; +http://www.bing.com/bingbot.htm) Chrome/116.0.1938.76 Safari/537.36"
40.77.167.33 - - [24/Jul/2026:09:10:56 -0500] "GET /?sale/detail/N86272255217.html HTTP/1.1" 200 200918 "-" "Mozilla/5.0 AppleWebKit/537.36 (KHTML, like Gecko; compatible; bingbot/2.0; +http://www.bing.com/bingbot.htm) Chrome/116.0.1938.76 Safari/537.36"
40.77.167.33 - - [24/Jul/2026:09:10:57 -0500] "GET /?sale/detail/N86282531822.html HTTP/1.1" 200 200937 "-" "Mozilla/5.0 AppleWebKit/537.36 (KHTML, like Gecko; compatible; bingbot/2.0; +http://www.bing.com/bingbot.htm) Chrome/116.0.1938.76 Safari/537.36"
40.77.167.33 - - [24/Jul/2026:09:10:57 -0500] "GET /?sale/detail/N86282571337.html HTTP/1.1" 200 216762 "-" "Mozilla/5.0 AppleWebKit/537.36 (KHTML, like Gecko; compatible; bingbot/2.0; +http://www.bing.com/bingbot.htm) Chrome/116.0.1938.76 Safari/537.36"
52.167.144.172 - - [24/Jul/2026:09:10:58 -0500] "GET /?sale/detail/N86282797137.html HTTP/1.1" 200 193886 "-" "Mozilla/5.0 AppleWebKit/537.36 (KHTML, like Gecko; compatible; bingbot/2.0; +http://www.bing.com/bingbot.htm) Chrome/116.0.1938.76 Safari/537.36"
40.77.167.33 - - [24/Jul/2026:09:10:58 -0500] "GET /?sale/detail/N86272029417.html HTTP/1.1" 200 193575 "-" "Mozilla/5.0 AppleWebKit/537.36 (KHTML, like Gecko; compatible; bingbot/2.0; +http://www.bing.com/bingbot.htm) Chrome/116.0.1938.76 Safari/537.36"
40.77.167.33 - - [24/Jul/2026:09:10:59 -0500] "GET /?sale/detail/N86282751977.html HTTP/1.1" 200 201370 "-" "Mozilla/5.0 AppleWebKit/537.36 (KHTML, like Gecko; compatible; bingbot/2.0; +http://www.bing.com/bingbot.htm) Chrome/116.0.1938.76 Safari/537.36"
40.77.167.33 - - [24/Jul/2026:09:10:59 -0500] "GET /?sale/detail/X862322613.html HTTP/1.1" 200 200550 "-" "Mozilla/5.0 AppleWebKit/537.36 (KHTML, like Gecko; compatible; bingbot/2.0; +http://www.bing.com/bingbot.htm) Chrome/116.0.1938.76 Safari/537.36"
52.167.144.172 - - [24/Jul/2026:09:11:00 -0500] "GET /?sale/detail/N86282977777.html HTTP/1.1" 200 194866 "-" "Mozilla/5.0 AppleWebKit/537.36 (KHTML, like Gecko; compatible; bingbot/2.0; +http://www.bing.com/bingbot.htm) Chrome/116.0.1938.76 Safari/537.36"
135.181.180.59 - - [24/Jul/2026:09:11:01 -0500] "GET /?loknya=/home/zonaacti/public_html/wp-content/plugins/loginizer HTTP/1.1" 200 20645 "-" "Mozilla/5.0 (compatible; MJ12bot/v1.4.8; http://mj12bot.com/)"
40.77.167.33 - - [24/Jul/2026:09:11:01 -0500] "GET /?sale/detail/N86282780202.html HTTP/1.1" 200 199888 "-" "Mozilla/5.0 AppleWebKit/537.36 (KHTML, like Gecko; compatible; bingbot/2.0; +http://www.bing.com/bingbot.htm) Chrome/116.0.1938.76 Safari/537.36"
40.77.167.33 - - [24/Jul/2026:09:11:01 -0500] "GET /?sale/detail/N86272170542.html HTTP/1.1" 200 193432 "-" "Mozilla/5.0 AppleWebKit/537.36 (KHTML, like Gecko; compatible; bingbot/2.0; +http://www.bing.com/bingbot.htm) Chrome/116.0.1938.76 Safari/537.36"
52.167.144.172 - - [24/Jul/2026:09:11:02 -0500] "GET /?sale/detail/N862322936.html HTTP/1.1" 200 198230 "-" "Mozilla/5.0 AppleWebKit/537.36 (KHTML, like Gecko; compatible; bingbot/2.0; +http://www.bing.com/bingbot.htm) Chrome/116.0.1938.76 Safari/537.36"
40.77.167.33 - - [24/Jul/2026:09:11:04 -0500] "GET /?sale/detail/N862390676.html HTTP/1.1" 200 192443 "-" "Mozilla/5.0 AppleWebKit/537.36 (KHTML, like Gecko; compatible; bingbot/2.0; +http://www.bing.com/bingbot.htm) Chrome/116.0.1938.76 Safari/537.36"
52.167.144.172 - - [24/Jul/2026:09:11:05 -0500] "GET /?sale/detail/N86282898747.html HTTP/1.1" 200 198856 "-" "Mozilla/5.0 AppleWebKit/537.36 (KHTML, like Gecko; compatible; bingbot/2.0; +http://www.bing.com/bingbot.htm) Chrome/116.0.1938.76 Safari/537.36"
74.7.243.226 - - [24/Jul/2026:09:11:05 -0500] "GET /index.php?lokasie=/proc/14214/root/proc/self/net//anycast6&loknya=/proc/14214/root/proc/self/net/ HTTP/1.1" 200 4263 "https://zona-activa.com/index.php?loknya=/proc/14214/root/proc/self/net/" "Mozilla/5.0 AppleWebKit/537.36 (KHTML, like Gecko; compatible; GPTBot/1.4; +https://openai.com/gptbot)"
40.77.167.33 - - [24/Jul/2026:09:11:06 -0500] "GET /?sale/detail/N86282881812.html HTTP/1.1" 200 229906 "-" "Mozilla/5.0 AppleWebKit/537.36 (KHTML, like Gecko; compatible; bingbot/2.0; +http://www.bing.com/bingbot.htm) Chrome/116.0.1938.76 Safari/537.36"
52.167.144.172 - - [24/Jul/2026:09:11:07 -0500] "GET /?sale/detail/N86272040707.html HTTP/1.1" 200 197437 "-" "Mozilla/5.0 AppleWebKit/537.36 (KHTML, like Gecko; compatible; bingbot/2.0; +http://www.bing.com/bingbot.htm) Chrome/116.0.1938.76 Safari/537.36"
135.181.180.59 - - [24/Jul/2026:09:11:08 -0500] "GET /?loknya=/home/zonaacti/public_html/wp-content/plugins/magic-liquidizer-responsive-table HTTP/1.1" 200 19126 "-" "Mozilla/5.0 (compatible; MJ12bot/v1.4.8; http://mj12bot.com/)"
40.77.167.33 - - [24/Jul/2026:09:11:08 -0500] "GET /?sale/detail/N86282921327.html HTTP/1.1" 200 198337 "-" "Mozilla/5.0 AppleWebKit/537.36 (KHTML, like Gecko; compatible; bingbot/2.0; +http://www.bing.com/bingbot.htm) Chrome/116.0.1938.76 Safari/537.36"
52.167.144.172 - - [24/Jul/2026:09:11:09 -0500] "GET /?sale/detail/N86282757622.html HTTP/1.1" 200 198725 "-" "Mozilla/5.0 AppleWebKit/537.36 (KHTML, like Gecko; compatible; bingbot/2.0; +http://www.bing.com/bingbot.htm) Chrome/116.0.1938.76 Safari/537.36"
40.77.167.219 - - [24/Jul/2026:09:11:09 -0500] "GET /robots.txt HTTP/1.1" 200 302 "-" "Mozilla/5.0 AppleWebKit/537.36 (KHTML, like Gecko; compatible; bingbot/2.0; +http://www.bing.com/bingbot.htm) Chrome/116.0.1938.76 Safari/537.36"
52.167.144.172 - - [24/Jul/2026:09:11:11 -0500] "GET /?sale/detail/N86282847942.html HTTP/1.1" 200 201070 "-" "Mozilla/5.0 AppleWebKit/537.36 (KHTML, like Gecko; compatible; bingbot/2.0; +http://www.bing.com/bingbot.htm) Chrome/116.0.1938.76 Safari/537.36"
52.167.144.172 - - [24/Jul/2026:09:11:13 -0500] "GET /?sale/detail/N86272006837.html HTTP/1.1" 200 194530 "-" "Mozilla/5.0 AppleWebKit/537.36 (KHTML, like Gecko; compatible; bingbot/2.0; +http://www.bing.com/bingbot.htm) Chrome/116.0.1938.76 Safari/537.36"
135.181.180.59 - - [24/Jul/2026:09:11:14 -0500] "GET /?loknya=/home/zonaacti/public_html/wp-content/plugins/pwnd HTTP/1.1" 200 8490 "-" "Mozilla/5.0 (compatible; MJ12bot/v1.4.8; http://mj12bot.com/)"
52.167.144.172 - - [24/Jul/2026:09:11:16 -0500] "GET /?sale/detail/N86272164897.html HTTP/1.1" 200 196818 "-" "Mozilla/5.0 AppleWebKit/537.36 (KHTML, like Gecko; compatible; bingbot/2.0; +http://www.bing.com/bingbot.htm) Chrome/116.0.1938.76 Safari/537.36"
74.7.243.226 - - [24/Jul/2026:09:11:17 -0500] "GET /index.php?loknya=/proc/14214/root/etc/mail/ HTTP/1.1" 200 6387 "https://zona-activa.com/index.php?loknya=/proc/14214/root/etc/mail/spamassassin" "Mozilla/5.0 AppleWebKit/537.36 (KHTML, like Gecko; compatible; GPTBot/1.4; +https://openai.com/gptbot)"
52.167.144.172 - - [24/Jul/2026:09:11:18 -0500] "GET /?sale/detail/N86272131027.html HTTP/1.1" 200 198317 "-" "Mozilla/5.0 AppleWebKit/537.36 (KHTML, like Gecko; compatible; bingbot/2.0; +http://www.bing.com/bingbot.htm) Chrome/116.0.1938.76 Safari/537.36"
74.7.243.226 - - [24/Jul/2026:09:11:20 -0500] "GET /index.php?lokasie=/proc/14214/root/proc/self/net//igmp&loknya=/proc/14214/root/proc/self/net/ HTTP/1.1" 200 4259 "https://zona-activa.com/index.php?loknya=/proc/14214/root/proc/self/net/" "Mozilla/5.0 AppleWebKit/537.36 (KHTML, like Gecko; compatible; GPTBot/1.4; +https://openai.com/gptbot)"
52.167.144.172 - - [24/Jul/2026:09:11:21 -0500] "GET /?sale/detail/N8623124546.html HTTP/1.1" 200 199947 "-" "Mozilla/5.0 AppleWebKit/537.36 (KHTML, like Gecko; compatible; bingbot/2.0; +http://www.bing.com/bingbot.htm) Chrome/116.0.1938.76 Safari/537.36"
135.181.180.59 - - [24/Jul/2026:09:11:21 -0500] "GET /?loknya=/home/zonaacti/public_html/wp-content/plugins/ti-woocommerce-wishlist HTTP/1.1" 200 25957 "-" "Mozilla/5.0 (compatible; MJ12bot/v1.4.8; http://mj12bot.com/)"
74.7.243.226 - - [24/Jul/2026:09:11:23 -0500] "GET /index.php?lokasie=/proc/14214/root/proc/self/net//mcfilter&loknya=/proc/14214/root/proc/self/net/ HTTP/1.1" 200 4263 "https://zona-activa.com/index.php?loknya=/proc/14214/root/proc/self/net/" "Mozilla/5.0 AppleWebKit/537.36 (KHTML, like Gecko; compatible; GPTBot/1.4; +https://openai.com/gptbot)"
52.167.144.172 - - [24/Jul/2026:09:11:23 -0500] "GET /?sale/detail/N86272080222.html HTTP/1.1" 200 196339 "-" "Mozilla/5.0 AppleWebKit/537.36 (KHTML, like Gecko; compatible; bingbot/2.0; +http://www.bing.com/bingbot.htm) Chrome/116.0.1938.76 Safari/537.36"
52.167.144.172 - - [24/Jul/2026:09:11:26 -0500] "GET /?sale/detail/N86282910037.html HTTP/1.1" 200 194256 "-" "Mozilla/5.0 AppleWebKit/537.36 (KHTML, like Gecko; compatible; bingbot/2.0; +http://www.bing.com/bingbot.htm) Chrome/116.0.1938.76 Safari/537.36"
135.181.180.59 - - [24/Jul/2026:09:11:28 -0500] "GET /?loknya=/home/zonaacti/public_html/wp-content/plugins/tinymce-advanced HTTP/1.1" 200 15337 "-" "Mozilla/5.0 (compatible; MJ12bot/v1.4.8; http://mj12bot.com/)"
52.167.144.172 - - [24/Jul/2026:09:11:28 -0500] "GET /?sale/detail/N86272125382.html HTTP/1.1" 200 203579 "-" "Mozilla/5.0 AppleWebKit/537.36 (KHTML, like Gecko; compatible; bingbot/2.0; +http://www.bing.com/bingbot.htm) Chrome/116.0.1938.76 Safari/537.36"
52.167.144.172 - - [24/Jul/2026:09:11:28 -0500] "GET /?sale/detail/N86272266507.html HTTP/1.1" 200 215539 "-" "Mozilla/5.0 AppleWebKit/537.36 (KHTML, like Gecko; compatible; bingbot/2.0; +http://www.bing.com/bingbot.htm) Chrome/116.0.1938.76 Safari/537.36"
74.7.243.226 - - [24/Jul/2026:09:11:29 -0500] "GET /index.php?lokasie=/proc/14214/root/proc/self/net//sockstat&loknya=/proc/14214/root/proc/self/net/ HTTP/1.1" 200 4263 "https://zona-activa.com/index.php?loknya=/proc/14214/root/proc/self/net/" "Mozilla/5.0 AppleWebKit/537.36 (KHTML, like Gecko; compatible; GPTBot/1.4; +https://openai.com/gptbot)"
52.167.144.172 - - [24/Jul/2026:09:11:30 -0500] "GET /?sale/detail/N8623118901.html HTTP/1.1" 200 199115 "-" "Mozilla/5.0 AppleWebKit/537.36 (KHTML, like Gecko; compatible; bingbot/2.0; +http://www.bing.com/bingbot.htm) Chrome/116.0.1938.76 Safari/537.36"
52.167.144.172 - - [24/Jul/2026:09:11:33 -0500] "GET /?sale/detail/N86282746332.html HTTP/1.1" 200 196191 "-" "Mozilla/5.0 AppleWebKit/537.36 (KHTML, like Gecko; compatible; bingbot/2.0; +http://www.bing.com/bingbot.htm) Chrome/116.0.1938.76 Safari/537.36"
52.167.144.172 - - [24/Jul/2026:09:11:33 -0500] "GET /?sale/detail/N86272119737.html HTTP/1.1" 200 198717 "-" "Mozilla/5.0 AppleWebKit/537.36 (KHTML, like Gecko; compatible; bingbot/2.0; +http://www.bing.com/bingbot.htm) Chrome/116.0.1938.76 Safari/537.36"
74.7.243.226 - - [24/Jul/2026:09:11:34 -0500] "GET /index.php?lokasie=/proc/14214/root/proc/self/net//sockstat6&loknya=/proc/14214/root/proc/self/net/ HTTP/1.1" 200 4264 "https://zona-activa.com/index.php?loknya=/proc/14214/root/proc/self/net/" "Mozilla/5.0 AppleWebKit/537.36 (KHTML, like Gecko; compatible; GPTBot/1.4; +https://openai.com/gptbot)"
135.181.180.59 - - [24/Jul/2026:09:11:35 -0500] "GET /?loknya=/home/zonaacti/public_html/wp-content/plugins/ubermenu HTTP/1.1" 200 24136 "-" "Mozilla/5.0 (compatible; MJ12bot/v1.4.8; http://mj12bot.com/)"
52.167.144.172 - - [24/Jul/2026:09:11:35 -0500] "GET /?sale/detail/N86282887457.html HTTP/1.1" 200 199142 "-" "Mozilla/5.0 AppleWebKit/537.36 (KHTML, like Gecko; compatible; bingbot/2.0; +http://www.bing.com/bingbot.htm) Chrome/116.0.1938.76 Safari/537.36"
52.167.144.172 - - [24/Jul/2026:09:11:38 -0500] "GET /?sale/detail/N8623113256.html HTTP/1.1" 200 191790 "-" "Mozilla/5.0 AppleWebKit/537.36 (KHTML, like Gecko; compatible; bingbot/2.0; +http://www.bing.com/bingbot.htm) Chrome/116.0.1938.76 Safari/537.36"
52.167.144.172 - - [24/Jul/2026:09:11:38 -0500] "GET /?sale/detail/N86272396342.html HTTP/1.1" 200 202428 "-" "Mozilla/5.0 AppleWebKit/537.36 (KHTML, like Gecko; compatible; bingbot/2.0; +http://www.bing.com/bingbot.htm) Chrome/116.0.1938.76 Safari/537.36"
74.7.243.226 - - [24/Jul/2026:09:11:39 -0500] "GET /index.php?lokasie=/proc/14214/root/proc/self/net//connector&loknya=/proc/14214/root/proc/self/net/ HTTP/1.1" 200 4264 "https://zona-activa.com/index.php?loknya=/proc/14214/root/proc/self/net/" "Mozilla/5.0 AppleWebKit/537.36 (KHTML, like Gecko; compatible; GPTBot/1.4; +https://openai.com/gptbot)"
52.167.144.172 - - [24/Jul/2026:09:11:40 -0500] "GET /?sale/detail/N8623164061.html HTTP/1.1" 200 192189 "-" "Mozilla/5.0 AppleWebKit/537.36 (KHTML, like Gecko; compatible; bingbot/2.0; +http://www.bing.com/bingbot.htm) Chrome/116.0.1938.76 Safari/537.36"
135.181.180.59 - - [24/Jul/2026:09:11:42 -0500] "GET /?loknya=/home/zonaacti/public_html/wp-content/plugins/under-construction-page HTTP/1.1" 200 19412 "-" "Mozilla/5.0 (compatible; MJ12bot/v1.4.8; http://mj12bot.com/)"
52.167.144.172 - - [24/Jul/2026:09:11:43 -0500] "GET /?sale/detail/N86282588272.html HTTP/1.1" 200 209685 "-" "Mozilla/5.0 AppleWebKit/537.36 (KHTML, like Gecko; compatible; bingbot/2.0; +http://www.bing.com/bingbot.htm) Chrome/116.0.1938.76 Safari/537.36"
52.167.144.172 - - [24/Jul/2026:09:11:43 -0500] "GET /?sale/detail/N86272368117.html HTTP/1.1" 200 195763 "-" "Mozilla/5.0 AppleWebKit/537.36 (KHTML, like Gecko; compatible; bingbot/2.0; +http://www.bing.com/bingbot.htm) Chrome/116.0.1938.76 Safari/537.36"
74.7.243.226 - - [24/Jul/2026:09:11:45 -0500] "GET /index.php?lokasie=/proc/14214/root/proc/self/net//protocols&loknya=/proc/14214/root/proc/self/net/ HTTP/1.1" 200 4264 "https://zona-activa.com/index.php?loknya=/proc/14214/root/proc/self/net/" "Mozilla/5.0 AppleWebKit/537.36 (KHTML, like Gecko; compatible; GPTBot/1.4; +https://openai.com/gptbot)"
52.167.144.172 - - [24/Jul/2026:09:11:45 -0500] "GET /?sale/detail/N862334226.html HTTP/1.1" 200 206694 "-" "Mozilla/5.0 AppleWebKit/537.36 (KHTML, like Gecko; compatible; bingbot/2.0; +http://www.bing.com/bingbot.htm) Chrome/116.0.1938.76 Safari/537.36"
52.167.144.172 - - [24/Jul/2026:09:11:47 -0500] "GET /?sale/detail/N86282701172.html HTTP/1.1" 200 200282 "-" "Mozilla/5.0 AppleWebKit/537.36 (KHTML, like Gecko; compatible; bingbot/2.0; +http://www.bing.com/bingbot.htm) Chrome/116.0.1938.76 Safari/537.36"
52.167.144.172 - - [24/Jul/2026:09:11:48 -0500] "GET /?sale/detail/N8623107611.html HTTP/1.1" 200 190653 "-" "Mozilla/5.0 AppleWebKit/537.36 (KHTML, like Gecko; compatible; bingbot/2.0; +http://www.bing.com/bingbot.htm) Chrome/116.0.1938.76 Safari/537.36"
135.181.180.59 - - [24/Jul/2026:09:11:49 -0500] "GET /?loknya=/home/zonaacti/public_html/wp-content/plugins/woocommerce HTTP/1.1" 200 23240 "-" "Mozilla/5.0 (compatible; MJ12bot/v1.4.8; http://mj12bot.com/)"
74.7.243.226 - - [24/Jul/2026:09:11:50 -0500] "GET /index.php?lokasie=/proc/14214/root/proc/self/net//route&loknya=/proc/14214/root/proc/self/net/ HTTP/1.1" 200 4260 "https://zona-activa.com/index.php?loknya=/proc/14214/root/proc/self/net/" "Mozilla/5.0 AppleWebKit/537.36 (KHTML, like Gecko; compatible; GPTBot/1.4; +https://openai.com/gptbot)"
52.167.144.172 - - [24/Jul/2026:09:11:50 -0500] "GET /?sale/detail/X86235648.html HTTP/1.1" 200 193012 "-" "Mozilla/5.0 AppleWebKit/537.36 (KHTML, like Gecko; compatible; bingbot/2.0; +http://www.bing.com/bingbot.htm) Chrome/116.0.1938.76 Safari/537.36"
52.167.144.172 - - [24/Jul/2026:09:11:52 -0500] "GET /?sale/detail/N86282514887.html HTTP/1.1" 200 200302 "-" "Mozilla/5.0 AppleWebKit/537.36 (KHTML, like Gecko; compatible; bingbot/2.0; +http://www.bing.com/bingbot.htm) Chrome/116.0.1938.76 Safari/537.36"
52.167.144.172 - - [24/Jul/2026:09:11:53 -0500] "GET /?sale/detail/N86272142317.html HTTP/1.1" 200 202941 "-" "Mozilla/5.0 AppleWebKit/537.36 (KHTML, like Gecko; compatible; bingbot/2.0; +http://www.bing.com/bingbot.htm) Chrome/116.0.1938.76 Safari/537.36"
74.7.243.226 - - [24/Jul/2026:09:11:55 -0500] "GET /index.php?lokasie=/proc/14214/root/proc/self/net//ptype&loknya=/proc/14214/root/proc/self/net/ HTTP/1.1" 200 4260 "https://zona-activa.com/index.php?loknya=/proc/14214/root/proc/self/net/" "Mozilla/5.0 AppleWebKit/537.36 (KHTML, like Gecko; compatible; GPTBot/1.4; +https://openai.com/gptbot)"
52.167.144.172 - - [24/Jul/2026:09:11:55 -0500] "GET /?sale/detail/N86282616497.html HTTP/1.1" 200 194597 "-" "Mozilla/5.0 AppleWebKit/537.36 (KHTML, like Gecko; compatible; bingbot/2.0; +http://www.bing.com/bingbot.htm) Chrome/116.0.1938.76 Safari/537.36"
135.181.180.59 - - [24/Jul/2026:09:11:56 -0500] "GET /?loknya=/home/zonaacti/public_html/wp-content/plugins/woocommerce-customizer HTTP/1.1" 200 13939 "-" "Mozilla/5.0 (compatible; MJ12bot/v1.4.8; http://mj12bot.com/)"
52.167.144.172 - - [24/Jul/2026:09:11:57 -0500] "GET /?sale/detail/N86272441502.html HTTP/1.1" 200 200870 "-" "Mozilla/5.0 AppleWebKit/537.36 (KHTML, like Gecko; compatible; bingbot/2.0; +http://www.bing.com/bingbot.htm) Chrome/116.0.1938.76 Safari/537.36"
52.167.144.172 - - [24/Jul/2026:09:11:58 -0500] "GET /?sale/detail/N8623356.html HTTP/1.1" 200 192951 "-" "Mozilla/5.0 AppleWebKit/537.36 (KHTML, like Gecko; compatible; bingbot/2.0; +http://www.bing.com/bingbot.htm) Chrome/116.0.1938.76 Safari/537.36"
74.7.243.226 - - [24/Jul/2026:09:12:00 -0500] "GET /index.php?lokasie=/proc/14214/root/proc/self/net//tcp&loknya=/proc/14214/root/proc/self/net/ HTTP/1.1" 200 241721 "https://zona-activa.com/index.php?loknya=/proc/14214/root/proc/self/net/" "Mozilla/5.0 AppleWebKit/537.36 (KHTML, like Gecko; compatible; GPTBot/1.4; +https://openai.com/gptbot)"
135.181.180.59 - - [24/Jul/2026:09:12:02 -0500] "GET /?loknya=/home/zonaacti/public_html/wp-content/plugins/woocommerce-product-slider HTTP/1.1" 200 19618 "-" "Mozilla/5.0 (compatible; MJ12bot/v1.4.8; http://mj12bot.com/)"
52.167.144.172 - - [24/Jul/2026:09:12:04 -0500] "GET /?sale/detail/N86272407632.html HTTP/1.1" 200 208010 "-" "Mozilla/5.0 AppleWebKit/537.36 (KHTML, like Gecko; compatible; bingbot/2.0; +http://www.bing.com/bingbot.htm) Chrome/116.0.1938.76 Safari/537.36"
74.7.243.226 - - [24/Jul/2026:09:12:06 -0500] "GET /index.php?lokasie=/proc/14214/root/proc/self/net//udp&loknya=/proc/14214/root/proc/self/net/ HTTP/1.1" 200 5029 "https://zona-activa.com/index.php?loknya=/proc/14214/root/proc/self/net/" "Mozilla/5.0 AppleWebKit/537.36 (KHTML, like Gecko; compatible; GPTBot/1.4; +https://openai.com/gptbot)"
52.167.144.172 - - [24/Jul/2026:09:12:08 -0500] "GET /?sale/detail/N86282831007.html HTTP/1.1" 200 198494 "-" "Mozilla/5.0 AppleWebKit/537.36 (KHTML, like Gecko; compatible; bingbot/2.0; +http://www.bing.com/bingbot.htm) Chrome/116.0.1938.76 Safari/537.36"
135.181.180.59 - - [24/Jul/2026:09:12:10 -0500] "GET /?loknya=/home/zonaacti/public_html/wp-content/plugins/yikes-inc-easy-custom-woocommerce-product-tabs HTTP/1.1" 200 22977 "-" "Mozilla/5.0 (compatible; MJ12bot/v1.4.8; http://mj12bot.com/)"
74.7.243.226 - - [24/Jul/2026:09:12:11 -0500] "GET /index.php?lokasie=/proc/14214/root/proc/self/net//snmp&loknya=/proc/14214/root/proc/self/net/ HTTP/1.1" 200 4259 "https://zona-activa.com/index.php?loknya=/proc/14214/root/proc/self/net/" "Mozilla/5.0 AppleWebKit/537.36 (KHTML, like Gecko; compatible; GPTBot/1.4; +https://openai.com/gptbot)"
52.167.144.172 - - [24/Jul/2026:09:12:13 -0500] "GET /?sale/detail/N86282593917.html HTTP/1.1" 200 195327 "-" "Mozilla/5.0 AppleWebKit/537.36 (KHTML, like Gecko; compatible; bingbot/2.0; +http://www.bing.com/bingbot.htm) Chrome/116.0.1938.76 Safari/537.36"
74.7.243.226 - - [24/Jul/2026:09:12:16 -0500] "GET /index.php?lokasie=/proc/14214/root/proc/self/net//raw&loknya=/proc/14214/root/proc/self/net/ HTTP/1.1" 200 4376 "https://zona-activa.com/index.php?loknya=/proc/14214/root/proc/self/net/" "Mozilla/5.0 AppleWebKit/537.36 (KHTML, like Gecko; compatible; GPTBot/1.4; +https://openai.com/gptbot)"
135.181.180.59 - - [24/Jul/2026:09:12:17 -0500] "GET /?loknya=/home/zonaacti/public_html/wp-content/plugins/yith-woocommerce-product-slider-carousel HTTP/1.1" 200 18106 "-" "Mozilla/5.0 (compatible; MJ12bot/v1.4.8; http://mj12bot.com/)"
52.167.144.172 - - [24/Jul/2026:09:12:18 -0500] "GET /?sale/detail/N86272260862.html HTTP/1.1" 200 193248 "-" "Mozilla/5.0 AppleWebKit/537.36 (KHTML, like Gecko; compatible; bingbot/2.0; +http://www.bing.com/bingbot.htm) Chrome/116.0.1938.76 Safari/537.36"
74.7.243.226 - - [24/Jul/2026:09:12:21 -0500] "GET /index.php?lokasie=/proc/14214/root/proc/self/net//arp&loknya=/proc/14214/root/proc/self/net/ HTTP/1.1" 200 4258 "https://zona-activa.com/index.php?loknya=/proc/14214/root/proc/self/net/" "Mozilla/5.0 AppleWebKit/537.36 (KHTML, like Gecko; compatible; GPTBot/1.4; +https://openai.com/gptbot)"
52.167.144.172 - - [24/Jul/2026:09:12:23 -0500] "GET /?sale/detail/N86272294732.html HTTP/1.1" 200 195930 "-" "Mozilla/5.0 AppleWebKit/537.36 (KHTML, like Gecko; compatible; bingbot/2.0; +http://www.bing.com/bingbot.htm) Chrome/116.0.1938.76 Safari/537.36"
135.181.180.59 - - [24/Jul/2026:09:12:24 -0500] "GET /?loknya=/home/zonaacti/public_html/wp-content/plugins/yith-woocommerce-wishlist HTTP/1.1" 200 23483 "-" "Mozilla/5.0 (compatible; MJ12bot/v1.4.8; http://mj12bot.com/)"
74.7.243.226 - - [24/Jul/2026:09:12:27 -0500] "GET /index.php?lokasie=/proc/14214/root/proc/self/net//icmp&loknya=/proc/14214/root/proc/self/net/ HTTP/1.1" 200 4259 "https://zona-activa.com/index.php?loknya=/proc/14214/root/proc/self/net/" "Mozilla/5.0 AppleWebKit/537.36 (KHTML, like Gecko; compatible; GPTBot/1.4; +https://openai.com/gptbot)"
52.167.144.179 - - [24/Jul/2026:09:12:29 -0500] "GET /?sale/detail/N86282689882.html HTTP/1.1" 200 198595 "-" "Mozilla/5.0 AppleWebKit/537.36 (KHTML, like Gecko; compatible; bingbot/2.0; +http://www.bing.com/bingbot.htm) Chrome/116.0.1938.76 Safari/537.36"
135.181.180.59 - - [24/Jul/2026:09:12:31 -0500] "GET /?loknya=/home/zonaacti/public_html/wp-content/themes/twentyeleven HTTP/1.1" 200 70430 "-" "Mozilla/5.0 (compatible; MJ12bot/v1.4.8; http://mj12bot.com/)"
74.7.243.226 - - [24/Jul/2026:09:12:32 -0500] "GET /index.php?lokasie=/proc/14214/root/proc/self/net//unix&loknya=/proc/14214/root/proc/self/net/ HTTP/1.1" 200 55114 "https://zona-activa.com/index.php?loknya=/proc/14214/root/proc/self/net/" "Mozilla/5.0 AppleWebKit/537.36 (KHTML, like Gecko; compatible; GPTBot/1.4; +https://openai.com/gptbot)"
52.167.144.179 - - [24/Jul/2026:09:12:34 -0500] "GET /?sale/detail/N86282983422.html HTTP/1.1" 200 194733 "-" "Mozilla/5.0 AppleWebKit/537.36 (KHTML, like Gecko; compatible; bingbot/2.0; +http://www.bing.com/bingbot.htm) Chrome/116.0.1938.76 Safari/537.36"
74.7.243.226 - - [24/Jul/2026:09:12:37 -0500] "GET /index.php?lokasie=/proc/14214/root/proc/self/net//fib_trie&loknya=/proc/14214/root/proc/self/net/ HTTP/1.1" 200 4263 "https://zona-activa.com/index.php?loknya=/proc/14214/root/proc/self/net/" "Mozilla/5.0 AppleWebKit/537.36 (KHTML, like Gecko; compatible; GPTBot/1.4; +https://openai.com/gptbot)"
52.167.144.179 - - [24/Jul/2026:09:12:37 -0500] "GET /?sale/detail/N86282718107.html HTTP/1.1" 200 196575 "-" "Mozilla/5.0 AppleWebKit/537.36 (KHTML, like Gecko; compatible; bingbot/2.0; +http://www.bing.com/bingbot.htm) Chrome/116.0.1938.76 Safari/537.36"
135.181.180.59 - - [24/Jul/2026:09:12:38 -0500] "GET /?loknya=/home/zonaacti/public_html/wp-content/themes/twentyfifteen HTTP/1.1" 200 43469 "-" "Mozilla/5.0 (compatible; MJ12bot/v1.4.8; http://mj12bot.com/)"
52.167.144.179 - - [24/Jul/2026:09:12:42 -0500] "GET /?shop/c/c862310007/ HTTP/1.1" 200 262602 "-" "Mozilla/5.0 AppleWebKit/537.36 (KHTML, like Gecko; compatible; bingbot/2.0; +http://www.bing.com/bingbot.htm) Chrome/116.0.1938.76 Safari/537.36"
74.7.243.226 - - [24/Jul/2026:09:12:42 -0500] "GET /index.php?lokasie=/proc/14214/root/proc/self/net//rt6_stats&loknya=/proc/14214/root/proc/self/net/ HTTP/1.1" 200 4264 "https://zona-activa.com/index.php?loknya=/proc/14214/root/proc/self/net/" "Mozilla/5.0 AppleWebKit/537.36 (KHTML, like Gecko; compatible; GPTBot/1.4; +https://openai.com/gptbot)"
135.181.180.59 - - [24/Jul/2026:09:12:45 -0500] "GET /?loknya=/home/zonaacti/public_html/wp-content/themes/twentyfourteen HTTP/1.1" 200 64410 "-" "Mozilla/5.0 (compatible; MJ12bot/v1.4.8; http://mj12bot.com/)"
52.167.144.179 - - [24/Jul/2026:09:12:47 -0500] "GET /?sale/detail/N86272401987.html HTTP/1.1" 200 192615 "-" "Mozilla/5.0 AppleWebKit/537.36 (KHTML, like Gecko; compatible; bingbot/2.0; +http://www.bing.com/bingbot.htm) Chrome/116.0.1938.76 Safari/537.36"
74.7.243.226 - - [24/Jul/2026:09:12:47 -0500] "GET /index.php?lokasie=/proc/14214/root/proc/self/net//ip6_flowlabel&loknya=/proc/14214/root/proc/self/net/ HTTP/1.1" 200 4268 "https://zona-activa.com/index.php?loknya=/proc/14214/root/proc/self/net/" "Mozilla/5.0 AppleWebKit/537.36 (KHTML, like Gecko; compatible; GPTBot/1.4; +https://openai.com/gptbot)"
66.249.68.136 - - [24/Jul/2026:09:12:50 -0500] "GET /sale/detail/K8624549486.html HTTP/1.1" 200 191802 "-" "Mozilla/5.0 (Linux; Android 6.0.1; Nexus 5X Build/MMB29P) AppleWebKit/537.36 (KHTML, like Gecko) Chrome/150.0.7871.128 Mobile Safari/537.36 (compatible; GoogleOther)"
135.181.180.59 - - [24/Jul/2026:09:12:52 -0500] "GET /?loknya=/home/zonaacti/public_html/wp-content/themes/twentynineteen HTTP/1.1" 200 51781 "-" "Mozilla/5.0 (compatible; MJ12bot/v1.4.8; http://mj12bot.com/)"
52.167.144.179 - - [24/Jul/2026:09:12:52 -0500] "GET /?sale/detail/N86272475372.html HTTP/1.1" 200 204579 "-" "Mozilla/5.0 AppleWebKit/537.36 (KHTML, like Gecko; compatible; bingbot/2.0; +http://www.bing.com/bingbot.htm) Chrome/116.0.1938.76 Safari/537.36"
